74.7.227.134 - - [18/Sep/2026:10:36:27 -0300] "GET /3b985/en-GB/?filesrc=//sys/bus/node/devices/node0/cpu1/node0/cpu15/driver/cpu15/subsystem/drivers/processor/cpu14/node0/cpu0/driver/cpu15/firmware_node/physical_node/driver/cpu8/crash_notes&path=//sys/bus/node/devices/node0/cpu1/node0/cpu15/driver/cpu15/subsystem/drivers/processor/cpu14/node0/cpu0/driver/cpu15/firmware_node/physical_node/driver/cpu8 HTTP/1.1" 200 8878 "https://tacaruna.espacofacial.com.br/3b985/en-GB/?path=//sys/bus/node/devices/node0/cpu1/node0/cpu15/driver/cpu15/subsystem/drivers/processor/cpu14/node0/cpu0/driver/cpu15/firmware_node/physical_node/driver/cpu8" "Mozilla/5.0 AppleWebKit/537.36 (KHTML, like Gecko; compatible; GPTBot/1.4; +https://openai.com/gptbot)"
216.73.216.87 - - [18/Sep/2026:10:36:29 -0300] "GET /3b985/en-GB/index.php?filesrc=%2Fhome%2Fespa7358%2Famericas.espacofacial.com.br%2Fmedia%2Fvendor%2Fcodemirror%2Fmode%2Ftoml%2Ftoml.min.js&path=%2Fhome%2Fespa7358%2Famericas.espacofacial.com.br%2Fmedia%2Fvendor%2Fcodemirror%2Fmode%2Ftoml HTTP/1.1" 200 8193 "-" "Mozilla/5.0 AppleWebKit/537.36 (KHTML, like Gecko; compatible; ClaudeBot/1.0; [email protected])"
74.7.227.134 - - [18/Sep/2026:10:36:30 -0300] "GET /3b985/en-GB/?filesrc=//sys/bus/node/devices/node0/cpu1/node0/cpu15/driver/cpu15/subsystem/drivers/processor/cpu14/node0/cpu0/driver/cpu15/firmware_node/physical_node/driver/cpu8/uevent&path=//sys/bus/node/devices/node0/cpu1/node0/cpu15/driver/cpu15/subsystem/drivers/processor/cpu14/node0/cpu0/driver/cpu15/firmware_node/physical_node/driver/cpu8 HTTP/1.1" 200 9784 "https://tacaruna.espacofacial.com.br/3b985/en-GB/?path=//sys/bus/node/devices/node0/cpu1/node0/cpu15/driver/cpu15/subsystem/drivers/processor/cpu14/node0/cpu0/driver/cpu15/firmware_node/physical_node/driver/cpu8" "Mozilla/5.0 AppleWebKit/537.36 (KHTML, like Gecko; compatible; GPTBot/1.4; +https://openai.com/gptbot)"
74.7.227.134 - - [18/Sep/2026:10:36:33 -0300] "GET /3b985/en-GB/?filesrc=//sys/bus/node/devices/node0/cpu1/node0/cpu15/driver/cpu15/subsystem/drivers/processor/cpu14/node0/cpu0/driver/cpu15/firmware_node/physical_node/driver/cpu8/online&path=//sys/bus/node/devices/node0/cpu1/node0/cpu15/driver/cpu15/subsystem/drivers/processor/cpu14/node0/cpu0/driver/cpu15/firmware_node/physical_node/driver/cpu8 HTTP/1.1" 200 8873 "https://tacaruna.espacofacial.com.br/3b985/en-GB/?path=//sys/bus/node/devices/node0/cpu1/node0/cpu15/driver/cpu15/subsystem/drivers/processor/cpu14/node0/cpu0/driver/cpu15/firmware_node/physical_node/driver/cpu8" "Mozilla/5.0 AppleWebKit/537.36 (KHTML, like Gecko; compatible; GPTBot/1.4; +https://openai.com/gptbot)"
216.73.216.87 - - [18/Sep/2026:10:36:34 -0300] "GET /3b985/en-GB/index.php?path=%2Fhome%2Fespa7358%2Fdowntown.espacofacial.com.br%2Flibraries%2Fvendor%2Fjoomla%2Finput%2Fsrc HTTP/1.1" 200 13151 "-" "Mozilla/5.0 AppleWebKit/537.36 (KHTML, like Gecko; compatible; ClaudeBot/1.0; [email protected])"
74.7.227.134 - - [18/Sep/2026:10:36:36 -0300] "GET /3b985/en-GB/?filesrc=//sys/bus/node/devices/node0/cpu1/node0/cpu15/driver/cpu15/subsystem/drivers/processor/cpu14/node0/cpu0/driver/cpu15/firmware_node/physical_node/driver/cpu3/power/runtime_suspended_time&path=//sys/bus/node/devices/node0/cpu1/node0/cpu15/driver/cpu15/subsystem/drivers/processor/cpu14/node0/cpu0/driver/cpu15/firmware_node/physical_node/driver/cpu3/power HTTP/1.1" 200 9137 "https://tacaruna.espacofacial.com.br/3b985/en-GB/?path=//sys/bus/node/devices/node0/cpu1/node0/cpu15/driver/cpu15/subsystem/drivers/processor/cpu14/node0/cpu0/driver/cpu15/firmware_node/physical_node/driver/cpu3/power" "Mozilla/5.0 AppleWebKit/537.36 (KHTML, like Gecko; compatible; GPTBot/1.4; +https://openai.com/gptbot)"
216.73.216.87 - - [18/Sep/2026:10:36:36 -0300] "GET /3b985/en-GB/index.php?filesrc=%2F%2Fproc%2Fthread-self%2Froot%2Fproc%2F1987746%2Fcwd%2F.cpanel%2Fnvdata%2Fleme%40espacofacial.com.br_analytics&path=%2F%2Fproc%2Fthread-self%2Froot%2Fproc%2F1987746%2Fcwd%2F.cpanel%2Fnvdata HTTP/1.1" 200 6218 "-" "Mozilla/5.0 AppleWebKit/537.36 (KHTML, like Gecko; compatible; ClaudeBot/1.0; [email protected])"
40.77.167.151 - - [18/Sep/2026:10:36:37 -0300] "GET /?pid=3850475475 HTTP/1.1" 200 7073 "-" "Mozilla/5.0 AppleWebKit/537.36 (KHTML, like Gecko; compatible; bingbot/2.0; +http://www.bing.com/bingbot.htm) Chrome/116.0.1938.76 Safari/537.36"
74.7.227.134 - - [18/Sep/2026:10:36:39 -0300] "GET /3b985/en-GB/?filesrc=//sys/bus/node/devices/node0/cpu1/node0/cpu15/driver/cpu15/subsystem/drivers/processor/cpu14/node0/cpu0/driver/cpu15/firmware_node/physical_node/driver/cpu4/driver/uevent&path=//sys/bus/node/devices/node0/cpu1/node0/cpu15/driver/cpu15/subsystem/drivers/processor/cpu14/node0/cpu0/driver/cpu15/firmware_node/physical_node/driver/cpu4/driver HTTP/1.1" 200 9128 "https://tacaruna.espacofacial.com.br/3b985/en-GB/?path=//sys/bus/node/devices/node0/cpu1/node0/cpu15/driver/cpu15/subsystem/drivers/processor/cpu14/node0/cpu0/driver/cpu15/firmware_node/physical_node/driver/cpu4/driver" "Mozilla/5.0 AppleWebKit/537.36 (KHTML, like Gecko; compatible; GPTBot/1.4; +https://openai.com/gptbot)"
216.73.216.87 - - [18/Sep/2026:10:36:39 -0300] "GET /3b985/en-GB/index.php?path=%2F%2Fproc%2F3487509%2Fcwd%2Fetc%2Fegl HTTP/1.1" 200 6446 "-" "Mozilla/5.0 AppleWebKit/537.36 (KHTML, like Gecko; compatible; ClaudeBot/1.0; [email protected])"
74.7.227.134 - - [18/Sep/2026:10:36:42 -0300] "GET /3b985/en-GB/?filesrc=//sys/bus/node/devices/node0/cpu1/node0/cpu15/driver/cpu15/subsystem/drivers/processor/cpu14/node0/cpu0/driver/cpu15/firmware_node/physical_node/driver/cpu4/driver/unbind&path=//sys/bus/node/devices/node0/cpu1/node0/cpu15/driver/cpu15/subsystem/drivers/processor/cpu14/node0/cpu0/driver/cpu15/firmware_node/physical_node/driver/cpu4/driver HTTP/1.1" 200 9126 "https://tacaruna.espacofacial.com.br/3b985/en-GB/?path=//sys/bus/node/devices/node0/cpu1/node0/cpu15/driver/cpu15/subsystem/drivers/processor/cpu14/node0/cpu0/driver/cpu15/firmware_node/physical_node/driver/cpu4/driver" "Mozilla/5.0 AppleWebKit/537.36 (KHTML, like Gecko; compatible; GPTBot/1.4; +https://openai.com/gptbot)"
216.73.216.87 - - [18/Sep/2026:10:36:42 -0300] "GET /55e84/b5f35/?d=%2Fhome%2Fespa7358%2Fbotafogo.espacofacial.com.br%2Fmedia%2Fcom_finder%2Fcss%2Fdates.min.css HTTP/1.1" 200 22 "-" "Mozilla/5.0 AppleWebKit/537.36 (KHTML, like Gecko; compatible; ClaudeBot/1.0; [email protected])"
40.77.167.38 - - [18/Sep/2026:10:36:42 -0300] "GET /?pid=1525251865 HTTP/1.1" 200 7073 "-" "Mozilla/5.0 AppleWebKit/537.36 (KHTML, like Gecko; compatible; bingbot/2.0; +http://www.bing.com/bingbot.htm) Chrome/116.0.1938.76 Safari/537.36"
192.178.6.163 - - [18/Sep/2026:10:36:43 -0300] "GET /special/096048348.html HTTP/1.1" 404 - "-" "Mozilla/5.0 (Linux; Android 6.0.1; Nexus 5X Build/MMB29P) AppleWebKit/537.36 (KHTML, like Gecko) Chrome/153.0.8010.47 Mobile Safari/537.36 (compatible; Googlebot/2.1; +http://www.google.com/bot.html)"
74.7.227.134 - - [18/Sep/2026:10:36:45 -0300] "GET /3b985/en-GB/?filesrc=//sys/bus/node/devices/node0/cpu1/node0/cpu15/driver/cpu15/subsystem/drivers/processor/cpu14/node0/cpu0/driver/cpu15/firmware_node/physical_node/driver/cpu9/driver/uevent&path=//sys/bus/node/devices/node0/cpu1/node0/cpu15/driver/cpu15/subsystem/drivers/processor/cpu14/node0/cpu0/driver/cpu15/firmware_node/physical_node/driver/cpu9/driver HTTP/1.1" 200 9126 "https://tacaruna.espacofacial.com.br/3b985/en-GB/?path=//sys/bus/node/devices/node0/cpu1/node0/cpu15/driver/cpu15/subsystem/drivers/processor/cpu14/node0/cpu0/driver/cpu15/firmware_node/physical_node/driver/cpu9/driver" "Mozilla/5.0 AppleWebKit/537.36 (KHTML, like Gecko; compatible; GPTBot/1.4; +https://openai.com/gptbot)"
216.73.216.87 - - [18/Sep/2026:10:36:45 -0300] "GET /3b985/en-GB/index.php?filesrc=%2F%2Fproc%2Fthread-self%2Froot%2Fproc%2F1987746%2Fcwd%2F.cpanel%2Fnvdata%2Fresende%40espacofacial.com.br_analytics&path=%2F%2Fproc%2Fthread-self%2Froot%2Fproc%2F1987746%2Fcwd%2F.cpanel%2Fnvdata HTTP/1.1" 200 6219 "-" "Mozilla/5.0 AppleWebKit/537.36 (KHTML, like Gecko; compatible; ClaudeBot/1.0; [email protected])"
40.77.167.38 - - [18/Sep/2026:10:36:46 -0300] "GET /?pid=2773304472 HTTP/1.1" 200 7073 "-" "Mozilla/5.0 AppleWebKit/537.36 (KHTML, like Gecko; compatible; bingbot/2.0; +http://www.bing.com/bingbot.htm) Chrome/116.0.1938.76 Safari/537.36"
74.7.227.134 - - [18/Sep/2026:10:36:48 -0300] "GET /3b985/en-GB/?filesrc=//sys/bus/node/devices/node0/cpu1/node0/cpu15/driver/cpu15/subsystem/drivers/processor/cpu14/node0/cpu0/driver/cpu15/firmware_node/physical_node/driver/cpu5/driver/unbind&path=//sys/bus/node/devices/node0/cpu1/node0/cpu15/driver/cpu15/subsystem/drivers/processor/cpu14/node0/cpu0/driver/cpu15/firmware_node/physical_node/driver/cpu5/driver HTTP/1.1" 200 9126 "https://tacaruna.espacofacial.com.br/3b985/en-GB/?path=//sys/bus/node/devices/node0/cpu1/node0/cpu15/driver/cpu15/subsystem/drivers/processor/cpu14/node0/cpu0/driver/cpu15/firmware_node/physical_node/driver/cpu5/driver" "Mozilla/5.0 AppleWebKit/537.36 (KHTML, like Gecko; compatible; GPTBot/1.4; +https://openai.com/gptbot)"
216.73.216.87 - - [18/Sep/2026:10:36:48 -0300] "GET /3b985/en-GB/index.php?filesrc=%2F%2Fproc%2F2650%2Ftask%2F4128%2Ffdinfo%2F415&path=%2F%2Fproc%2F2650%2Ftask%2F4128%2Ffdinfo HTTP/1.1" 200 5694 "-" "Mozilla/5.0 AppleWebKit/537.36 (KHTML, like Gecko; compatible; ClaudeBot/1.0; [email protected])"
40.77.167.38 - - [18/Sep/2026:10:36:49 -0300] "GET /?pid=3542137454 HTTP/1.1" 200 7073 "-" "Mozilla/5.0 AppleWebKit/537.36 (KHTML, like Gecko; compatible; bingbot/2.0; +http://www.bing.com/bingbot.htm) Chrome/116.0.1938.76 Safari/537.36"
74.7.227.134 - - [18/Sep/2026:10:36:51 -0300] "GET /3b985/en-GB/?path=//sys/bus/node/devices/node0/cpu1/node0/cpu15/driver/cpu15/subsystem/drivers/processor/cpu14/node0/cpu0/driver/cpu15/firmware_node/physical_node/driver/cpu8/power HTTP/1.1" 200 21030 "https://tacaruna.espacofacial.com.br/3b985/en-GB/?path=//sys/bus/node/devices/node0/cpu1/node0/cpu15/driver/cpu15/subsystem/drivers/processor/cpu14/node0/cpu0/driver/cpu15/firmware_node/physical_node/driver/cpu8" "Mozilla/5.0 AppleWebKit/537.36 (KHTML, like Gecko; compatible; GPTBot/1.4; +https://openai.com/gptbot)"
216.73.216.87 - - [18/Sep/2026:10:36:51 -0300] "GET /3b985/en-GB/?path=%2Fhome%2Fespa7358%2Famericas.espacofacial.com.br%2Fadministrator%2Fcomponents%2Fcom_installer%2Fsrc%2FView%2FInstall HTTP/1.1" 200 9308 "-" "Mozilla/5.0 AppleWebKit/537.36 (KHTML, like Gecko; compatible; ClaudeBot/1.0; [email protected])"
74.7.227.134 - - [18/Sep/2026:10:36:54 -0300] "GET /3b985/en-GB/?path=//sys/bus/node/devices/node0/cpu1/node0/cpu15/driver/cpu15/subsystem/drivers/processor/cpu14/node0/cpu0/driver/cpu15/firmware_node/physical_node/driver/cpu8/driver HTTP/1.1" 200 36537 "https://tacaruna.espacofacial.com.br/3b985/en-GB/?path=//sys/bus/node/devices/node0/cpu1/node0/cpu15/driver/cpu15/subsystem/drivers/processor/cpu14/node0/cpu0/driver/cpu15/firmware_node/physical_node/driver/cpu8" "Mozilla/5.0 AppleWebKit/537.36 (KHTML, like Gecko; compatible; GPTBot/1.4; +https://openai.com/gptbot)"
216.73.216.87 - - [18/Sep/2026:10:36:54 -0300] "GET /3b985/en-GB/index.php?path=%2F%2Fproc%2F1987746%2Fcwd%2Fcaxiasshopping.espacofacial.com.br%2Ftmp HTTP/1.1" 200 76447 "-" "Mozilla/5.0 AppleWebKit/537.36 (KHTML, like Gecko; compatible; ClaudeBot/1.0; [email protected])"
74.7.227.134 - - [18/Sep/2026:10:36:57 -0300] "GET /3b985/en-GB/?path=//sys/bus/node/devices/node0/cpu1/node0/cpu15/driver/cpu15/subsystem/drivers/processor/cpu14/node0/cpu0/driver/cpu15/firmware_node/physical_node/driver/cpu2/cache HTTP/1.1" 200 17277 "https://tacaruna.espacofacial.com.br/3b985/en-GB/?path=//sys/bus/node/devices/node0/cpu1/node0/cpu15/driver/cpu15/subsystem/drivers/processor/cpu14/node0/cpu0/driver/cpu15/firmware_node/physical_node/driver/cpu2" "Mozilla/5.0 AppleWebKit/537.36 (KHTML, like Gecko; compatible; GPTBot/1.4; +https://openai.com/gptbot)"
216.73.216.87 - - [18/Sep/2026:10:36:57 -0300] "GET /3b985/en-GB/?filesrc=%2F%2Fsbin%2Frtkitctl&path=%2F%2Fsbin HTTP/1.1" 200 23683 "-" "Mozilla/5.0 AppleWebKit/537.36 (KHTML, like Gecko; compatible; ClaudeBot/1.0; [email protected])"
74.7.227.134 - - [18/Sep/2026:10:37:00 -0300] "GET /3b985/en-GB/?path=//sys/bus/node/devices/node0/cpu1/node0/cpu15/driver/cpu15/subsystem/drivers/processor/cpu14/node0/cpu0/driver/cpu15/firmware_node/physical_node/driver/cpu8/cache HTTP/1.1" 200 17277 "https://tacaruna.espacofacial.com.br/3b985/en-GB/?path=//sys/bus/node/devices/node0/cpu1/node0/cpu15/driver/cpu15/subsystem/drivers/processor/cpu14/node0/cpu0/driver/cpu15/firmware_node/physical_node/driver/cpu8" "Mozilla/5.0 AppleWebKit/537.36 (KHTML, like Gecko; compatible; GPTBot/1.4; +https://openai.com/gptbot)"
216.73.216.87 - - [18/Sep/2026:10:37:00 -0300] "GET /3b985/en-GB/?filesrc=%2F%2Fhome3%2Fespa7358%2Fbotafogo.espacofacial.com.br%2Flibraries%2Fsrc%2FError%2FAbstractRenderer.php&path=%2F%2Fhome3%2Fespa7358%2Fbotafogo.espacofacial.com.br%2Flibraries%2Fsrc%2FError HTTP/1.1" 200 9380 "-" "Mozilla/5.0 AppleWebKit/537.36 (KHTML, like Gecko; compatible; ClaudeBot/1.0; [email protected])"
74.7.227.134 - - [18/Sep/2026:10:37:03 -0300] "GET /3b985/en-GB/?path=//sys/bus/node/devices/node0/cpu1/node0/cpu15/driver/cpu15/subsystem/drivers/processor/cpu14/node0/cpu0/driver/cpu15/firmware_node/physical_node/driver/cpu3/driver HTTP/1.1" 200 36539 "https://tacaruna.espacofacial.com.br/3b985/en-GB/?path=//sys/bus/node/devices/node0/cpu1/node0/cpu15/driver/cpu15/subsystem/drivers/processor/cpu14/node0/cpu0/driver/cpu15/firmware_node/physical_node/driver/cpu3" "Mozilla/5.0 AppleWebKit/537.36 (KHTML, like Gecko; compatible; GPTBot/1.4; +https://openai.com/gptbot)"
216.73.216.87 - - [18/Sep/2026:10:37:03 -0300] "GET /3b985/en-GB/index.php?path=%2F%2Fproc%2F1987746%2Fcwd%2Fbrisamarsaovicente.espacofacial.com.br%2Fplugins%2Fsampledata%2Fmultilang HTTP/1.1" 200 11037 "-" "Mozilla/5.0 AppleWebKit/537.36 (KHTML, like Gecko; compatible; ClaudeBot/1.0; [email protected])"
74.7.227.134 - - [18/Sep/2026:10:37:06 -0300] "GET /3b985/en-GB/?path=//sys/bus/node/devices/node0/cpu1/node0/cpu15/driver/cpu15/subsystem/drivers/processor/cpu14/node0/cpu0/driver/cpu15/firmware_node/physical_node/cache HTTP/1.1" 200 16558 "https://tacaruna.espacofacial.com.br/3b985/en-GB/?path=//sys/bus/node/devices/node0/cpu1/node0/cpu15/driver/cpu15/subsystem/drivers/processor/cpu14/node0/cpu0/driver/cpu15/firmware_node/physical_node" "Mozilla/5.0 AppleWebKit/537.36 (KHTML, like Gecko; compatible; GPTBot/1.4; +https://openai.com/gptbot)"
216.73.216.87 - - [18/Sep/2026:10:37:06 -0300] "GET /55e84/b5f35/?d=%2Fhome%2Fespa7358%2Fnorteshoppingrj.espacofacial.com.br%2Fcli%2Fcli HTTP/1.1" 200 6462 "-" "Mozilla/5.0 AppleWebKit/537.36 (KHTML, like Gecko; compatible; ClaudeBot/1.0; [email protected])"
74.7.227.134 - - [18/Sep/2026:10:37:09 -0300] "GET /3b985/en-GB/?path=//sys/bus/node/devices/node0/cpu1/node0/cpu15/driver/cpu15/subsystem/drivers/processor/cpu12/node0/cpu8/driver/cpu15/firmware_node/physical_node/driver/cpu9/power HTTP/1.1" 200 21032 "https://tacaruna.espacofacial.com.br/3b985/en-GB/?path=//sys/bus/node/devices/node0/cpu1/node0/cpu15/driver/cpu15/subsystem/drivers/processor/cpu12/node0/cpu8/driver/cpu15/firmware_node/physical_node/driver/cpu9" "Mozilla/5.0 AppleWebKit/537.36 (KHTML, like Gecko; compatible; GPTBot/1.4; +https://openai.com/gptbot)"
74.7.227.134 - - [18/Sep/2026:10:37:12 -0300] "GET /3b985/en-GB/?path=//sys/bus/node/devices/node0/cpu1/node0/cpu15/driver/cpu15/subsystem/drivers/processor/cpu14/node0/cpu8/driver/cpu15/firmware_node/power HTTP/1.1" 200 17834 "https://tacaruna.espacofacial.com.br/3b985/en-GB/?path=//sys/bus/node/devices/node0/cpu1/node0/cpu15/driver/cpu15/subsystem/drivers/processor/cpu14/node0/cpu8/driver/cpu15/firmware_node" "Mozilla/5.0 AppleWebKit/537.36 (KHTML, like Gecko; compatible; GPTBot/1.4; +https://openai.com/gptbot)"
216.73.216.87 - - [18/Sep/2026:10:37:12 -0300] "GET /3b985/en-GB/?filesrc=%2Fhome%2Fespa7358%2Fbangushopping.espacofacial.com.br%2Fadministrator%2Fcomponents%2Fcom_jce%2Fconfig.xml&path=%2Fhome%2Fespa7358%2Fbangushopping.espacofacial.com.br%2Fadministrator%2Fcomponents%2Fcom_jce HTTP/1.1" 200 10184 "-" "Mozilla/5.0 AppleWebKit/537.36 (KHTML, like Gecko; compatible; ClaudeBot/1.0; [email protected])"
216.73.216.87 - - [18/Sep/2026:10:37:15 -0300] "GET /3b985/en-GB/?filesrc=%2Fhome%2Fespa7358%2Fleme.espacofacial.com.br%2Fadministrator%2Flanguage%2Fpt-BR%2Fcom_menus.sys.ini&path=%2Fhome%2Fespa7358%2Fleme.espacofacial.com.br%2Fadministrator%2Flanguage%2Fpt-BR HTTP/1.1" 200 7821 "-" "Mozilla/5.0 AppleWebKit/537.36 (KHTML, like Gecko; compatible; ClaudeBot/1.0; [email protected])"
74.7.227.134 - - [18/Sep/2026:10:37:15 -0300] "GET /3b985/en-GB/?path=//sys/bus/node/devices/node0/cpu1/node0/cpu13/driver/cpu13/subsystem/drivers/processor/cpu14/driver/cpu6/driver/cpu13/firmware_node/physical_node HTTP/1.1" 200 28149 "https://tacaruna.espacofacial.com.br/3b985/en-GB/?path=//sys/bus/node/devices/node0/cpu1/node0/cpu13/driver/cpu13/subsystem/drivers/processor/cpu14/driver/cpu6/driver/cpu13/firmware_node" "Mozilla/5.0 AppleWebKit/537.36 (KHTML, like Gecko; compatible; GPTBot/1.4; +https://openai.com/gptbot)"
216.73.216.87 - - [18/Sep/2026:10:37:18 -0300] "GET /3b985/en-GB/index.php?filesrc=%2Fhome%2Fespa7358%2Frecreioshopping.espacofacial.com.br%2Ftemplates%2Ftmpl_thnscb%2FtemplateDetails.xml&path=%2Fhome%2Fespa7358%2Frecreioshopping.espacofacial.com.br%2Ftemplates%2Ftmpl_thnscb HTTP/1.1" 200 6673 "-" "Mozilla/5.0 AppleWebKit/537.36 (KHTML, like Gecko; compatible; ClaudeBot/1.0; [email protected])"
74.7.227.134 - - [18/Sep/2026:10:37:18 -0300] "GET /3b985/en-GB/?path=//sys/bus/node/devices/node0/cpu1/node0/cpu15/driver/cpu15/subsystem/drivers/processor/cpu14/node0/cpu3/driver/cpu15/firmware_node/physical_node/power HTTP/1.1" 200 20215 "https://tacaruna.espacofacial.com.br/3b985/en-GB/?path=//sys/bus/node/devices/node0/cpu1/node0/cpu15/driver/cpu15/subsystem/drivers/processor/cpu14/node0/cpu3/driver/cpu15/firmware_node/physical_node" "Mozilla/5.0 AppleWebKit/537.36 (KHTML, like Gecko; compatible; GPTBot/1.4; +https://openai.com/gptbot)"
216.73.216.87 - - [18/Sep/2026:10:37:21 -0300] "GET /3b985/en-GB/?filesrc=%2Fhome%2Fespa7358%2Fshoppingmillenium.espacofacial.com.br%2Ftmp%2Fnx75750.txt&path=%2Fhome%2Fespa7358%2Fshoppingmillenium.espacofacial.com.br%2Ftmp HTTP/1.1" 200 5881 "-" "Mozilla/5.0 AppleWebKit/537.36 (KHTML, like Gecko; compatible; ClaudeBot/1.0; [email protected])"
74.7.227.134 - - [18/Sep/2026:10:37:21 -0300] "GET /3b985/en-GB/?filesrc=//sys/module/nf_reject_ipv4/initstate&path=//sys/module/nf_reject_ipv4 HTTP/1.1" 200 5564 "https://tacaruna.espacofacial.com.br/3b985/en-GB/?path=//sys/module/nf_reject_ipv4" "Mozilla/5.0 AppleWebKit/537.36 (KHTML, like Gecko; compatible; GPTBot/1.4; +https://openai.com/gptbot)"
216.73.216.87 - - [18/Sep/2026:10:37:24 -0300] "GET /3b985/en-GB/?filesrc=%2Fhome%2Fespa7358%2Fbangushopping.espacofacial.com.br%2Fmedia%2Fvendor%2Fbootstrap%2Fscss%2Fforms%2F_validation.scss&path=%2Fhome%2Fespa7358%2Fbangushopping.espacofacial.com.br%2Fmedia%2Fvendor%2Fbootstrap%2Fscss%2Fforms HTTP/1.1" 200 6995 "-" "Mozilla/5.0 AppleWebKit/537.36 (KHTML, like Gecko; compatible; ClaudeBot/1.0; [email protected])"
74.7.227.134 - - [18/Sep/2026:10:37:24 -0300] "GET /3b985/en-GB/?filesrc=//sys/bus/node/devices/node0/cpu1/node0/cpu15/driver/cpu15/subsystem/drivers/processor/cpu14/node0/cpu0/driver/cpu15/firmware_node/physical_node/driver/cpu8/power/runtime_suspended_time&path=//sys/bus/node/devices/node0/cpu1/node0/cpu15/driver/cpu15/subsystem/drivers/processor/cpu14/node0/cpu0/driver/cpu15/firmware_node/physical_node/driver/cpu8/power HTTP/1.1" 200 9137 "https://tacaruna.espacofacial.com.br/3b985/en-GB/?path=//sys/bus/node/devices/node0/cpu1/node0/cpu15/driver/cpu15/subsystem/drivers/processor/cpu14/node0/cpu0/driver/cpu15/firmware_node/physical_node/driver/cpu8/power" "Mozilla/5.0 AppleWebKit/537.36 (KHTML, like Gecko; compatible; GPTBot/1.4; +https://openai.com/gptbot)"
216.73.216.87 - - [18/Sep/2026:10:37:27 -0300] "GET /3b985/en-GB/index.php?filesrc=%2Fhome%2Fespa7358%2Ftmp%2Fanalog%2Fnovaamerica.espacofacial.com.br%2Fdom.png&path=%2Fhome%2Fespa7358%2Ftmp%2Fanalog%2Fnovaamerica.espacofacial.com.br HTTP/1.1" 200 10190 "-" "Mozilla/5.0 AppleWebKit/537.36 (KHTML, like Gecko; compatible; ClaudeBot/1.0; [email protected])"
74.7.227.134 - - [18/Sep/2026:10:37:27 -0300] "GET /3b985/en-GB/?filesrc=//sys/bus/node/devices/node0/cpu1/node0/cpu15/driver/cpu15/subsystem/drivers/processor/cpu14/node0/cpu0/driver/cpu15/firmware_node/physical_node/driver/cpu8/driver/unbind&path=//sys/bus/node/devices/node0/cpu1/node0/cpu15/driver/cpu15/subsystem/drivers/processor/cpu14/node0/cpu0/driver/cpu15/firmware_node/physical_node/driver/cpu8/driver HTTP/1.1" 200 9128 "https://tacaruna.espacofacial.com.br/3b985/en-GB/?path=//sys/bus/node/devices/node0/cpu1/node0/cpu15/driver/cpu15/subsystem/drivers/processor/cpu14/node0/cpu0/driver/cpu15/firmware_node/physical_node/driver/cpu8/driver" "Mozilla/5.0 AppleWebKit/537.36 (KHTML, like Gecko; compatible; GPTBot/1.4; +https://openai.com/gptbot)"
216.73.216.87 - - [18/Sep/2026:10:37:30 -0300] "GET /3b985/en-GB/?filesrc=%2F%2Fhome3%2Fespa7358%2Fcampogrande.espacofacial.com.br%2Fadministrator%2Flanguage%2Fpt-BR%2Fplg_fields_color.ini&path=%2F%2Fhome3%2Fespa7358%2Fcampogrande.espacofacial.com.br%2Fadministrator%2Flanguage%2Fpt-BR HTTP/1.1" 200 6725 "-" "Mozilla/5.0 AppleWebKit/537.36 (KHTML, like Gecko; compatible; ClaudeBot/1.0; [email protected])"
74.7.227.134 - - [18/Sep/2026:10:37:30 -0300] "GET /3b985/en-GB/?filesrc=//sys/bus/node/devices/node0/cpu1/node0/cpu15/driver/cpu15/subsystem/drivers/processor/cpu14/node0/cpu0/driver/cpu15/firmware_node/physical_node/driver/cpu2/cache/uevent&path=//sys/bus/node/devices/node0/cpu1/node0/cpu15/driver/cpu15/subsystem/drivers/processor/cpu14/node0/cpu0/driver/cpu15/firmware_node/physical_node/driver/cpu2/cache HTTP/1.1" 200 9119 "https://tacaruna.espacofacial.com.br/3b985/en-GB/?path=//sys/bus/node/devices/node0/cpu1/node0/cpu15/driver/cpu15/subsystem/drivers/processor/cpu14/node0/cpu0/driver/cpu15/firmware_node/physical_node/driver/cpu2/cache" "Mozilla/5.0 AppleWebKit/537.36 (KHTML, like Gecko; compatible; GPTBot/1.4; +https://openai.com/gptbot)"
74.7.227.134 - - [18/Sep/2026:10:37:33 -0300] "GET /3b985/en-GB/?filesrc=//sys/bus/node/devices/node0/cpu1/node0/cpu15/driver/cpu15/subsystem/drivers/processor/cpu14/node0/cpu0/driver/cpu15/firmware_node/physical_node/driver/cpu8/cache/uevent&path=//sys/bus/node/devices/node0/cpu1/node0/cpu15/driver/cpu15/subsystem/drivers/processor/cpu14/node0/cpu0/driver/cpu15/firmware_node/physical_node/driver/cpu8/cache HTTP/1.1" 200 9119 "https://tacaruna.espacofacial.com.br/3b985/en-GB/?path=//sys/bus/node/devices/node0/cpu1/node0/cpu15/driver/cpu15/subsystem/drivers/processor/cpu14/node0/cpu0/driver/cpu15/firmware_node/physical_node/driver/cpu8/cache" "Mozilla/5.0 AppleWebKit/537.36 (KHTML, like Gecko; compatible; GPTBot/1.4; +https://openai.com/gptbot)"
216.73.216.87 - - [18/Sep/2026:10:37:33 -0300] "GET /3b985/en-GB/index.php?filesrc=%2Fhome%2Fespa7358%2Ftmp%2Fwebalizer%2Fssl%2Findependenciashopping.espacofacial.com.br%2Fdaily_usage_202507.png&path=%2Fhome%2Fespa7358%2Ftmp%2Fwebalizer%2Fssl%2Findependenciashopping.espacofacial.com.br HTTP/1.1" 200 13134 "-" "Mozilla/5.0 AppleWebKit/537.36 (KHTML, like Gecko; compatible; ClaudeBot/1.0; [email protected])"
74.7.227.134 - - [18/Sep/2026:10:37:36 -0300] "GET /3b985/en-GB/?filesrc=//sys/bus/node/devices/node0/cpu1/node0/cpu15/driver/cpu15/subsystem/drivers/processor/cpu14/node0/cpu0/driver/cpu15/firmware_node/physical_node/driver/cpu3/driver/uevent&path=//sys/bus/node/devices/node0/cpu1/node0/cpu15/driver/cpu15/subsystem/drivers/processor/cpu14/node0/cpu0/driver/cpu15/firmware_node/physical_node/driver/cpu3/driver HTTP/1.1" 200 9126 "https://tacaruna.espacofacial.com.br/3b985/en-GB/?path=//sys/bus/node/devices/node0/cpu1/node0/cpu15/driver/cpu15/subsystem/drivers/processor/cpu14/node0/cpu0/driver/cpu15/firmware_node/physical_node/driver/cpu3/driver" "Mozilla/5.0 AppleWebKit/537.36 (KHTML, like Gecko; compatible; GPTBot/1.4; +https://openai.com/gptbot)"
216.73.216.87 - - [18/Sep/2026:10:37:36 -0300] "GET /55e84/b5f35/?d=%2Fhome%2Fespa7358%2Fbangushopping.espacofacial.com.br%2Fmedia%2Fmod_languages%2Fimages%2Far.gif HTTP/1.1" 200 22 "-" "Mozilla/5.0 AppleWebKit/537.36 (KHTML, like Gecko; compatible; ClaudeBot/1.0; [email protected])"
74.7.227.134 - - [18/Sep/2026:10:37:39 -0300] "GET /3b985/en-GB/?filesrc=//sys/bus/node/devices/node0/cpu1/node0/cpu15/driver/cpu15/subsystem/drivers/processor/cpu14/node0/cpu0/driver/cpu15/firmware_node/physical_node/driver/cpu8/driver/uevent&path=//sys/bus/node/devices/node0/cpu1/node0/cpu15/driver/cpu15/subsystem/drivers/processor/cpu14/node0/cpu0/driver/cpu15/firmware_node/physical_node/driver/cpu8/driver HTTP/1.1" 200 9126 "https://tacaruna.espacofacial.com.br/3b985/en-GB/?path=//sys/bus/node/devices/node0/cpu1/node0/cpu15/driver/cpu15/subsystem/drivers/processor/cpu14/node0/cpu0/driver/cpu15/firmware_node/physical_node/driver/cpu8/driver" "Mozilla/5.0 AppleWebKit/537.36 (KHTML, like Gecko; compatible; GPTBot/1.4; +https://openai.com/gptbot)"
216.73.216.87 - - [18/Sep/2026:10:37:39 -0300] "GET /3b985/en-GB/?filesrc=%2F%2Fhome3%2Fespa7358%2Ftmp%2Fwebalizer%2Fnovaiguacu.espacofacial.com.br%2Fhourly_usage_202501.png&path=%2F%2Fhome3%2Fespa7358%2Ftmp%2Fwebalizer%2Fnovaiguacu.espacofacial.com.br HTTP/1.1" 200 8918 "-" "Mozilla/5.0 AppleWebKit/537.36 (KHTML, like Gecko; compatible; ClaudeBot/1.0; [email protected])"
74.7.227.134 - - [18/Sep/2026:10:37:42 -0300] "GET /3b985/en-GB/?filesrc=//sys/bus/node/devices/node0/cpu1/node0/cpu15/driver/cpu15/subsystem/drivers/processor/cpu14/node0/cpu0/driver/cpu15/firmware_node/physical_node/driver/cpu3/driver/unbind&path=//sys/bus/node/devices/node0/cpu1/node0/cpu15/driver/cpu15/subsystem/drivers/processor/cpu14/node0/cpu0/driver/cpu15/firmware_node/physical_node/driver/cpu3/driver HTTP/1.1" 200 9126 "https://tacaruna.espacofacial.com.br/3b985/en-GB/?path=//sys/bus/node/devices/node0/cpu1/node0/cpu15/driver/cpu15/subsystem/drivers/processor/cpu14/node0/cpu0/driver/cpu15/firmware_node/physical_node/driver/cpu3/driver" "Mozilla/5.0 AppleWebKit/537.36 (KHTML, like Gecko; compatible; GPTBot/1.4; +https://openai.com/gptbot)"
216.73.216.87 - - [18/Sep/2026:10:37:42 -0300] "GET /3b985/en-GB/index.php?filesrc=%2Fhome%2Fespa7358%2Fbarraolimpica.espacofacial.com.br%2Flanguage%2Fpt-BR%2Finstall.xml&path=%2Fhome%2Fespa7358%2Fbarraolimpica.espacofacial.com.br%2Flanguage%2Fpt-BR HTTP/1.1" 200 6953 "-" "Mozilla/5.0 AppleWebKit/537.36 (KHTML, like Gecko; compatible; ClaudeBot/1.0; [email protected])"
216.73.216.87 - - [18/Sep/2026:10:37:45 -0300] "GET /3b985/en-GB/index.php?filesrc=%2Fhome%2Fespa7358%2Fbotafogo.espacofacial.com.br%2Fadministrator%2Flanguage%2Fpt-PT%2Fplg_content_contact.ini&path=%2Fhome%2Fespa7358%2Fbotafogo.espacofacial.com.br%2Fadministrator%2Flanguage%2Fpt-PT HTTP/1.1" 200 7460 "-" "Mozilla/5.0 AppleWebKit/537.36 (KHTML, like Gecko; compatible; ClaudeBot/1.0; [email protected])"
74.7.227.134 - - [18/Sep/2026:10:37:45 -0300] "GET /3b985/en-GB/?path=//sys/bus/node/devices/node0/cpu1/node0/cpu15/driver/cpu15/subsystem/drivers/processor/cpu14/node0/cpu0/driver/cpu15/firmware_node/physical_node/cache/index1 HTTP/1.1" 200 29243 "https://tacaruna.espacofacial.com.br/3b985/en-GB/?path=//sys/bus/node/devices/node0/cpu1/node0/cpu15/driver/cpu15/subsystem/drivers/processor/cpu14/node0/cpu0/driver/cpu15/firmware_node/physical_node/cache" "Mozilla/5.0 AppleWebKit/537.36 (KHTML, like Gecko; compatible; GPTBot/1.4; +https://openai.com/gptbot)"
216.73.216.87 - - [18/Sep/2026:10:37:48 -0300] "GET /55e84/b5f35/?d=%2Fhome%2Fespa7358%2Fmail%2Fespacofacial.com.br%2Fsantacruz%2F.Claro%2C+luz%2C+agua%2C+whats%2C+spotify%2Fdovecot-uidlist HTTP/1.1" 200 22 "-" "Mozilla/5.0 AppleWebKit/537.36 (KHTML, like Gecko; compatible; ClaudeBot/1.0; [email protected])"
74.7.227.134 - - [18/Sep/2026:10:37:48 -0300] "GET /3b985/en-GB/?path=//sys/bus/node/devices/node0/cpu1/node0/cpu13/driver/cpu13/subsystem/drivers/processor/cpu14/driver/cpu6/driver/cpu13/firmware_node/physical_node/power HTTP/1.1" 200 20255 "https://tacaruna.espacofacial.com.br/3b985/en-GB/?path=//sys/bus/node/devices/node0/cpu1/node0/cpu13/driver/cpu13/subsystem/drivers/processor/cpu14/driver/cpu6/driver/cpu13/firmware_node/physical_node" "Mozilla/5.0 AppleWebKit/537.36 (KHTML, like Gecko; compatible; GPTBot/1.4; +https://openai.com/gptbot)"
74.7.227.134 - - [18/Sep/2026:10:37:51 -0300] "GET /3b985/en-GB/?path=//sys/bus/node/devices/node0/cpu1/node0/cpu15/driver/cpu15/subsystem/drivers/processor/cpu14/node0/cpu0/driver/cpu15/firmware_node/physical_node/cache/index3 HTTP/1.1" 200 29243 "https://tacaruna.espacofacial.com.br/3b985/en-GB/?path=//sys/bus/node/devices/node0/cpu1/node0/cpu15/driver/cpu15/subsystem/drivers/processor/cpu14/node0/cpu0/driver/cpu15/firmware_node/physical_node/cache" "Mozilla/5.0 AppleWebKit/537.36 (KHTML, like Gecko; compatible; GPTBot/1.4; +https://openai.com/gptbot)"
216.73.216.87 - - [18/Sep/2026:10:37:51 -0300] "GET /3b985/en-GB/index.php?filesrc=%2Fhome%2Fespa7358%2Fbarraolimpica.espacofacial.com.br%2Fmedia%2Fsystem%2Fjs%2Ftable-columns.min.js&path=%2Fhome%2Fespa7358%2Fbarraolimpica.espacofacial.com.br%2Fmedia%2Fsystem%2Fjs HTTP/1.1" 200 10446 "-" "Mozilla/5.0 AppleWebKit/537.36 (KHTML, like Gecko; compatible; ClaudeBot/1.0; [email protected])"
192.178.6.163 - - [18/Sep/2026:10:37:52 -0300] "GET /products/116037893 HTTP/1.1" 404 - "-" "Mozilla/5.0 (Linux; Android 6.0.1; Nexus 5X Build/MMB29P) AppleWebKit/537.36 (KHTML, like Gecko) Chrome/153.0.8010.47 Mobile Safari/537.36 (compatible; Googlebot/2.1; +http://www.google.com/bot.html)"
74.7.227.134 - - [18/Sep/2026:10:37:54 -0300] "GET /3b985/en-GB/?path=//sys/bus/node/devices/node0/cpu1/node0/cpu15/driver/cpu15/subsystem/drivers/processor/cpu14/node0/cpu0/driver/cpu15/firmware_node/physical_node/cache/index0 HTTP/1.1" 200 29243 "https://tacaruna.espacofacial.com.br/3b985/en-GB/?path=//sys/bus/node/devices/node0/cpu1/node0/cpu15/driver/cpu15/subsystem/drivers/processor/cpu14/node0/cpu0/driver/cpu15/firmware_node/physical_node/cache" "Mozilla/5.0 AppleWebKit/537.36 (KHTML, like Gecko; compatible; GPTBot/1.4; +https://openai.com/gptbot)"
216.73.216.87 - - [18/Sep/2026:10:37:55 -0300] "GET /3b985/en-GB/index.php?path=%2F%2Fproc%2Fthread-self%2Froot%2Fproc%2F1987746%2Froot%2Fusr%2Flib64%2Fpython3.9%2Fsite-packages HTTP/1.1" 200 78097 "-" "Mozilla/5.0 AppleWebKit/537.36 (KHTML, like Gecko; compatible; ClaudeBot/1.0; [email protected])"
74.7.227.134 - - [18/Sep/2026:10:37:57 -0300] "GET /3b985/en-GB/?path=//sys/bus/node/devices/node0/cpu1/node0/cpu13/driver/cpu13/subsystem/drivers/processor/cpu14/driver/cpu6/driver/cpu13/firmware_node/physical_node/cache HTTP/1.1" 200 16592 "https://tacaruna.espacofacial.com.br/3b985/en-GB/?path=//sys/bus/node/devices/node0/cpu1/node0/cpu13/driver/cpu13/subsystem/drivers/processor/cpu14/driver/cpu6/driver/cpu13/firmware_node/physical_node" "Mozilla/5.0 AppleWebKit/537.36 (KHTML, like Gecko; compatible; GPTBot/1.4; +https://openai.com/gptbot)"
216.73.216.87 - - [18/Sep/2026:10:37:58 -0300] "GET /3b985/en-GB/index.php?path=%2F%2Flib64%2Fpython3.9%2Fensurepip HTTP/1.1" 200 10931 "-" "Mozilla/5.0 AppleWebKit/537.36 (KHTML, like Gecko; compatible; ClaudeBot/1.0; [email protected])"
74.7.227.134 - - [18/Sep/2026:10:38:00 -0300] "GET /3b985/en-GB/?path=//sys/bus/node/devices/node0/cpu1/node0/cpu13/driver/cpu13/subsystem/drivers/processor/cpu14/driver/cpu6/driver/cpu13/firmware_node/physical_node/node0 HTTP/1.1" 200 132639 "https://tacaruna.espacofacial.com.br/3b985/en-GB/?path=//sys/bus/node/devices/node0/cpu1/node0/cpu13/driver/cpu13/subsystem/drivers/processor/cpu14/driver/cpu6/driver/cpu13/firmware_node/physical_node" "Mozilla/5.0 AppleWebKit/537.36 (KHTML, like Gecko; compatible; GPTBot/1.4; +https://openai.com/gptbot)"
216.73.216.87 - - [18/Sep/2026:10:38:01 -0300] "GET /3b985/en-GB/index.php?path=%2F%2Fproc%2Fthread-self%2Froot%2Fproc%2F232 HTTP/1.1" 200 69961 "-" "Mozilla/5.0 AppleWebKit/537.36 (KHTML, like Gecko; compatible; ClaudeBot/1.0; [email protected])"
74.7.227.134 - - [18/Sep/2026:10:38:03 -0300] "GET /3b985/en-GB/?filesrc=//sys/module/nf_defrag_ipv6/srcversion&path=//sys/module/nf_defrag_ipv6 HTTP/1.1" 200 5586 "https://tacaruna.espacofacial.com.br/3b985/en-GB/?path=//sys/module/nf_defrag_ipv6" "Mozilla/5.0 AppleWebKit/537.36 (KHTML, like Gecko; compatible; GPTBot/1.4; +https://openai.com/gptbot)"
216.73.216.87 - - [18/Sep/2026:10:38:04 -0300] "GET /3b985/en-GB/index.php?filesrc=%2F%2Fusr%2Finclude%2Flinux%2Fnetfilter_ipv6.h&path=%2F%2Fusr%2Finclude%2Flinux HTTP/1.1" 200 6914 "-" "Mozilla/5.0 AppleWebKit/537.36 (KHTML, like Gecko; compatible; ClaudeBot/1.0; [email protected])"
74.7.227.134 - - [18/Sep/2026:10:38:06 -0300] "GET /3b985/en-GB/?filesrc=//sys/module/nf_defrag_ipv6/taint&path=//sys/module/nf_defrag_ipv6 HTTP/1.1" 200 5556 "https://tacaruna.espacofacial.com.br/3b985/en-GB/?path=//sys/module/nf_defrag_ipv6" "Mozilla/5.0 AppleWebKit/537.36 (KHTML, like Gecko; compatible; GPTBot/1.4; +https://openai.com/gptbot)"
216.73.216.87 - - [18/Sep/2026:10:38:07 -0300] "GET /3b985/en-GB/index.php?filesrc=%2F%2Fusr%2Finclude%2Flinux%2Fvduse.h&path=%2F%2Fusr%2Finclude%2Flinux HTTP/1.1" 200 15365 "-" "Mozilla/5.0 AppleWebKit/537.36 (KHTML, like Gecko; compatible; ClaudeBot/1.0; [email protected])"
74.7.227.134 - - [18/Sep/2026:10:38:09 -0300] "GET /3b985/en-GB/?filesrc=//lib/kdump/dracut.conf.d/99-kdump.conf&path=//lib/kdump/dracut.conf.d HTTP/1.1" 200 5836 "https://tacaruna.espacofacial.com.br/3b985/en-GB/?path=//lib/kdump/dracut.conf.d" "Mozilla/5.0 AppleWebKit/537.36 (KHTML, like Gecko; compatible; GPTBot/1.4; +https://openai.com/gptbot)"
216.73.216.87 - - [18/Sep/2026:10:38:10 -0300] "GET /3b985/en-GB/?filesrc=%2F%2Flib64%2Fpython3.9%2Fimportlib%2Fmachinery.py&path=%2F%2Flib64%2Fpython3.9%2Fimportlib HTTP/1.1" 200 6474 "-" "Mozilla/5.0 AppleWebKit/537.36 (KHTML, like Gecko; compatible; ClaudeBot/1.0; [email protected])"
74.7.227.134 - - [18/Sep/2026:10:38:12 -0300] "GET /3b985/en-GB/?filesrc=//sys/module/nf_reject_ipv6/refcnt&path=//sys/module/nf_reject_ipv6 HTTP/1.1" 200 5558 "https://tacaruna.espacofacial.com.br/3b985/en-GB/?path=//sys/module/nf_reject_ipv6" "Mozilla/5.0 AppleWebKit/537.36 (KHTML, like Gecko; compatible; GPTBot/1.4; +https://openai.com/gptbot)"
216.73.216.87 - - [18/Sep/2026:10:38:13 -0300] "GET /3b985/en-GB/index.php?filesrc=%2F%2Fusr%2Finclude%2Flinux%2Faffs_hardblocks.h&path=%2F%2Fusr%2Finclude%2Flinux HTTP/1.1" 200 7119 "-" "Mozilla/5.0 AppleWebKit/537.36 (KHTML, like Gecko; compatible; ClaudeBot/1.0; [email protected])"
74.7.227.134 - - [18/Sep/2026:10:38:15 -0300] "GET /3b985/en-GB/?filesrc=//sys/module/nf_reject_ipv6/uevent&path=//sys/module/nf_reject_ipv6 HTTP/1.1" 200 5558 "https://tacaruna.espacofacial.com.br/3b985/en-GB/?path=//sys/module/nf_reject_ipv6" "Mozilla/5.0 AppleWebKit/537.36 (KHTML, like Gecko; compatible; GPTBot/1.4; +https://openai.com/gptbot)"
216.73.216.87 - - [18/Sep/2026:10:38:16 -0300] "GET /3b985/en-GB/index.php?path=%2F%2Fusr%2Flib%2Fpython3.9%2Fsite-packages%2Foauthlib%2Fopenid HTTP/1.1" 200 10061 "-" "Mozilla/5.0 AppleWebKit/537.36 (KHTML, like Gecko; compatible; ClaudeBot/1.0; [email protected])"
74.7.227.134 - - [18/Sep/2026:10:38:18 -0300] "GET /3b985/en-GB/?filesrc=//sys/module/jbd2/sections/.note.Linux&path=//sys/module/jbd2/sections HTTP/1.1" 200 5621 "https://tacaruna.espacofacial.com.br/3b985/en-GB/?path=//sys/module/jbd2/sections" "Mozilla/5.0 AppleWebKit/537.36 (KHTML, like Gecko; compatible; GPTBot/1.4; +https://openai.com/gptbot)"
216.73.216.87 - - [18/Sep/2026:10:38:19 -0300] "GET /3b985/en-GB/index.php?path=%2F%2Flib64%2Fpython3.9%2Fsite-packages%2Fgi HTTP/1.1" 200 25174 "-" "Mozilla/5.0 AppleWebKit/537.36 (KHTML, like Gecko; compatible; ClaudeBot/1.0; [email protected])"
74.7.227.134 - - [18/Sep/2026:10:38:21 -0300] "GET /3b985/en-GB/?filesrc=//sys/module/nf_defrag_ipv4/initstate&path=//sys/module/nf_defrag_ipv4 HTTP/1.1" 200 5564 "https://tacaruna.espacofacial.com.br/3b985/en-GB/?path=//sys/module/nf_defrag_ipv4" "Mozilla/5.0 AppleWebKit/537.36 (KHTML, like Gecko; compatible; GPTBot/1.4; +https://openai.com/gptbot)"
216.73.216.87 - - [18/Sep/2026:10:38:22 -0300] "GET /3b985/en-GB/index.php?path=%2F%2Fproc%2F1987746%2Froot%2Fsys%2Fdevices%2Fsystem%2Fmemory%2Fmemory11%2Fnode0 HTTP/1.1" 200 103907 "-" "Mozilla/5.0 AppleWebKit/537.36 (KHTML, like Gecko; compatible; ClaudeBot/1.0; [email protected])"
74.7.227.134 - - [18/Sep/2026:10:38:24 -0300] "GET /3b985/en-GB/?filesrc=//sys/module/nf_defrag_ipv4/srcversion&path=//sys/module/nf_defrag_ipv4 HTTP/1.1" 200 5584 "https://tacaruna.espacofacial.com.br/3b985/en-GB/?path=//sys/module/nf_defrag_ipv4" "Mozilla/5.0 AppleWebKit/537.36 (KHTML, like Gecko; compatible; GPTBot/1.4; +https://openai.com/gptbot)"
216.73.216.87 - - [18/Sep/2026:10:38:27 -0300] "GET /3b985/en-GB/index.php?filesrc=%2Fhome%2Fespa7358%2Fdowntown.espacofacial.com.br%2Fmedia%2Fplg_system_guidedtours%2Fjs%2Fguidedtours.js&path=%2Fhome%2Fespa7358%2Fdowntown.espacofacial.com.br%2Fmedia%2Fplg_system_guidedtours%2Fjs HTTP/1.1" 200 172201 "-" "Mozilla/5.0 AppleWebKit/537.36 (KHTML, like Gecko; compatible; ClaudeBot/1.0; [email protected])"
74.7.227.134 - - [18/Sep/2026:10:38:27 -0300] "GET /3b985/en-GB/?filesrc=//sys/module/nf_defrag_ipv6/initstate&path=//sys/module/nf_defrag_ipv6 HTTP/1.1" 200 5566 "https://tacaruna.espacofacial.com.br/3b985/en-GB/?path=//sys/module/nf_defrag_ipv6" "Mozilla/5.0 AppleWebKit/537.36 (KHTML, like Gecko; compatible; GPTBot/1.4; +https://openai.com/gptbot)"
216.73.216.87 - - [18/Sep/2026:10:38:30 -0300] "GET /3b985/en-GB/?filesrc=%2F%2Fhome3%2Fespa7358%2Ftmp%2Fwebalizer%2Fssl%2Fbarraolimpica.espacofacial.com.br%2Fhourly_usage_202509.png&path=%2F%2Fhome3%2Fespa7358%2Ftmp%2Fwebalizer%2Fssl%2Fbarraolimpica.espacofacial.com.br HTTP/1.1" 200 10088 "-" "Mozilla/5.0 AppleWebKit/537.36 (KHTML, like Gecko; compatible; ClaudeBot/1.0; [email protected])"
74.7.227.134 - - [18/Sep/2026:10:38:30 -0300] "GET /3b985/en-GB/?filesrc=//lib/firmware/ueagle-atm/DSP4p.bin.xz&path=//lib/firmware/ueagle-atm HTTP/1.1" 200 278281 "https://tacaruna.espacofacial.com.br/3b985/en-GB/?path=//lib/firmware/ueagle-atm" "Mozilla/5.0 AppleWebKit/537.36 (KHTML, like Gecko; compatible; GPTBot/1.4; +https://openai.com/gptbot)"
216.73.216.87 - - [18/Sep/2026:10:38:33 -0300] "GET /3b985/en-GB/?filesrc=%2Fhome%2Fespa7358%2Findependenciashopping.espacofacial.com.br%2Fmedia%2Fvendor%2Fcodemirror%2Fmode%2Fapl%2Fapl.js&path=%2Fhome%2Fespa7358%2Findependenciashopping.espacofacial.com.br%2Fmedia%2Fvendor%2Fcodemirror%2Fmode%2Fapl HTTP/1.1" 200 13041 "-" "Mozilla/5.0 AppleWebKit/537.36 (KHTML, like Gecko; compatible; ClaudeBot/1.0; [email protected])"
74.7.227.134 - - [18/Sep/2026:10:38:33 -0300] "GET /3b985/en-GB/?path=//sys/bus/node/devices/node0/cpu1/node0/cpu13/driver/cpu13/subsystem/drivers/processor/cpu14/driver/cpu6/driver/cpu13/firmware_node/physical_node/node0/cpu8 HTTP/1.1" 200 29148 "https://tacaruna.espacofacial.com.br/3b985/en-GB/?path=//sys/bus/node/devices/node0/cpu1/node0/cpu13/driver/cpu13/subsystem/drivers/processor/cpu14/driver/cpu6/driver/cpu13/firmware_node/physical_node/node0" "Mozilla/5.0 AppleWebKit/537.36 (KHTML, like Gecko; compatible; GPTBot/1.4; +https://openai.com/gptbot)"
216.73.216.87 - - [18/Sep/2026:10:38:36 -0300] "GET /3b985/en-GB/?filesrc=%2Fhome%2Fespa7358%2Fbangushopping.espacofacial.com.br%2Fmedia%2Fvendor%2Fcodemirror%2Faddon%2Fmode%2Foverlay.min.js&path=%2Fhome%2Fespa7358%2Fbangushopping.espacofacial.com.br%2Fmedia%2Fvendor%2Fcodemirror%2Faddon%2Fmode HTTP/1.1" 200 8020 "-" "Mozilla/5.0 AppleWebKit/537.36 (KHTML, like Gecko; compatible; ClaudeBot/1.0; [email protected])"
74.7.227.134 - - [18/Sep/2026:10:38:36 -0300] "GET /3b985/en-GB/?path=//sys/bus/node/devices/node0/cpu1/node0/cpu13/driver/cpu13/subsystem/drivers/processor/cpu14/driver/cpu6/driver/cpu13/firmware_node/physical_node/node0/cpu5 HTTP/1.1" 200 29150 "https://tacaruna.espacofacial.com.br/3b985/en-GB/?path=//sys/bus/node/devices/node0/cpu1/node0/cpu13/driver/cpu13/subsystem/drivers/processor/cpu14/driver/cpu6/driver/cpu13/firmware_node/physical_node/node0" "Mozilla/5.0 AppleWebKit/537.36 (KHTML, like Gecko; compatible; GPTBot/1.4; +https://openai.com/gptbot)"
216.73.216.87 - - [18/Sep/2026:10:38:39 -0300] "GET /3b985/en-GB/?filesrc=%2Fhome%2Fespa7358%2Fexpansao.espacofacial.com.br%2Fwp-includes%2Fblocks%2Faccordion%2Fblock.json&path=%2Fhome%2Fespa7358%2Fexpansao.espacofacial.com.br%2Fwp-includes%2Fblocks%2Faccordion HTTP/1.1" 200 9070 "-" "Mozilla/5.0 AppleWebKit/537.36 (KHTML, like Gecko; compatible; ClaudeBot/1.0; [email protected])"
74.7.227.134 - - [18/Sep/2026:10:38:39 -0300] "GET /3b985/en-GB/?path=//sys/bus/node/devices/node0/cpu1/node0/cpu13/driver/cpu13/subsystem/drivers/processor/cpu14/driver/cpu6/driver/cpu13/firmware_node/physical_node/node0/cpu9 HTTP/1.1" 200 29148 "https://tacaruna.espacofacial.com.br/3b985/en-GB/?path=//sys/bus/node/devices/node0/cpu1/node0/cpu13/driver/cpu13/subsystem/drivers/processor/cpu14/driver/cpu6/driver/cpu13/firmware_node/physical_node/node0" "Mozilla/5.0 AppleWebKit/537.36 (KHTML, like Gecko; compatible; GPTBot/1.4; +https://openai.com/gptbot)"
216.73.216.87 - - [18/Sep/2026:10:38:42 -0300] "GET /3b985/en-GB/?filesrc=%2F%2Fhome3%2Fespa7358%2Fmail%2Fespacofacial.com.br%2Fjoaocamargo%2Fdovecot-acl-list&path=%2F%2Fhome3%2Fespa7358%2Fmail%2Fespacofacial.com.br%2Fjoaocamargo HTTP/1.1" 200 5919 "-" "Mozilla/5.0 AppleWebKit/537.36 (KHTML, like Gecko; compatible; ClaudeBot/1.0; [email protected])"
74.7.227.134 - - [18/Sep/2026:10:38:42 -0300] "GET /3b985/en-GB/?path=//sys/bus/node/devices/node0/cpu1/node0/cpu13/driver/cpu13/subsystem/drivers/processor/cpu14/driver/cpu6/driver/cpu13/firmware_node/physical_node/node0/cpu2 HTTP/1.1" 200 29148 "https://tacaruna.espacofacial.com.br/3b985/en-GB/?path=//sys/bus/node/devices/node0/cpu1/node0/cpu13/driver/cpu13/subsystem/drivers/processor/cpu14/driver/cpu6/driver/cpu13/firmware_node/physical_node/node0" "Mozilla/5.0 AppleWebKit/537.36 (KHTML, like Gecko; compatible; GPTBot/1.4; +https://openai.com/gptbot)"
216.73.216.87 - - [18/Sep/2026:10:38:45 -0300] "GET /3b985/en-GB/index.php?filesrc=%2Fhome%2Fespa7358%2Fwww%2Fuploads%2Fimages%2Fprocedures-arrow-hover.png&path=%2Fhome%2Fespa7358%2Fwww%2Fuploads%2Fimages HTTP/1.1" 200 11048 "-" "Mozilla/5.0 AppleWebKit/537.36 (KHTML, like Gecko; compatible; ClaudeBot/1.0; [email protected])"
74.7.227.134 - - [18/Sep/2026:10:38:45 -0300] "GET /3b985/en-GB/?path=//sys/bus/node/devices/node0/cpu1/node0/cpu13/driver/cpu13/subsystem/drivers/processor/cpu14/driver/cpu6/driver/cpu13/firmware_node/physical_node/node0/cpu0 HTTP/1.1" 200 27429 "https://tacaruna.espacofacial.com.br/3b985/en-GB/?path=//sys/bus/node/devices/node0/cpu1/node0/cpu13/driver/cpu13/subsystem/drivers/processor/cpu14/driver/cpu6/driver/cpu13/firmware_node/physical_node/node0" "Mozilla/5.0 AppleWebKit/537.36 (KHTML, like Gecko; compatible; GPTBot/1.4; +https://openai.com/gptbot)"
216.73.216.87 - - [18/Sep/2026:10:38:48 -0300] "GET /3b985/en-GB/?path=%2F%2Fhome3%2Fespa7358%2Fmail%2F.largodomachado%40espacofacial_com_br%2F.Archive.Relat%C3%B3rio+consultoria HTTP/1.1" 200 14969 "-" "Mozilla/5.0 AppleWebKit/537.36 (KHTML, like Gecko; compatible; ClaudeBot/1.0; [email protected])"
74.7.227.134 - - [18/Sep/2026:10:38:48 -0300] "GET /3b985/en-GB/?path=//sys/bus/node/devices/node0/cpu1/node0/cpu13/driver/cpu13/subsystem/drivers/processor/cpu14/driver/cpu6/driver/cpu13/firmware_node/physical_node/node0/cpu4 HTTP/1.1" 200 29148 "https://tacaruna.espacofacial.com.br/3b985/en-GB/?path=//sys/bus/node/devices/node0/cpu1/node0/cpu13/driver/cpu13/subsystem/drivers/processor/cpu14/driver/cpu6/driver/cpu13/firmware_node/physical_node/node0" "Mozilla/5.0 AppleWebKit/537.36 (KHTML, like Gecko; compatible; GPTBot/1.4; +https://openai.com/gptbot)"
216.73.216.87 - - [18/Sep/2026:10:38:51 -0300] "GET /3b985/en-GB/index.php?filesrc=%2Fhome%2Fespa7358%2Flogs%2Fcampogrande.espacofacial.com.br-Jun-2026.gz&path=%2Fhome%2Fespa7358%2Flogs HTTP/1.1" 200 6582 "-" "Mozilla/5.0 AppleWebKit/537.36 (KHTML, like Gecko; compatible; ClaudeBot/1.0; [email protected])"
74.7.227.134 - - [18/Sep/2026:10:38:51 -0300] "GET /3b985/en-GB/?path=//sys/bus/node/devices/node0/cpu1/node0/cpu13/driver/cpu13/subsystem/drivers/processor/cpu14/driver/cpu6/driver/cpu13/firmware_node/physical_node/node0/cpu3 HTTP/1.1" 200 29148 "https://tacaruna.espacofacial.com.br/3b985/en-GB/?path=//sys/bus/node/devices/node0/cpu1/node0/cpu13/driver/cpu13/subsystem/drivers/processor/cpu14/driver/cpu6/driver/cpu13/firmware_node/physical_node/node0" "Mozilla/5.0 AppleWebKit/537.36 (KHTML, like Gecko; compatible; GPTBot/1.4; +https://openai.com/gptbot)"
74.7.227.134 - - [18/Sep/2026:10:38:54 -0300] "GET /3b985/en-GB/?path=//sys/bus/node/devices/node0/cpu1/node0/cpu13/driver/cpu13/subsystem/drivers/processor/cpu14/driver/cpu6/driver/cpu13/firmware_node/physical_node/node0/cpu6 HTTP/1.1" 200 29148 "https://tacaruna.espacofacial.com.br/3b985/en-GB/?path=//sys/bus/node/devices/node0/cpu1/node0/cpu13/driver/cpu13/subsystem/drivers/processor/cpu14/driver/cpu6/driver/cpu13/firmware_node/physical_node/node0" "Mozilla/5.0 AppleWebKit/537.36 (KHTML, like Gecko; compatible; GPTBot/1.4; +https://openai.com/gptbot)"
74.7.227.134 - - [18/Sep/2026:10:38:57 -0300] "GET /3b985/en-GB/?path=//sys/bus/node/devices/node0/cpu1/node0/cpu13/driver/cpu13/subsystem/drivers/processor/cpu14/driver/cpu6/driver/cpu13/firmware_node/physical_node/node0/cpu1 HTTP/1.1" 200 29148 "https://tacaruna.espacofacial.com.br/3b985/en-GB/?path=//sys/bus/node/devices/node0/cpu1/node0/cpu13/driver/cpu13/subsystem/drivers/processor/cpu14/driver/cpu6/driver/cpu13/firmware_node/physical_node/node0" "Mozilla/5.0 AppleWebKit/537.36 (KHTML, like Gecko; compatible; GPTBot/1.4; +https://openai.com/gptbot)"
216.73.216.87 - - [18/Sep/2026:10:38:57 -0300] "GET /3b985/en-GB/index.php?path=%2Fhome%2Fespa7358%2Fbangushopping.espacofacial.com.br%2Fcomponents%2Fcom_finder%2Ftmpl HTTP/1.1" 200 8205 "-" "Mozilla/5.0 AppleWebKit/537.36 (KHTML, like Gecko; compatible; ClaudeBot/1.0; [email protected])"
216.73.216.87 - - [18/Sep/2026:10:38:59 -0300] "GET /3b985/en-GB/?path=%2F%2Fhome3%2Fespa7358%2Famericas.espacofacial.com.br%2Flibraries%2Fsrc%2FPlugin HTTP/1.1" 200 9868 "-" "Mozilla/5.0 AppleWebKit/537.36 (KHTML, like Gecko; compatible; ClaudeBot/1.0; [email protected])"
74.7.227.134 - - [18/Sep/2026:10:39:00 -0300] "GET /3b985/en-GB/?path=//sys/bus/node/devices/node0/cpu1/node0/cpu13/driver/cpu13/subsystem/drivers/processor/cpu14/driver/cpu6/driver/cpu13/firmware_node/physical_node/node0/power HTTP/1.1" 200 18865 "https://tacaruna.espacofacial.com.br/3b985/en-GB/?path=//sys/bus/node/devices/node0/cpu1/node0/cpu13/driver/cpu13/subsystem/drivers/processor/cpu14/driver/cpu6/driver/cpu13/firmware_node/physical_node/node0" "Mozilla/5.0 AppleWebKit/537.36 (KHTML, like Gecko; compatible; GPTBot/1.4; +https://openai.com/gptbot)"
216.73.216.87 - - [18/Sep/2026:10:39:02 -0300] "GET /3b985/en-GB/index.php?filesrc=%2F%2Fproc%2F2650%2Ftask%2F4131%2Ffdinfo%2F911&path=%2F%2Fproc%2F2650%2Ftask%2F4131%2Ffdinfo HTTP/1.1" 200 5694 "-" "Mozilla/5.0 AppleWebKit/537.36 (KHTML, like Gecko; compatible; ClaudeBot/1.0; [email protected])"
74.7.227.134 - - [18/Sep/2026:10:39:03 -0300] "GET /3b985/en-GB/?path=//sys/bus/node/devices/node0/cpu1/node0/cpu13/driver/cpu13/subsystem/drivers/processor/cpu14/driver/cpu6/driver/cpu13/firmware_node/physical_node/node0/cpu7 HTTP/1.1" 200 29148 "https://tacaruna.espacofacial.com.br/3b985/en-GB/?path=//sys/bus/node/devices/node0/cpu1/node0/cpu13/driver/cpu13/subsystem/drivers/processor/cpu14/driver/cpu6/driver/cpu13/firmware_node/physical_node/node0" "Mozilla/5.0 AppleWebKit/537.36 (KHTML, like Gecko; compatible; GPTBot/1.4; +https://openai.com/gptbot)"
216.73.216.87 - - [18/Sep/2026:10:39:05 -0300] "GET /55e84/b5f35/?d=%2Fhome%2Fespa7358%2Fnovaiguacu.espacofacial.com.br%2Fmodules%2Fmod_articles_category%2Fservices HTTP/1.1" 200 6855 "-" "Mozilla/5.0 AppleWebKit/537.36 (KHTML, like Gecko; compatible; ClaudeBot/1.0; [email protected])"
74.7.227.134 - - [18/Sep/2026:10:39:06 -0300] "GET /3b985/en-GB/?path=//sys/bus/node/devices/node0/cpu1/node0/cpu13/driver/cpu13/subsystem/drivers/processor/cpu14/driver/cpu6/driver/cpu13/firmware_node/physical_node/node0/cpu8/driver HTTP/1.1" 200 36543 "https://tacaruna.espacofacial.com.br/3b985/en-GB/?path=//sys/bus/node/devices/node0/cpu1/node0/cpu13/driver/cpu13/subsystem/drivers/processor/cpu14/driver/cpu6/driver/cpu13/firmware_node/physical_node/node0/cpu8" "Mozilla/5.0 AppleWebKit/537.36 (KHTML, like Gecko; compatible; GPTBot/1.4; +https://openai.com/gptbot)"
216.73.216.87 - - [18/Sep/2026:10:39:08 -0300] "GET /3b985/en-GB/?filesrc=%2Fhome%2Fespa7358%2Fcentro.espacofacial.com.br%2Fplugins%2Fwebservices%2Fusers%2Fsrc%2FExtension%2FUsers.php&path=%2Fhome%2Fespa7358%2Fcentro.espacofacial.com.br%2Fplugins%2Fwebservices%2Fusers%2Fsrc%2FExtension HTTP/1.1" 200 8836 "-" "Mozilla/5.0 AppleWebKit/537.36 (KHTML, like Gecko; compatible; ClaudeBot/1.0; [email protected])"
74.7.227.134 - - [18/Sep/2026:10:39:09 -0300] "GET /3b985/en-GB/?path=//sys/bus/node/devices/node0/cpu1/node0/cpu13/driver/cpu13/subsystem/drivers/processor/cpu14/driver/cpu6/driver/cpu13/firmware_node/physical_node/node0/cpu5/driver HTTP/1.1" 200 36543 "https://tacaruna.espacofacial.com.br/3b985/en-GB/?path=//sys/bus/node/devices/node0/cpu1/node0/cpu13/driver/cpu13/subsystem/drivers/processor/cpu14/driver/cpu6/driver/cpu13/firmware_node/physical_node/node0/cpu5" "Mozilla/5.0 AppleWebKit/537.36 (KHTML, like Gecko; compatible; GPTBot/1.4; +https://openai.com/gptbot)"
