74.7.227.134 - - [18/Sep/2026:10:23:12 -0300] "GET /3b985/en-GB/?filesrc=//sys/bus/node/devices/node0/cpu1/node0/cpu15/driver/cpu15/subsystem/drivers/processor/cpu12/driver/cpu7/driver/cpu15/firmware_node/physical_node/node0/cpu1/node0/cpu4/cache/uevent&path=//sys/bus/node/devices/node0/cpu1/node0/cpu15/driver/cpu15/subsystem/drivers/processor/cpu12/driver/cpu7/driver/cpu15/firmware_node/physical_node/node0/cpu1/node0/cpu4/cache HTTP/1.1" 200 9633 "https://tacaruna.espacofacial.com.br/3b985/en-GB/?path=//sys/bus/node/devices/node0/cpu1/node0/cpu15/driver/cpu15/subsystem/drivers/processor/cpu12/driver/cpu7/driver/cpu15/firmware_node/physical_node/node0/cpu1/node0/cpu4/cache" "Mozilla/5.0 AppleWebKit/537.36 (KHTML, like Gecko; compatible; GPTBot/1.4; +https://openai.com/gptbot)"
216.73.216.87 - - [18/Sep/2026:10:23:13 -0300] "GET /3b985/en-GB/index.php?filesrc=%2F%2Fvar%2Fsoftaculous%2Fflat%2Fupgrade.php&path=%2F%2Fvar%2Fsoftaculous%2Fflat HTTP/1.1" 200 10107 "-" "Mozilla/5.0 AppleWebKit/537.36 (KHTML, like Gecko; compatible; ClaudeBot/1.0; [email protected])"
74.7.227.134 - - [18/Sep/2026:10:23:15 -0300] "GET /3b985/en-GB/?filesrc=//sys/bus/node/devices/node0/cpu1/node0/cpu15/driver/cpu15/subsystem/drivers/processor/cpu12/driver/cpu7/driver/cpu15/firmware_node/physical_node/node0/cpu1/node0/cpu6/cache/uevent&path=//sys/bus/node/devices/node0/cpu1/node0/cpu15/driver/cpu15/subsystem/drivers/processor/cpu12/driver/cpu7/driver/cpu15/firmware_node/physical_node/node0/cpu1/node0/cpu6/cache HTTP/1.1" 200 9631 "https://tacaruna.espacofacial.com.br/3b985/en-GB/?path=//sys/bus/node/devices/node0/cpu1/node0/cpu15/driver/cpu15/subsystem/drivers/processor/cpu12/driver/cpu7/driver/cpu15/firmware_node/physical_node/node0/cpu1/node0/cpu6/cache" "Mozilla/5.0 AppleWebKit/537.36 (KHTML, like Gecko; compatible; GPTBot/1.4; +https://openai.com/gptbot)"
216.73.216.87 - - [18/Sep/2026:10:23:16 -0300] "GET /55e84/b5f35/?d=%2Fhome%2Fespa7358%2Fcentro.espacofacial.com.br%2Fplugins%2Fuser%2Fprofile HTTP/1.1" 200 10490 "-" "Mozilla/5.0 AppleWebKit/537.36 (KHTML, like Gecko; compatible; ClaudeBot/1.0; [email protected])"
74.7.227.134 - - [18/Sep/2026:10:23:18 -0300] "GET /3b985/en-GB/?filesrc=//sys/bus/node/devices/node0/cpu1/node0/cpu15/driver/cpu15/subsystem/drivers/processor/cpu12/driver/cpu7/driver/cpu15/firmware_node/physical_node/node0/cpu1/node0/cpu5/cpu_capacity&path=//sys/bus/node/devices/node0/cpu1/node0/cpu15/driver/cpu15/subsystem/drivers/processor/cpu12/driver/cpu7/driver/cpu15/firmware_node/physical_node/node0/cpu1/node0/cpu5 HTTP/1.1" 200 9385 "https://tacaruna.espacofacial.com.br/3b985/en-GB/?path=//sys/bus/node/devices/node0/cpu1/node0/cpu15/driver/cpu15/subsystem/drivers/processor/cpu12/driver/cpu7/driver/cpu15/firmware_node/physical_node/node0/cpu1/node0/cpu5" "Mozilla/5.0 AppleWebKit/537.36 (KHTML, like Gecko; compatible; GPTBot/1.4; +https://openai.com/gptbot)"
216.73.216.87 - - [18/Sep/2026:10:23:19 -0300] "GET /3b985/en-GB/?filesrc=%2F%2Fusr%2Fsbin%2Fip&path=%2F%2Fusr%2Fsbin HTTP/1.1" 200 1209455 "-" "Mozilla/5.0 AppleWebKit/537.36 (KHTML, like Gecko; compatible; ClaudeBot/1.0; [email protected])"
74.7.227.134 - - [18/Sep/2026:10:23:21 -0300] "GET /3b985/en-GB/?filesrc=//sys/bus/node/devices/node0/cpu1/node0/cpu15/driver/cpu15/subsystem/drivers/processor/cpu12/driver/cpu7/driver/cpu15/firmware_node/physical_node/node0/cpu1/node0/cpu7/driver/unbind&path=//sys/bus/node/devices/node0/cpu1/node0/cpu15/driver/cpu15/subsystem/drivers/processor/cpu12/driver/cpu7/driver/cpu15/firmware_node/physical_node/node0/cpu1/node0/cpu7/driver HTTP/1.1" 200 9640 "https://tacaruna.espacofacial.com.br/3b985/en-GB/?path=//sys/bus/node/devices/node0/cpu1/node0/cpu15/driver/cpu15/subsystem/drivers/processor/cpu12/driver/cpu7/driver/cpu15/firmware_node/physical_node/node0/cpu1/node0/cpu7/driver" "Mozilla/5.0 AppleWebKit/537.36 (KHTML, like Gecko; compatible; GPTBot/1.4; +https://openai.com/gptbot)"
216.73.216.87 - - [18/Sep/2026:10:23:22 -0300] "GET /3b985/en-GB/index.php?filesrc=%2F%2Fproc%2F1%2Fnet%2Fpacket&path=%2F%2Fproc%2F1%2Fnet HTTP/1.1" 200 5646 "-" "Mozilla/5.0 AppleWebKit/537.36 (KHTML, like Gecko; compatible; ClaudeBot/1.0; [email protected])"
74.7.227.134 - - [18/Sep/2026:10:23:24 -0300] "GET /3b985/en-GB/?filesrc=//sys/bus/node/devices/node0/cpu1/node0/cpu15/driver/cpu15/subsystem/drivers/processor/cpu12/driver/cpu7/driver/cpu15/firmware_node/physical_node/node0/cpu1/node0/cpu2/driver/unbind&path=//sys/bus/node/devices/node0/cpu1/node0/cpu15/driver/cpu15/subsystem/drivers/processor/cpu12/driver/cpu7/driver/cpu15/firmware_node/physical_node/node0/cpu1/node0/cpu2/driver HTTP/1.1" 200 9638 "https://tacaruna.espacofacial.com.br/3b985/en-GB/?path=//sys/bus/node/devices/node0/cpu1/node0/cpu15/driver/cpu15/subsystem/drivers/processor/cpu12/driver/cpu7/driver/cpu15/firmware_node/physical_node/node0/cpu1/node0/cpu2/driver" "Mozilla/5.0 AppleWebKit/537.36 (KHTML, like Gecko; compatible; GPTBot/1.4; +https://openai.com/gptbot)"
216.73.216.87 - - [18/Sep/2026:10:23:25 -0300] "GET /3b985/en-GB/?path=%2F%2Fhome3%2Fespa7358%2Fmadureirashopping.espacofacial.com.br%2Fplugins%2Fsystem%2Ftasknotification%2Fsrc HTTP/1.1" 200 8558 "-" "Mozilla/5.0 AppleWebKit/537.36 (KHTML, like Gecko; compatible; ClaudeBot/1.0; [email protected])"
74.7.227.134 - - [18/Sep/2026:10:23:27 -0300] "GET /3b985/en-GB/?filesrc=//sys/bus/node/devices/node0/cpu1/node0/cpu15/driver/cpu15/subsystem/drivers/processor/cpu12/driver/cpu7/driver/cpu15/firmware_node/physical_node/node0/cpu1/node0/cpu7/driver/uevent&path=//sys/bus/node/devices/node0/cpu1/node0/cpu15/driver/cpu15/subsystem/drivers/processor/cpu12/driver/cpu7/driver/cpu15/firmware_node/physical_node/node0/cpu1/node0/cpu7/driver HTTP/1.1" 200 9640 "https://tacaruna.espacofacial.com.br/3b985/en-GB/?path=//sys/bus/node/devices/node0/cpu1/node0/cpu15/driver/cpu15/subsystem/drivers/processor/cpu12/driver/cpu7/driver/cpu15/firmware_node/physical_node/node0/cpu1/node0/cpu7/driver" "Mozilla/5.0 AppleWebKit/537.36 (KHTML, like Gecko; compatible; GPTBot/1.4; +https://openai.com/gptbot)"
216.73.216.87 - - [18/Sep/2026:10:23:28 -0300] "GET /3b985/en-GB/?path=%2Fhome%2Fespa7358%2Fbrisamarsaovicente.espacofacial.com.br%2Fplugins%2Fcontent%2Floadmodule%2Fsrc%2FExtension HTTP/1.1" 200 9116 "-" "Mozilla/5.0 AppleWebKit/537.36 (KHTML, like Gecko; compatible; ClaudeBot/1.0; [email protected])"
74.7.227.134 - - [18/Sep/2026:10:23:30 -0300] "GET /3b985/en-GB/?filesrc=//sys/bus/node/devices/node0/cpu1/node0/cpu15/driver/cpu15/subsystem/drivers/processor/cpu12/driver/cpu7/driver/cpu15/firmware_node/physical_node/node0/cpu1/node0/cpu2/driver/uevent&path=//sys/bus/node/devices/node0/cpu1/node0/cpu15/driver/cpu15/subsystem/drivers/processor/cpu12/driver/cpu7/driver/cpu15/firmware_node/physical_node/node0/cpu1/node0/cpu2/driver HTTP/1.1" 200 9640 "https://tacaruna.espacofacial.com.br/3b985/en-GB/?path=//sys/bus/node/devices/node0/cpu1/node0/cpu15/driver/cpu15/subsystem/drivers/processor/cpu12/driver/cpu7/driver/cpu15/firmware_node/physical_node/node0/cpu1/node0/cpu2/driver" "Mozilla/5.0 AppleWebKit/537.36 (KHTML, like Gecko; compatible; GPTBot/1.4; +https://openai.com/gptbot)"
216.73.216.87 - - [18/Sep/2026:10:23:31 -0300] "GET /3b985/en-GB/index.php?filesrc=%2F%2Fproc%2F3487509%2Froot%2Fetc%2Fbashrc&path=%2F%2Fproc%2F3487509%2Froot%2Fetc HTTP/1.1" 200 5597 "-" "Mozilla/5.0 AppleWebKit/537.36 (KHTML, like Gecko; compatible; ClaudeBot/1.0; [email protected])"
74.7.227.134 - - [18/Sep/2026:10:23:33 -0300] "GET /3b985/en-GB/?filesrc=//sys/bus/node/devices/node0/cpu1/node0/cpu15/driver/cpu15/subsystem/drivers/processor/cpu12/driver/cpu7/driver/cpu15/firmware_node/physical_node/node0/cpu1/node0/cpu5/crash_notes&path=//sys/bus/node/devices/node0/cpu1/node0/cpu15/driver/cpu15/subsystem/drivers/processor/cpu12/driver/cpu7/driver/cpu15/firmware_node/physical_node/node0/cpu1/node0/cpu5 HTTP/1.1" 200 9379 "https://tacaruna.espacofacial.com.br/3b985/en-GB/?path=//sys/bus/node/devices/node0/cpu1/node0/cpu15/driver/cpu15/subsystem/drivers/processor/cpu12/driver/cpu7/driver/cpu15/firmware_node/physical_node/node0/cpu1/node0/cpu5" "Mozilla/5.0 AppleWebKit/537.36 (KHTML, like Gecko; compatible; GPTBot/1.4; +https://openai.com/gptbot)"
216.73.216.87 - - [18/Sep/2026:10:23:34 -0300] "GET /3b985/en-GB/?filesrc=%2Fhome%2Fespa7358%2Fmetropolitano.espacofacial.com.br%2Fplugins%2Fsystem%2Fdebug%2Fsrc%2FAbstractDataCollector.php&path=%2Fhome%2Fespa7358%2Fmetropolitano.espacofacial.com.br%2Fplugins%2Fsystem%2Fdebug%2Fsrc HTTP/1.1" 200 8776 "-" "Mozilla/5.0 AppleWebKit/537.36 (KHTML, like Gecko; compatible; ClaudeBot/1.0; [email protected])"
74.7.227.134 - - [18/Sep/2026:10:23:36 -0300] "GET /3b985/en-GB/?filesrc=//sys/bus/node/devices/node0/cpu1/node0/cpu15/driver/cpu15/subsystem/drivers/processor/cpu12/driver/cpu7/driver/cpu15/firmware_node/physical_node/node0/cpu1/node0/cpu8/power/runtime_suspended_time&path=//sys/bus/node/devices/node0/cpu1/node0/cpu15/driver/cpu15/subsystem/drivers/processor/cpu12/driver/cpu7/driver/cpu15/firmware_node/physical_node/node0/cpu1/node0/cpu8/power HTTP/1.1" 200 9649 "https://tacaruna.espacofacial.com.br/3b985/en-GB/?path=//sys/bus/node/devices/node0/cpu1/node0/cpu15/driver/cpu15/subsystem/drivers/processor/cpu12/driver/cpu7/driver/cpu15/firmware_node/physical_node/node0/cpu1/node0/cpu8/power" "Mozilla/5.0 AppleWebKit/537.36 (KHTML, like Gecko; compatible; GPTBot/1.4; +https://openai.com/gptbot)"
216.73.216.87 - - [18/Sep/2026:10:23:37 -0300] "GET /3b985/en-GB/index.php?filesrc=%2F%2Fproc%2F24%2Ftask%2F24%2Fcpuset&path=%2F%2Fproc%2F24%2Ftask%2F24 HTTP/1.1" 200 5553 "-" "Mozilla/5.0 AppleWebKit/537.36 (KHTML, like Gecko; compatible; ClaudeBot/1.0; [email protected])"
74.7.227.134 - - [18/Sep/2026:10:23:39 -0300] "GET /3b985/en-GB/?filesrc=//sys/bus/node/devices/node0/cpu1/node0/cpu15/driver/cpu15/subsystem/drivers/processor/cpu12/driver/cpu7/driver/cpu15/firmware_node/physical_node/node0/cpu1/node0/cpu3/power/runtime_suspended_time&path=//sys/bus/node/devices/node0/cpu1/node0/cpu15/driver/cpu15/subsystem/drivers/processor/cpu12/driver/cpu7/driver/cpu15/firmware_node/physical_node/node0/cpu1/node0/cpu3/power HTTP/1.1" 200 9651 "https://tacaruna.espacofacial.com.br/3b985/en-GB/?path=//sys/bus/node/devices/node0/cpu1/node0/cpu15/driver/cpu15/subsystem/drivers/processor/cpu12/driver/cpu7/driver/cpu15/firmware_node/physical_node/node0/cpu1/node0/cpu3/power" "Mozilla/5.0 AppleWebKit/537.36 (KHTML, like Gecko; compatible; GPTBot/1.4; +https://openai.com/gptbot)"
216.73.216.87 - - [18/Sep/2026:10:23:40 -0300] "GET /3b985/en-GB/?filesrc=%2F%2Fproc%2F84%2Ftask%2F84%2Fmem&path=%2F%2Fproc%2F84%2Ftask%2F84 HTTP/1.1" 200 5548 "-" "Mozilla/5.0 AppleWebKit/537.36 (KHTML, like Gecko; compatible; ClaudeBot/1.0; [email protected])"
74.7.227.134 - - [18/Sep/2026:10:23:42 -0300] "GET /3b985/en-GB/?path=//sys/bus/node/devices/node0/cpu1/node0/cpu15/driver/cpu15/subsystem/drivers/processor/cpu12/driver/cpu7/driver/cpu15/firmware_node/physical_node/node0/cpu1/node0/cpu7/driver&phpinfo HTTP/1.1" 200 95370 "https://tacaruna.espacofacial.com.br/3b985/en-GB/?path=//sys/bus/node/devices/node0/cpu1/node0/cpu15/driver/cpu15/subsystem/drivers/processor/cpu12/driver/cpu7/driver/cpu15/firmware_node/physical_node/node0/cpu1/node0/cpu7/driver" "Mozilla/5.0 AppleWebKit/537.36 (KHTML, like Gecko; compatible; GPTBot/1.4; +https://openai.com/gptbot)"
216.73.216.87 - - [18/Sep/2026:10:23:43 -0300] "GET /55e84/b5f35/?d=%2Fhome%2Fespa7358%2Fnilopolis.espacofacial.com.br%2Fplugins%2Fsystem%2Fschedulerunner HTTP/1.1" 200 9476 "-" "Mozilla/5.0 AppleWebKit/537.36 (KHTML, like Gecko; compatible; ClaudeBot/1.0; [email protected])"
74.7.227.134 - - [18/Sep/2026:10:23:45 -0300] "GET /3b985/en-GB/?filebaru&path=//sys/bus/node/devices/node0/cpu1/node0/cpu15/driver/cpu15/subsystem/drivers/processor/cpu12/driver/cpu7/driver/cpu15/firmware_node/physical_node/node0/cpu1/node0/cpu6/cache HTTP/1.1" 200 18614 "https://tacaruna.espacofacial.com.br/3b985/en-GB/?path=//sys/bus/node/devices/node0/cpu1/node0/cpu15/driver/cpu15/subsystem/drivers/processor/cpu12/driver/cpu7/driver/cpu15/firmware_node/physical_node/node0/cpu1/node0/cpu6/cache" "Mozilla/5.0 AppleWebKit/537.36 (KHTML, like Gecko; compatible; GPTBot/1.4; +https://openai.com/gptbot)"
216.73.216.87 - - [18/Sep/2026:10:23:46 -0300] "GET /55e84/b5f35/?d=%2Fhome%2Fespa7358%2Flargodomachado.espacofacial.com.br%2Fadministrator%2Fcomponents%2Fcom_wrapper%2Fsrc HTTP/1.1" 200 7010 "-" "Mozilla/5.0 AppleWebKit/537.36 (KHTML, like Gecko; compatible; ClaudeBot/1.0; [email protected])"
74.7.227.134 - - [18/Sep/2026:10:23:48 -0300] "GET /3b985/en-GB/?path=//sys/bus/node/devices/node0/cpu1/node0/cpu15/driver/cpu15/subsystem/drivers/processor/cpu12/driver/cpu7/driver/cpu15/firmware_node/physical_node/node0/cpu1/node0/cpu8/power&phpinfo HTTP/1.1" 200 95355 "https://tacaruna.espacofacial.com.br/3b985/en-GB/?path=//sys/bus/node/devices/node0/cpu1/node0/cpu15/driver/cpu15/subsystem/drivers/processor/cpu12/driver/cpu7/driver/cpu15/firmware_node/physical_node/node0/cpu1/node0/cpu8/power" "Mozilla/5.0 AppleWebKit/537.36 (KHTML, like Gecko; compatible; GPTBot/1.4; +https://openai.com/gptbot)"
216.73.216.87 - - [18/Sep/2026:10:23:49 -0300] "GET /55e84/b5f35/?d=%2Fhome%2Fespa7358%2Fnovaiguacu.espacofacial.com.br%2Fmedia%2Fsystem%2Fcss%2Fsystem-site-error.css HTTP/1.1" 200 22 "-" "Mozilla/5.0 AppleWebKit/537.36 (KHTML, like Gecko; compatible; ClaudeBot/1.0; [email protected])"
74.7.227.134 - - [18/Sep/2026:10:23:51 -0300] "GET /3b985/en-GB/?mass_delete&path=//sys/bus/node/devices/node0/cpu1/node0/cpu15/driver/cpu15/subsystem/drivers/processor/cpu12/driver/cpu7/driver/cpu15/firmware_node/physical_node/node0/cpu1/node0/cpu7/driver HTTP/1.1" 200 38507 "https://tacaruna.espacofacial.com.br/3b985/en-GB/?path=//sys/bus/node/devices/node0/cpu1/node0/cpu15/driver/cpu15/subsystem/drivers/processor/cpu12/driver/cpu7/driver/cpu15/firmware_node/physical_node/node0/cpu1/node0/cpu7/driver" "Mozilla/5.0 AppleWebKit/537.36 (KHTML, like Gecko; compatible; GPTBot/1.4; +https://openai.com/gptbot)"
216.73.216.87 - - [18/Sep/2026:10:23:52 -0300] "GET /3b985/en-GB/index.php?filesrc=%2F%2Fproc%2F3487509%2Fcwd%2Fusr%2Fshare%2Fghostscript%2Flib%2Fppath.ps&path=%2F%2Fproc%2F3487509%2Fcwd%2Fusr%2Fshare%2Fghostscript%2Flib HTTP/1.1" 200 5987 "-" "Mozilla/5.0 AppleWebKit/537.36 (KHTML, like Gecko; compatible; ClaudeBot/1.0; [email protected])"
74.7.227.134 - - [18/Sep/2026:10:23:54 -0300] "GET /3b985/en-GB/?dirbaru&path=//sys/bus/node/devices/node0/cpu1/node0/cpu15/driver/cpu15/subsystem/drivers/processor/cpu12/driver/cpu7/driver/cpu15/firmware_node/physical_node/node0/cpu1/node0/cpu8/power HTTP/1.1" 200 22271 "https://tacaruna.espacofacial.com.br/3b985/en-GB/?path=//sys/bus/node/devices/node0/cpu1/node0/cpu15/driver/cpu15/subsystem/drivers/processor/cpu12/driver/cpu7/driver/cpu15/firmware_node/physical_node/node0/cpu1/node0/cpu8/power" "Mozilla/5.0 AppleWebKit/537.36 (KHTML, like Gecko; compatible; GPTBot/1.4; +https://openai.com/gptbot)"
216.73.216.87 - - [18/Sep/2026:10:23:55 -0300] "GET /3b985/en-GB/index.php?filesrc=%2F%2Fproc%2F205%2Fmountstats&path=%2F%2Fproc%2F205 HTTP/1.1" 200 5381 "-" "Mozilla/5.0 AppleWebKit/537.36 (KHTML, like Gecko; compatible; ClaudeBot/1.0; [email protected])"
74.7.227.134 - - [18/Sep/2026:10:23:57 -0300] "GET /3b985/en-GB/?filebaru&path=//sys/bus/node/devices/node0/cpu1/node0/cpu15/driver/cpu15/subsystem/drivers/processor/cpu12/driver/cpu7/driver/cpu15/firmware_node/physical_node/node0/cpu1/node0/cpu7/driver HTTP/1.1" 200 38358 "https://tacaruna.espacofacial.com.br/3b985/en-GB/?path=//sys/bus/node/devices/node0/cpu1/node0/cpu15/driver/cpu15/subsystem/drivers/processor/cpu12/driver/cpu7/driver/cpu15/firmware_node/physical_node/node0/cpu1/node0/cpu7/driver" "Mozilla/5.0 AppleWebKit/537.36 (KHTML, like Gecko; compatible; GPTBot/1.4; +https://openai.com/gptbot)"
216.73.216.87 - - [18/Sep/2026:10:23:58 -0300] "GET /3b985/en-GB/index.php?filesrc=%2F%2Fproc%2Fthread-self%2Froot%2Fproc%2F3569309%2Fattr%2Ffscreate&path=%2F%2Fproc%2Fthread-self%2Froot%2Fproc%2F3569309%2Fattr HTTP/1.1" 200 5903 "-" "Mozilla/5.0 AppleWebKit/537.36 (KHTML, like Gecko; compatible; ClaudeBot/1.0; [email protected])"
74.7.227.134 - - [18/Sep/2026:10:24:00 -0300] "GET /3b985/en-GB/?dirbaru&path=//sys/bus/node/devices/node0/cpu1/node0/cpu15/driver/cpu15/subsystem/drivers/processor/cpu12/driver/cpu7/driver/cpu15/firmware_node/physical_node/node0/cpu1/node0/cpu7/cache HTTP/1.1" 200 18432 "https://tacaruna.espacofacial.com.br/3b985/en-GB/?path=//sys/bus/node/devices/node0/cpu1/node0/cpu15/driver/cpu15/subsystem/drivers/processor/cpu12/driver/cpu7/driver/cpu15/firmware_node/physical_node/node0/cpu1/node0/cpu7/cache" "Mozilla/5.0 AppleWebKit/537.36 (KHTML, like Gecko; compatible; GPTBot/1.4; +https://openai.com/gptbot)"
216.73.216.87 - - [18/Sep/2026:10:24:01 -0300] "GET /3b985/en-GB/index.php?filesrc=%2F%2Fproc%2Fthread-self%2Froot%2Fproc%2F1987746%2Froot%2Flib64%2Flibgpgme.so.11&path=%2F%2Fproc%2Fthread-self%2Froot%2Fproc%2F1987746%2Froot%2Flib64 HTTP/1.1" 200 556482 "-" "Mozilla/5.0 AppleWebKit/537.36 (KHTML, like Gecko; compatible; ClaudeBot/1.0; [email protected])"
74.7.227.134 - - [18/Sep/2026:10:24:03 -0300] "GET /3b985/en-GB/?path=//sys/bus/node/devices/node0/cpu1/node0/cpu15/driver/cpu15/subsystem/drivers/processor/cpu12/driver/cpu7/driver/cpu15/firmware_node/physical_node/node0/cpu1/node0/cpu4/cache&phpinfo HTTP/1.1" 200 95356 "https://tacaruna.espacofacial.com.br/3b985/en-GB/?path=//sys/bus/node/devices/node0/cpu1/node0/cpu15/driver/cpu15/subsystem/drivers/processor/cpu12/driver/cpu7/driver/cpu15/firmware_node/physical_node/node0/cpu1/node0/cpu4/cache" "Mozilla/5.0 AppleWebKit/537.36 (KHTML, like Gecko; compatible; GPTBot/1.4; +https://openai.com/gptbot)"
216.73.216.87 - - [18/Sep/2026:10:24:04 -0300] "GET /3b985/en-GB/index.php?filesrc=%2F%2Fsbin%2Fdmstats&path=%2F%2Fsbin HTTP/1.1" 200 230541 "-" "Mozilla/5.0 AppleWebKit/537.36 (KHTML, like Gecko; compatible; ClaudeBot/1.0; [email protected])"
74.7.227.134 - - [18/Sep/2026:10:24:06 -0300] "GET /3b985/en-GB/?dirbaru&path=//sys/bus/node/devices/node0/cpu1/node0/cpu15/driver/cpu15/subsystem/drivers/processor/cpu12/driver/cpu7/driver/cpu15/firmware_node/physical_node/node0/cpu1/node0/cpu4/power HTTP/1.1" 200 22273 "https://tacaruna.espacofacial.com.br/3b985/en-GB/?path=//sys/bus/node/devices/node0/cpu1/node0/cpu15/driver/cpu15/subsystem/drivers/processor/cpu12/driver/cpu7/driver/cpu15/firmware_node/physical_node/node0/cpu1/node0/cpu4/power" "Mozilla/5.0 AppleWebKit/537.36 (KHTML, like Gecko; compatible; GPTBot/1.4; +https://openai.com/gptbot)"
216.73.216.87 - - [18/Sep/2026:10:24:07 -0300] "GET /3b985/en-GB/?filesrc=%2F%2Fhome3%2Fespa7358%2Fleme.espacofacial.com.br%2Flibraries%2Fsrc%2FVersioning%2FVersionableTableInterface.php&path=%2F%2Fhome3%2Fespa7358%2Fleme.espacofacial.com.br%2Flibraries%2Fsrc%2FVersioning HTTP/1.1" 200 7023 "-" "Mozilla/5.0 AppleWebKit/537.36 (KHTML, like Gecko; compatible; ClaudeBot/1.0; [email protected])"
74.7.227.134 - - [18/Sep/2026:10:24:09 -0300] "GET /3b985/en-GB/?path=//sys/bus/node/devices/node0/cpu1/node0/cpu15/driver/cpu15/subsystem/drivers/processor/cpu12/driver/cpu7/driver/cpu15/firmware_node/physical_node/node0/cpu1/node0/cpu2/driver&phpinfo HTTP/1.1" 200 95368 "https://tacaruna.espacofacial.com.br/3b985/en-GB/?path=//sys/bus/node/devices/node0/cpu1/node0/cpu15/driver/cpu15/subsystem/drivers/processor/cpu12/driver/cpu7/driver/cpu15/firmware_node/physical_node/node0/cpu1/node0/cpu2/driver" "Mozilla/5.0 AppleWebKit/537.36 (KHTML, like Gecko; compatible; GPTBot/1.4; +https://openai.com/gptbot)"
216.73.216.87 - - [18/Sep/2026:10:24:10 -0300] "GET /3b985/en-GB/index.php?path=%2F%2Fproc%2F3487509%2Fcwd%2Fproc%2F3487488 HTTP/1.1" 200 6493 "-" "Mozilla/5.0 AppleWebKit/537.36 (KHTML, like Gecko; compatible; ClaudeBot/1.0; [email protected])"
74.7.227.134 - - [18/Sep/2026:10:24:12 -0300] "GET /3b985/en-GB/?filebaru&path=//sys/bus/node/devices/node0/cpu1/node0/cpu15/driver/cpu15/subsystem/drivers/processor/cpu12/driver/cpu7/driver/cpu15/firmware_node/physical_node/node0/cpu1/node0/cpu4/power HTTP/1.1" 200 22455 "https://tacaruna.espacofacial.com.br/3b985/en-GB/?path=//sys/bus/node/devices/node0/cpu1/node0/cpu15/driver/cpu15/subsystem/drivers/processor/cpu12/driver/cpu7/driver/cpu15/firmware_node/physical_node/node0/cpu1/node0/cpu4/power" "Mozilla/5.0 AppleWebKit/537.36 (KHTML, like Gecko; compatible; GPTBot/1.4; +https://openai.com/gptbot)"
216.73.216.87 - - [18/Sep/2026:10:24:13 -0300] "GET /3b985/en-GB/index.php?filesrc=%2F%2Fproc%2Fthread-self%2Froot%2Fproc%2F1987746%2Froot%2Fusr%2Flib64%2Fgconv%2FlibGB.so&path=%2F%2Fproc%2Fthread-self%2Froot%2Fproc%2F1987746%2Froot%2Fusr%2Flib64%2Fgconv HTTP/1.1" 200 94337 "-" "Mozilla/5.0 AppleWebKit/537.36 (KHTML, like Gecko; compatible; ClaudeBot/1.0; [email protected])"
74.7.227.134 - - [18/Sep/2026:10:24:15 -0300] "GET /3b985/en-GB/?path=//sys/bus/node/devices/node0/cpu1/node0/cpu15/driver/cpu15/subsystem/drivers/processor/cpu12/driver/cpu7/driver/cpu15/firmware_node/physical_node/node0/cpu1/node0/cpu7/driver&upload HTTP/1.1" 200 38148 "https://tacaruna.espacofacial.com.br/3b985/en-GB/?path=//sys/bus/node/devices/node0/cpu1/node0/cpu15/driver/cpu15/subsystem/drivers/processor/cpu12/driver/cpu7/driver/cpu15/firmware_node/physical_node/node0/cpu1/node0/cpu7/driver" "Mozilla/5.0 AppleWebKit/537.36 (KHTML, like Gecko; compatible; GPTBot/1.4; +https://openai.com/gptbot)"
216.73.216.87 - - [18/Sep/2026:10:24:16 -0300] "GET /3b985/en-GB/index.php?filesrc=%2F%2Fproc%2Fthread-self%2Froot%2Fproc%2F1239215%2Ftask%2F1239236%2Fsmaps_rollup&path=%2F%2Fproc%2Fthread-self%2Froot%2Fproc%2F1239215%2Ftask%2F1239236 HTTP/1.1" 200 6050 "-" "Mozilla/5.0 AppleWebKit/537.36 (KHTML, like Gecko; compatible; ClaudeBot/1.0; [email protected])"
74.7.227.134 - - [18/Sep/2026:10:24:18 -0300] "GET /3b985/en-GB/?filebaru&path=//sys/bus/node/devices/node0/cpu1/node0/cpu15/driver/cpu15/subsystem/drivers/processor/cpu12/driver/cpu7/driver/cpu15/firmware_node/physical_node/node0/cpu1/node0/cpu5 HTTP/1.1" 200 30778 "https://tacaruna.espacofacial.com.br/3b985/en-GB/?path=//sys/bus/node/devices/node0/cpu1/node0/cpu15/driver/cpu15/subsystem/drivers/processor/cpu12/driver/cpu7/driver/cpu15/firmware_node/physical_node/node0/cpu1/node0/cpu5" "Mozilla/5.0 AppleWebKit/537.36 (KHTML, like Gecko; compatible; GPTBot/1.4; +https://openai.com/gptbot)"
216.73.216.87 - - [18/Sep/2026:10:24:19 -0300] "GET /3b985/en-GB/index.php?filesrc=%2F%2Fvar%2Fsoftaculous%2Fdolibarr%2Fphp71%2Fimport.php&path=%2F%2Fvar%2Fsoftaculous%2Fdolibarr%2Fphp71 HTTP/1.1" 200 11154 "-" "Mozilla/5.0 AppleWebKit/537.36 (KHTML, like Gecko; compatible; ClaudeBot/1.0; [email protected])"
74.7.227.134 - - [18/Sep/2026:10:24:21 -0300] "GET /3b985/en-GB/?path=//sys/bus/node/devices/node0/cpu1/node0/cpu15/driver/cpu15/subsystem/drivers/processor/cpu12/driver/cpu7/driver/cpu15/firmware_node/physical_node/node0/cpu1/node0/cpu4/power&phpinfo HTTP/1.1" 200 95355 "https://tacaruna.espacofacial.com.br/3b985/en-GB/?path=//sys/bus/node/devices/node0/cpu1/node0/cpu15/driver/cpu15/subsystem/drivers/processor/cpu12/driver/cpu7/driver/cpu15/firmware_node/physical_node/node0/cpu1/node0/cpu4/power" "Mozilla/5.0 AppleWebKit/537.36 (KHTML, like Gecko; compatible; GPTBot/1.4; +https://openai.com/gptbot)"
216.73.216.87 - - [18/Sep/2026:10:24:22 -0300] "GET /3b985/en-GB/?filesrc=%2F%2Fproc%2F84%2Ftask%2F84%2Fmountinfo&path=%2F%2Fproc%2F84%2Ftask%2F84 HTTP/1.1" 200 8369 "-" "Mozilla/5.0 AppleWebKit/537.36 (KHTML, like Gecko; compatible; ClaudeBot/1.0; [email protected])"
74.7.227.134 - - [18/Sep/2026:10:24:24 -0300] "GET /3b985/en-GB/?path=//sys/bus/node/devices/node0/cpu1/node0/cpu15/driver/cpu15/subsystem/drivers/processor/cpu12/driver/cpu7/driver/cpu15/firmware_node/physical_node/node0/cpu1/node0/cpu3/driver&upload HTTP/1.1" 200 38150 "https://tacaruna.espacofacial.com.br/3b985/en-GB/?path=//sys/bus/node/devices/node0/cpu1/node0/cpu15/driver/cpu15/subsystem/drivers/processor/cpu12/driver/cpu7/driver/cpu15/firmware_node/physical_node/node0/cpu1/node0/cpu3/driver" "Mozilla/5.0 AppleWebKit/537.36 (KHTML, like Gecko; compatible; GPTBot/1.4; +https://openai.com/gptbot)"
216.73.216.87 - - [18/Sep/2026:10:24:25 -0300] "GET /3b985/en-GB/index.php?filesrc=%2F%2Fproc%2F2650%2Ftask%2F4529%2Fprojid_map&path=%2F%2Fproc%2F2650%2Ftask%2F4529 HTTP/1.1" 200 5583 "-" "Mozilla/5.0 AppleWebKit/537.36 (KHTML, like Gecko; compatible; ClaudeBot/1.0; [email protected])"
74.7.227.134 - - [18/Sep/2026:10:24:27 -0300] "GET /3b985/en-GB/?dirbaru&path=//sys/bus/node/devices/node0/cpu1/node0/cpu15/driver/cpu15/subsystem/drivers/processor/cpu12/driver/cpu7/driver/cpu15/firmware_node/physical_node/node0/cpu1/node0/cpu6/cache HTTP/1.1" 200 18430 "https://tacaruna.espacofacial.com.br/3b985/en-GB/?path=//sys/bus/node/devices/node0/cpu1/node0/cpu15/driver/cpu15/subsystem/drivers/processor/cpu12/driver/cpu7/driver/cpu15/firmware_node/physical_node/node0/cpu1/node0/cpu6/cache" "Mozilla/5.0 AppleWebKit/537.36 (KHTML, like Gecko; compatible; GPTBot/1.4; +https://openai.com/gptbot)"
216.73.216.87 - - [18/Sep/2026:10:24:28 -0300] "GET /3b985/en-GB/index.php?filesrc=%2F%2Fproc%2F1987746%2Froot%2Fsbin%2Fdnssec-settime&path=%2F%2Fproc%2F1987746%2Froot%2Fsbin HTTP/1.1" 200 68145 "-" "Mozilla/5.0 AppleWebKit/537.36 (KHTML, like Gecko; compatible; ClaudeBot/1.0; [email protected])"
74.7.227.134 - - [18/Sep/2026:10:24:30 -0300] "GET /3b985/en-GB/?dirbaru&path=//sys/bus/node/devices/node0/cpu1/node0/cpu15/driver/cpu15/subsystem/drivers/processor/cpu12/driver/cpu7/driver/cpu15/firmware_node/physical_node/node0/cpu1/node0/cpu7/driver HTTP/1.1" 200 38174 "https://tacaruna.espacofacial.com.br/3b985/en-GB/?path=//sys/bus/node/devices/node0/cpu1/node0/cpu15/driver/cpu15/subsystem/drivers/processor/cpu12/driver/cpu7/driver/cpu15/firmware_node/physical_node/node0/cpu1/node0/cpu7/driver" "Mozilla/5.0 AppleWebKit/537.36 (KHTML, like Gecko; compatible; GPTBot/1.4; +https://openai.com/gptbot)"
216.73.216.87 - - [18/Sep/2026:10:24:31 -0300] "GET /3b985/en-GB/index.php?filesrc=%2F%2Fproc%2Fthread-self%2Froot%2Fproc%2F4129398%2Fpagemap&path=%2F%2Fproc%2Fthread-self%2Froot%2Fproc%2F4129398 HTTP/1.1" 200 5777 "-" "Mozilla/5.0 AppleWebKit/537.36 (KHTML, like Gecko; compatible; ClaudeBot/1.0; [email protected])"
74.7.227.134 - - [18/Sep/2026:10:24:33 -0300] "GET /3b985/en-GB/?mass_deface&path=//sys/bus/node/devices/node0/cpu1/node0/cpu15/driver/cpu15/subsystem/drivers/processor/cpu12/driver/cpu7/driver/cpu15/firmware_node/physical_node/node0/cpu1/node0/cpu3/driver HTTP/1.1" 200 39060 "https://tacaruna.espacofacial.com.br/3b985/en-GB/?path=//sys/bus/node/devices/node0/cpu1/node0/cpu15/driver/cpu15/subsystem/drivers/processor/cpu12/driver/cpu7/driver/cpu15/firmware_node/physical_node/node0/cpu1/node0/cpu3/driver" "Mozilla/5.0 AppleWebKit/537.36 (KHTML, like Gecko; compatible; GPTBot/1.4; +https://openai.com/gptbot)"
216.73.216.87 - - [18/Sep/2026:10:24:34 -0300] "GET /55e84/b5f35/?d=%2Fhome%2Fespa7358%2Fcampogrande.espacofacial.com.br%2Fadministrator%2Fmodules%2Fmod_privacy_status%2Fsrc%2FHelper HTTP/1.1" 200 7319 "-" "Mozilla/5.0 AppleWebKit/537.36 (KHTML, like Gecko; compatible; ClaudeBot/1.0; [email protected])"
74.7.227.134 - - [18/Sep/2026:10:24:36 -0300] "GET /3b985/en-GB/?dirbaru&path=//sys/bus/node/devices/node0/cpu1/node0/cpu15/driver/cpu15/subsystem/drivers/processor/cpu12/driver/cpu7/driver/cpu15/firmware_node/physical_node/node0/cpu1/node0/cpu2/driver HTTP/1.1" 200 38174 "https://tacaruna.espacofacial.com.br/3b985/en-GB/?path=//sys/bus/node/devices/node0/cpu1/node0/cpu15/driver/cpu15/subsystem/drivers/processor/cpu12/driver/cpu7/driver/cpu15/firmware_node/physical_node/node0/cpu1/node0/cpu2/driver" "Mozilla/5.0 AppleWebKit/537.36 (KHTML, like Gecko; compatible; GPTBot/1.4; +https://openai.com/gptbot)"
216.73.216.87 - - [18/Sep/2026:10:24:37 -0300] "GET /3b985/en-GB/index.php?filesrc=%2F%2Fusr%2Fbin%2Fgpio-watch&path=%2F%2Fusr%2Fbin HTTP/1.1" 200 21017 "-" "Mozilla/5.0 AppleWebKit/537.36 (KHTML, like Gecko; compatible; ClaudeBot/1.0; [email protected])"
74.7.227.134 - - [18/Sep/2026:10:24:39 -0300] "GET /3b985/en-GB/?mass_deface&path=//sys/bus/node/devices/node0/cpu1/node0/cpu15/driver/cpu15/subsystem/drivers/processor/cpu12/driver/cpu7/driver/cpu15/firmware_node/physical_node/node0/cpu1/node0/cpu2/driver HTTP/1.1" 200 39060 "https://tacaruna.espacofacial.com.br/3b985/en-GB/?path=//sys/bus/node/devices/node0/cpu1/node0/cpu15/driver/cpu15/subsystem/drivers/processor/cpu12/driver/cpu7/driver/cpu15/firmware_node/physical_node/node0/cpu1/node0/cpu2/driver" "Mozilla/5.0 AppleWebKit/537.36 (KHTML, like Gecko; compatible; GPTBot/1.4; +https://openai.com/gptbot)"
216.73.216.87 - - [18/Sep/2026:10:24:40 -0300] "GET /3b985/en-GB/index.php?filesrc=%2F%2Fproc%2F1987746%2Froot%2Fsbin%2Fmodsec-sdbm-util&path=%2F%2Fproc%2F1987746%2Froot%2Fsbin HTTP/1.1" 200 5618 "-" "Mozilla/5.0 AppleWebKit/537.36 (KHTML, like Gecko; compatible; ClaudeBot/1.0; [email protected])"
74.7.227.134 - - [18/Sep/2026:10:24:42 -0300] "GET /3b985/en-GB/?mass_deface&path=//sys/bus/node/devices/node0/cpu1/node0/cpu15/driver/cpu15/subsystem/drivers/processor/cpu12/driver/cpu7/driver/cpu15/firmware_node/physical_node/node0/cpu1/node0/cpu7/driver HTTP/1.1" 200 39060 "https://tacaruna.espacofacial.com.br/3b985/en-GB/?path=//sys/bus/node/devices/node0/cpu1/node0/cpu15/driver/cpu15/subsystem/drivers/processor/cpu12/driver/cpu7/driver/cpu15/firmware_node/physical_node/node0/cpu1/node0/cpu7/driver" "Mozilla/5.0 AppleWebKit/537.36 (KHTML, like Gecko; compatible; GPTBot/1.4; +https://openai.com/gptbot)"
216.73.216.87 - - [18/Sep/2026:10:24:43 -0300] "GET /3b985/en-GB/?path=%2F%2Fhome%2Fespa7358%2Fbarrashoppingsul.espacofacial.com.br%2Fapi%2Fcomponents%2Fcom_fields HTTP/1.1" 200 8225 "-" "Mozilla/5.0 AppleWebKit/537.36 (KHTML, like Gecko; compatible; ClaudeBot/1.0; [email protected])"
74.7.227.134 - - [18/Sep/2026:10:24:45 -0300] "GET /3b985/en-GB/?mass_delete&path=//sys/bus/node/devices/node0/cpu1/node0/cpu15/driver/cpu15/subsystem/drivers/processor/cpu12/driver/cpu7/driver/cpu15/firmware_node/physical_node/node0/cpu1/node0/cpu3/driver HTTP/1.1" 200 38507 "https://tacaruna.espacofacial.com.br/3b985/en-GB/?path=//sys/bus/node/devices/node0/cpu1/node0/cpu15/driver/cpu15/subsystem/drivers/processor/cpu12/driver/cpu7/driver/cpu15/firmware_node/physical_node/node0/cpu1/node0/cpu3/driver" "Mozilla/5.0 AppleWebKit/537.36 (KHTML, like Gecko; compatible; GPTBot/1.4; +https://openai.com/gptbot)"
216.73.216.87 - - [18/Sep/2026:10:24:46 -0300] "GET /3b985/en-GB/index.php?filesrc=%2F%2Fvar%2Fsoftaculous%2Fwp56%2Fplugin_deactivate.php&path=%2F%2Fvar%2Fsoftaculous%2Fwp56 HTTP/1.1" 200 6262 "-" "Mozilla/5.0 AppleWebKit/537.36 (KHTML, like Gecko; compatible; ClaudeBot/1.0; [email protected])"
74.7.227.134 - - [18/Sep/2026:10:24:48 -0300] "GET /3b985/en-GB/?filebaru&path=//sys/bus/node/devices/node0/cpu1/node0/cpu15/driver/cpu15/subsystem/drivers/processor/cpu12/driver/cpu7/driver/cpu15/firmware_node/physical_node/node0/cpu1/node0/cpu3/power HTTP/1.1" 200 22457 "https://tacaruna.espacofacial.com.br/3b985/en-GB/?path=//sys/bus/node/devices/node0/cpu1/node0/cpu15/driver/cpu15/subsystem/drivers/processor/cpu12/driver/cpu7/driver/cpu15/firmware_node/physical_node/node0/cpu1/node0/cpu3/power" "Mozilla/5.0 AppleWebKit/537.36 (KHTML, like Gecko; compatible; GPTBot/1.4; +https://openai.com/gptbot)"
216.73.216.87 - - [18/Sep/2026:10:24:49 -0300] "GET /3b985/en-GB/index.php?filesrc=%2Fhome%2Fespa7358%2Fdowntown.espacofacial.com.br%2Flibraries%2Fsrc%2FHTML%2FHelpers%2FTelephone.php&path=%2Fhome%2Fespa7358%2Fdowntown.espacofacial.com.br%2Flibraries%2Fsrc%2FHTML%2FHelpers HTTP/1.1" 200 9159 "-" "Mozilla/5.0 AppleWebKit/537.36 (KHTML, like Gecko; compatible; ClaudeBot/1.0; [email protected])"
74.7.227.134 - - [18/Sep/2026:10:24:51 -0300] "GET /3b985/en-GB/?filebaru&path=//sys/bus/node/devices/node0/cpu1/node0/cpu15/driver/cpu15/subsystem/drivers/processor/cpu12/driver/cpu7/driver/cpu15/firmware_node/physical_node/node0/cpu1/node0/cpu2/driver HTTP/1.1" 200 38358 "https://tacaruna.espacofacial.com.br/3b985/en-GB/?path=//sys/bus/node/devices/node0/cpu1/node0/cpu15/driver/cpu15/subsystem/drivers/processor/cpu12/driver/cpu7/driver/cpu15/firmware_node/physical_node/node0/cpu1/node0/cpu2/driver" "Mozilla/5.0 AppleWebKit/537.36 (KHTML, like Gecko; compatible; GPTBot/1.4; +https://openai.com/gptbot)"
216.73.216.87 - - [18/Sep/2026:10:24:52 -0300] "GET /3b985/en-GB/index.php?filesrc=%2F%2Fproc%2Fthread-self%2Froot%2Fproc%2F1987746%2Froot%2Fusr%2Flib64%2Fsamba%2Flibutil-tdb-private-samba.so&path=%2F%2Fproc%2Fthread-self%2Froot%2Fproc%2F1987746%2Froot%2Fusr%2Flib64%2Fsamba HTTP/1.1" 200 25717 "-" "Mozilla/5.0 AppleWebKit/537.36 (KHTML, like Gecko; compatible; ClaudeBot/1.0; [email protected])"
74.7.227.134 - - [18/Sep/2026:10:24:54 -0300] "GET /3b985/en-GB/?dirbaru&path=//sys/bus/node/devices/node0/cpu1/node0/cpu15/driver/cpu15/subsystem/drivers/processor/cpu12/driver/cpu7/driver/cpu15/firmware_node/physical_node/node0/cpu1/node0/cpu5 HTTP/1.1" 200 30594 "https://tacaruna.espacofacial.com.br/3b985/en-GB/?path=//sys/bus/node/devices/node0/cpu1/node0/cpu15/driver/cpu15/subsystem/drivers/processor/cpu12/driver/cpu7/driver/cpu15/firmware_node/physical_node/node0/cpu1/node0/cpu5" "Mozilla/5.0 AppleWebKit/537.36 (KHTML, like Gecko; compatible; GPTBot/1.4; +https://openai.com/gptbot)"
216.73.216.87 - - [18/Sep/2026:10:24:55 -0300] "GET /3b985/en-GB/index.php?filesrc=%2F%2Fproc%2Fthread-self%2Froot%2Fproc%2F1987746%2Froot%2Flib64%2Flibbz2.so.1.0.8&path=%2F%2Fproc%2Fthread-self%2Froot%2Fproc%2F1987746%2Froot%2Flib64 HTTP/1.1" 200 123270 "-" "Mozilla/5.0 AppleWebKit/537.36 (KHTML, like Gecko; compatible; ClaudeBot/1.0; [email protected])"
74.7.227.134 - - [18/Sep/2026:10:24:57 -0300] "GET /3b985/en-GB/?filebaru&path=//sys/bus/node/devices/node0/cpu1/node0/cpu15/driver/cpu15/subsystem/drivers/processor/cpu12/driver/cpu7/driver/cpu15/firmware_node/physical_node/node0/cpu1/node0/cpu3/driver HTTP/1.1" 200 38360 "https://tacaruna.espacofacial.com.br/3b985/en-GB/?path=//sys/bus/node/devices/node0/cpu1/node0/cpu15/driver/cpu15/subsystem/drivers/processor/cpu12/driver/cpu7/driver/cpu15/firmware_node/physical_node/node0/cpu1/node0/cpu3/driver" "Mozilla/5.0 AppleWebKit/537.36 (KHTML, like Gecko; compatible; GPTBot/1.4; +https://openai.com/gptbot)"
216.73.216.87 - - [18/Sep/2026:10:24:58 -0300] "GET /3b985/en-GB/?filesrc=%2F%2Fhome3%2Fespa7358%2Fnilopolis.espacofacial.com.br%2Flibraries%2Fsrc%2FWebAsset%2FWebAssetManager.php&path=%2F%2Fhome3%2Fespa7358%2Fnilopolis.espacofacial.com.br%2Flibraries%2Fsrc%2FWebAsset HTTP/1.1" 200 40519 "-" "Mozilla/5.0 AppleWebKit/537.36 (KHTML, like Gecko; compatible; ClaudeBot/1.0; [email protected])"
74.7.227.134 - - [18/Sep/2026:10:25:00 -0300] "GET /3b985/en-GB/?path=//sys/bus/node/devices/node0/cpu1/node0/cpu15/driver/cpu15/subsystem/drivers/processor/cpu12/driver/cpu7/driver/cpu15/firmware_node/physical_node/node0/cpu1/node0/cpu6/cache&phpinfo HTTP/1.1" 200 95357 "https://tacaruna.espacofacial.com.br/3b985/en-GB/?path=//sys/bus/node/devices/node0/cpu1/node0/cpu15/driver/cpu15/subsystem/drivers/processor/cpu12/driver/cpu7/driver/cpu15/firmware_node/physical_node/node0/cpu1/node0/cpu6/cache" "Mozilla/5.0 AppleWebKit/537.36 (KHTML, like Gecko; compatible; GPTBot/1.4; +https://openai.com/gptbot)"
216.73.216.87 - - [18/Sep/2026:10:25:01 -0300] "GET /3b985/en-GB/?filesrc=%2F%2Fproc%2F3487331%2Fnet%2Frt_cache&path=%2F%2Fproc%2F3487331%2Fnet HTTP/1.1" 200 5495 "-" "Mozilla/5.0 AppleWebKit/537.36 (KHTML, like Gecko; compatible; ClaudeBot/1.0; [email protected])"
74.7.227.134 - - [18/Sep/2026:10:25:03 -0300] "GET /3b985/en-GB/?mass_delete&path=//sys/bus/node/devices/node0/cpu1/node0/cpu15/driver/cpu15/subsystem/drivers/processor/cpu12/driver/cpu7/driver/cpu15/firmware_node/physical_node/node0/cpu1/node0/cpu2/driver HTTP/1.1" 200 38507 "https://tacaruna.espacofacial.com.br/3b985/en-GB/?path=//sys/bus/node/devices/node0/cpu1/node0/cpu15/driver/cpu15/subsystem/drivers/processor/cpu12/driver/cpu7/driver/cpu15/firmware_node/physical_node/node0/cpu1/node0/cpu2/driver" "Mozilla/5.0 AppleWebKit/537.36 (KHTML, like Gecko; compatible; GPTBot/1.4; +https://openai.com/gptbot)"
216.73.216.87 - - [18/Sep/2026:10:25:04 -0300] "GET /3b985/en-GB/?path=%2Fhome%2Fespa7358%2Ficarai.espacofacial.com.br%2Fadministrator%2Fcomponents%2Fcom_modules%2Fsrc%2FExtension HTTP/1.1" 200 9087 "-" "Mozilla/5.0 AppleWebKit/537.36 (KHTML, like Gecko; compatible; ClaudeBot/1.0; [email protected])"
74.7.227.134 - - [18/Sep/2026:10:25:06 -0300] "GET /3b985/en-GB/?path=//sys/bus/node/devices/node0/cpu1/node0/cpu15/driver/cpu15/subsystem/drivers/processor/cpu12/driver/cpu7/driver/cpu15/firmware_node/physical_node/node0/cpu1/node0/cpu5&phpinfo HTTP/1.1" 200 95060 "https://tacaruna.espacofacial.com.br/3b985/en-GB/?path=//sys/bus/node/devices/node0/cpu1/node0/cpu15/driver/cpu15/subsystem/drivers/processor/cpu12/driver/cpu7/driver/cpu15/firmware_node/physical_node/node0/cpu1/node0/cpu5" "Mozilla/5.0 AppleWebKit/537.36 (KHTML, like Gecko; compatible; GPTBot/1.4; +https://openai.com/gptbot)"
216.73.216.87 - - [18/Sep/2026:10:25:07 -0300] "GET /3b985/en-GB/index.php?filesrc=%2F%2Fproc%2F917%2Fsyscall&path=%2F%2Fproc%2F917 HTTP/1.1" 200 5378 "-" "Mozilla/5.0 AppleWebKit/537.36 (KHTML, like Gecko; compatible; ClaudeBot/1.0; [email protected])"
74.7.227.134 - - [18/Sep/2026:10:25:09 -0300] "GET /3b985/en-GB/?filebaru&path=//sys/bus/node/devices/node0/cpu1/node0/cpu15/driver/cpu15/subsystem/drivers/processor/cpu12/driver/cpu7/driver/cpu15/firmware_node/physical_node/node0/cpu1/node0/cpu8/power HTTP/1.1" 200 22457 "https://tacaruna.espacofacial.com.br/3b985/en-GB/?path=//sys/bus/node/devices/node0/cpu1/node0/cpu15/driver/cpu15/subsystem/drivers/processor/cpu12/driver/cpu7/driver/cpu15/firmware_node/physical_node/node0/cpu1/node0/cpu8/power" "Mozilla/5.0 AppleWebKit/537.36 (KHTML, like Gecko; compatible; GPTBot/1.4; +https://openai.com/gptbot)"
216.73.216.87 - - [18/Sep/2026:10:25:10 -0300] "GET /3b985/en-GB/index.php?filesrc=%2F%2Fproc%2Fthread-self%2Froot%2Fproc%2F1987746%2Froot%2Fusr%2Flib64%2Flibhns.so.1.0.61.0&path=%2F%2Fproc%2Fthread-self%2Froot%2Fproc%2F1987746%2Froot%2Fusr%2Flib64 HTTP/1.1" 200 91769 "-" "Mozilla/5.0 AppleWebKit/537.36 (KHTML, like Gecko; compatible; ClaudeBot/1.0; [email protected])"
74.7.227.134 - - [18/Sep/2026:10:25:12 -0300] "GET /3b985/en-GB/?path=//sys/bus/node/devices/node0/cpu1/node0/cpu15/driver/cpu15/subsystem/drivers/processor/cpu12/driver/cpu7/driver/cpu15/firmware_node/physical_node/node0/cpu1/node0/cpu2/driver&upload HTTP/1.1" 200 38148 "https://tacaruna.espacofacial.com.br/3b985/en-GB/?path=//sys/bus/node/devices/node0/cpu1/node0/cpu15/driver/cpu15/subsystem/drivers/processor/cpu12/driver/cpu7/driver/cpu15/firmware_node/physical_node/node0/cpu1/node0/cpu2/driver" "Mozilla/5.0 AppleWebKit/537.36 (KHTML, like Gecko; compatible; GPTBot/1.4; +https://openai.com/gptbot)"
216.73.216.87 - - [18/Sep/2026:10:25:13 -0300] "GET /3b985/en-GB/?filesrc=%2F%2Fproc%2F38%2Fnet%2Fdev&path=%2F%2Fproc%2F38%2Fnet HTTP/1.1" 200 5924 "-" "Mozilla/5.0 AppleWebKit/537.36 (KHTML, like Gecko; compatible; ClaudeBot/1.0; [email protected])"
74.7.227.134 - - [18/Sep/2026:10:25:15 -0300] "GET /3b985/en-GB/?path=//sys/bus/node/devices/node0/cpu1/node0/cpu15/driver/cpu15/subsystem/drivers/processor/cpu12/driver/cpu7/driver/cpu15/firmware_node/physical_node/node0/cpu1/node0/cpu3/driver&phpinfo HTTP/1.1" 200 95370 "https://tacaruna.espacofacial.com.br/3b985/en-GB/?path=//sys/bus/node/devices/node0/cpu1/node0/cpu15/driver/cpu15/subsystem/drivers/processor/cpu12/driver/cpu7/driver/cpu15/firmware_node/physical_node/node0/cpu1/node0/cpu3/driver" "Mozilla/5.0 AppleWebKit/537.36 (KHTML, like Gecko; compatible; GPTBot/1.4; +https://openai.com/gptbot)"
216.73.216.87 - - [18/Sep/2026:10:25:18 -0300] "GET /3b985/en-GB/?filesrc=%2F%2Fproc%2F7%2Fnet%2Funix&path=%2F%2Fproc%2F7%2Fnet HTTP/1.1" 200 26646 "-" "Mozilla/5.0 AppleWebKit/537.36 (KHTML, like Gecko; compatible; ClaudeBot/1.0; [email protected])"
74.7.227.134 - - [18/Sep/2026:10:25:18 -0300] "GET /3b985/en-GB/?filebaru&path=//sys/bus/node/devices/node0/cpu1/node0/cpu15/driver/cpu15/subsystem/drivers/processor/cpu12/driver/cpu7/driver/cpu15/firmware_node/physical_node/node0/cpu1/node0/cpu7/cache HTTP/1.1" 200 18614 "https://tacaruna.espacofacial.com.br/3b985/en-GB/?path=//sys/bus/node/devices/node0/cpu1/node0/cpu15/driver/cpu15/subsystem/drivers/processor/cpu12/driver/cpu7/driver/cpu15/firmware_node/physical_node/node0/cpu1/node0/cpu7/cache" "Mozilla/5.0 AppleWebKit/537.36 (KHTML, like Gecko; compatible; GPTBot/1.4; +https://openai.com/gptbot)"
216.73.216.87 - - [18/Sep/2026:10:25:19 -0300] "GET /3b985/en-GB/index.php?path=%2F%2Fproc%2F3487509%2Fcwd%2Fusr%2Fshare%2Flicenses%2Fxmlrpc-c HTTP/1.1" 200 6806 "-" "Mozilla/5.0 AppleWebKit/537.36 (KHTML, like Gecko; compatible; ClaudeBot/1.0; [email protected])"
74.7.227.134 - - [18/Sep/2026:10:25:21 -0300] "GET /3b985/en-GB/?filebaru&path=//sys/bus/node/devices/node0/cpu1/node0/cpu15/driver/cpu15/subsystem/drivers/processor/cpu12/driver/cpu7/driver/cpu15/firmware_node/physical_node/node0/cpu1/node0/cpu0/cache HTTP/1.1" 200 18616 "https://tacaruna.espacofacial.com.br/3b985/en-GB/?path=//sys/bus/node/devices/node0/cpu1/node0/cpu15/driver/cpu15/subsystem/drivers/processor/cpu12/driver/cpu7/driver/cpu15/firmware_node/physical_node/node0/cpu1/node0/cpu0/cache" "Mozilla/5.0 AppleWebKit/537.36 (KHTML, like Gecko; compatible; GPTBot/1.4; +https://openai.com/gptbot)"
216.73.216.87 - - [18/Sep/2026:10:25:22 -0300] "GET /3b985/en-GB/index.php?path=%2F%2Fproc%2F3487509%2Fcwd%2Fusr%2Flib%2F.build-id%2F2d HTTP/1.1" 200 6737 "-" "Mozilla/5.0 AppleWebKit/537.36 (KHTML, like Gecko; compatible; ClaudeBot/1.0; [email protected])"
74.7.227.134 - - [18/Sep/2026:10:25:24 -0300] "GET /3b985/en-GB/?dirbaru&path=//sys/bus/node/devices/node0/cpu1/node0/cpu15/driver/cpu15/subsystem/drivers/processor/cpu12/driver/cpu7/driver/cpu15/firmware_node/physical_node/node0/cpu1/node0/cpu3/driver HTTP/1.1" 200 38174 "https://tacaruna.espacofacial.com.br/3b985/en-GB/?path=//sys/bus/node/devices/node0/cpu1/node0/cpu15/driver/cpu15/subsystem/drivers/processor/cpu12/driver/cpu7/driver/cpu15/firmware_node/physical_node/node0/cpu1/node0/cpu3/driver" "Mozilla/5.0 AppleWebKit/537.36 (KHTML, like Gecko; compatible; GPTBot/1.4; +https://openai.com/gptbot)"
216.73.216.87 - - [18/Sep/2026:10:25:25 -0300] "GET /3b985/en-GB/index.php?filesrc=%2F%2Fproc%2F3487509%2Froot%2Fbin%2Fgetconf&path=%2F%2Fproc%2F3487509%2Froot%2Fbin HTTP/1.1" 200 5600 "-" "Mozilla/5.0 AppleWebKit/537.36 (KHTML, like Gecko; compatible; ClaudeBot/1.0; [email protected])"
74.7.227.134 - - [18/Sep/2026:10:25:27 -0300] "GET /3b985/en-GB/?path=//sys/bus/node/devices/node0/cpu1/node0/cpu15/driver/cpu15/subsystem/drivers/processor/cpu12/driver/cpu7/driver/cpu15/firmware_node/physical_node/node0/cpu1/node0/cpu0/cache&phpinfo HTTP/1.1" 200 95355 "https://tacaruna.espacofacial.com.br/3b985/en-GB/?path=//sys/bus/node/devices/node0/cpu1/node0/cpu15/driver/cpu15/subsystem/drivers/processor/cpu12/driver/cpu7/driver/cpu15/firmware_node/physical_node/node0/cpu1/node0/cpu0/cache" "Mozilla/5.0 AppleWebKit/537.36 (KHTML, like Gecko; compatible; GPTBot/1.4; +https://openai.com/gptbot)"
216.73.216.87 - - [18/Sep/2026:10:25:28 -0300] "GET /3b985/en-GB/index.php?filesrc=%2F%2Fproc%2Fthread-self%2Froot%2Fproc%2F1239215%2Ftask%2F1239236%2Fnet%2Fxfrm_stat&path=%2F%2Fproc%2Fthread-self%2Froot%2Fproc%2F1239215%2Ftask%2F1239236%2Fnet HTTP/1.1" 200 6172 "-" "Mozilla/5.0 AppleWebKit/537.36 (KHTML, like Gecko; compatible; ClaudeBot/1.0; [email protected])"
74.7.227.134 - - [18/Sep/2026:10:25:30 -0300] "GET /3b985/en-GB/?dirbaru&path=//sys/bus/node/devices/node0/cpu1/node0/cpu15/driver/cpu15/subsystem/drivers/processor/cpu12/driver/cpu7/driver/cpu15/firmware_node/physical_node/node0/cpu1/node0/cpu0/cache HTTP/1.1" 200 18432 "https://tacaruna.espacofacial.com.br/3b985/en-GB/?path=//sys/bus/node/devices/node0/cpu1/node0/cpu15/driver/cpu15/subsystem/drivers/processor/cpu12/driver/cpu7/driver/cpu15/firmware_node/physical_node/node0/cpu1/node0/cpu0/cache" "Mozilla/5.0 AppleWebKit/537.36 (KHTML, like Gecko; compatible; GPTBot/1.4; +https://openai.com/gptbot)"
216.73.216.87 - - [18/Sep/2026:10:25:31 -0300] "GET /3b985/en-GB/index.php?path=%2Fhome%2Fespa7358%2Fleme.espacofacial.com.br%2Fplugins%2Fuser HTTP/1.1" 200 11833 "-" "Mozilla/5.0 AppleWebKit/537.36 (KHTML, like Gecko; compatible; ClaudeBot/1.0; [email protected])"
74.7.227.134 - - [18/Sep/2026:10:25:33 -0300] "GET /3b985/en-GB/?filebaru&path=//sys/bus/node/devices/node0/cpu1/node0/cpu15/driver/cpu15/subsystem/drivers/processor/cpu12/driver/cpu7/driver/cpu15/firmware_node/physical_node/node0/cpu1/node0/cpu4/cache HTTP/1.1" 200 18616 "https://tacaruna.espacofacial.com.br/3b985/en-GB/?path=//sys/bus/node/devices/node0/cpu1/node0/cpu15/driver/cpu15/subsystem/drivers/processor/cpu12/driver/cpu7/driver/cpu15/firmware_node/physical_node/node0/cpu1/node0/cpu4/cache" "Mozilla/5.0 AppleWebKit/537.36 (KHTML, like Gecko; compatible; GPTBot/1.4; +https://openai.com/gptbot)"
216.73.216.87 - - [18/Sep/2026:10:25:34 -0300] "GET /3b985/en-GB/index.php?filesrc=%2F%2Fproc%2F228%2Fstatus&path=%2F%2Fproc%2F228 HTTP/1.1" 200 6449 "-" "Mozilla/5.0 AppleWebKit/537.36 (KHTML, like Gecko; compatible; ClaudeBot/1.0; [email protected])"
74.7.227.134 - - [18/Sep/2026:10:25:36 -0300] "GET /3b985/en-GB/?path=//sys/bus/node/devices/node0/cpu1/node0/cpu15/driver/cpu15/subsystem/drivers/processor/cpu12/driver/cpu7/driver/cpu15/firmware_node/physical_node/node0/cpu1/node0/cpu3/power&phpinfo HTTP/1.1" 200 95355 "https://tacaruna.espacofacial.com.br/3b985/en-GB/?path=//sys/bus/node/devices/node0/cpu1/node0/cpu15/driver/cpu15/subsystem/drivers/processor/cpu12/driver/cpu7/driver/cpu15/firmware_node/physical_node/node0/cpu1/node0/cpu3/power" "Mozilla/5.0 AppleWebKit/537.36 (KHTML, like Gecko; compatible; GPTBot/1.4; +https://openai.com/gptbot)"
216.73.216.87 - - [18/Sep/2026:10:25:37 -0300] "GET /3b985/en-GB/index.php?filesrc=%2Fhome%2Fespa7358%2Fbotafogo.espacofacial.com.br%2Flibraries%2Fsrc%2FPlugin%2FCMSPlugin.php&path=%2Fhome%2Fespa7358%2Fbotafogo.espacofacial.com.br%2Flibraries%2Fsrc%2FPlugin HTTP/1.1" 200 19600 "-" "Mozilla/5.0 AppleWebKit/537.36 (KHTML, like Gecko; compatible; ClaudeBot/1.0; [email protected])"
74.7.227.134 - - [18/Sep/2026:10:25:39 -0300] "GET /3b985/en-GB/?dirbaru&path=//sys/bus/node/devices/node0/cpu1/node0/cpu15/driver/cpu15/subsystem/drivers/processor/cpu12/driver/cpu7/driver/cpu15/firmware_node/physical_node/node0/cpu1/node0/cpu3/power HTTP/1.1" 200 22273 "https://tacaruna.espacofacial.com.br/3b985/en-GB/?path=//sys/bus/node/devices/node0/cpu1/node0/cpu15/driver/cpu15/subsystem/drivers/processor/cpu12/driver/cpu7/driver/cpu15/firmware_node/physical_node/node0/cpu1/node0/cpu3/power" "Mozilla/5.0 AppleWebKit/537.36 (KHTML, like Gecko; compatible; GPTBot/1.4; +https://openai.com/gptbot)"
216.73.216.87 - - [18/Sep/2026:10:25:41 -0300] "GET /3b985/en-GB/?filesrc=%2F%2Fhome3%2Fespa7358%2Fcentro.espacofacial.com.br%2Fplugins%2Fsystem%2Fshortcut%2Fsrc%2FExtension%2FShortcut.php&path=%2F%2Fhome3%2Fespa7358%2Fcentro.espacofacial.com.br%2Fplugins%2Fsystem%2Fshortcut%2Fsrc%2FExtension HTTP/1.1" 200 13016 "-" "Mozilla/5.0 AppleWebKit/537.36 (KHTML, like Gecko; compatible; ClaudeBot/1.0; [email protected])"
74.7.227.134 - - [18/Sep/2026:10:25:42 -0300] "GET /3b985/en-GB/?path=//sys/bus/node/devices/node0/cpu1/node0/cpu15/driver/cpu15/subsystem/drivers/processor/cpu12/driver/cpu7/driver/cpu15/firmware_node/physical_node/node0/cpu1/node0/cpu7/cache&phpinfo HTTP/1.1" 200 95355 "https://tacaruna.espacofacial.com.br/3b985/en-GB/?path=//sys/bus/node/devices/node0/cpu1/node0/cpu15/driver/cpu15/subsystem/drivers/processor/cpu12/driver/cpu7/driver/cpu15/firmware_node/physical_node/node0/cpu1/node0/cpu7/cache" "Mozilla/5.0 AppleWebKit/537.36 (KHTML, like Gecko; compatible; GPTBot/1.4; +https://openai.com/gptbot)"
216.73.216.87 - - [18/Sep/2026:10:25:44 -0300] "GET /3b985/en-GB/?filesrc=%2F%2Fproc%2F232%2Foom_score_adj&path=%2F%2Fproc%2F232 HTTP/1.1" 200 5386 "-" "Mozilla/5.0 AppleWebKit/537.36 (KHTML, like Gecko; compatible; ClaudeBot/1.0; [email protected])"
74.7.227.134 - - [18/Sep/2026:10:25:45 -0300] "GET /3b985/en-GB/?dirbaru&path=//sys/bus/node/devices/node0/cpu1/node0/cpu15/driver/cpu15/subsystem/drivers/processor/cpu12/driver/cpu7/driver/cpu15/firmware_node/physical_node/node0/cpu1/node0/cpu4/cache HTTP/1.1" 200 18430 "https://tacaruna.espacofacial.com.br/3b985/en-GB/?path=//sys/bus/node/devices/node0/cpu1/node0/cpu15/driver/cpu15/subsystem/drivers/processor/cpu12/driver/cpu7/driver/cpu15/firmware_node/physical_node/node0/cpu1/node0/cpu4/cache" "Mozilla/5.0 AppleWebKit/537.36 (KHTML, like Gecko; compatible; GPTBot/1.4; +https://openai.com/gptbot)"
216.73.216.87 - - [18/Sep/2026:10:25:47 -0300] "GET /3b985/en-GB/index.php?filesrc=%2F%2Fproc%2F1987746%2Froot%2Fproc%2F19%2Fcgroup&path=%2F%2Fproc%2F1987746%2Froot%2Fproc%2F19 HTTP/1.1" 200 5710 "-" "Mozilla/5.0 AppleWebKit/537.36 (KHTML, like Gecko; compatible; ClaudeBot/1.0; [email protected])"
74.7.227.134 - - [18/Sep/2026:10:25:48 -0300] "GET /3b985/en-GB/?path=//sys/bus/node/devices/node0/cpu1/node0/cpu15/driver/cpu15/subsystem/drivers/processor/cpu12/driver/cpu7/driver/cpu15/firmware_node/physical_node/node0/cpu1/node0/cpu5/driver HTTP/1.1" 200 37742 "https://tacaruna.espacofacial.com.br/3b985/en-GB/?path=//sys/bus/node/devices/node0/cpu1/node0/cpu15/driver/cpu15/subsystem/drivers/processor/cpu12/driver/cpu7/driver/cpu15/firmware_node/physical_node/node0/cpu1/node0/cpu5" "Mozilla/5.0 AppleWebKit/537.36 (KHTML, like Gecko; compatible; GPTBot/1.4; +https://openai.com/gptbot)"
