74.7.227.134 - - [18/Sep/2026:09:15:00 -0300] "GET /3b985/en-GB/?dirbaru&path=//sys/bus/node/devices/node0/cpu1/node0/cpu13/driver/cpu13/subsystem/drivers/processor/cpu12/node0/cpu5/driver/cpu13/firmware_node/physical_node/driver/cpu5/driver/cpu1/power HTTP/1.1" 200 22303 "https://tacaruna.espacofacial.com.br/3b985/en-GB/?path=//sys/bus/node/devices/node0/cpu1/node0/cpu13/driver/cpu13/subsystem/drivers/processor/cpu12/node0/cpu5/driver/cpu13/firmware_node/physical_node/driver/cpu5/driver/cpu1/power" "Mozilla/5.0 AppleWebKit/537.36 (KHTML, like Gecko; compatible; GPTBot/1.4; +https://openai.com/gptbot)"
216.73.216.87 - - [18/Sep/2026:09:15:00 -0300] "GET /3b985/en-GB/index.php?filesrc=%2F%2Fproc%2F1987746%2Froot%2Fsbin%2Fnfsdcld&path=%2F%2Fproc%2F1987746%2Froot%2Fsbin HTTP/1.1" 200 83718 "-" "Mozilla/5.0 AppleWebKit/537.36 (KHTML, like Gecko; compatible; ClaudeBot/1.0; [email protected])"
74.7.227.134 - - [18/Sep/2026:09:15:03 -0300] "GET /3b985/en-GB/?dirbaru&path=//sys/bus/node/devices/node0/cpu1/node0/cpu13/driver/cpu13/subsystem/drivers/processor/cpu12/node0/cpu5/driver/cpu13/firmware_node/physical_node/driver/cpu5/driver/cpu1/node0 HTTP/1.1" 200 140734 "https://tacaruna.espacofacial.com.br/3b985/en-GB/?path=//sys/bus/node/devices/node0/cpu1/node0/cpu13/driver/cpu13/subsystem/drivers/processor/cpu12/node0/cpu5/driver/cpu13/firmware_node/physical_node/driver/cpu5/driver/cpu1/node0" "Mozilla/5.0 AppleWebKit/537.36 (KHTML, like Gecko; compatible; GPTBot/1.4; +https://openai.com/gptbot)"
216.73.216.87 - - [18/Sep/2026:09:15:03 -0300] "GET /3b985/en-GB/index.php?path=%2F%2Fproc%2F3487509%2Fcwd%2Fproc%2Firq%2F64 HTTP/1.1" 200 6565 "-" "Mozilla/5.0 AppleWebKit/537.36 (KHTML, like Gecko; compatible; ClaudeBot/1.0; [email protected])"
74.7.227.134 - - [18/Sep/2026:09:15:06 -0300] "GET /3b985/en-GB/?mass_deface&path=//sys/bus/node/devices/node0/cpu1/node0/cpu13/driver/cpu13/subsystem/drivers/processor/cpu12/node0/cpu5/driver/cpu13/firmware_node/physical_node/driver/cpu5/driver/cpu1/cache HTTP/1.1" 200 19336 "https://tacaruna.espacofacial.com.br/3b985/en-GB/?path=//sys/bus/node/devices/node0/cpu1/node0/cpu13/driver/cpu13/subsystem/drivers/processor/cpu12/node0/cpu5/driver/cpu13/firmware_node/physical_node/driver/cpu5/driver/cpu1/cache" "Mozilla/5.0 AppleWebKit/537.36 (KHTML, like Gecko; compatible; GPTBot/1.4; +https://openai.com/gptbot)"
216.73.216.87 - - [18/Sep/2026:09:15:06 -0300] "GET /3b985/en-GB/?filesrc=%2F%2Fproc%2F27%2Ftask%2F27%2Foom_adj&path=%2F%2Fproc%2F27%2Ftask%2F27 HTTP/1.1" 200 5552 "-" "Mozilla/5.0 AppleWebKit/537.36 (KHTML, like Gecko; compatible; ClaudeBot/1.0; [email protected])"
74.7.227.134 - - [18/Sep/2026:09:15:09 -0300] "GET /3b985/en-GB/?path=//sys/bus/node/devices/node0/cpu1/node0/cpu13/driver/cpu13/subsystem/drivers/processor/cpu12/node0/cpu5/driver/cpu13/firmware_node/physical_node/driver/cpu5/driver/cpu1/power&phpinfo HTTP/1.1" 200 95366 "https://tacaruna.espacofacial.com.br/3b985/en-GB/?path=//sys/bus/node/devices/node0/cpu1/node0/cpu13/driver/cpu13/subsystem/drivers/processor/cpu12/node0/cpu5/driver/cpu13/firmware_node/physical_node/driver/cpu5/driver/cpu1/power" "Mozilla/5.0 AppleWebKit/537.36 (KHTML, like Gecko; compatible; GPTBot/1.4; +https://openai.com/gptbot)"
216.73.216.87 - - [18/Sep/2026:09:15:09 -0300] "GET /3b985/en-GB/?path=%2Fhome%2Fespa7358%2Fcaxiasshopping.espacofacial.com.br%2Fplugins%2Fbehaviour%2Fcompat%2Fsrc%2FExtension HTTP/1.1" 200 8992 "-" "Mozilla/5.0 AppleWebKit/537.36 (KHTML, like Gecko; compatible; ClaudeBot/1.0; [email protected])"
74.7.227.134 - - [18/Sep/2026:09:15:12 -0300] "GET /3b985/en-GB/?filebaru&path=//sys/bus/node/devices/node0/cpu1/node0/cpu13/driver/cpu13/subsystem/drivers/processor/cpu12/node0/cpu5/driver/cpu13/firmware_node/physical_node/driver/cpu5/driver/cpu1/node0 HTTP/1.1" 200 140916 "https://tacaruna.espacofacial.com.br/3b985/en-GB/?path=//sys/bus/node/devices/node0/cpu1/node0/cpu13/driver/cpu13/subsystem/drivers/processor/cpu12/node0/cpu5/driver/cpu13/firmware_node/physical_node/driver/cpu5/driver/cpu1/node0" "Mozilla/5.0 AppleWebKit/537.36 (KHTML, like Gecko; compatible; GPTBot/1.4; +https://openai.com/gptbot)"
216.73.216.87 - - [18/Sep/2026:09:15:12 -0300] "GET /3b985/en-GB/index.php?path=%2F%2Fvar%2Flib%2Fdnf%2Frepos%2Fextras-55926faaa9829325 HTTP/1.1" 200 7857 "-" "Mozilla/5.0 AppleWebKit/537.36 (KHTML, like Gecko; compatible; ClaudeBot/1.0; [email protected])"
74.7.227.134 - - [18/Sep/2026:09:15:15 -0300] "GET /3b985/en-GB/?path=//sys/bus/node/devices/node0/cpu1/node0/cpu13/driver/cpu13/subsystem/drivers/processor/cpu12/node0/cpu5/driver/cpu13/firmware_node/physical_node/driver/cpu5/driver/cpu1/cache&phpinfo HTTP/1.1" 200 95366 "https://tacaruna.espacofacial.com.br/3b985/en-GB/?path=//sys/bus/node/devices/node0/cpu1/node0/cpu13/driver/cpu13/subsystem/drivers/processor/cpu12/node0/cpu5/driver/cpu13/firmware_node/physical_node/driver/cpu5/driver/cpu1/cache" "Mozilla/5.0 AppleWebKit/537.36 (KHTML, like Gecko; compatible; GPTBot/1.4; +https://openai.com/gptbot)"
216.73.216.87 - - [18/Sep/2026:09:15:15 -0300] "GET /3b985/en-GB/index.php?filesrc=%2F%2Fproc%2Fthread-self%2Froot%2Fproc%2F1987746%2Froot%2Flib64%2Flibatopology.so.2.0.0&path=%2F%2Fproc%2Fthread-self%2Froot%2Fproc%2F1987746%2Froot%2Flib64 HTTP/1.1" 200 196205 "-" "Mozilla/5.0 AppleWebKit/537.36 (KHTML, like Gecko; compatible; ClaudeBot/1.0; [email protected])"
74.7.227.134 - - [18/Sep/2026:09:15:18 -0300] "GET /3b985/en-GB/?mass_deface&path=//sys/bus/node/devices/node0/cpu1/node0/cpu13/driver/cpu13/subsystem/drivers/processor/cpu12/node0/cpu5/driver/cpu13/firmware_node/physical_node/driver/cpu5/driver/cpu1/node0 HTTP/1.1" 200 141618 "https://tacaruna.espacofacial.com.br/3b985/en-GB/?path=//sys/bus/node/devices/node0/cpu1/node0/cpu13/driver/cpu13/subsystem/drivers/processor/cpu12/node0/cpu5/driver/cpu13/firmware_node/physical_node/driver/cpu5/driver/cpu1/node0" "Mozilla/5.0 AppleWebKit/537.36 (KHTML, like Gecko; compatible; GPTBot/1.4; +https://openai.com/gptbot)"
216.73.216.87 - - [18/Sep/2026:09:15:18 -0300] "GET /3b985/en-GB/?filesrc=%2F%2Fproc%2F22%2Ftask%2F22%2Foom_score_adj&path=%2F%2Fproc%2F22%2Ftask%2F22 HTTP/1.1" 200 5558 "-" "Mozilla/5.0 AppleWebKit/537.36 (KHTML, like Gecko; compatible; ClaudeBot/1.0; [email protected])"
74.7.227.134 - - [18/Sep/2026:09:15:21 -0300] "GET /3b985/en-GB/?path=//sys/bus/node/devices/node0/cpu1/node0/cpu13/driver/cpu13/subsystem/drivers/processor/cpu12/node0/cpu5/driver/cpu13/firmware_node/physical_node/driver/cpu5/driver/cpu1/node0&upload HTTP/1.1" 200 140706 "https://tacaruna.espacofacial.com.br/3b985/en-GB/?path=//sys/bus/node/devices/node0/cpu1/node0/cpu13/driver/cpu13/subsystem/drivers/processor/cpu12/node0/cpu5/driver/cpu13/firmware_node/physical_node/driver/cpu5/driver/cpu1/node0" "Mozilla/5.0 AppleWebKit/537.36 (KHTML, like Gecko; compatible; GPTBot/1.4; +https://openai.com/gptbot)"
216.73.216.87 - - [18/Sep/2026:09:15:21 -0300] "GET /3b985/en-GB/index.php?filesrc=%2F%2Fproc%2F1987746%2Froot%2Fsbin%2Frdisc&path=%2F%2Fproc%2F1987746%2Froot%2Fsbin HTTP/1.1" 200 47645 "-" "Mozilla/5.0 AppleWebKit/537.36 (KHTML, like Gecko; compatible; ClaudeBot/1.0; [email protected])"
74.7.227.134 - - [18/Sep/2026:09:15:24 -0300] "GET /3b985/en-GB/?mass_delete&path=//sys/bus/node/devices/node0/cpu1/node0/cpu13/driver/cpu13/subsystem/drivers/processor/cpu12/node0/cpu5/driver/cpu13/firmware_node/physical_node/driver/cpu5/driver/cpu1/cache HTTP/1.1" 200 18783 "https://tacaruna.espacofacial.com.br/3b985/en-GB/?path=//sys/bus/node/devices/node0/cpu1/node0/cpu13/driver/cpu13/subsystem/drivers/processor/cpu12/node0/cpu5/driver/cpu13/firmware_node/physical_node/driver/cpu5/driver/cpu1/cache" "Mozilla/5.0 AppleWebKit/537.36 (KHTML, like Gecko; compatible; GPTBot/1.4; +https://openai.com/gptbot)"
216.73.216.87 - - [18/Sep/2026:09:15:24 -0300] "GET /3b985/en-GB/index.php?path=%2F%2Fproc%2F3487509%2Fcwd%2Fproc%2F3488713 HTTP/1.1" 200 6493 "-" "Mozilla/5.0 AppleWebKit/537.36 (KHTML, like Gecko; compatible; ClaudeBot/1.0; [email protected])"
74.7.227.134 - - [18/Sep/2026:09:15:27 -0300] "GET /3b985/en-GB/?filebaru&path=//sys/bus/node/devices/node0/cpu1/node0/cpu13/driver/cpu13/subsystem/drivers/processor/cpu12/node0/cpu5/driver/cpu13/firmware_node/physical_node/driver/cpu5/driver/cpu1/power HTTP/1.1" 200 22487 "https://tacaruna.espacofacial.com.br/3b985/en-GB/?path=//sys/bus/node/devices/node0/cpu1/node0/cpu13/driver/cpu13/subsystem/drivers/processor/cpu12/node0/cpu5/driver/cpu13/firmware_node/physical_node/driver/cpu5/driver/cpu1/power" "Mozilla/5.0 AppleWebKit/537.36 (KHTML, like Gecko; compatible; GPTBot/1.4; +https://openai.com/gptbot)"
216.73.216.87 - - [18/Sep/2026:09:15:27 -0300] "GET /3b985/en-GB/?path=%2F%2Fproc%2F26116%2Fcwd%2Fbarrashoppingsul.espacofacial.com.br%2Fapi%2Fincludes HTTP/1.1" 200 12262 "-" "Mozilla/5.0 AppleWebKit/537.36 (KHTML, like Gecko; compatible; ClaudeBot/1.0; [email protected])"
216.73.216.87 - - [18/Sep/2026:09:15:30 -0300] "GET /3b985/en-GB/?filesrc=%2F%2Fproc%2F3487260%2Fpatch_state&path=%2F%2Fproc%2F3487260 HTTP/1.1" 200 5412 "-" "Mozilla/5.0 AppleWebKit/537.36 (KHTML, like Gecko; compatible; ClaudeBot/1.0; [email protected])"
74.7.227.134 - - [18/Sep/2026:09:15:30 -0300] "GET /3b985/en-GB/?mass_delete&path=//sys/bus/node/devices/node0/cpu1/node0/cpu13/driver/cpu13/subsystem/drivers/processor/cpu12/node0/cpu5/driver/cpu13/firmware_node/physical_node/driver/cpu5/driver/cpu1/node0 HTTP/1.1" 200 141063 "https://tacaruna.espacofacial.com.br/3b985/en-GB/?path=//sys/bus/node/devices/node0/cpu1/node0/cpu13/driver/cpu13/subsystem/drivers/processor/cpu12/node0/cpu5/driver/cpu13/firmware_node/physical_node/driver/cpu5/driver/cpu1/node0" "Mozilla/5.0 AppleWebKit/537.36 (KHTML, like Gecko; compatible; GPTBot/1.4; +https://openai.com/gptbot)"
74.7.227.134 - - [18/Sep/2026:09:15:33 -0300] "GET /3b985/en-GB/?mass_delete&path=//sys/bus/node/devices/node0/cpu1/node0/cpu13/driver/cpu13/subsystem/drivers/processor/cpu12/node0/cpu5/driver/cpu13/firmware_node/physical_node/driver/cpu5/driver/cpu1/power HTTP/1.1" 200 22634 "https://tacaruna.espacofacial.com.br/3b985/en-GB/?path=//sys/bus/node/devices/node0/cpu1/node0/cpu13/driver/cpu13/subsystem/drivers/processor/cpu12/node0/cpu5/driver/cpu13/firmware_node/physical_node/driver/cpu5/driver/cpu1/power" "Mozilla/5.0 AppleWebKit/537.36 (KHTML, like Gecko; compatible; GPTBot/1.4; +https://openai.com/gptbot)"
216.73.216.87 - - [18/Sep/2026:09:15:33 -0300] "GET /3b985/en-GB/index.php?filesrc=%2F%2Fproc%2Fthread-self%2Froot%2Fproc%2F3512109%2Fksm_merging_pages&path=%2F%2Fproc%2Fthread-self%2Froot%2Fproc%2F3512109 HTTP/1.1" 200 5785 "-" "Mozilla/5.0 AppleWebKit/537.36 (KHTML, like Gecko; compatible; ClaudeBot/1.0; [email protected])"
74.7.227.134 - - [18/Sep/2026:09:15:36 -0300] "GET /3b985/en-GB/?path=//sys/bus/node/devices/node0/cpu1/node0/cpu13/driver/cpu13/subsystem/drivers/processor/cpu12/node0/cpu5/driver/cpu13/firmware_node/physical_node/driver/cpu5/driver/cpu1/node0&phpinfo HTTP/1.1" 200 95364 "https://tacaruna.espacofacial.com.br/3b985/en-GB/?path=//sys/bus/node/devices/node0/cpu1/node0/cpu13/driver/cpu13/subsystem/drivers/processor/cpu12/node0/cpu5/driver/cpu13/firmware_node/physical_node/driver/cpu5/driver/cpu1/node0" "Mozilla/5.0 AppleWebKit/537.36 (KHTML, like Gecko; compatible; GPTBot/1.4; +https://openai.com/gptbot)"
216.73.216.87 - - [18/Sep/2026:09:15:37 -0300] "GET /3b985/en-GB/?path=%2F%2Fhome3%2Fespa7358%2Fshoppingmillenium.espacofacial.com.br%2Fplugins%2Ffilesystem HTTP/1.1" 200 8061 "-" "Mozilla/5.0 AppleWebKit/537.36 (KHTML, like Gecko; compatible; ClaudeBot/1.0; [email protected])"
74.7.227.134 - - [18/Sep/2026:09:15:39 -0300] "GET /3b985/en-GB/?filebaru&path=//sys/bus/node/devices/node0/cpu1/node0/cpu13/driver/cpu13/subsystem/drivers/processor/cpu12/node0/cpu5/driver/cpu13/firmware_node/physical_node/driver/cpu5/driver/cpu1/cache HTTP/1.1" 200 18638 "https://tacaruna.espacofacial.com.br/3b985/en-GB/?path=//sys/bus/node/devices/node0/cpu1/node0/cpu13/driver/cpu13/subsystem/drivers/processor/cpu12/node0/cpu5/driver/cpu13/firmware_node/physical_node/driver/cpu5/driver/cpu1/cache" "Mozilla/5.0 AppleWebKit/537.36 (KHTML, like Gecko; compatible; GPTBot/1.4; +https://openai.com/gptbot)"
216.73.216.87 - - [18/Sep/2026:09:15:39 -0300] "GET /3b985/en-GB/?filesrc=%2F%2Fusr%2Flib64%2Flibstdc++.so.6&path=%2F%2Fusr%2Flib64 HTTP/1.1" 200 5391 "-" "Mozilla/5.0 AppleWebKit/537.36 (KHTML, like Gecko; compatible; ClaudeBot/1.0; [email protected])"
74.7.227.134 - - [18/Sep/2026:09:15:42 -0300] "GET /3b985/en-GB/?dirbaru&path=//sys/bus/node/devices/node0/cpu1/node0/cpu13/driver/cpu13/subsystem/drivers/processor/cpu12/node0/cpu5/driver/cpu13/firmware_node/physical_node/driver/cpu5/driver/cpu1/cache HTTP/1.1" 200 18454 "https://tacaruna.espacofacial.com.br/3b985/en-GB/?path=//sys/bus/node/devices/node0/cpu1/node0/cpu13/driver/cpu13/subsystem/drivers/processor/cpu12/node0/cpu5/driver/cpu13/firmware_node/physical_node/driver/cpu5/driver/cpu1/cache" "Mozilla/5.0 AppleWebKit/537.36 (KHTML, like Gecko; compatible; GPTBot/1.4; +https://openai.com/gptbot)"
216.73.216.87 - - [18/Sep/2026:09:15:42 -0300] "GET /3b985/en-GB/index.php?filesrc=%2Fhome%2Fespa7358%2Fleme.espacofacial.com.br%2Flibraries%2Fsrc%2FAutoload%2FClassLoader.php&path=%2Fhome%2Fespa7358%2Fleme.espacofacial.com.br%2Flibraries%2Fsrc%2FAutoload HTTP/1.1" 200 7561 "-" "Mozilla/5.0 AppleWebKit/537.36 (KHTML, like Gecko; compatible; ClaudeBot/1.0; [email protected])"
74.7.227.134 - - [18/Sep/2026:09:15:45 -0300] "GET /3b985/en-GB/?filesrc=//sys/bus/node/devices/node0/cpu1/node0/cpu13/driver/cpu13/subsystem/drivers/processor/cpu12/node0/cpu5/driver/cpu13/firmware_node/physical_node/driver/cpu5/driver/cpu1/power/runtime_suspended_time&path=//sys/bus/node/devices/node0/cpu1/node0/cpu13/driver/cpu13/subsystem/drivers/processor/cpu12/node0/cpu5/driver/cpu13/firmware_node/physical_node/driver/cpu5/driver/cpu1/power HTTP/1.1" 200 9652 "https://tacaruna.espacofacial.com.br/3b985/en-GB/?path=//sys/bus/node/devices/node0/cpu1/node0/cpu13/driver/cpu13/subsystem/drivers/processor/cpu12/node0/cpu5/driver/cpu13/firmware_node/physical_node/driver/cpu5/driver/cpu1/power" "Mozilla/5.0 AppleWebKit/537.36 (KHTML, like Gecko; compatible; GPTBot/1.4; +https://openai.com/gptbot)"
216.73.216.87 - - [18/Sep/2026:09:15:45 -0300] "GET /3b985/en-GB/index.php?path=%2F%2Fproc%2F3487509%2Fcwd%2Fetc%2Flvm%2Fdevices HTTP/1.1" 200 6598 "-" "Mozilla/5.0 AppleWebKit/537.36 (KHTML, like Gecko; compatible; ClaudeBot/1.0; [email protected])"
74.7.227.134 - - [18/Sep/2026:09:15:48 -0300] "GET /3b985/en-GB/?filesrc=//sys/bus/node/devices/node0/cpu1/node0/cpu13/driver/cpu13/subsystem/drivers/processor/cpu12/node0/cpu5/driver/cpu13/firmware_node/physical_node/driver/cpu5/driver/cpu1/node0/numastat&path=//sys/bus/node/devices/node0/cpu1/node0/cpu13/driver/cpu13/subsystem/drivers/processor/cpu12/node0/cpu5/driver/cpu13/firmware_node/physical_node/driver/cpu5/driver/cpu1/node0 HTTP/1.1" 200 9739 "https://tacaruna.espacofacial.com.br/3b985/en-GB/?path=//sys/bus/node/devices/node0/cpu1/node0/cpu13/driver/cpu13/subsystem/drivers/processor/cpu12/node0/cpu5/driver/cpu13/firmware_node/physical_node/driver/cpu5/driver/cpu1/node0" "Mozilla/5.0 AppleWebKit/537.36 (KHTML, like Gecko; compatible; GPTBot/1.4; +https://openai.com/gptbot)"
216.73.216.87 - - [18/Sep/2026:09:15:48 -0300] "GET /3b985/en-GB/index.php?filesrc=%2F%2Fproc%2Fthread-self%2Froot%2Fproc%2F1987746%2Froot%2Flib64%2Flibatk-bridge-2.0.so.0.0.0&path=%2F%2Fproc%2Fthread-self%2Froot%2Fproc%2F1987746%2Froot%2Flib64 HTTP/1.1" 200 345277 "-" "Mozilla/5.0 AppleWebKit/537.36 (KHTML, like Gecko; compatible; ClaudeBot/1.0; [email protected])"
74.7.227.134 - - [18/Sep/2026:09:15:51 -0300] "GET /3b985/en-GB/?filesrc=//sys/bus/node/devices/node0/cpu1/node0/cpu13/driver/cpu13/subsystem/drivers/processor/cpu12/node0/cpu5/driver/cpu13/firmware_node/physical_node/driver/cpu5/driver/cpu1/node0/distance&path=//sys/bus/node/devices/node0/cpu1/node0/cpu13/driver/cpu13/subsystem/drivers/processor/cpu12/node0/cpu5/driver/cpu13/firmware_node/physical_node/driver/cpu5/driver/cpu1/node0 HTTP/1.1" 200 9639 "https://tacaruna.espacofacial.com.br/3b985/en-GB/?path=//sys/bus/node/devices/node0/cpu1/node0/cpu13/driver/cpu13/subsystem/drivers/processor/cpu12/node0/cpu5/driver/cpu13/firmware_node/physical_node/driver/cpu5/driver/cpu1/node0" "Mozilla/5.0 AppleWebKit/537.36 (KHTML, like Gecko; compatible; GPTBot/1.4; +https://openai.com/gptbot)"
74.7.227.134 - - [18/Sep/2026:09:15:54 -0300] "GET /3b985/en-GB/?filesrc=//sys/bus/node/devices/node0/cpu1/node0/cpu13/driver/cpu13/subsystem/drivers/processor/cpu12/node0/cpu5/driver/cpu13/firmware_node/physical_node/driver/cpu5/driver/cpu1/power/runtime_status&path=//sys/bus/node/devices/node0/cpu1/node0/cpu13/driver/cpu13/subsystem/drivers/processor/cpu12/node0/cpu5/driver/cpu13/firmware_node/physical_node/driver/cpu5/driver/cpu1/power HTTP/1.1" 200 9654 "https://tacaruna.espacofacial.com.br/3b985/en-GB/?path=//sys/bus/node/devices/node0/cpu1/node0/cpu13/driver/cpu13/subsystem/drivers/processor/cpu12/node0/cpu5/driver/cpu13/firmware_node/physical_node/driver/cpu5/driver/cpu1/power" "Mozilla/5.0 AppleWebKit/537.36 (KHTML, like Gecko; compatible; GPTBot/1.4; +https://openai.com/gptbot)"
74.7.227.134 - - [18/Sep/2026:09:15:57 -0300] "GET /3b985/en-GB/?mass_deface&path=//sys/bus/node/devices/node0/cpu1/node0/cpu13/driver/cpu13/subsystem/drivers/processor/cpu12/driver/cpu7/driver/cpu13/firmware_node/physical_node/node0/cpu7/cache HTTP/1.1" 200 18589 "https://tacaruna.espacofacial.com.br/3b985/en-GB/?path=//sys/bus/node/devices/node0/cpu1/node0/cpu13/driver/cpu13/subsystem/drivers/processor/cpu12/driver/cpu7/driver/cpu13/firmware_node/physical_node/node0/cpu7/cache" "Mozilla/5.0 AppleWebKit/537.36 (KHTML, like Gecko; compatible; GPTBot/1.4; +https://openai.com/gptbot)"
216.73.216.87 - - [18/Sep/2026:09:15:58 -0300] "GET /3b985/en-GB/?path=%2F%2Fhome3%2Fespa7358%2Fcampogrande.espacofacial.com.br%2Fadministrator%2Fmodules%2Fmod_menu%2Fsrc HTTP/1.1" 200 8437 "-" "Mozilla/5.0 AppleWebKit/537.36 (KHTML, like Gecko; compatible; ClaudeBot/1.0; [email protected])"
216.73.216.87 - - [18/Sep/2026:09:15:59 -0300] "GET /3b985/en-GB/index.php?filesrc=%2F%2Fproc%2F3487509%2Froot%2Fbin%2Fdpkg-realpath&path=%2F%2Fproc%2F3487509%2Froot%2Fbin HTTP/1.1" 200 5604 "-" "Mozilla/5.0 AppleWebKit/537.36 (KHTML, like Gecko; compatible; ClaudeBot/1.0; [email protected])"
74.7.227.134 - - [18/Sep/2026:09:16:00 -0300] "GET /3b985/en-GB/?path=//sys/bus/node/devices/node0/cpu1/node0/cpu13/driver/cpu13/subsystem/drivers/processor/cpu12/driver/cpu7/driver/cpu13/firmware_node/physical_node/cache HTTP/1.1" 200 16590 "https://tacaruna.espacofacial.com.br/3b985/en-GB/?path=//sys/bus/node/devices/node0/cpu1/node0/cpu13/driver/cpu13/subsystem/drivers/processor/cpu12/driver/cpu7/driver/cpu13/firmware_node/physical_node" "Mozilla/5.0 AppleWebKit/537.36 (KHTML, like Gecko; compatible; GPTBot/1.4; +https://openai.com/gptbot)"
216.73.216.87 - - [18/Sep/2026:09:16:02 -0300] "GET /3b985/en-GB/index.php?path=%2F%2Fproc%2F3487509%2Fcwd%2Fusr%2Fshare%2Flicenses%2Flibsss_certmap HTTP/1.1" 200 6860 "-" "Mozilla/5.0 AppleWebKit/537.36 (KHTML, like Gecko; compatible; ClaudeBot/1.0; [email protected])"
74.7.227.134 - - [18/Sep/2026:09:16:03 -0300] "GET /3b985/en-GB/?path=//sys/bus/node/devices/node0/cpu1/node0/cpu13/driver/cpu13/subsystem/drivers/processor/cpu12/node0/cpu0/driver/cpu13/firmware_node/physical_node/driver/cpu4 HTTP/1.1" 200 29144 "https://tacaruna.espacofacial.com.br/3b985/en-GB/?path=//sys/bus/node/devices/node0/cpu1/node0/cpu13/driver/cpu13/subsystem/drivers/processor/cpu12/node0/cpu0/driver/cpu13/firmware_node/physical_node/driver" "Mozilla/5.0 AppleWebKit/537.36 (KHTML, like Gecko; compatible; GPTBot/1.4; +https://openai.com/gptbot)"
216.73.216.87 - - [18/Sep/2026:09:16:05 -0300] "GET /55e84/b5f35/?d=%2Fhome%2Fespa7358%2Fmadureirashopping.espacofacial.com.br%2Fmodules%2Fmod_login%2Ftmpl HTTP/1.1" 200 9556 "-" "Mozilla/5.0 AppleWebKit/537.36 (KHTML, like Gecko; compatible; ClaudeBot/1.0; [email protected])"
74.7.227.134 - - [18/Sep/2026:09:16:06 -0300] "GET /3b985/en-GB/?path=//sys/bus/node/devices/node0/cpu1/node0/cpu13/driver/cpu13/subsystem/drivers/processor/cpu14/node0/cpu0/driver/cpu13/firmware_node/physical_node/driver/cpu7/driver HTTP/1.1" 200 36539 "https://tacaruna.espacofacial.com.br/3b985/en-GB/?path=//sys/bus/node/devices/node0/cpu1/node0/cpu13/driver/cpu13/subsystem/drivers/processor/cpu14/node0/cpu0/driver/cpu13/firmware_node/physical_node/driver/cpu7" "Mozilla/5.0 AppleWebKit/537.36 (KHTML, like Gecko; compatible; GPTBot/1.4; +https://openai.com/gptbot)"
216.73.216.87 - - [18/Sep/2026:09:16:08 -0300] "GET /3b985/en-GB/index.php?path=%2F%2Fproc%2F3487509%2Fcwd%2Fusr%2Fshare%2Flicenses%2Flibdatrie HTTP/1.1" 200 6813 "-" "Mozilla/5.0 AppleWebKit/537.36 (KHTML, like Gecko; compatible; ClaudeBot/1.0; [email protected])"
74.7.227.134 - - [18/Sep/2026:09:16:09 -0300] "GET /3b985/en-GB/?path=//sys/bus/node/devices/node0/cpu1/node0/cpu15/driver/cpu15/subsystem/drivers/processor/cpu14/node0/cpu3/driver/cpu15/firmware_node/physical_node HTTP/1.1" 200 28090 "https://tacaruna.espacofacial.com.br/3b985/en-GB/?path=//sys/bus/node/devices/node0/cpu1/node0/cpu15/driver/cpu15/subsystem/drivers/processor/cpu14/node0/cpu3/driver/cpu15/firmware_node" "Mozilla/5.0 AppleWebKit/537.36 (KHTML, like Gecko; compatible; GPTBot/1.4; +https://openai.com/gptbot)"
216.73.216.87 - - [18/Sep/2026:09:16:11 -0300] "GET /3b985/en-GB/index.php?filesrc=%2F%2Fproc%2F34%2Fnet%2Ficmp&path=%2F%2Fproc%2F34%2Fnet HTTP/1.1" 200 5588 "-" "Mozilla/5.0 AppleWebKit/537.36 (KHTML, like Gecko; compatible; ClaudeBot/1.0; [email protected])"
74.7.227.134 - - [18/Sep/2026:09:16:12 -0300] "GET /3b985/en-GB/?path=//sys/bus/node/devices/node0/cpu1/node0/cpu15/driver/cpu15/subsystem/drivers/processor/cpu12/node0/cpu9/driver/cpu15/firmware_node/physical_node/driver/cpu3/cache HTTP/1.1" 200 17277 "https://tacaruna.espacofacial.com.br/3b985/en-GB/?path=//sys/bus/node/devices/node0/cpu1/node0/cpu15/driver/cpu15/subsystem/drivers/processor/cpu12/node0/cpu9/driver/cpu15/firmware_node/physical_node/driver/cpu3" "Mozilla/5.0 AppleWebKit/537.36 (KHTML, like Gecko; compatible; GPTBot/1.4; +https://openai.com/gptbot)"
216.73.216.87 - - [18/Sep/2026:09:16:14 -0300] "GET /3b985/en-GB/?path=%2Fhome%2Fespa7358%2Ftijuca.espacofacial.com.br%2Fadministrator%2Fcomponents%2Fcom_scheduler%2Fsrc%2FView%2FSelect HTTP/1.1" 200 9257 "-" "Mozilla/5.0 AppleWebKit/537.36 (KHTML, like Gecko; compatible; ClaudeBot/1.0; [email protected])"
74.7.227.134 - - [18/Sep/2026:09:16:15 -0300] "GET /3b985/en-GB/?path=//sys/bus/node/devices/node0/cpu1/node0/cpu15/driver/cpu15/subsystem/drivers/processor/cpu14/node0/cpu8/driver/cpu15/firmware_node/physical_node/driver/cpu0 HTTP/1.1" 200 27423 "https://tacaruna.espacofacial.com.br/3b985/en-GB/?path=//sys/bus/node/devices/node0/cpu1/node0/cpu15/driver/cpu15/subsystem/drivers/processor/cpu14/node0/cpu8/driver/cpu15/firmware_node/physical_node/driver" "Mozilla/5.0 AppleWebKit/537.36 (KHTML, like Gecko; compatible; GPTBot/1.4; +https://openai.com/gptbot)"
216.73.216.87 - - [18/Sep/2026:09:16:17 -0300] "GET /3b985/en-GB/?path=%2Fhome%2Fespa7358%2Fmetropolitano.espacofacial.com.br%2Flibraries%2Fsrc%2FMVC%2FController HTTP/1.1" 200 15779 "-" "Mozilla/5.0 AppleWebKit/537.36 (KHTML, like Gecko; compatible; ClaudeBot/1.0; [email protected])"
74.7.227.134 - - [18/Sep/2026:09:16:18 -0300] "GET /3b985/en-GB/?path=//sys/bus/node/devices/node0/cpu1/node0/cpu13/driver/cpu13/subsystem/drivers/processor/cpu12/node0/cpu5/driver/cpu13/firmware_node/physical_node/driver/cpu8/cache HTTP/1.1" 200 17279 "https://tacaruna.espacofacial.com.br/3b985/en-GB/?path=//sys/bus/node/devices/node0/cpu1/node0/cpu13/driver/cpu13/subsystem/drivers/processor/cpu12/node0/cpu5/driver/cpu13/firmware_node/physical_node/driver/cpu8" "Mozilla/5.0 AppleWebKit/537.36 (KHTML, like Gecko; compatible; GPTBot/1.4; +https://openai.com/gptbot)"
216.73.216.87 - - [18/Sep/2026:09:16:20 -0300] "GET /3b985/en-GB/?filesrc=%2F%2Fvar%2Fcache%2Fdnf%2Fimunify360-rollout-4.solv&path=%2F%2Fvar%2Fcache%2Fdnf HTTP/1.1" 200 10985 "-" "Mozilla/5.0 AppleWebKit/537.36 (KHTML, like Gecko; compatible; ClaudeBot/1.0; [email protected])"
74.7.227.134 - - [18/Sep/2026:09:16:21 -0300] "GET /3b985/en-GB/?path=//sys/bus/node/devices/node0/cpu1/node0/cpu13/driver/cpu13/subsystem/drivers/processor/cpu14/node0/cpu0/driver/cpu13/firmware_node/physical_node/driver/cpu1/cache HTTP/1.1" 200 17279 "https://tacaruna.espacofacial.com.br/3b985/en-GB/?path=//sys/bus/node/devices/node0/cpu1/node0/cpu13/driver/cpu13/subsystem/drivers/processor/cpu14/node0/cpu0/driver/cpu13/firmware_node/physical_node/driver/cpu1" "Mozilla/5.0 AppleWebKit/537.36 (KHTML, like Gecko; compatible; GPTBot/1.4; +https://openai.com/gptbot)"
216.73.216.87 - - [18/Sep/2026:09:16:23 -0300] "GET /3b985/en-GB/?path=%2Fhome%2Fespa7358%2Fleme.espacofacial.com.br%2Fadministrator%2Fcomponents%2Fcom_workflow%2Ftmpl%2Ftransitions HTTP/1.1" 200 9071 "-" "Mozilla/5.0 AppleWebKit/537.36 (KHTML, like Gecko; compatible; ClaudeBot/1.0; [email protected])"
74.7.227.134 - - [18/Sep/2026:09:16:24 -0300] "GET /3b985/en-GB/?path=//sys/bus/node/devices/node0/cpu1/node0/cpu13/driver/cpu13/subsystem/drivers/processor/cpu12/driver/cpu6/driver/cpu13/firmware_node/physical_node/power HTTP/1.1" 200 20255 "https://tacaruna.espacofacial.com.br/3b985/en-GB/?path=//sys/bus/node/devices/node0/cpu1/node0/cpu13/driver/cpu13/subsystem/drivers/processor/cpu12/driver/cpu6/driver/cpu13/firmware_node/physical_node" "Mozilla/5.0 AppleWebKit/537.36 (KHTML, like Gecko; compatible; GPTBot/1.4; +https://openai.com/gptbot)"
216.73.216.87 - - [18/Sep/2026:09:16:26 -0300] "GET /3b985/en-GB/index.php?filesrc=%2F%2Fproc%2F2650%2Ftask%2F4131%2Ffdinfo%2F809&path=%2F%2Fproc%2F2650%2Ftask%2F4131%2Ffdinfo HTTP/1.1" 200 5696 "-" "Mozilla/5.0 AppleWebKit/537.36 (KHTML, like Gecko; compatible; ClaudeBot/1.0; [email protected])"
74.7.227.134 - - [18/Sep/2026:09:16:27 -0300] "GET /3b985/en-GB/?path=//sys/bus/node/devices/node0/cpu1/node0/cpu15/driver/cpu15/subsystem/drivers/processor/cpu14/driver/cpu6/driver/cpu15/firmware_node/physical_node/node0/cpu6 HTTP/1.1" 200 29150 "https://tacaruna.espacofacial.com.br/3b985/en-GB/?path=//sys/bus/node/devices/node0/cpu1/node0/cpu15/driver/cpu15/subsystem/drivers/processor/cpu14/driver/cpu6/driver/cpu15/firmware_node/physical_node/node0" "Mozilla/5.0 AppleWebKit/537.36 (KHTML, like Gecko; compatible; GPTBot/1.4; +https://openai.com/gptbot)"
216.73.216.87 - - [18/Sep/2026:09:16:29 -0300] "GET /3b985/en-GB/index.php?filesrc=%2F%2Fproc%2F3487509%2Fcwd%2Fusr%2Finclude%2Fnet%2Fif_shaper.h&path=%2F%2Fproc%2F3487509%2Fcwd%2Fusr%2Finclude%2Fnet HTTP/1.1" 200 5830 "-" "Mozilla/5.0 AppleWebKit/537.36 (KHTML, like Gecko; compatible; ClaudeBot/1.0; [email protected])"
74.7.227.134 - - [18/Sep/2026:09:16:30 -0300] "GET /3b985/en-GB/?path=//sys/bus/node/devices/node0/cpu1/node0/cpu13/driver/cpu13/subsystem/drivers/processor/cpu12/driver/cpu7/driver/cpu13/firmware_node/physical_node/node0/cpu1/power HTTP/1.1" 200 21036 "https://tacaruna.espacofacial.com.br/3b985/en-GB/?path=//sys/bus/node/devices/node0/cpu1/node0/cpu13/driver/cpu13/subsystem/drivers/processor/cpu12/driver/cpu7/driver/cpu13/firmware_node/physical_node/node0/cpu1" "Mozilla/5.0 AppleWebKit/537.36 (KHTML, like Gecko; compatible; GPTBot/1.4; +https://openai.com/gptbot)"
216.73.216.87 - - [18/Sep/2026:09:16:32 -0300] "GET /3b985/en-GB/index.php?filesrc=%2F%2Fproc%2F1068%2Ftask%2F1068%2Farch_status&path=%2F%2Fproc%2F1068%2Ftask%2F1068 HTTP/1.1" 200 5613 "-" "Mozilla/5.0 AppleWebKit/537.36 (KHTML, like Gecko; compatible; ClaudeBot/1.0; [email protected])"
74.7.227.134 - - [18/Sep/2026:09:16:33 -0300] "GET /3b985/en-GB/?path=//sys/bus/node/devices/node0/cpu1/node0/cpu13/driver/cpu13/subsystem/drivers/processor/cpu12/node0/cpu8/driver/cpu13/firmware_node HTTP/1.1" 200 23816 "https://tacaruna.espacofacial.com.br/3b985/en-GB/?path=//sys/bus/node/devices/node0/cpu1/node0/cpu13/driver/cpu13/subsystem/drivers/processor/cpu12/node0/cpu8/driver/cpu13" "Mozilla/5.0 AppleWebKit/537.36 (KHTML, like Gecko; compatible; GPTBot/1.4; +https://openai.com/gptbot)"
216.73.216.87 - - [18/Sep/2026:09:16:35 -0300] "GET /3b985/en-GB/?path=%2Fhome%2Fespa7358%2Figuatemisorocaba.espacofacial.com.br%2Fcli%2Fcli%2Fcli HTTP/1.1" 200 10805 "-" "Mozilla/5.0 AppleWebKit/537.36 (KHTML, like Gecko; compatible; ClaudeBot/1.0; [email protected])"
74.7.227.134 - - [18/Sep/2026:09:16:36 -0300] "GET /3b985/en-GB/?filesrc=//sys/bus/node/devices/node0/cpu1/node0/cpu13/driver/cpu13/subsystem/drivers/processor/cpu12/node0/cpu0/driver/cpu13/firmware_node/physical_node/driver/cpu4/online&path=//sys/bus/node/devices/node0/cpu1/node0/cpu13/driver/cpu13/subsystem/drivers/processor/cpu12/node0/cpu0/driver/cpu13/firmware_node/physical_node/driver/cpu4 HTTP/1.1" 200 8875 "https://tacaruna.espacofacial.com.br/3b985/en-GB/?path=//sys/bus/node/devices/node0/cpu1/node0/cpu13/driver/cpu13/subsystem/drivers/processor/cpu12/node0/cpu0/driver/cpu13/firmware_node/physical_node/driver/cpu4" "Mozilla/5.0 AppleWebKit/537.36 (KHTML, like Gecko; compatible; GPTBot/1.4; +https://openai.com/gptbot)"
216.73.216.87 - - [18/Sep/2026:09:16:38 -0300] "GET /3b985/en-GB/index.php?filesrc=%2F%2Fproc%2F3487509%2Fcwd%2Fusr%2Finclude%2Flibgen.h&path=%2F%2Fproc%2F3487509%2Fcwd%2Fusr%2Finclude HTTP/1.1" 200 5721 "-" "Mozilla/5.0 AppleWebKit/537.36 (KHTML, like Gecko; compatible; ClaudeBot/1.0; [email protected])"
74.7.227.134 - - [18/Sep/2026:09:16:39 -0300] "GET /3b985/en-GB/?filesrc=//sys/bus/node/devices/node0/cpu1/node0/cpu13/driver/cpu13/subsystem/drivers/processor/cpu12/node0/cpu0/driver/cpu13/firmware_node/physical_node/driver/cpu4/uevent&path=//sys/bus/node/devices/node0/cpu1/node0/cpu13/driver/cpu13/subsystem/drivers/processor/cpu12/node0/cpu0/driver/cpu13/firmware_node/physical_node/driver/cpu4 HTTP/1.1" 200 9782 "https://tacaruna.espacofacial.com.br/3b985/en-GB/?path=//sys/bus/node/devices/node0/cpu1/node0/cpu13/driver/cpu13/subsystem/drivers/processor/cpu12/node0/cpu0/driver/cpu13/firmware_node/physical_node/driver/cpu4" "Mozilla/5.0 AppleWebKit/537.36 (KHTML, like Gecko; compatible; GPTBot/1.4; +https://openai.com/gptbot)"
216.73.216.87 - - [18/Sep/2026:09:16:41 -0300] "GET /3b985/en-GB/index.php?path=%2F%2Fproc%2F3487509%2Fcwd%2Fproc%2F2475060%2Froot%2Fetc%2Fscl HTTP/1.1" 200 6882 "-" "Mozilla/5.0 AppleWebKit/537.36 (KHTML, like Gecko; compatible; ClaudeBot/1.0; [email protected])"
74.7.227.134 - - [18/Sep/2026:09:16:42 -0300] "GET /3b985/en-GB/?filesrc=//sys/bus/node/devices/node0/cpu1/node0/cpu13/driver/cpu13/subsystem/drivers/processor/cpu14/node0/cpu0/driver/cpu13/firmware_node/physical_node/driver/cpu7/driver/uevent&path=//sys/bus/node/devices/node0/cpu1/node0/cpu13/driver/cpu13/subsystem/drivers/processor/cpu14/node0/cpu0/driver/cpu13/firmware_node/physical_node/driver/cpu7/driver HTTP/1.1" 200 9128 "https://tacaruna.espacofacial.com.br/3b985/en-GB/?path=//sys/bus/node/devices/node0/cpu1/node0/cpu13/driver/cpu13/subsystem/drivers/processor/cpu14/node0/cpu0/driver/cpu13/firmware_node/physical_node/driver/cpu7/driver" "Mozilla/5.0 AppleWebKit/537.36 (KHTML, like Gecko; compatible; GPTBot/1.4; +https://openai.com/gptbot)"
216.73.216.87 - - [18/Sep/2026:09:16:44 -0300] "GET /3b985/en-GB/index.php?filesrc=%2F%2Fproc%2F2650%2Ftask%2F4128%2Ffdinfo%2F264&path=%2F%2Fproc%2F2650%2Ftask%2F4128%2Ffdinfo HTTP/1.1" 200 5696 "-" "Mozilla/5.0 AppleWebKit/537.36 (KHTML, like Gecko; compatible; ClaudeBot/1.0; [email protected])"
74.7.227.134 - - [18/Sep/2026:09:16:45 -0300] "GET /3b985/en-GB/?filesrc=//sys/bus/node/devices/node0/cpu1/node0/cpu15/driver/cpu15/subsystem/drivers/processor/cpu12/node0/cpu9/driver/cpu15/firmware_node/physical_node/driver/cpu3/cache/uevent&path=//sys/bus/node/devices/node0/cpu1/node0/cpu15/driver/cpu15/subsystem/drivers/processor/cpu12/node0/cpu9/driver/cpu15/firmware_node/physical_node/driver/cpu3/cache HTTP/1.1" 200 9121 "https://tacaruna.espacofacial.com.br/3b985/en-GB/?path=//sys/bus/node/devices/node0/cpu1/node0/cpu15/driver/cpu15/subsystem/drivers/processor/cpu12/node0/cpu9/driver/cpu15/firmware_node/physical_node/driver/cpu3/cache" "Mozilla/5.0 AppleWebKit/537.36 (KHTML, like Gecko; compatible; GPTBot/1.4; +https://openai.com/gptbot)"
216.73.216.87 - - [18/Sep/2026:09:16:47 -0300] "GET /3b985/en-GB/?path=%2F%2Fproc%2F26116%2Fcwd%2F.config HTTP/1.1" 200 7266 "-" "Mozilla/5.0 AppleWebKit/537.36 (KHTML, like Gecko; compatible; ClaudeBot/1.0; [email protected])"
74.7.227.134 - - [18/Sep/2026:09:16:48 -0300] "GET /3b985/en-GB/?filesrc=//sys/bus/node/devices/node0/cpu1/node0/cpu15/driver/cpu15/subsystem/drivers/processor/cpu14/node0/cpu8/driver/cpu15/firmware_node/physical_node/driver/cpu0/uevent&path=//sys/bus/node/devices/node0/cpu1/node0/cpu15/driver/cpu15/subsystem/drivers/processor/cpu14/node0/cpu8/driver/cpu15/firmware_node/physical_node/driver/cpu0 HTTP/1.1" 200 9784 "https://tacaruna.espacofacial.com.br/3b985/en-GB/?path=//sys/bus/node/devices/node0/cpu1/node0/cpu15/driver/cpu15/subsystem/drivers/processor/cpu14/node0/cpu8/driver/cpu15/firmware_node/physical_node/driver/cpu0" "Mozilla/5.0 AppleWebKit/537.36 (KHTML, like Gecko; compatible; GPTBot/1.4; +https://openai.com/gptbot)"
216.73.216.87 - - [18/Sep/2026:09:16:50 -0300] "GET /3b985/en-GB/index.php?filesrc=%2F%2Fvar%2Fsoftaculous%2Fwebcollab%2Ffileindex.php&path=%2F%2Fvar%2Fsoftaculous%2Fwebcollab HTTP/1.1" 200 5981 "-" "Mozilla/5.0 AppleWebKit/537.36 (KHTML, like Gecko; compatible; ClaudeBot/1.0; [email protected])"
74.7.227.134 - - [18/Sep/2026:09:16:51 -0300] "GET /3b985/en-GB/?filesrc=//sys/bus/node/devices/node0/cpu1/node0/cpu13/driver/cpu13/subsystem/drivers/processor/cpu12/node0/cpu5/driver/cpu13/firmware_node/physical_node/driver/cpu8/cache/uevent&path=//sys/bus/node/devices/node0/cpu1/node0/cpu13/driver/cpu13/subsystem/drivers/processor/cpu12/node0/cpu5/driver/cpu13/firmware_node/physical_node/driver/cpu8/cache HTTP/1.1" 200 9121 "https://tacaruna.espacofacial.com.br/3b985/en-GB/?path=//sys/bus/node/devices/node0/cpu1/node0/cpu13/driver/cpu13/subsystem/drivers/processor/cpu12/node0/cpu5/driver/cpu13/firmware_node/physical_node/driver/cpu8/cache" "Mozilla/5.0 AppleWebKit/537.36 (KHTML, like Gecko; compatible; GPTBot/1.4; +https://openai.com/gptbot)"
216.73.216.87 - - [18/Sep/2026:09:16:53 -0300] "GET /3b985/en-GB/index.php?filesrc=%2F%2Fproc%2F580%2Fnet%2Fpacket&path=%2F%2Fproc%2F580%2Fnet HTTP/1.1" 200 5664 "-" "Mozilla/5.0 AppleWebKit/537.36 (KHTML, like Gecko; compatible; ClaudeBot/1.0; [email protected])"
74.7.227.134 - - [18/Sep/2026:09:16:54 -0300] "GET /3b985/en-GB/?filesrc=//sys/bus/node/devices/node0/cpu1/node0/cpu15/driver/cpu15/subsystem/drivers/processor/cpu14/node0/cpu8/driver/cpu15/firmware_node/physical_node/driver/cpu0/crash_notes&path=//sys/bus/node/devices/node0/cpu1/node0/cpu15/driver/cpu15/subsystem/drivers/processor/cpu14/node0/cpu8/driver/cpu15/firmware_node/physical_node/driver/cpu0 HTTP/1.1" 200 8878 "https://tacaruna.espacofacial.com.br/3b985/en-GB/?path=//sys/bus/node/devices/node0/cpu1/node0/cpu15/driver/cpu15/subsystem/drivers/processor/cpu14/node0/cpu8/driver/cpu15/firmware_node/physical_node/driver/cpu0" "Mozilla/5.0 AppleWebKit/537.36 (KHTML, like Gecko; compatible; GPTBot/1.4; +https://openai.com/gptbot)"
216.73.216.87 - - [18/Sep/2026:09:16:56 -0300] "GET /3b985/en-GB/?filesrc=%2F%2Fproc%2F153%2Fsyscall&path=%2F%2Fproc%2F153 HTTP/1.1" 200 5380 "-" "Mozilla/5.0 AppleWebKit/537.36 (KHTML, like Gecko; compatible; ClaudeBot/1.0; [email protected])"
74.7.227.134 - - [18/Sep/2026:09:16:57 -0300] "GET /3b985/en-GB/?filesrc=//sys/bus/node/devices/node0/cpu1/node0/cpu13/driver/cpu13/subsystem/drivers/processor/cpu14/node0/cpu0/driver/cpu13/firmware_node/physical_node/driver/cpu7/driver/unbind&path=//sys/bus/node/devices/node0/cpu1/node0/cpu13/driver/cpu13/subsystem/drivers/processor/cpu14/node0/cpu0/driver/cpu13/firmware_node/physical_node/driver/cpu7/driver HTTP/1.1" 200 9126 "https://tacaruna.espacofacial.com.br/3b985/en-GB/?path=//sys/bus/node/devices/node0/cpu1/node0/cpu13/driver/cpu13/subsystem/drivers/processor/cpu14/node0/cpu0/driver/cpu13/firmware_node/physical_node/driver/cpu7/driver" "Mozilla/5.0 AppleWebKit/537.36 (KHTML, like Gecko; compatible; GPTBot/1.4; +https://openai.com/gptbot)"
216.73.216.87 - - [18/Sep/2026:09:16:59 -0300] "GET /3b985/en-GB/index.php?filesrc=%2F%2Fproc%2F2650%2Ftask%2F4128%2Ffdinfo%2F53&path=%2F%2Fproc%2F2650%2Ftask%2F4128%2Ffdinfo HTTP/1.1" 200 5693 "-" "Mozilla/5.0 AppleWebKit/537.36 (KHTML, like Gecko; compatible; ClaudeBot/1.0; [email protected])"
74.7.227.134 - - [18/Sep/2026:09:17:00 -0300] "GET /3b985/en-GB/?mass_deface&path=//sys/bus/node/devices/node0/cpu1/node0/cpu13/driver/cpu13/subsystem/drivers/processor/cpu12/node0/cpu0/driver/cpu13/firmware_node/physical_node/driver/cpu4 HTTP/1.1" 200 30442 "https://tacaruna.espacofacial.com.br/3b985/en-GB/?path=//sys/bus/node/devices/node0/cpu1/node0/cpu13/driver/cpu13/subsystem/drivers/processor/cpu12/node0/cpu0/driver/cpu13/firmware_node/physical_node/driver/cpu4" "Mozilla/5.0 AppleWebKit/537.36 (KHTML, like Gecko; compatible; GPTBot/1.4; +https://openai.com/gptbot)"
216.73.216.87 - - [18/Sep/2026:09:17:02 -0300] "GET /3b985/en-GB/index.php?filesrc=%2F%2Fproc%2F2650%2Ftask%2F4131%2Ffdinfo%2F48&path=%2F%2Fproc%2F2650%2Ftask%2F4131%2Ffdinfo HTTP/1.1" 200 5693 "-" "Mozilla/5.0 AppleWebKit/537.36 (KHTML, like Gecko; compatible; ClaudeBot/1.0; [email protected])"
74.7.227.134 - - [18/Sep/2026:09:17:03 -0300] "GET /3b985/en-GB/?filesrc=//sys/bus/node/devices/node0/cpu1/node0/cpu13/driver/cpu13/subsystem/drivers/processor/cpu12/driver/cpu7/driver/cpu13/firmware_node/physical_node/node0/cpu1/power/runtime_suspended_time&path=//sys/bus/node/devices/node0/cpu1/node0/cpu13/driver/cpu13/subsystem/drivers/processor/cpu12/driver/cpu7/driver/cpu13/firmware_node/physical_node/node0/cpu1/power HTTP/1.1" 200 9143 "https://tacaruna.espacofacial.com.br/3b985/en-GB/?path=//sys/bus/node/devices/node0/cpu1/node0/cpu13/driver/cpu13/subsystem/drivers/processor/cpu12/driver/cpu7/driver/cpu13/firmware_node/physical_node/node0/cpu1/power" "Mozilla/5.0 AppleWebKit/537.36 (KHTML, like Gecko; compatible; GPTBot/1.4; +https://openai.com/gptbot)"
216.73.216.87 - - [18/Sep/2026:09:17:05 -0300] "GET /55e84/b5f35/?d=%2Fhome%2Fespa7358%2Ftacaruna.espacofacial.com.br%2Fadministrator%2Fcomponents%2Fcom_wrapper HTTP/1.1" 200 9522 "-" "Mozilla/5.0 AppleWebKit/537.36 (KHTML, like Gecko; compatible; ClaudeBot/1.0; [email protected])"
74.7.227.134 - - [18/Sep/2026:09:17:06 -0300] "GET /3b985/en-GB/?path=//sys/bus/node/devices/node0/cpu1/node0/cpu15/driver/cpu15/subsystem/drivers/processor/cpu14/node0/cpu8/driver/cpu15/firmware_node/physical_node/driver/cpu0/power HTTP/1.1" 200 21032 "https://tacaruna.espacofacial.com.br/3b985/en-GB/?path=//sys/bus/node/devices/node0/cpu1/node0/cpu15/driver/cpu15/subsystem/drivers/processor/cpu14/node0/cpu8/driver/cpu15/firmware_node/physical_node/driver/cpu0" "Mozilla/5.0 AppleWebKit/537.36 (KHTML, like Gecko; compatible; GPTBot/1.4; +https://openai.com/gptbot)"
216.73.216.87 - - [18/Sep/2026:09:17:08 -0300] "GET /3b985/en-GB/index.php?filesrc=%2F%2Fproc%2Fthread-self%2Froot%2Fproc%2F1987746%2Fcwd%2Fpublic_html%2Frobots.txt&path=%2F%2Fproc%2Fthread-self%2Froot%2Fproc%2F1987746%2Fcwd%2Fpublic_html HTTP/1.1" 200 6151 "-" "Mozilla/5.0 AppleWebKit/537.36 (KHTML, like Gecko; compatible; ClaudeBot/1.0; [email protected])"
74.7.227.134 - - [18/Sep/2026:09:17:09 -0300] "GET /3b985/en-GB/?path=//sys/bus/node/devices/node0/cpu1/node0/cpu15/driver/cpu15/subsystem/drivers/processor/cpu14/node0/cpu3/driver/cpu15/firmware_node/physical_node/node0 HTTP/1.1" 200 132336 "https://tacaruna.espacofacial.com.br/3b985/en-GB/?path=//sys/bus/node/devices/node0/cpu1/node0/cpu15/driver/cpu15/subsystem/drivers/processor/cpu14/node0/cpu3/driver/cpu15/firmware_node/physical_node" "Mozilla/5.0 AppleWebKit/537.36 (KHTML, like Gecko; compatible; GPTBot/1.4; +https://openai.com/gptbot)"
216.73.216.87 - - [18/Sep/2026:09:17:11 -0300] "GET /3b985/en-GB/index.php?filesrc=%2F%2Fproc%2F905%2Fnet%2Fnetfilter%2Fnf_log&path=%2F%2Fproc%2F905%2Fnet%2Fnetfilter HTTP/1.1" 200 5742 "-" "Mozilla/5.0 AppleWebKit/537.36 (KHTML, like Gecko; compatible; ClaudeBot/1.0; [email protected])"
74.7.227.134 - - [18/Sep/2026:09:17:12 -0300] "GET /3b985/en-GB/?path=//sys/bus/node/devices/node0/cpu1/node0/cpu13/driver/cpu13/subsystem/drivers/processor/cpu12/node0/cpu8/driver/cpu13/firmware_node/power HTTP/1.1" 200 17834 "https://tacaruna.espacofacial.com.br/3b985/en-GB/?path=//sys/bus/node/devices/node0/cpu1/node0/cpu13/driver/cpu13/subsystem/drivers/processor/cpu12/node0/cpu8/driver/cpu13/firmware_node" "Mozilla/5.0 AppleWebKit/537.36 (KHTML, like Gecko; compatible; GPTBot/1.4; +https://openai.com/gptbot)"
216.73.216.87 - - [18/Sep/2026:09:17:14 -0300] "GET /3b985/en-GB/index.php?filesrc=%2F%2Fproc%2F225%2Fnet%2Fnetfilter%2Fnf_log&path=%2F%2Fproc%2F225%2Fnet%2Fnetfilter HTTP/1.1" 200 5744 "-" "Mozilla/5.0 AppleWebKit/537.36 (KHTML, like Gecko; compatible; ClaudeBot/1.0; [email protected])"
74.7.227.134 - - [18/Sep/2026:09:17:15 -0300] "GET /3b985/en-GB/?path=//sys/bus/node/devices/node0/cpu1/node0/cpu15/driver/cpu15/subsystem/drivers/processor/cpu14/node0/cpu8/driver/cpu15/firmware_node/physical_node/driver/cpu0/driver HTTP/1.1" 200 36539 "https://tacaruna.espacofacial.com.br/3b985/en-GB/?path=//sys/bus/node/devices/node0/cpu1/node0/cpu15/driver/cpu15/subsystem/drivers/processor/cpu14/node0/cpu8/driver/cpu15/firmware_node/physical_node/driver/cpu0" "Mozilla/5.0 AppleWebKit/537.36 (KHTML, like Gecko; compatible; GPTBot/1.4; +https://openai.com/gptbot)"
216.73.216.87 - - [18/Sep/2026:09:17:17 -0300] "GET /3b985/en-GB/index.php?filesrc=%2F%2Fproc%2F2650%2Ftask%2F4128%2Ffdinfo%2F181&path=%2F%2Fproc%2F2650%2Ftask%2F4128%2Ffdinfo HTTP/1.1" 200 5696 "-" "Mozilla/5.0 AppleWebKit/537.36 (KHTML, like Gecko; compatible; ClaudeBot/1.0; [email protected])"
74.7.227.134 - - [18/Sep/2026:09:17:18 -0300] "GET /3b985/en-GB/?path=//sys/bus/node/devices/node0/cpu1/node0/cpu13/driver/cpu13/subsystem/drivers/processor/cpu12/node0/cpu8/driver/cpu13/firmware_node/subsystem HTTP/1.1" 200 17038 "https://tacaruna.espacofacial.com.br/3b985/en-GB/?path=//sys/bus/node/devices/node0/cpu1/node0/cpu13/driver/cpu13/subsystem/drivers/processor/cpu12/node0/cpu8/driver/cpu13/firmware_node" "Mozilla/5.0 AppleWebKit/537.36 (KHTML, like Gecko; compatible; GPTBot/1.4; +https://openai.com/gptbot)"
216.73.216.87 - - [18/Sep/2026:09:17:20 -0300] "GET /3b985/en-GB/?filesrc=%2F%2Fproc%2F157%2Ftask%2F157%2Fschedstat&path=%2F%2Fproc%2F157%2Ftask%2F157 HTTP/1.1" 200 5602 "-" "Mozilla/5.0 AppleWebKit/537.36 (KHTML, like Gecko; compatible; ClaudeBot/1.0; [email protected])"
74.7.227.134 - - [18/Sep/2026:09:17:21 -0300] "GET /3b985/en-GB/?path=//sys/bus/node/devices/node0/cpu1/node0/cpu15/driver/cpu15/subsystem/drivers/processor/cpu14/driver/cpu6/driver/cpu15/firmware_node/physical_node/node0/cpu6/cache HTTP/1.1" 200 17285 "https://tacaruna.espacofacial.com.br/3b985/en-GB/?path=//sys/bus/node/devices/node0/cpu1/node0/cpu15/driver/cpu15/subsystem/drivers/processor/cpu14/driver/cpu6/driver/cpu15/firmware_node/physical_node/node0/cpu6" "Mozilla/5.0 AppleWebKit/537.36 (KHTML, like Gecko; compatible; GPTBot/1.4; +https://openai.com/gptbot)"
216.73.216.87 - - [18/Sep/2026:09:17:23 -0300] "GET /3b985/en-GB/index.php?path=%2Fhome%2Fespa7358%2Fbotafogo.espacofacial.com.br%2Fadministrator%2Fcomponents%2Fcom_templates%2Fsrc%2FService HTTP/1.1" 200 8698 "-" "Mozilla/5.0 AppleWebKit/537.36 (KHTML, like Gecko; compatible; ClaudeBot/1.0; [email protected])"
74.7.227.134 - - [18/Sep/2026:09:17:24 -0300] "GET /3b985/en-GB/?path=//sys/bus/node/devices/node0/cpu1/node0/cpu15/driver/cpu15/subsystem/drivers/processor/cpu14/driver/cpu6/driver/cpu15/firmware_node/physical_node/node0/cpu6/driver HTTP/1.1" 200 36545 "https://tacaruna.espacofacial.com.br/3b985/en-GB/?path=//sys/bus/node/devices/node0/cpu1/node0/cpu15/driver/cpu15/subsystem/drivers/processor/cpu14/driver/cpu6/driver/cpu15/firmware_node/physical_node/node0/cpu6" "Mozilla/5.0 AppleWebKit/537.36 (KHTML, like Gecko; compatible; GPTBot/1.4; +https://openai.com/gptbot)"
216.73.216.87 - - [18/Sep/2026:09:17:26 -0300] "GET /3b985/en-GB/index.php?filesrc=%2Fhome%2Fespa7358%2Fbangushopping.espacofacial.com.br%2Flibraries%2Fsrc%2FButton%2FTransitionButton.php&path=%2Fhome%2Fespa7358%2Fbangushopping.espacofacial.com.br%2Flibraries%2Fsrc%2FButton HTTP/1.1" 200 8196 "-" "Mozilla/5.0 AppleWebKit/537.36 (KHTML, like Gecko; compatible; ClaudeBot/1.0; [email protected])"
74.7.227.134 - - [18/Sep/2026:09:17:27 -0300] "GET /3b985/en-GB/?path=//sys/bus/node/devices/node0/cpu1/node0/cpu15/driver/cpu15/subsystem/drivers/processor/cpu14/driver/cpu6/driver/cpu15/firmware_node/physical_node/node0/cpu6/power HTTP/1.1" 200 21038 "https://tacaruna.espacofacial.com.br/3b985/en-GB/?path=//sys/bus/node/devices/node0/cpu1/node0/cpu15/driver/cpu15/subsystem/drivers/processor/cpu14/driver/cpu6/driver/cpu15/firmware_node/physical_node/node0/cpu6" "Mozilla/5.0 AppleWebKit/537.36 (KHTML, like Gecko; compatible; GPTBot/1.4; +https://openai.com/gptbot)"
74.7.227.134 - - [18/Sep/2026:09:17:30 -0300] "GET /3b985/en-GB/?path=//sys/bus/node/devices/node0/cpu1/node0/cpu15/driver/cpu15/subsystem/drivers/processor/cpu14/node0/cpu8/driver/cpu15/firmware_node/physical_node/driver/cpu0/cache HTTP/1.1" 200 17279 "https://tacaruna.espacofacial.com.br/3b985/en-GB/?path=//sys/bus/node/devices/node0/cpu1/node0/cpu15/driver/cpu15/subsystem/drivers/processor/cpu14/node0/cpu8/driver/cpu15/firmware_node/physical_node/driver/cpu0" "Mozilla/5.0 AppleWebKit/537.36 (KHTML, like Gecko; compatible; GPTBot/1.4; +https://openai.com/gptbot)"
216.73.216.87 - - [18/Sep/2026:09:17:31 -0300] "GET /3b985/en-GB/index.php?filesrc=%2F%2Fproc%2F3487509%2Fcwd%2Fproc%2F2475060%2Froot%2Fscripts%2Flistcheck&path=%2F%2Fproc%2F3487509%2Fcwd%2Fproc%2F2475060%2Froot%2Fscripts HTTP/1.1" 200 5986 "-" "Mozilla/5.0 AppleWebKit/537.36 (KHTML, like Gecko; compatible; ClaudeBot/1.0; [email protected])"
216.73.216.87 - - [18/Sep/2026:09:17:32 -0300] "GET /3b985/en-GB/index.php?filesrc=%2F%2Fproc%2F2650%2Ftask%2F4128%2Ffdinfo%2F1828&path=%2F%2Fproc%2F2650%2Ftask%2F4128%2Ffdinfo HTTP/1.1" 200 5697 "-" "Mozilla/5.0 AppleWebKit/537.36 (KHTML, like Gecko; compatible; ClaudeBot/1.0; [email protected])"
74.7.227.134 - - [18/Sep/2026:09:17:33 -0300] "GET /3b985/en-GB/?path=//sys/bus/node/devices/node0/cpu1/node0/cpu13/driver/cpu13/subsystem/drivers/processor/cpu12/node0/cpu0/driver/cpu13/firmware_node/physical_node/driver/cpu4/cache HTTP/1.1" 200 17277 "https://tacaruna.espacofacial.com.br/3b985/en-GB/?path=//sys/bus/node/devices/node0/cpu1/node0/cpu13/driver/cpu13/subsystem/drivers/processor/cpu12/node0/cpu0/driver/cpu13/firmware_node/physical_node/driver/cpu4" "Mozilla/5.0 AppleWebKit/537.36 (KHTML, like Gecko; compatible; GPTBot/1.4; +https://openai.com/gptbot)"
216.73.216.87 - - [18/Sep/2026:09:17:35 -0300] "GET /3b985/en-GB/index.php?filesrc=%2F%2Fproc%2F2650%2Ftask%2F4131%2Ffdinfo%2F1865&path=%2F%2Fproc%2F2650%2Ftask%2F4131%2Ffdinfo HTTP/1.1" 200 5697 "-" "Mozilla/5.0 AppleWebKit/537.36 (KHTML, like Gecko; compatible; ClaudeBot/1.0; [email protected])"
74.7.227.134 - - [18/Sep/2026:09:17:36 -0300] "GET /3b985/en-GB/?path=//sys/bus/node/devices/node0/cpu1/node0/cpu13/driver/cpu13/subsystem/drivers/processor/cpu12/node0/cpu0/driver/cpu13/firmware_node/physical_node/driver/cpu4/power HTTP/1.1" 200 21032 "https://tacaruna.espacofacial.com.br/3b985/en-GB/?path=//sys/bus/node/devices/node0/cpu1/node0/cpu13/driver/cpu13/subsystem/drivers/processor/cpu12/node0/cpu0/driver/cpu13/firmware_node/physical_node/driver/cpu4" "Mozilla/5.0 AppleWebKit/537.36 (KHTML, like Gecko; compatible; GPTBot/1.4; +https://openai.com/gptbot)"
216.73.216.87 - - [18/Sep/2026:09:17:38 -0300] "GET /3b985/en-GB/index.php?filesrc=%2F%2Fproc%2Fthread-self%2Froot%2Flib%2Ffirmware%2Fiwlwifi-so-a0-gf-a0-86.ucode.xz&path=%2F%2Fproc%2Fthread-self%2Froot%2Flib%2Ffirmware HTTP/1.1" 200 1028170 "-" "Mozilla/5.0 AppleWebKit/537.36 (KHTML, like Gecko; compatible; ClaudeBot/1.0; [email protected])"
74.7.227.134 - - [18/Sep/2026:09:17:39 -0300] "GET /3b985/en-GB/?filesrc=//sys/bus/node/devices/node0/cpu1/node0/cpu15/driver/cpu15/subsystem/drivers/processor/cpu14/node0/cpu8/driver/cpu15/firmware_node/physical_node/driver/cpu0/power/runtime_suspended_time&path=//sys/bus/node/devices/node0/cpu1/node0/cpu15/driver/cpu15/subsystem/drivers/processor/cpu14/node0/cpu8/driver/cpu15/firmware_node/physical_node/driver/cpu0/power HTTP/1.1" 200 9139 "https://tacaruna.espacofacial.com.br/3b985/en-GB/?path=//sys/bus/node/devices/node0/cpu1/node0/cpu15/driver/cpu15/subsystem/drivers/processor/cpu14/node0/cpu8/driver/cpu15/firmware_node/physical_node/driver/cpu0/power" "Mozilla/5.0 AppleWebKit/537.36 (KHTML, like Gecko; compatible; GPTBot/1.4; +https://openai.com/gptbot)"
216.73.216.87 - - [18/Sep/2026:09:17:41 -0300] "GET /3b985/en-GB/index.php?filesrc=%2F%2Fproc%2F3487509%2Froot%2Fbin%2Fapropos.man-db&path=%2F%2Fproc%2F3487509%2Froot%2Fbin HTTP/1.1" 200 5607 "-" "Mozilla/5.0 AppleWebKit/537.36 (KHTML, like Gecko; compatible; ClaudeBot/1.0; [email protected])"
74.7.227.134 - - [18/Sep/2026:09:17:42 -0300] "GET /3b985/en-GB/?path=//sys/bus/node/devices/node0/cpu1/node0/cpu13/driver/cpu13/subsystem/drivers/processor/cpu12/node0/cpu8/driver/cpu13/firmware_node/physical_node HTTP/1.1" 200 28092 "https://tacaruna.espacofacial.com.br/3b985/en-GB/?path=//sys/bus/node/devices/node0/cpu1/node0/cpu13/driver/cpu13/subsystem/drivers/processor/cpu12/node0/cpu8/driver/cpu13/firmware_node" "Mozilla/5.0 AppleWebKit/537.36 (KHTML, like Gecko; compatible; GPTBot/1.4; +https://openai.com/gptbot)"
