74.7.227.134 - - [18/Sep/2026:10:13:15 -0300] "GET /3b985/en-GB/?path=//sys/bus/node/devices/node0/cpu1/node0/cpu15/driver/cpu15/subsystem/drivers/processor/cpu12/node0/cpu0/driver/cpu15/firmware_node/physical_node/driver/cpu8/power HTTP/1.1" 200 21032 "https://tacaruna.espacofacial.com.br/3b985/en-GB/?path=//sys/bus/node/devices/node0/cpu1/node0/cpu15/driver/cpu15/subsystem/drivers/processor/cpu12/node0/cpu0/driver/cpu15/firmware_node/physical_node/driver/cpu8" "Mozilla/5.0 AppleWebKit/537.36 (KHTML, like Gecko; compatible; GPTBot/1.4; +https://openai.com/gptbot)"
216.73.216.87 - - [18/Sep/2026:10:13:17 -0300] "GET /3b985/en-GB/?filesrc=%2F%2Fhome3%2Fespa7358%2Ffranquia.espacofacial.com.br%2Fwp-includes%2Fblocks%2Fvideo%2Fstyle-rtl.css&path=%2F%2Fhome3%2Fespa7358%2Ffranquia.espacofacial.com.br%2Fwp-includes%2Fblocks%2Fvideo HTTP/1.1" 200 6511 "-" "Mozilla/5.0 AppleWebKit/537.36 (KHTML, like Gecko; compatible; ClaudeBot/1.0; [email protected])"
74.7.227.134 - - [18/Sep/2026:10:13:18 -0300] "GET /3b985/en-GB/?path=//sys/bus/node/devices/node0/cpu1/node0/cpu15/driver/cpu15/subsystem/drivers/processor/cpu12/driver/cpu7/driver/cpu15/firmware_node/physical_node/node0/cpu1/node0/x86 HTTP/1.1" 200 10540 "https://tacaruna.espacofacial.com.br/3b985/en-GB/?path=//sys/bus/node/devices/node0/cpu1/node0/cpu15/driver/cpu15/subsystem/drivers/processor/cpu12/driver/cpu7/driver/cpu15/firmware_node/physical_node/node0/cpu1/node0" "Mozilla/5.0 AppleWebKit/537.36 (KHTML, like Gecko; compatible; GPTBot/1.4; +https://openai.com/gptbot)"
216.73.216.87 - - [18/Sep/2026:10:13:20 -0300] "GET /3b985/en-GB/index.php?filesrc=%2Fhome%2Fespa7358%2Fbotafogo.espacofacial.com.br%2Fadministrator%2Flanguage%2Fpt-PT%2Finstall.xml&path=%2Fhome%2Fespa7358%2Fbotafogo.espacofacial.com.br%2Fadministrator%2Flanguage%2Fpt-PT HTTP/1.1" 200 7254 "-" "Mozilla/5.0 AppleWebKit/537.36 (KHTML, like Gecko; compatible; ClaudeBot/1.0; [email protected])"
74.7.227.134 - - [18/Sep/2026:10:13:21 -0300] "GET /3b985/en-GB/?filesrc=//sys/bus/node/devices/node0/cpu1/node0/cpu15/driver/cpu15/subsystem/drivers/processor/cpu12/driver/cpu7/driver/cpu15/firmware_node/physical_node/node0/cpu7/driver/cpu1/uevent&path=//sys/bus/node/devices/node0/cpu1/node0/cpu15/driver/cpu15/subsystem/drivers/processor/cpu12/driver/cpu7/driver/cpu15/firmware_node/physical_node/node0/cpu7/driver/cpu1 HTTP/1.1" 200 10293 "https://tacaruna.espacofacial.com.br/3b985/en-GB/?path=//sys/bus/node/devices/node0/cpu1/node0/cpu15/driver/cpu15/subsystem/drivers/processor/cpu12/driver/cpu7/driver/cpu15/firmware_node/physical_node/node0/cpu7/driver/cpu1" "Mozilla/5.0 AppleWebKit/537.36 (KHTML, like Gecko; compatible; GPTBot/1.4; +https://openai.com/gptbot)"
216.73.216.87 - - [18/Sep/2026:10:13:23 -0300] "GET /55e84/b5f35/?d=%2Fhome%2Fespa7358%2Fnorteshoppingrj.espacofacial.com.br%2Flayouts%2Fjoomla%2Feditors HTTP/1.1" 200 8098 "-" "Mozilla/5.0 AppleWebKit/537.36 (KHTML, like Gecko; compatible; ClaudeBot/1.0; [email protected])"
74.7.227.134 - - [18/Sep/2026:10:13:24 -0300] "GET /3b985/en-GB/?filesrc=//sys/bus/node/devices/node0/cpu1/node0/cpu15/driver/cpu15/subsystem/drivers/processor/cpu12/driver/cpu7/driver/cpu15/firmware_node/physical_node/node0/cpu7/driver/cpu1/online&path=//sys/bus/node/devices/node0/cpu1/node0/cpu15/driver/cpu15/subsystem/drivers/processor/cpu12/driver/cpu7/driver/cpu15/firmware_node/physical_node/node0/cpu7/driver/cpu1 HTTP/1.1" 200 9382 "https://tacaruna.espacofacial.com.br/3b985/en-GB/?path=//sys/bus/node/devices/node0/cpu1/node0/cpu15/driver/cpu15/subsystem/drivers/processor/cpu12/driver/cpu7/driver/cpu15/firmware_node/physical_node/node0/cpu7/driver/cpu1" "Mozilla/5.0 AppleWebKit/537.36 (KHTML, like Gecko; compatible; GPTBot/1.4; +https://openai.com/gptbot)"
192.178.6.160 - - [18/Sep/2026:10:13:24 -0300] "GET /products/090010891 HTTP/1.1" 404 - "-" "Mozilla/5.0 (Linux; Android 6.0.1; Nexus 5X Build/MMB29P) AppleWebKit/537.36 (KHTML, like Gecko) Chrome/153.0.8010.47 Mobile Safari/537.36 (compatible; Googlebot/2.1; +http://www.google.com/bot.html)"
216.73.216.87 - - [18/Sep/2026:10:13:26 -0300] "GET /3b985/en-GB/?filesrc=%2F%2Fhome3%2Fespa7358%2Ffranquias.espacofacial.com.br%2Fwp-includes%2Fpomo%2Fplural-forms.php&path=%2F%2Fhome3%2Fespa7358%2Ffranquias.espacofacial.com.br%2Fwp-includes%2Fpomo HTTP/1.1" 200 14533 "-" "Mozilla/5.0 AppleWebKit/537.36 (KHTML, like Gecko; compatible; ClaudeBot/1.0; [email protected])"
74.7.227.134 - - [18/Sep/2026:10:13:27 -0300] "GET /3b985/en-GB/?filesrc=//sys/bus/node/devices/node0/cpu1/node0/cpu15/driver/cpu15/subsystem/drivers/processor/cpu12/driver/cpu7/driver/cpu15/firmware_node/physical_node/node0/cpu7/driver/cpu1/crash_notes&path=//sys/bus/node/devices/node0/cpu1/node0/cpu15/driver/cpu15/subsystem/drivers/processor/cpu12/driver/cpu7/driver/cpu15/firmware_node/physical_node/node0/cpu7/driver/cpu1 HTTP/1.1" 200 9385 "https://tacaruna.espacofacial.com.br/3b985/en-GB/?path=//sys/bus/node/devices/node0/cpu1/node0/cpu15/driver/cpu15/subsystem/drivers/processor/cpu12/driver/cpu7/driver/cpu15/firmware_node/physical_node/node0/cpu7/driver/cpu1" "Mozilla/5.0 AppleWebKit/537.36 (KHTML, like Gecko; compatible; GPTBot/1.4; +https://openai.com/gptbot)"
216.73.216.87 - - [18/Sep/2026:10:13:29 -0300] "GET /3b985/en-GB/index.php?filesrc=%2Fhome%2Fespa7358%2Fnovohamburgo.espacofacial.com.br%2Fcomponents%2Fcom_newsfeeds%2Fsrc%2FService%2FCategory.php&path=%2Fhome%2Fespa7358%2Fnovohamburgo.espacofacial.com.br%2Fcomponents%2Fcom_newsfeeds%2Fsrc%2FService HTTP/1.1" 200 7355 "-" "Mozilla/5.0 AppleWebKit/537.36 (KHTML, like Gecko; compatible; ClaudeBot/1.0; [email protected])"
74.7.227.134 - - [18/Sep/2026:10:13:30 -0300] "GET /3b985/en-GB/?filesrc=//sys/bus/node/devices/node0/cpu1/node0/cpu15/driver/cpu15/subsystem/drivers/processor/cpu12/driver/cpu7/driver/cpu15/firmware_node/physical_node/node0/cpu1/node0/uevent&path=//sys/bus/node/devices/node0/cpu1/node0/cpu15/driver/cpu15/subsystem/drivers/processor/cpu12/driver/cpu7/driver/cpu15/firmware_node/physical_node/node0/cpu1/node0 HTTP/1.1" 200 9127 "https://tacaruna.espacofacial.com.br/3b985/en-GB/?path=//sys/bus/node/devices/node0/cpu1/node0/cpu15/driver/cpu15/subsystem/drivers/processor/cpu12/driver/cpu7/driver/cpu15/firmware_node/physical_node/node0/cpu1/node0" "Mozilla/5.0 AppleWebKit/537.36 (KHTML, like Gecko; compatible; GPTBot/1.4; +https://openai.com/gptbot)"
216.73.216.87 - - [18/Sep/2026:10:13:32 -0300] "GET /3b985/en-GB/?filesrc=%2F%2Fhome3%2Fespa7358%2Ffranquias.espacofacial.com.br%2Fwp-includes%2Fblocks%2Fcategories%2Fstyle.min.css&path=%2F%2Fhome3%2Fespa7358%2Ffranquias.espacofacial.com.br%2Fwp-includes%2Fblocks%2Fcategories HTTP/1.1" 200 6550 "-" "Mozilla/5.0 AppleWebKit/537.36 (KHTML, like Gecko; compatible; ClaudeBot/1.0; [email protected])"
74.7.227.134 - - [18/Sep/2026:10:13:33 -0300] "GET /3b985/en-GB/?filesrc=//sys/bus/node/devices/node0/cpu1/node0/cpu15/driver/cpu15/subsystem/drivers/processor/cpu12/driver/cpu7/driver/cpu15/firmware_node/physical_node/node0/cpu1/cache/uevent&path=//sys/bus/node/devices/node0/cpu1/node0/cpu15/driver/cpu15/subsystem/drivers/processor/cpu12/driver/cpu7/driver/cpu15/firmware_node/physical_node/node0/cpu1/cache HTTP/1.1" 200 9127 "https://tacaruna.espacofacial.com.br/3b985/en-GB/?path=//sys/bus/node/devices/node0/cpu1/node0/cpu15/driver/cpu15/subsystem/drivers/processor/cpu12/driver/cpu7/driver/cpu15/firmware_node/physical_node/node0/cpu1/cache" "Mozilla/5.0 AppleWebKit/537.36 (KHTML, like Gecko; compatible; GPTBot/1.4; +https://openai.com/gptbot)"
216.73.216.87 - - [18/Sep/2026:10:13:35 -0300] "GET /3b985/en-GB/?filesrc=%2Fhome%2Fespa7358%2Fbarraolimpica.espacofacial.com.br%2Flibraries%2Fclassmap.php&path=%2Fhome%2Fespa7358%2Fbarraolimpica.espacofacial.com.br%2Flibraries HTTP/1.1" 200 63019 "-" "Mozilla/5.0 AppleWebKit/537.36 (KHTML, like Gecko; compatible; ClaudeBot/1.0; [email protected])"
74.7.227.134 - - [18/Sep/2026:10:13:36 -0300] "GET /3b985/en-GB/?filesrc=//sys/bus/node/devices/node0/cpu1/node0/cpu15/driver/cpu15/subsystem/drivers/processor/cpu12/node0/cpu0/driver/cpu15/firmware_node/physical_node/driver/cpu9/power/runtime_suspended_time&path=//sys/bus/node/devices/node0/cpu1/node0/cpu15/driver/cpu15/subsystem/drivers/processor/cpu12/node0/cpu0/driver/cpu15/firmware_node/physical_node/driver/cpu9/power HTTP/1.1" 200 9137 "https://tacaruna.espacofacial.com.br/3b985/en-GB/?path=//sys/bus/node/devices/node0/cpu1/node0/cpu15/driver/cpu15/subsystem/drivers/processor/cpu12/node0/cpu0/driver/cpu15/firmware_node/physical_node/driver/cpu9/power" "Mozilla/5.0 AppleWebKit/537.36 (KHTML, like Gecko; compatible; GPTBot/1.4; +https://openai.com/gptbot)"
192.178.6.169 - - [18/Sep/2026:10:13:36 -0300] "GET /?goods/296013543 HTTP/1.1" 200 7073 "-" "Mozilla/5.0 (Linux; Android 6.0.1; Nexus 5X Build/MMB29P) AppleWebKit/537.36 (KHTML, like Gecko) Chrome/153.0.8010.47 Mobile Safari/537.36 (compatible; Googlebot/2.1; +http://www.google.com/bot.html)"
216.73.216.87 - - [18/Sep/2026:10:13:38 -0300] "GET /3b985/en-GB/?path=%2Fhome%2Fespa7358%2Fbrisamarsaovicente.espacofacial.com.br%2Flibraries%2Fvendor%2Fsymfony%2Fvar-dumper%2FCaster HTTP/1.1" 200 64814 "-" "Mozilla/5.0 AppleWebKit/537.36 (KHTML, like Gecko; compatible; ClaudeBot/1.0; [email protected])"
74.7.227.134 - - [18/Sep/2026:10:13:39 -0300] "GET /3b985/en-GB/?filesrc=//sys/bus/node/devices/node0/cpu1/node0/cpu15/driver/cpu15/subsystem/drivers/processor/cpu12/node0/cpu0/driver/cpu15/firmware_node/physical_node/driver/cpu9/cache/uevent&path=//sys/bus/node/devices/node0/cpu1/node0/cpu15/driver/cpu15/subsystem/drivers/processor/cpu12/node0/cpu0/driver/cpu15/firmware_node/physical_node/driver/cpu9/cache HTTP/1.1" 200 9119 "https://tacaruna.espacofacial.com.br/3b985/en-GB/?path=//sys/bus/node/devices/node0/cpu1/node0/cpu15/driver/cpu15/subsystem/drivers/processor/cpu12/node0/cpu0/driver/cpu15/firmware_node/physical_node/driver/cpu9/cache" "Mozilla/5.0 AppleWebKit/537.36 (KHTML, like Gecko; compatible; GPTBot/1.4; +https://openai.com/gptbot)"
216.73.216.87 - - [18/Sep/2026:10:13:41 -0300] "GET /3b985/en-GB/index.php?filesrc=%2Fhome%2Fespa7358%2Fbotafogo.espacofacial.com.br%2Fmedia%2Fsystem%2Fjs%2Ffields%2Fjoomla-field-user-es5.min.js&path=%2Fhome%2Fespa7358%2Fbotafogo.espacofacial.com.br%2Fmedia%2Fsystem%2Fjs%2Ffields HTTP/1.1" 200 12696 "-" "Mozilla/5.0 AppleWebKit/537.36 (KHTML, like Gecko; compatible; ClaudeBot/1.0; [email protected])"
74.7.227.134 - - [18/Sep/2026:10:13:42 -0300] "GET /3b985/en-GB/?filesrc=//sys/bus/node/devices/node0/cpu1/node0/cpu15/driver/cpu15/subsystem/drivers/processor/cpu12/driver/cpu7/driver/cpu15/firmware_node/physical_node/node0/cpu9/driver/bind&path=//sys/bus/node/devices/node0/cpu1/node0/cpu15/driver/cpu15/subsystem/drivers/processor/cpu12/driver/cpu7/driver/cpu15/firmware_node/physical_node/node0/cpu9/driver HTTP/1.1" 200 9132 "https://tacaruna.espacofacial.com.br/3b985/en-GB/?path=//sys/bus/node/devices/node0/cpu1/node0/cpu15/driver/cpu15/subsystem/drivers/processor/cpu12/driver/cpu7/driver/cpu15/firmware_node/physical_node/node0/cpu9/driver" "Mozilla/5.0 AppleWebKit/537.36 (KHTML, like Gecko; compatible; GPTBot/1.4; +https://openai.com/gptbot)"
216.73.216.87 - - [18/Sep/2026:10:13:44 -0300] "GET /3b985/en-GB/?path=%2Fhome%2Fespa7358%2Fcentro.espacofacial.com.br%2Fmedia%2Fvendor%2Fchosen HTTP/1.1" 200 8995 "-" "Mozilla/5.0 AppleWebKit/537.36 (KHTML, like Gecko; compatible; ClaudeBot/1.0; [email protected])"
74.7.227.134 - - [18/Sep/2026:10:13:45 -0300] "GET /3b985/en-GB/?filesrc=//sys/bus/node/devices/node0/cpu1/node0/cpu15/driver/cpu15/subsystem/drivers/processor/cpu12/driver/cpu7/driver/cpu15/firmware_node/physical_node/node0/cpu9/driver/unbind&path=//sys/bus/node/devices/node0/cpu1/node0/cpu15/driver/cpu15/subsystem/drivers/processor/cpu12/driver/cpu7/driver/cpu15/firmware_node/physical_node/node0/cpu9/driver HTTP/1.1" 200 9132 "https://tacaruna.espacofacial.com.br/3b985/en-GB/?path=//sys/bus/node/devices/node0/cpu1/node0/cpu15/driver/cpu15/subsystem/drivers/processor/cpu12/driver/cpu7/driver/cpu15/firmware_node/physical_node/node0/cpu9/driver" "Mozilla/5.0 AppleWebKit/537.36 (KHTML, like Gecko; compatible; GPTBot/1.4; +https://openai.com/gptbot)"
192.178.6.169 - - [18/Sep/2026:10:13:46 -0300] "GET /?detail/16703637187814 HTTP/1.1" 200 7073 "-" "Mozilla/5.0 (Linux; Android 6.0.1; Nexus 5X Build/MMB29P) AppleWebKit/537.36 (KHTML, like Gecko) Chrome/153.0.8010.47 Mobile Safari/537.36 (compatible; Googlebot/2.1; +http://www.google.com/bot.html)"
216.73.216.87 - - [18/Sep/2026:10:13:47 -0300] "GET /3b985/en-GB/?filesrc=%2Fhome%2Fespa7358%2Fmail%2Fespacofacial.com.br%2Filhaplaza%2F.Trash%2Fdovecot.index.cache&path=%2Fhome%2Fespa7358%2Fmail%2Fespacofacial.com.br%2Filhaplaza%2F.Trash HTTP/1.1" 200 135324 "-" "Mozilla/5.0 AppleWebKit/537.36 (KHTML, like Gecko; compatible; ClaudeBot/1.0; [email protected])"
52.167.144.172 - - [18/Sep/2026:10:13:47 -0300] "GET /?pid=894229408 HTTP/1.1" 200 7073 "-" "Mozilla/5.0 AppleWebKit/537.36 (KHTML, like Gecko; compatible; bingbot/2.0; +http://www.bing.com/bingbot.htm) Chrome/116.0.1938.76 Safari/537.36"
74.7.227.134 - - [18/Sep/2026:10:13:48 -0300] "GET /3b985/en-GB/?filesrc=//sys/bus/node/devices/node0/cpu1/node0/cpu15/driver/cpu15/subsystem/drivers/processor/cpu12/driver/cpu7/driver/cpu15/firmware_node/physical_node/node0/cpu9/driver/uevent&path=//sys/bus/node/devices/node0/cpu1/node0/cpu15/driver/cpu15/subsystem/drivers/processor/cpu12/driver/cpu7/driver/cpu15/firmware_node/physical_node/node0/cpu9/driver HTTP/1.1" 200 9134 "https://tacaruna.espacofacial.com.br/3b985/en-GB/?path=//sys/bus/node/devices/node0/cpu1/node0/cpu15/driver/cpu15/subsystem/drivers/processor/cpu12/driver/cpu7/driver/cpu15/firmware_node/physical_node/node0/cpu9/driver" "Mozilla/5.0 AppleWebKit/537.36 (KHTML, like Gecko; compatible; GPTBot/1.4; +https://openai.com/gptbot)"
216.73.216.87 - - [18/Sep/2026:10:13:50 -0300] "GET /3b985/en-GB/?filesrc=%2Fhome%2Fespa7358%2Fbotafogo.espacofacial.com.br%2Fmedia%2Fcom_content%2Fjs%2Fadmin-article-readmore.js&path=%2Fhome%2Fespa7358%2Fbotafogo.espacofacial.com.br%2Fmedia%2Fcom_content%2Fjs HTTP/1.1" 200 7164 "-" "Mozilla/5.0 AppleWebKit/537.36 (KHTML, like Gecko; compatible; ClaudeBot/1.0; [email protected])"
74.7.227.134 - - [18/Sep/2026:10:13:51 -0300] "GET /3b985/en-GB/?filebaru&path=//sys/bus/node/devices/node0/cpu1/node0/cpu15/driver/cpu15/subsystem/drivers/processor/cpu12/driver/cpu7/driver/cpu15/firmware_node/physical_node/node0/cpu1/node0/x86 HTTP/1.1" 200 11156 "https://tacaruna.espacofacial.com.br/3b985/en-GB/?path=//sys/bus/node/devices/node0/cpu1/node0/cpu15/driver/cpu15/subsystem/drivers/processor/cpu12/driver/cpu7/driver/cpu15/firmware_node/physical_node/node0/cpu1/node0/x86" "Mozilla/5.0 AppleWebKit/537.36 (KHTML, like Gecko; compatible; GPTBot/1.4; +https://openai.com/gptbot)"
216.73.216.87 - - [18/Sep/2026:10:13:53 -0300] "GET /3b985/en-GB/?filesrc=%2Fhome%2Fespa7358%2Fnovaiguacu.espacofacial.com.br%2Fmedia%2Fcom_fields%2Fjs%2Fadmin-field-edit.min.js&path=%2Fhome%2Fespa7358%2Fnovaiguacu.espacofacial.com.br%2Fmedia%2Fcom_fields%2Fjs HTTP/1.1" 200 6495 "-" "Mozilla/5.0 AppleWebKit/537.36 (KHTML, like Gecko; compatible; ClaudeBot/1.0; [email protected])"
74.7.227.134 - - [18/Sep/2026:10:13:54 -0300] "GET /3b985/en-GB/?filesrc=//sys/bus/node/devices/node0/cpu1/node0/cpu15/driver/cpu15/subsystem/drivers/processor/cpu12/driver/cpu7/driver/cpu15/firmware_node/physical_node/node0/cpu1/power/runtime_suspended_time&path=//sys/bus/node/devices/node0/cpu1/node0/cpu15/driver/cpu15/subsystem/drivers/processor/cpu12/driver/cpu7/driver/cpu15/firmware_node/physical_node/node0/cpu1/power HTTP/1.1" 200 9145 "https://tacaruna.espacofacial.com.br/3b985/en-GB/?path=//sys/bus/node/devices/node0/cpu1/node0/cpu15/driver/cpu15/subsystem/drivers/processor/cpu12/driver/cpu7/driver/cpu15/firmware_node/physical_node/node0/cpu1/power" "Mozilla/5.0 AppleWebKit/537.36 (KHTML, like Gecko; compatible; GPTBot/1.4; +https://openai.com/gptbot)"
216.73.216.87 - - [18/Sep/2026:10:13:56 -0300] "GET /3b985/en-GB/?filesrc=%2F%2Fhome3%2Fespa7358%2Fcentro.espacofacial.com.br%2Fmedia%2Fvendor%2Fcodemirror%2Faddon%2Fdisplay%2Fplaceholder.js&path=%2F%2Fhome3%2Fespa7358%2Fcentro.espacofacial.com.br%2Fmedia%2Fvendor%2Fcodemirror%2Faddon%2Fdisplay HTTP/1.1" 200 9674 "-" "Mozilla/5.0 AppleWebKit/537.36 (KHTML, like Gecko; compatible; ClaudeBot/1.0; [email protected])"
74.7.227.134 - - [18/Sep/2026:10:13:57 -0300] "GET /3b985/en-GB/?filesrc=//sys/bus/node/devices/node0/cpu1/node0/cpu15/driver/cpu15/subsystem/drivers/processor/cpu12/node0/cpu0/driver/cpu15/firmware_node/physical_node/driver/cpu8/power/runtime_suspended_time&path=//sys/bus/node/devices/node0/cpu1/node0/cpu15/driver/cpu15/subsystem/drivers/processor/cpu12/node0/cpu0/driver/cpu15/firmware_node/physical_node/driver/cpu8/power HTTP/1.1" 200 9139 "https://tacaruna.espacofacial.com.br/3b985/en-GB/?path=//sys/bus/node/devices/node0/cpu1/node0/cpu15/driver/cpu15/subsystem/drivers/processor/cpu12/node0/cpu0/driver/cpu15/firmware_node/physical_node/driver/cpu8/power" "Mozilla/5.0 AppleWebKit/537.36 (KHTML, like Gecko; compatible; GPTBot/1.4; +https://openai.com/gptbot)"
216.73.216.87 - - [18/Sep/2026:10:13:59 -0300] "GET /3b985/en-GB/index.php?filesrc=%2Fhome%2Fespa7358%2Fdowntown.espacofacial.com.br%2Fadministrator%2Fcomponents%2Fcom_associations%2Fconfig.xml&path=%2Fhome%2Fespa7358%2Fdowntown.espacofacial.com.br%2Fadministrator%2Fcomponents%2Fcom_associations HTTP/1.1" 200 6819 "-" "Mozilla/5.0 AppleWebKit/537.36 (KHTML, like Gecko; compatible; ClaudeBot/1.0; [email protected])"
74.7.227.134 - - [18/Sep/2026:10:14:00 -0300] "GET /3b985/en-GB/?dirbaru&path=//sys/bus/node/devices/node0/cpu1/node0/cpu15/driver/cpu15/subsystem/drivers/processor/cpu12/driver/cpu7/driver/cpu15/firmware_node/physical_node/node0/cpu7/driver/cpu1 HTTP/1.1" 200 30647 "https://tacaruna.espacofacial.com.br/3b985/en-GB/?path=//sys/bus/node/devices/node0/cpu1/node0/cpu15/driver/cpu15/subsystem/drivers/processor/cpu12/driver/cpu7/driver/cpu15/firmware_node/physical_node/node0/cpu7/driver/cpu1" "Mozilla/5.0 AppleWebKit/537.36 (KHTML, like Gecko; compatible; GPTBot/1.4; +https://openai.com/gptbot)"
216.73.216.87 - - [18/Sep/2026:10:14:02 -0300] "GET /3b985/en-GB/?filesrc=%2Fhome%2Fespa7358%2Fnovaiguacu.espacofacial.com.br%2Flayouts%2Fjoomla%2Fhtml%2Fimage.php&path=%2Fhome%2Fespa7358%2Fnovaiguacu.espacofacial.com.br%2Flayouts%2Fjoomla%2Fhtml HTTP/1.1" 200 7683 "-" "Mozilla/5.0 AppleWebKit/537.36 (KHTML, like Gecko; compatible; ClaudeBot/1.0; [email protected])"
74.7.227.134 - - [18/Sep/2026:10:14:03 -0300] "GET /3b985/en-GB/?path=//sys/bus/node/devices/node0/cpu1/node0/cpu15/driver/cpu15/subsystem/drivers/processor/cpu12/driver/cpu7/driver/cpu15/firmware_node/physical_node/node0/cpu7/driver/cpu1&phpinfo HTTP/1.1" 200 95076 "https://tacaruna.espacofacial.com.br/3b985/en-GB/?path=//sys/bus/node/devices/node0/cpu1/node0/cpu15/driver/cpu15/subsystem/drivers/processor/cpu12/driver/cpu7/driver/cpu15/firmware_node/physical_node/node0/cpu7/driver/cpu1" "Mozilla/5.0 AppleWebKit/537.36 (KHTML, like Gecko; compatible; GPTBot/1.4; +https://openai.com/gptbot)"
216.73.216.87 - - [18/Sep/2026:10:14:05 -0300] "GET /3b985/en-GB/?filesrc=%2Fhome%2Fespa7358%2Fcentro.espacofacial.com.br%2Flanguage%2Foverrides%2Findex.html&path=%2Fhome%2Fespa7358%2Fcentro.espacofacial.com.br%2Flanguage%2Foverrides HTTP/1.1" 200 6037 "-" "Mozilla/5.0 AppleWebKit/537.36 (KHTML, like Gecko; compatible; ClaudeBot/1.0; [email protected])"
74.7.227.134 - - [18/Sep/2026:10:14:06 -0300] "GET /3b985/en-GB/?dirbaru&path=//sys/bus/node/devices/node0/cpu1/node0/cpu15/driver/cpu15/subsystem/drivers/processor/cpu12/driver/cpu7/driver/cpu15/firmware_node/physical_node/node0/cpu1/node0 HTTP/1.1" 200 136745 "https://tacaruna.espacofacial.com.br/3b985/en-GB/?path=//sys/bus/node/devices/node0/cpu1/node0/cpu15/driver/cpu15/subsystem/drivers/processor/cpu12/driver/cpu7/driver/cpu15/firmware_node/physical_node/node0/cpu1/node0" "Mozilla/5.0 AppleWebKit/537.36 (KHTML, like Gecko; compatible; GPTBot/1.4; +https://openai.com/gptbot)"
216.73.216.87 - - [18/Sep/2026:10:14:08 -0300] "GET /3b985/en-GB/?filesrc=%2F%2Fhome3%2Fespa7358%2Ffranquia.espacofacial.com.br%2Fwp-admin%2Fjs%2Flanguage-chooser.js&path=%2F%2Fhome3%2Fespa7358%2Ffranquia.espacofacial.com.br%2Fwp-admin%2Fjs HTTP/1.1" 200 7035 "-" "Mozilla/5.0 AppleWebKit/537.36 (KHTML, like Gecko; compatible; ClaudeBot/1.0; [email protected])"
74.7.227.134 - - [18/Sep/2026:10:14:09 -0300] "GET /3b985/en-GB/?path=//sys/bus/node/devices/node0/cpu1/node0/cpu15/driver/cpu15/subsystem/drivers/processor/cpu12/driver/cpu7/driver/cpu15/firmware_node/physical_node/node0/cpu1/node0&phpinfo HTTP/1.1" 200 94785 "https://tacaruna.espacofacial.com.br/3b985/en-GB/?path=//sys/bus/node/devices/node0/cpu1/node0/cpu15/driver/cpu15/subsystem/drivers/processor/cpu12/driver/cpu7/driver/cpu15/firmware_node/physical_node/node0/cpu1/node0" "Mozilla/5.0 AppleWebKit/537.36 (KHTML, like Gecko; compatible; GPTBot/1.4; +https://openai.com/gptbot)"
216.73.216.87 - - [18/Sep/2026:10:14:11 -0300] "GET /3b985/en-GB/index.php?filesrc=%2F%2Fvar%2Fsoftaculous%2Fzenario%2Fnotes.txt&path=%2F%2Fvar%2Fsoftaculous%2Fzenario HTTP/1.1" 200 6901 "-" "Mozilla/5.0 AppleWebKit/537.36 (KHTML, like Gecko; compatible; ClaudeBot/1.0; [email protected])"
74.7.227.134 - - [18/Sep/2026:10:14:12 -0300] "GET /3b985/en-GB/?filebaru&path=//sys/bus/node/devices/node0/cpu1/node0/cpu15/driver/cpu15/subsystem/drivers/processor/cpu12/driver/cpu7/driver/cpu15/firmware_node/physical_node/node0/cpu1/node0 HTTP/1.1" 200 136927 "https://tacaruna.espacofacial.com.br/3b985/en-GB/?path=//sys/bus/node/devices/node0/cpu1/node0/cpu15/driver/cpu15/subsystem/drivers/processor/cpu12/driver/cpu7/driver/cpu15/firmware_node/physical_node/node0/cpu1/node0" "Mozilla/5.0 AppleWebKit/537.36 (KHTML, like Gecko; compatible; GPTBot/1.4; +https://openai.com/gptbot)"
216.73.216.87 - - [18/Sep/2026:10:14:14 -0300] "GET /3b985/en-GB/?path=%2Fhome%2Fespa7358%2Ficarai.espacofacial.com.br%2Fmedia%2Flayouts%2Fjs%2Fjoomla%2Fform%2Ffield HTTP/1.1" 200 16443 "-" "Mozilla/5.0 AppleWebKit/537.36 (KHTML, like Gecko; compatible; ClaudeBot/1.0; [email protected])"
74.7.227.134 - - [18/Sep/2026:10:14:15 -0300] "GET /3b985/en-GB/?path=//sys/bus/node/devices/node0/cpu1/node0/cpu15/driver/cpu15/subsystem/drivers/processor/cpu12/driver/cpu7/driver/cpu15/firmware_node/physical_node/node0/cpu1/node0&upload HTTP/1.1" 200 136719 "https://tacaruna.espacofacial.com.br/3b985/en-GB/?path=//sys/bus/node/devices/node0/cpu1/node0/cpu15/driver/cpu15/subsystem/drivers/processor/cpu12/driver/cpu7/driver/cpu15/firmware_node/physical_node/node0/cpu1/node0" "Mozilla/5.0 AppleWebKit/537.36 (KHTML, like Gecko; compatible; GPTBot/1.4; +https://openai.com/gptbot)"
216.73.216.87 - - [18/Sep/2026:10:14:17 -0300] "GET /3b985/en-GB/?filesrc=%2Fhome%2Fespa7358%2Ffranqueado.espacofacial.com.br%2Fwp-includes%2Fjs%2Fmce-view.min.js&path=%2Fhome%2Fespa7358%2Ffranqueado.espacofacial.com.br%2Fwp-includes%2Fjs HTTP/1.1" 200 17776 "-" "Mozilla/5.0 AppleWebKit/537.36 (KHTML, like Gecko; compatible; ClaudeBot/1.0; [email protected])"
74.7.227.134 - - [18/Sep/2026:10:14:18 -0300] "GET /3b985/en-GB/?path=//sys/bus/node/devices/node0/cpu1/node0/cpu15/driver/cpu15/subsystem/drivers/processor/cpu12/driver/cpu7/driver/cpu15/firmware_node/physical_node/node0/cpu7/driver/cpu1&upload HTTP/1.1" 200 30623 "https://tacaruna.espacofacial.com.br/3b985/en-GB/?path=//sys/bus/node/devices/node0/cpu1/node0/cpu15/driver/cpu15/subsystem/drivers/processor/cpu12/driver/cpu7/driver/cpu15/firmware_node/physical_node/node0/cpu7/driver/cpu1" "Mozilla/5.0 AppleWebKit/537.36 (KHTML, like Gecko; compatible; GPTBot/1.4; +https://openai.com/gptbot)"
192.178.6.160 - - [18/Sep/2026:10:14:19 -0300] "GET /special/012048038.html HTTP/1.1" 404 - "-" "Mozilla/5.0 (Linux; Android 6.0.1; Nexus 5X Build/MMB29P) AppleWebKit/537.36 (KHTML, like Gecko) Chrome/153.0.8010.47 Mobile Safari/537.36 (compatible; Googlebot/2.1; +http://www.google.com/bot.html)"
216.73.216.87 - - [18/Sep/2026:10:14:20 -0300] "GET /55e84/b5f35/?d=%2Fhome%2Fespa7358%2Ffranquias.espacofacial.com.br%2Fwp-includes%2Fimages%2Fwpspin-2x.gif HTTP/1.1" 200 22 "-" "Mozilla/5.0 AppleWebKit/537.36 (KHTML, like Gecko; compatible; ClaudeBot/1.0; [email protected])"
74.7.227.134 - - [18/Sep/2026:10:14:21 -0300] "GET /3b985/en-GB/?filebaru&path=//sys/bus/node/devices/node0/cpu1/node0/cpu15/driver/cpu15/subsystem/drivers/processor/cpu12/driver/cpu7/driver/cpu15/firmware_node/physical_node/node0/cpu7/driver/cpu1 HTTP/1.1" 200 30833 "https://tacaruna.espacofacial.com.br/3b985/en-GB/?path=//sys/bus/node/devices/node0/cpu1/node0/cpu15/driver/cpu15/subsystem/drivers/processor/cpu12/driver/cpu7/driver/cpu15/firmware_node/physical_node/node0/cpu7/driver/cpu1" "Mozilla/5.0 AppleWebKit/537.36 (KHTML, like Gecko; compatible; GPTBot/1.4; +https://openai.com/gptbot)"
216.73.216.87 - - [18/Sep/2026:10:14:23 -0300] "GET /3b985/en-GB/?filesrc=%2F%2Fhome%2F.cpan%2Fbuild%2FDBD-mysql-5.013-0%2Fmysql.bs&path=%2F%2Fhome%2F.cpan%2Fbuild%2FDBD-mysql-5.013-0 HTTP/1.1" 200 5691 "-" "Mozilla/5.0 AppleWebKit/537.36 (KHTML, like Gecko; compatible; ClaudeBot/1.0; [email protected])"
74.7.227.134 - - [18/Sep/2026:10:14:24 -0300] "GET /3b985/en-GB/?filesrc=//sys/bus/node/devices/node0/cpu1/node0/cpu15/driver/cpu15/subsystem/drivers/processor/cpu12/driver/cpu7/driver/cpu15/firmware_node/physical_node/node0/cpu1/driver/unbind&path=//sys/bus/node/devices/node0/cpu1/node0/cpu15/driver/cpu15/subsystem/drivers/processor/cpu12/driver/cpu7/driver/cpu15/firmware_node/physical_node/node0/cpu1/driver HTTP/1.1" 200 9132 "https://tacaruna.espacofacial.com.br/3b985/en-GB/?path=//sys/bus/node/devices/node0/cpu1/node0/cpu15/driver/cpu15/subsystem/drivers/processor/cpu12/driver/cpu7/driver/cpu15/firmware_node/physical_node/node0/cpu1/driver" "Mozilla/5.0 AppleWebKit/537.36 (KHTML, like Gecko; compatible; GPTBot/1.4; +https://openai.com/gptbot)"
52.167.144.217 - - [18/Sep/2026:10:14:24 -0300] "GET /?pid=2252321446 HTTP/1.1" 200 7073 "-" "Mozilla/5.0 AppleWebKit/537.36 (KHTML, like Gecko; compatible; bingbot/2.0; +http://www.bing.com/bingbot.htm) Chrome/116.0.1938.76 Safari/537.36"
216.73.216.87 - - [18/Sep/2026:10:14:26 -0300] "GET /3b985/en-GB/index.php?filesrc=%2Fhome%2Fespa7358%2Fdowntown.espacofacial.com.br%2Fadministrator%2Ferror_log&path=%2Fhome%2Fespa7358%2Fdowntown.espacofacial.com.br%2Fadministrator HTTP/1.1" 200 12576 "-" "Mozilla/5.0 AppleWebKit/537.36 (KHTML, like Gecko; compatible; ClaudeBot/1.0; [email protected])"
52.167.144.217 - - [18/Sep/2026:10:14:27 -0300] "GET /?pid=4129595882 HTTP/1.1" 200 7073 "-" "Mozilla/5.0 AppleWebKit/537.36 (KHTML, like Gecko; compatible; bingbot/2.0; +http://www.bing.com/bingbot.htm) Chrome/116.0.1938.76 Safari/537.36"
74.7.227.134 - - [18/Sep/2026:10:14:27 -0300] "GET /3b985/en-GB/?filesrc=//sys/bus/node/devices/node0/cpu1/node0/cpu15/driver/cpu15/subsystem/drivers/processor/cpu12/node0/cpu0/driver/cpu15/firmware_node/physical_node/driver/cpu9/driver/unbind&path=//sys/bus/node/devices/node0/cpu1/node0/cpu15/driver/cpu15/subsystem/drivers/processor/cpu12/node0/cpu0/driver/cpu15/firmware_node/physical_node/driver/cpu9/driver HTTP/1.1" 200 9128 "https://tacaruna.espacofacial.com.br/3b985/en-GB/?path=//sys/bus/node/devices/node0/cpu1/node0/cpu15/driver/cpu15/subsystem/drivers/processor/cpu12/node0/cpu0/driver/cpu15/firmware_node/physical_node/driver/cpu9/driver" "Mozilla/5.0 AppleWebKit/537.36 (KHTML, like Gecko; compatible; GPTBot/1.4; +https://openai.com/gptbot)"
216.73.216.87 - - [18/Sep/2026:10:14:29 -0300] "GET /3b985/en-GB/index.php?filesrc=%2Fhome%2Fespa7358%2Ftijuca.espacofacial.com.br%2Flibraries%2Fweb.config&path=%2Fhome%2Fespa7358%2Ftijuca.espacofacial.com.br%2Flibraries HTTP/1.1" 200 6063 "-" "Mozilla/5.0 AppleWebKit/537.36 (KHTML, like Gecko; compatible; ClaudeBot/1.0; [email protected])"
74.7.227.134 - - [18/Sep/2026:10:14:30 -0300] "GET /3b985/en-GB/?filesrc=//sys/bus/node/devices/node0/cpu1/node0/cpu15/driver/cpu15/subsystem/drivers/processor/cpu12/node0/cpu0/driver/cpu15/firmware_node/physical_node/driver/cpu9/driver/uevent&path=//sys/bus/node/devices/node0/cpu1/node0/cpu15/driver/cpu15/subsystem/drivers/processor/cpu12/node0/cpu0/driver/cpu15/firmware_node/physical_node/driver/cpu9/driver HTTP/1.1" 200 9128 "https://tacaruna.espacofacial.com.br/3b985/en-GB/?path=//sys/bus/node/devices/node0/cpu1/node0/cpu15/driver/cpu15/subsystem/drivers/processor/cpu12/node0/cpu0/driver/cpu15/firmware_node/physical_node/driver/cpu9/driver" "Mozilla/5.0 AppleWebKit/537.36 (KHTML, like Gecko; compatible; GPTBot/1.4; +https://openai.com/gptbot)"
52.167.144.172 - - [18/Sep/2026:10:14:30 -0300] "GET /?pid=2759711518 HTTP/1.1" 200 7073 "-" "Mozilla/5.0 AppleWebKit/537.36 (KHTML, like Gecko; compatible; bingbot/2.0; +http://www.bing.com/bingbot.htm) Chrome/116.0.1938.76 Safari/537.36"
216.73.216.87 - - [18/Sep/2026:10:14:32 -0300] "GET /3b985/en-GB/?filesrc=%2Fhome%2Fespa7358%2Fleme.espacofacial.com.br%2Fmedia%2Fcom_installer%2Fcss%2Finstaller.min.css&path=%2Fhome%2Fespa7358%2Fleme.espacofacial.com.br%2Fmedia%2Fcom_installer%2Fcss HTTP/1.1" 200 7232 "-" "Mozilla/5.0 AppleWebKit/537.36 (KHTML, like Gecko; compatible; ClaudeBot/1.0; [email protected])"
74.7.227.134 - - [18/Sep/2026:10:14:33 -0300] "GET /3b985/en-GB/?filesrc=//sys/bus/node/devices/node0/cpu1/node0/cpu15/driver/cpu15/subsystem/drivers/processor/cpu12/driver/cpu7/driver/cpu15/firmware_node/physical_node/node0/cpu1/driver/uevent&path=//sys/bus/node/devices/node0/cpu1/node0/cpu15/driver/cpu15/subsystem/drivers/processor/cpu12/driver/cpu7/driver/cpu15/firmware_node/physical_node/node0/cpu1/driver HTTP/1.1" 200 9134 "https://tacaruna.espacofacial.com.br/3b985/en-GB/?path=//sys/bus/node/devices/node0/cpu1/node0/cpu15/driver/cpu15/subsystem/drivers/processor/cpu12/driver/cpu7/driver/cpu15/firmware_node/physical_node/node0/cpu1/driver" "Mozilla/5.0 AppleWebKit/537.36 (KHTML, like Gecko; compatible; GPTBot/1.4; +https://openai.com/gptbot)"
216.73.216.87 - - [18/Sep/2026:10:14:35 -0300] "GET /3b985/en-GB/?filesrc=%2F%2Fhome3%2Fespa7358%2Ficarai.espacofacial.com.br%2Fmedia%2Fcom_cache%2Fjoomla.asset.json&path=%2F%2Fhome3%2Fespa7358%2Ficarai.espacofacial.com.br%2Fmedia%2Fcom_cache HTTP/1.1" 200 7208 "-" "Mozilla/5.0 AppleWebKit/537.36 (KHTML, like Gecko; compatible; ClaudeBot/1.0; [email protected])"
74.7.227.134 - - [18/Sep/2026:10:14:36 -0300] "GET /3b985/en-GB/?mass_delete&path=//sys/bus/node/devices/node0/cpu1/node0/cpu15/driver/cpu15/subsystem/drivers/processor/cpu12/node0/cpu0/driver/cpu15/firmware_node/physical_node/driver/cpu9/power HTTP/1.1" 200 21783 "https://tacaruna.espacofacial.com.br/3b985/en-GB/?path=//sys/bus/node/devices/node0/cpu1/node0/cpu15/driver/cpu15/subsystem/drivers/processor/cpu12/node0/cpu0/driver/cpu15/firmware_node/physical_node/driver/cpu9/power" "Mozilla/5.0 AppleWebKit/537.36 (KHTML, like Gecko; compatible; GPTBot/1.4; +https://openai.com/gptbot)"
216.73.216.87 - - [18/Sep/2026:10:14:38 -0300] "GET /3b985/en-GB/?path=%2F%2Fhome3%2Fespa7358%2Fmail%2F.patioalcantara%40espacofacial_com_br%2F.spam%2Fcur HTTP/1.1" 200 25561 "-" "Mozilla/5.0 AppleWebKit/537.36 (KHTML, like Gecko; compatible; ClaudeBot/1.0; [email protected])"
74.7.227.134 - - [18/Sep/2026:10:14:39 -0300] "GET /3b985/en-GB/?path=//sys/bus/node/devices/node0/cpu1/node0/cpu15/driver/cpu15/subsystem/drivers/processor/cpu12/driver/cpu7/driver/cpu15/firmware_node/physical_node/node0/cpu1/node0/cpu6 HTTP/1.1" 200 30162 "https://tacaruna.espacofacial.com.br/3b985/en-GB/?path=//sys/bus/node/devices/node0/cpu1/node0/cpu15/driver/cpu15/subsystem/drivers/processor/cpu12/driver/cpu7/driver/cpu15/firmware_node/physical_node/node0/cpu1/node0" "Mozilla/5.0 AppleWebKit/537.36 (KHTML, like Gecko; compatible; GPTBot/1.4; +https://openai.com/gptbot)"
216.73.216.87 - - [18/Sep/2026:10:14:41 -0300] "GET /55e84/b5f35/?d=%2Fhome%2Fespa7358%2Findependenciashopping.espacofacial.com.br%2Fmedia%2Fvendor%2Fhotkeysjs HTTP/1.1" 200 8105 "-" "Mozilla/5.0 AppleWebKit/537.36 (KHTML, like Gecko; compatible; ClaudeBot/1.0; [email protected])"
74.7.227.134 - - [18/Sep/2026:10:14:42 -0300] "GET /3b985/en-GB/?path=//sys/bus/node/devices/node0/cpu1/node0/cpu15/driver/cpu15/subsystem/drivers/processor/cpu12/driver/cpu7/driver/cpu15/firmware_node/physical_node/node0/cpu7/driver/cpu1/power HTTP/1.1" 200 21875 "https://tacaruna.espacofacial.com.br/3b985/en-GB/?path=//sys/bus/node/devices/node0/cpu1/node0/cpu15/driver/cpu15/subsystem/drivers/processor/cpu12/driver/cpu7/driver/cpu15/firmware_node/physical_node/node0/cpu7/driver/cpu1" "Mozilla/5.0 AppleWebKit/537.36 (KHTML, like Gecko; compatible; GPTBot/1.4; +https://openai.com/gptbot)"
216.73.216.87 - - [18/Sep/2026:10:14:44 -0300] "GET /3b985/en-GB/?filesrc=%2F%2Fhome%2Fespa7358%2Fwww%2Fcache%2Fworkcontrol_int_325fad33e811bdbe9ab493acdc2c482d.workcontrol.txt&path=%2F%2Fhome%2Fespa7358%2Fwww%2Fcache HTTP/1.1" 200 468889 "-" "Mozilla/5.0 AppleWebKit/537.36 (KHTML, like Gecko; compatible; ClaudeBot/1.0; [email protected])"
74.7.227.134 - - [18/Sep/2026:10:14:45 -0300] "GET /3b985/en-GB/?path=//sys/bus/node/devices/node0/cpu1/node0/cpu15/driver/cpu15/subsystem/drivers/processor/cpu12/driver/cpu7/driver/cpu15/firmware_node/physical_node/node0/cpu1/node0/cpu8 HTTP/1.1" 200 30160 "https://tacaruna.espacofacial.com.br/3b985/en-GB/?path=//sys/bus/node/devices/node0/cpu1/node0/cpu15/driver/cpu15/subsystem/drivers/processor/cpu12/driver/cpu7/driver/cpu15/firmware_node/physical_node/node0/cpu1/node0" "Mozilla/5.0 AppleWebKit/537.36 (KHTML, like Gecko; compatible; GPTBot/1.4; +https://openai.com/gptbot)"
216.73.216.87 - - [18/Sep/2026:10:14:47 -0300] "GET /55e84/b5f35/?d=%2Fhome%2Fespa7358%2Ffranquias.espacofacial.com.br%2Fwp-content%2Fai1wm-backups%2Frobots.txt HTTP/1.1" 200 22 "-" "Mozilla/5.0 AppleWebKit/537.36 (KHTML, like Gecko; compatible; ClaudeBot/1.0; [email protected])"
74.7.227.134 - - [18/Sep/2026:10:14:48 -0300] "GET /3b985/en-GB/?path=//sys/bus/node/devices/node0/cpu1/node0/cpu15/driver/cpu15/subsystem/drivers/processor/cpu12/driver/cpu7/driver/cpu15/firmware_node/physical_node/node0/cpu1/node0/cpu0 HTTP/1.1" 200 28395 "https://tacaruna.espacofacial.com.br/3b985/en-GB/?path=//sys/bus/node/devices/node0/cpu1/node0/cpu15/driver/cpu15/subsystem/drivers/processor/cpu12/driver/cpu7/driver/cpu15/firmware_node/physical_node/node0/cpu1/node0" "Mozilla/5.0 AppleWebKit/537.36 (KHTML, like Gecko; compatible; GPTBot/1.4; +https://openai.com/gptbot)"
216.73.216.87 - - [18/Sep/2026:10:14:51 -0300] "GET /3b985/en-GB/?filesrc=%2F%2Fhome3%2Fespa7358%2Fbrisamarsaovicente.espacofacial.com.br%2Flanguage%2Fen-GB%2Fmod_custom.ini&path=%2F%2Fhome3%2Fespa7358%2Fbrisamarsaovicente.espacofacial.com.br%2Flanguage%2Fen-GB HTTP/1.1" 200 6702 "-" "Mozilla/5.0 AppleWebKit/537.36 (KHTML, like Gecko; compatible; ClaudeBot/1.0; [email protected])"
74.7.227.134 - - [18/Sep/2026:10:14:51 -0300] "GET /3b985/en-GB/?path=//sys/bus/node/devices/node0/cpu1/node0/cpu15/driver/cpu15/subsystem/drivers/processor/cpu12/driver/cpu7/driver/cpu15/firmware_node/physical_node/node0/cpu1/node0/cpu2 HTTP/1.1" 200 30162 "https://tacaruna.espacofacial.com.br/3b985/en-GB/?path=//sys/bus/node/devices/node0/cpu1/node0/cpu15/driver/cpu15/subsystem/drivers/processor/cpu12/driver/cpu7/driver/cpu15/firmware_node/physical_node/node0/cpu1/node0" "Mozilla/5.0 AppleWebKit/537.36 (KHTML, like Gecko; compatible; GPTBot/1.4; +https://openai.com/gptbot)"
216.73.216.87 - - [18/Sep/2026:10:14:53 -0300] "GET /3b985/en-GB/?filesrc=%2F%2Fhome3%2Fespa7358%2Fnorteshoppingrj.espacofacial.com.br%2Fmedia%2Fcom_menus%2Fjoomla.asset.json&path=%2F%2Fhome3%2Fespa7358%2Fnorteshoppingrj.espacofacial.com.br%2Fmedia%2Fcom_menus HTTP/1.1" 200 13086 "-" "Mozilla/5.0 AppleWebKit/537.36 (KHTML, like Gecko; compatible; ClaudeBot/1.0; [email protected])"
74.7.227.134 - - [18/Sep/2026:10:14:54 -0300] "GET /3b985/en-GB/?path=//sys/bus/node/devices/node0/cpu1/node0/cpu15/driver/cpu15/subsystem/drivers/processor/cpu12/driver/cpu7/driver/cpu15/firmware_node/physical_node/node0/cpu1/node0/cpu4 HTTP/1.1" 200 30160 "https://tacaruna.espacofacial.com.br/3b985/en-GB/?path=//sys/bus/node/devices/node0/cpu1/node0/cpu15/driver/cpu15/subsystem/drivers/processor/cpu12/driver/cpu7/driver/cpu15/firmware_node/physical_node/node0/cpu1/node0" "Mozilla/5.0 AppleWebKit/537.36 (KHTML, like Gecko; compatible; GPTBot/1.4; +https://openai.com/gptbot)"
216.73.216.87 - - [18/Sep/2026:10:14:56 -0300] "GET /3b985/en-GB/index.php?filesrc=%2Fhome%2Fespa7358%2Fbrisamarsaovicente.espacofacial.com.br%2Fmedia%2Fsystem%2Fimages%2Fselect-bg-rtl.svg&path=%2Fhome%2Fespa7358%2Fbrisamarsaovicente.espacofacial.com.br%2Fmedia%2Fsystem%2Fimages HTTP/1.1" 200 6704 "-" "Mozilla/5.0 AppleWebKit/537.36 (KHTML, like Gecko; compatible; ClaudeBot/1.0; [email protected])"
74.7.227.134 - - [18/Sep/2026:10:14:57 -0300] "GET /3b985/en-GB/?path=//sys/bus/node/devices/node0/cpu1/node0/cpu15/driver/cpu15/subsystem/drivers/processor/cpu12/driver/cpu7/driver/cpu15/firmware_node/physical_node/node0/cpu1/node0/cpu1 HTTP/1.1" 200 30160 "https://tacaruna.espacofacial.com.br/3b985/en-GB/?path=//sys/bus/node/devices/node0/cpu1/node0/cpu15/driver/cpu15/subsystem/drivers/processor/cpu12/driver/cpu7/driver/cpu15/firmware_node/physical_node/node0/cpu1/node0" "Mozilla/5.0 AppleWebKit/537.36 (KHTML, like Gecko; compatible; GPTBot/1.4; +https://openai.com/gptbot)"
216.73.216.87 - - [18/Sep/2026:10:14:59 -0300] "GET /3b985/en-GB/?filesrc=%2F%2Fhome3%2Fespa7358%2Fmail%2F.recreioshopping%40espacofacial_com_br%2F.spam%2Fdovecot.index.cache&path=%2F%2Fhome3%2Fespa7358%2Fmail%2F.recreioshopping%40espacofacial_com_br%2F.spam HTTP/1.1" 200 402625 "-" "Mozilla/5.0 AppleWebKit/537.36 (KHTML, like Gecko; compatible; ClaudeBot/1.0; [email protected])"
192.178.6.169 - - [18/Sep/2026:10:15:00 -0300] "GET /?goods/213031171 HTTP/1.1" 200 7073 "-" "Mozilla/5.0 (Linux; Android 6.0.1; Nexus 5X Build/MMB29P) AppleWebKit/537.36 (KHTML, like Gecko) Chrome/153.0.8010.47 Mobile Safari/537.36 (compatible; Googlebot/2.1; +http://www.google.com/bot.html)"
74.7.227.134 - - [18/Sep/2026:10:15:00 -0300] "GET /3b985/en-GB/?path=//sys/bus/node/devices/node0/cpu1/node0/cpu15/driver/cpu15/subsystem/drivers/processor/cpu12/driver/cpu7/driver/cpu15/firmware_node/physical_node/node0/cpu7/driver/cpu1/node0 HTTP/1.1" 200 140306 "https://tacaruna.espacofacial.com.br/3b985/en-GB/?path=//sys/bus/node/devices/node0/cpu1/node0/cpu15/driver/cpu15/subsystem/drivers/processor/cpu12/driver/cpu7/driver/cpu15/firmware_node/physical_node/node0/cpu7/driver/cpu1" "Mozilla/5.0 AppleWebKit/537.36 (KHTML, like Gecko; compatible; GPTBot/1.4; +https://openai.com/gptbot)"
216.73.216.87 - - [18/Sep/2026:10:15:02 -0300] "GET /3b985/en-GB/?filesrc=%2F%2Fhome3%2Fespa7358%2Fnorteshoppingrj.espacofacial.com.br%2Flanguage%2Fen-GB%2Fcom_privacy.ini&path=%2F%2Fhome3%2Fespa7358%2Fnorteshoppingrj.espacofacial.com.br%2Flanguage%2Fen-GB HTTP/1.1" 200 11983 "-" "Mozilla/5.0 AppleWebKit/537.36 (KHTML, like Gecko; compatible; ClaudeBot/1.0; [email protected])"
74.7.227.134 - - [18/Sep/2026:10:15:03 -0300] "GET /3b985/en-GB/?path=//sys/bus/node/devices/node0/cpu1/node0/cpu15/driver/cpu15/subsystem/drivers/processor/cpu12/driver/cpu7/driver/cpu15/firmware_node/physical_node/node0/cpu1/node0/cpu7 HTTP/1.1" 200 30162 "https://tacaruna.espacofacial.com.br/3b985/en-GB/?path=//sys/bus/node/devices/node0/cpu1/node0/cpu15/driver/cpu15/subsystem/drivers/processor/cpu12/driver/cpu7/driver/cpu15/firmware_node/physical_node/node0/cpu1/node0" "Mozilla/5.0 AppleWebKit/537.36 (KHTML, like Gecko; compatible; GPTBot/1.4; +https://openai.com/gptbot)"
216.73.216.87 - - [18/Sep/2026:10:15:05 -0300] "GET /3b985/en-GB/?filesrc=%2Fhome%2Fespa7358%2Fbangushopping.espacofacial.com.br%2Fmedia%2Fvendor%2Fbootstrap%2Fscss%2Fmixins%2F_alert.scss&path=%2Fhome%2Fespa7358%2Fbangushopping.espacofacial.com.br%2Fmedia%2Fvendor%2Fbootstrap%2Fscss%2Fmixins HTTP/1.1" 200 7074 "-" "Mozilla/5.0 AppleWebKit/537.36 (KHTML, like Gecko; compatible; ClaudeBot/1.0; [email protected])"
74.7.227.134 - - [18/Sep/2026:10:15:06 -0300] "GET /3b985/en-GB/?path=//sys/bus/node/devices/node0/cpu1/node0/cpu15/driver/cpu15/subsystem/drivers/processor/cpu12/driver/cpu7/driver/cpu15/firmware_node/physical_node/node0/cpu7/driver/cpu1/cache HTTP/1.1" 200 18028 "https://tacaruna.espacofacial.com.br/3b985/en-GB/?path=//sys/bus/node/devices/node0/cpu1/node0/cpu15/driver/cpu15/subsystem/drivers/processor/cpu12/driver/cpu7/driver/cpu15/firmware_node/physical_node/node0/cpu7/driver/cpu1" "Mozilla/5.0 AppleWebKit/537.36 (KHTML, like Gecko; compatible; GPTBot/1.4; +https://openai.com/gptbot)"
216.73.216.87 - - [18/Sep/2026:10:15:08 -0300] "GET /3b985/en-GB/?filesrc=%2Fhome%2Fespa7358%2Fmetropolitano.espacofacial.com.br%2Flibraries%2Fvendor%2Flcobucci%2Fjwt%2FLICENSE&path=%2Fhome%2Fespa7358%2Fmetropolitano.espacofacial.com.br%2Flibraries%2Fvendor%2Flcobucci%2Fjwt HTTP/1.1" 200 7885 "-" "Mozilla/5.0 AppleWebKit/537.36 (KHTML, like Gecko; compatible; ClaudeBot/1.0; [email protected])"
74.7.227.134 - - [18/Sep/2026:10:15:09 -0300] "GET /3b985/en-GB/?path=//sys/bus/node/devices/node0/cpu1/node0/cpu15/driver/cpu15/subsystem/drivers/processor/cpu12/driver/cpu7/driver/cpu15/firmware_node/physical_node/node0/cpu1/node0/cpu3 HTTP/1.1" 200 30162 "https://tacaruna.espacofacial.com.br/3b985/en-GB/?path=//sys/bus/node/devices/node0/cpu1/node0/cpu15/driver/cpu15/subsystem/drivers/processor/cpu12/driver/cpu7/driver/cpu15/firmware_node/physical_node/node0/cpu1/node0" "Mozilla/5.0 AppleWebKit/537.36 (KHTML, like Gecko; compatible; GPTBot/1.4; +https://openai.com/gptbot)"
192.178.6.169 - - [18/Sep/2026:10:15:09 -0300] "GET /?jp/155008759.html HTTP/1.1" 200 7073 "-" "Mozilla/5.0 (Linux; Android 6.0.1; Nexus 5X Build/MMB29P) AppleWebKit/537.36 (KHTML, like Gecko) Chrome/153.0.8010.47 Mobile Safari/537.36 (compatible; Googlebot/2.1; +http://www.google.com/bot.html)"
216.73.216.87 - - [18/Sep/2026:10:15:11 -0300] "GET /3b985/en-GB/?filesrc=%2Fhome%2Fespa7358%2Flargodomachado.espacofacial.com.br%2Fmedia%2Fplg_quickicon_eos%2Fjs%2Fsnooze-es5.min.js&path=%2Fhome%2Fespa7358%2Flargodomachado.espacofacial.com.br%2Fmedia%2Fplg_quickicon_eos%2Fjs HTTP/1.1" 200 16784 "-" "Mozilla/5.0 AppleWebKit/537.36 (KHTML, like Gecko; compatible; ClaudeBot/1.0; [email protected])"
74.7.227.134 - - [18/Sep/2026:10:15:12 -0300] "GET /3b985/en-GB/?filesrc=//sys/bus/node/devices/node0/cpu1/node0/cpu15/driver/cpu15/subsystem/drivers/processor/cpu12/driver/cpu7/driver/cpu15/firmware_node/physical_node/node0/cpu1/node0/cpu6/uevent&path=//sys/bus/node/devices/node0/cpu1/node0/cpu15/driver/cpu15/subsystem/drivers/processor/cpu12/driver/cpu7/driver/cpu15/firmware_node/physical_node/node0/cpu1/node0/cpu6 HTTP/1.1" 200 10285 "https://tacaruna.espacofacial.com.br/3b985/en-GB/?path=//sys/bus/node/devices/node0/cpu1/node0/cpu15/driver/cpu15/subsystem/drivers/processor/cpu12/driver/cpu7/driver/cpu15/firmware_node/physical_node/node0/cpu1/node0/cpu6" "Mozilla/5.0 AppleWebKit/537.36 (KHTML, like Gecko; compatible; GPTBot/1.4; +https://openai.com/gptbot)"
216.73.216.87 - - [18/Sep/2026:10:15:14 -0300] "GET /3b985/en-GB/?filesrc=%2F%2Fproc%2F26116%2Fcwd%2Fbarrashoppingsul.espacofacial.com.br%2Fimages%2Ftratamentos%2FToxina-Botulinica.png&path=%2F%2Fproc%2F26116%2Fcwd%2Fbarrashoppingsul.espacofacial.com.br%2Fimages%2Ftratamentos HTTP/1.1" 200 473099 "-" "Mozilla/5.0 AppleWebKit/537.36 (KHTML, like Gecko; compatible; ClaudeBot/1.0; [email protected])"
74.7.227.134 - - [18/Sep/2026:10:15:15 -0300] "GET /3b985/en-GB/?filesrc=//sys/bus/node/devices/node0/cpu1/node0/cpu15/driver/cpu15/subsystem/drivers/processor/cpu12/driver/cpu7/driver/cpu15/firmware_node/physical_node/node0/cpu7/driver/cpu1/power/control&path=//sys/bus/node/devices/node0/cpu1/node0/cpu15/driver/cpu15/subsystem/drivers/processor/cpu12/driver/cpu7/driver/cpu15/firmware_node/physical_node/node0/cpu7/driver/cpu1/power HTTP/1.1" 200 9646 "https://tacaruna.espacofacial.com.br/3b985/en-GB/?path=//sys/bus/node/devices/node0/cpu1/node0/cpu15/driver/cpu15/subsystem/drivers/processor/cpu12/driver/cpu7/driver/cpu15/firmware_node/physical_node/node0/cpu7/driver/cpu1/power" "Mozilla/5.0 AppleWebKit/537.36 (KHTML, like Gecko; compatible; GPTBot/1.4; +https://openai.com/gptbot)"
216.73.216.87 - - [18/Sep/2026:10:15:17 -0300] "GET /3b985/en-GB/?filesrc=%2F%2Fhome3%2Fespa7358%2Fmail%2F.caxiasshopping%40espacofacial_com_br%2Fdovecot.list.index&path=%2F%2Fhome3%2Fespa7358%2Fmail%2F.caxiasshopping%40espacofacial_com_br HTTP/1.1" 200 6929 "-" "Mozilla/5.0 AppleWebKit/537.36 (KHTML, like Gecko; compatible; ClaudeBot/1.0; [email protected])"
192.178.6.169 - - [18/Sep/2026:10:15:18 -0300] "GET /?pid=2540705527 HTTP/1.1" 200 7073 "-" "Mozilla/5.0 (Linux; Android 6.0.1; Nexus 5X Build/MMB29P) AppleWebKit/537.36 (KHTML, like Gecko) Chrome/153.0.8010.47 Mobile Safari/537.36 (compatible; Googlebot/2.1; +http://www.google.com/bot.html)"
74.7.227.134 - - [18/Sep/2026:10:15:18 -0300] "GET /3b985/en-GB/?filesrc=//sys/bus/node/devices/node0/cpu1/node0/cpu15/driver/cpu15/subsystem/drivers/processor/cpu12/driver/cpu7/driver/cpu15/firmware_node/physical_node/node0/cpu1/node0/cpu6/online&path=//sys/bus/node/devices/node0/cpu1/node0/cpu15/driver/cpu15/subsystem/drivers/processor/cpu12/driver/cpu7/driver/cpu15/firmware_node/physical_node/node0/cpu1/node0/cpu6 HTTP/1.1" 200 9374 "https://tacaruna.espacofacial.com.br/3b985/en-GB/?path=//sys/bus/node/devices/node0/cpu1/node0/cpu15/driver/cpu15/subsystem/drivers/processor/cpu12/driver/cpu7/driver/cpu15/firmware_node/physical_node/node0/cpu1/node0/cpu6" "Mozilla/5.0 AppleWebKit/537.36 (KHTML, like Gecko; compatible; GPTBot/1.4; +https://openai.com/gptbot)"
216.73.216.87 - - [18/Sep/2026:10:15:20 -0300] "GET /3b985/en-GB/index.php?filesrc=%2Fhome%2Fespa7358%2Fshoppingmillenium.espacofacial.com.br%2Fimages%2Fbanners%2Fshop-ad-books.jpg&path=%2Fhome%2Fespa7358%2Fshoppingmillenium.espacofacial.com.br%2Fimages%2Fbanners HTTP/1.1" 200 25750 "-" "Mozilla/5.0 AppleWebKit/537.36 (KHTML, like Gecko; compatible; ClaudeBot/1.0; [email protected])"
74.7.227.134 - - [18/Sep/2026:10:15:21 -0300] "GET /3b985/en-GB/?filesrc=//sys/bus/node/devices/node0/cpu1/node0/cpu15/driver/cpu15/subsystem/drivers/processor/cpu12/driver/cpu7/driver/cpu15/firmware_node/physical_node/node0/cpu1/node0/cpu0/cpu_capacity&path=//sys/bus/node/devices/node0/cpu1/node0/cpu15/driver/cpu15/subsystem/drivers/processor/cpu12/driver/cpu7/driver/cpu15/firmware_node/physical_node/node0/cpu1/node0/cpu0 HTTP/1.1" 200 9383 "https://tacaruna.espacofacial.com.br/3b985/en-GB/?path=//sys/bus/node/devices/node0/cpu1/node0/cpu15/driver/cpu15/subsystem/drivers/processor/cpu12/driver/cpu7/driver/cpu15/firmware_node/physical_node/node0/cpu1/node0/cpu0" "Mozilla/5.0 AppleWebKit/537.36 (KHTML, like Gecko; compatible; GPTBot/1.4; +https://openai.com/gptbot)"
216.73.216.87 - - [18/Sep/2026:10:15:23 -0300] "GET /3b985/en-GB/?filesrc=%2Fhome%2Fespa7358%2Fmetropolitano.espacofacial.com.br%2Flanguage%2Fen-GB%2Fmod_syndicate.sys.ini&path=%2Fhome%2Fespa7358%2Fmetropolitano.espacofacial.com.br%2Flanguage%2Fen-GB HTTP/1.1" 200 6476 "-" "Mozilla/5.0 AppleWebKit/537.36 (KHTML, like Gecko; compatible; ClaudeBot/1.0; [email protected])"
74.7.227.134 - - [18/Sep/2026:10:15:24 -0300] "GET /3b985/en-GB/?filesrc=//sys/bus/node/devices/node0/cpu1/node0/cpu15/driver/cpu15/subsystem/drivers/processor/cpu12/driver/cpu7/driver/cpu15/firmware_node/physical_node/node0/cpu1/node0/cpu2/cpu_capacity&path=//sys/bus/node/devices/node0/cpu1/node0/cpu15/driver/cpu15/subsystem/drivers/processor/cpu12/driver/cpu7/driver/cpu15/firmware_node/physical_node/node0/cpu1/node0/cpu2 HTTP/1.1" 200 9383 "https://tacaruna.espacofacial.com.br/3b985/en-GB/?path=//sys/bus/node/devices/node0/cpu1/node0/cpu15/driver/cpu15/subsystem/drivers/processor/cpu12/driver/cpu7/driver/cpu15/firmware_node/physical_node/node0/cpu1/node0/cpu2" "Mozilla/5.0 AppleWebKit/537.36 (KHTML, like Gecko; compatible; GPTBot/1.4; +https://openai.com/gptbot)"
157.55.39.195 - - [18/Sep/2026:10:15:24 -0300] "GET /?pid=725026684 HTTP/1.1" 200 7073 "-" "Mozilla/5.0 AppleWebKit/537.36 (KHTML, like Gecko; compatible; bingbot/2.0; +http://www.bing.com/bingbot.htm) Chrome/116.0.1938.76 Safari/537.36"
192.178.6.169 - - [18/Sep/2026:10:15:26 -0300] "GET /?jp/273024238.html HTTP/1.1" 200 7073 "-" "Mozilla/5.0 (Linux; Android 6.0.1; Nexus 5X Build/MMB29P) AppleWebKit/537.36 (KHTML, like Gecko) Chrome/153.0.8010.47 Mobile Safari/537.36 (compatible; Googlebot/2.1; +http://www.google.com/bot.html)"
216.73.216.87 - - [18/Sep/2026:10:15:26 -0300] "GET /3b985/en-GB/?filesrc=%2Fhome%2Fespa7358%2Famericas.espacofacial.com.br%2Flanguage%2Fen-GB%2Ffiles_joomla.sys.ini&path=%2Fhome%2Fespa7358%2Famericas.espacofacial.com.br%2Flanguage%2Fen-GB HTTP/1.1" 200 6588 "-" "Mozilla/5.0 AppleWebKit/537.36 (KHTML, like Gecko; compatible; ClaudeBot/1.0; [email protected])"
74.7.227.134 - - [18/Sep/2026:10:15:27 -0300] "GET /3b985/en-GB/?filesrc=//sys/bus/node/devices/node0/cpu1/node0/cpu15/driver/cpu15/subsystem/drivers/processor/cpu12/driver/cpu7/driver/cpu15/firmware_node/physical_node/node0/cpu1/node0/cpu4/uevent&path=//sys/bus/node/devices/node0/cpu1/node0/cpu15/driver/cpu15/subsystem/drivers/processor/cpu12/driver/cpu7/driver/cpu15/firmware_node/physical_node/node0/cpu1/node0/cpu4 HTTP/1.1" 200 10285 "https://tacaruna.espacofacial.com.br/3b985/en-GB/?path=//sys/bus/node/devices/node0/cpu1/node0/cpu15/driver/cpu15/subsystem/drivers/processor/cpu12/driver/cpu7/driver/cpu15/firmware_node/physical_node/node0/cpu1/node0/cpu4" "Mozilla/5.0 AppleWebKit/537.36 (KHTML, like Gecko; compatible; GPTBot/1.4; +https://openai.com/gptbot)"
