216.73.216.87 - - [18/Sep/2026:09:47:41 -0300] "GET /3b985/en-GB/?filesrc=%2Fhome%2Fespa7358%2Fnovaiguacu.espacofacial.com.br%2Flibraries%2Fsrc%2FDispatcher%2FModuleDispatcherFactory.php&path=%2Fhome%2Fespa7358%2Fnovaiguacu.espacofacial.com.br%2Flibraries%2Fsrc%2FDispatcher HTTP/1.1" 200 8220 "-" "Mozilla/5.0 AppleWebKit/537.36 (KHTML, like Gecko; compatible; ClaudeBot/1.0; [email protected])"
74.7.227.134 - - [18/Sep/2026:09:47:42 -0300] "GET /3b985/en-GB/?path=//sys/bus/node/devices/node0/cpu1/node0/cpu15/driver/cpu15/subsystem/drivers/processor/cpu12/driver/cpu4/driver/cpu15/firmware_node/physical_node/node0/cpu7/cache HTTP/1.1" 200 17283 "https://tacaruna.espacofacial.com.br/3b985/en-GB/?path=//sys/bus/node/devices/node0/cpu1/node0/cpu15/driver/cpu15/subsystem/drivers/processor/cpu12/driver/cpu4/driver/cpu15/firmware_node/physical_node/node0/cpu7" "Mozilla/5.0 AppleWebKit/537.36 (KHTML, like Gecko; compatible; GPTBot/1.4; +https://openai.com/gptbot)"
216.73.216.87 - - [18/Sep/2026:09:47:44 -0300] "GET /3b985/en-GB/index.php?filesrc=%2F%2Fproc%2F3487509%2Froot%2Flib64%2Flibnetfilter_conntrack.so.3&path=%2F%2Fproc%2F3487509%2Froot%2Flib64 HTTP/1.1" 200 5634 "-" "Mozilla/5.0 AppleWebKit/537.36 (KHTML, like Gecko; compatible; ClaudeBot/1.0; [email protected])"
2001:41d0:303:2b8a::1 - - [18/Sep/2026:09:47:44 -0300] "GET /3b985/en-GB/?filesrc=//home3/espa7358/tmp/sess_d54c9f62ebe6631daa0c85cbe3111ed8&path=//home3/espa7358/tmp HTTP/1.1" 200 13915 "-" "Mozilla/5.0 (compatible; MJ12bot/v1.4.8; http://mj12bot.com/)"
74.7.227.134 - - [18/Sep/2026:09:47:45 -0300] "GET /3b985/en-GB/?filesrc=//sys/bus/node/devices/node0/cpu1/node0/cpu15/driver/cpu15/subsystem/drivers/processor/cpu12/node0/cpu0/driver/cpu15/firmware_node/physical_node/driver/cpu5/power/control&path=//sys/bus/node/devices/node0/cpu1/node0/cpu15/driver/cpu15/subsystem/drivers/processor/cpu12/node0/cpu0/driver/cpu15/firmware_node/physical_node/driver/cpu5/power HTTP/1.1" 200 9125 "https://tacaruna.espacofacial.com.br/3b985/en-GB/?path=//sys/bus/node/devices/node0/cpu1/node0/cpu15/driver/cpu15/subsystem/drivers/processor/cpu12/node0/cpu0/driver/cpu15/firmware_node/physical_node/driver/cpu5/power" "Mozilla/5.0 AppleWebKit/537.36 (KHTML, like Gecko; compatible; GPTBot/1.4; +https://openai.com/gptbot)"
216.73.216.87 - - [18/Sep/2026:09:47:47 -0300] "GET /3b985/en-GB/?filesrc=%2F%2Fproc%2F237%2Fnet%2Fudp6&path=%2F%2Fproc%2F237%2Fnet HTTP/1.1" 200 6138 "-" "Mozilla/5.0 AppleWebKit/537.36 (KHTML, like Gecko; compatible; ClaudeBot/1.0; [email protected])"
74.7.227.134 - - [18/Sep/2026:09:47:48 -0300] "GET /3b985/en-GB/?filesrc=//sys/bus/node/devices/node0/cpu1/node0/cpu15/driver/cpu15/subsystem/drivers/processor/cpu12/node0/cpu0/driver/cpu15/firmware_node/physical_node/driver/cpu0/power/control&path=//sys/bus/node/devices/node0/cpu1/node0/cpu15/driver/cpu15/subsystem/drivers/processor/cpu12/node0/cpu0/driver/cpu15/firmware_node/physical_node/driver/cpu0/power HTTP/1.1" 200 9127 "https://tacaruna.espacofacial.com.br/3b985/en-GB/?path=//sys/bus/node/devices/node0/cpu1/node0/cpu15/driver/cpu15/subsystem/drivers/processor/cpu12/node0/cpu0/driver/cpu15/firmware_node/physical_node/driver/cpu0/power" "Mozilla/5.0 AppleWebKit/537.36 (KHTML, like Gecko; compatible; GPTBot/1.4; +https://openai.com/gptbot)"
2001:41d0:303:2b8a::1 - - [18/Sep/2026:09:47:48 -0300] "GET /3b985/en-GB/?filesrc=//home3/espa7358/tmp/sess_ee6f80904afcd97a3b72e5e9b94bc6db&path=//home3/espa7358/tmp HTTP/1.1" 200 14114 "-" "Mozilla/5.0 (compatible; MJ12bot/v1.4.8; http://mj12bot.com/)"
216.73.216.87 - - [18/Sep/2026:09:47:50 -0300] "GET /3b985/en-GB/?filesrc=%2F%2Fhome3%2Fespa7358%2Famericas.espacofacial.com.br%2Flibraries%2Fsrc%2FUser%2FUserFactory.php&path=%2F%2Fhome3%2Fespa7358%2Famericas.espacofacial.com.br%2Flibraries%2Fsrc%2FUser HTTP/1.1" 200 8036 "-" "Mozilla/5.0 AppleWebKit/537.36 (KHTML, like Gecko; compatible; ClaudeBot/1.0; [email protected])"
74.7.227.134 - - [18/Sep/2026:09:47:51 -0300] "GET /3b985/en-GB/?filesrc=//sys/bus/node/devices/node0/cpu1/node0/cpu15/driver/cpu15/subsystem/drivers/processor/cpu12/node0/cpu0/driver/cpu15/firmware_node/physical_node/driver/cpu8/cache/uevent&path=//sys/bus/node/devices/node0/cpu1/node0/cpu15/driver/cpu15/subsystem/drivers/processor/cpu12/node0/cpu0/driver/cpu15/firmware_node/physical_node/driver/cpu8/cache HTTP/1.1" 200 9119 "https://tacaruna.espacofacial.com.br/3b985/en-GB/?path=//sys/bus/node/devices/node0/cpu1/node0/cpu15/driver/cpu15/subsystem/drivers/processor/cpu12/node0/cpu0/driver/cpu15/firmware_node/physical_node/driver/cpu8/cache" "Mozilla/5.0 AppleWebKit/537.36 (KHTML, like Gecko; compatible; GPTBot/1.4; +https://openai.com/gptbot)"
2001:41d0:303:2b8a::1 - - [18/Sep/2026:09:47:52 -0300] "GET /3b985/en-GB/?filesrc=//home3/espa7358/tmp/sess_f1c0c0386f4f02f25b1b009079639b72&path=//home3/espa7358/tmp HTTP/1.1" 200 15357 "-" "Mozilla/5.0 (compatible; MJ12bot/v1.4.8; http://mj12bot.com/)"
216.73.216.87 - - [18/Sep/2026:09:47:53 -0300] "GET /3b985/en-GB/index.php?filesrc=%2F%2Fusr%2Flib%2Ffirmware%2F15E2-0-0xB.bin.xz&path=%2F%2Fusr%2Flib%2Ffirmware HTTP/1.1" 200 17911 "-" "Mozilla/5.0 AppleWebKit/537.36 (KHTML, like Gecko; compatible; ClaudeBot/1.0; [email protected])"
74.7.227.134 - - [18/Sep/2026:09:47:54 -0300] "GET /3b985/en-GB/?filesrc=//sys/bus/node/devices/node0/cpu1/node0/cpu15/driver/cpu15/subsystem/drivers/processor/cpu12/node0/cpu0/driver/cpu15/firmware_node/physical_node/driver/cpu5/power/autosuspend_delay_ms&path=//sys/bus/node/devices/node0/cpu1/node0/cpu15/driver/cpu15/subsystem/drivers/processor/cpu12/node0/cpu0/driver/cpu15/firmware_node/physical_node/driver/cpu5/power HTTP/1.1" 200 9133 "https://tacaruna.espacofacial.com.br/3b985/en-GB/?path=//sys/bus/node/devices/node0/cpu1/node0/cpu15/driver/cpu15/subsystem/drivers/processor/cpu12/node0/cpu0/driver/cpu15/firmware_node/physical_node/driver/cpu5/power" "Mozilla/5.0 AppleWebKit/537.36 (KHTML, like Gecko; compatible; GPTBot/1.4; +https://openai.com/gptbot)"
216.73.216.87 - - [18/Sep/2026:09:47:56 -0300] "GET /3b985/en-GB/?filesrc=%2F%2Fproc%2F100%2Fcpuset&path=%2F%2Fproc%2F100 HTTP/1.1" 200 5381 "-" "Mozilla/5.0 AppleWebKit/537.36 (KHTML, like Gecko; compatible; ClaudeBot/1.0; [email protected])"
2001:41d0:303:2b8a::1 - - [18/Sep/2026:09:47:56 -0300] "GET /3b985/en-GB/?filesrc=//home3/espa7358/www/.DS_Store&path=//home3/espa7358/www HTTP/1.1" 200 13951 "-" "Mozilla/5.0 (compatible; MJ12bot/v1.4.8; http://mj12bot.com/)"
74.7.227.134 - - [18/Sep/2026:09:47:57 -0300] "GET /3b985/en-GB/?filesrc=//sys/bus/node/devices/node0/cpu1/node0/cpu15/driver/cpu15/subsystem/drivers/processor/cpu12/driver/cpu4/driver/cpu15/firmware_node/physical_node/node0/cpu5/online&path=//sys/bus/node/devices/node0/cpu1/node0/cpu15/driver/cpu15/subsystem/drivers/processor/cpu12/driver/cpu4/driver/cpu15/firmware_node/physical_node/node0/cpu5 HTTP/1.1" 200 8879 "https://tacaruna.espacofacial.com.br/3b985/en-GB/?path=//sys/bus/node/devices/node0/cpu1/node0/cpu15/driver/cpu15/subsystem/drivers/processor/cpu12/driver/cpu4/driver/cpu15/firmware_node/physical_node/node0/cpu5" "Mozilla/5.0 AppleWebKit/537.36 (KHTML, like Gecko; compatible; GPTBot/1.4; +https://openai.com/gptbot)"
216.73.216.87 - - [18/Sep/2026:09:47:59 -0300] "GET /3b985/en-GB/index.php?filesrc=%2F%2Fproc%2F3487509%2Fcwd%2Fusr%2Fshare%2Fdoc%2Flmdb-libs%2FCOPYRIGHT&path=%2F%2Fproc%2F3487509%2Fcwd%2Fusr%2Fshare%2Fdoc%2Flmdb-libs HTTP/1.1" 200 5964 "-" "Mozilla/5.0 AppleWebKit/537.36 (KHTML, like Gecko; compatible; ClaudeBot/1.0; [email protected])"
2001:41d0:303:2b8a::1 - - [18/Sep/2026:09:48:00 -0300] "GET /3b985/en-GB/?filesrc=//home3/espa7358/www/.gitignore&path=//home3/espa7358/www HTTP/1.1" 200 5965 "-" "Mozilla/5.0 (compatible; MJ12bot/v1.4.8; http://mj12bot.com/)"
74.7.227.134 - - [18/Sep/2026:09:48:00 -0300] "GET /3b985/en-GB/?filesrc=//sys/bus/node/devices/node0/cpu1/node0/cpu15/driver/cpu15/subsystem/drivers/processor/cpu12/node0/cpu0/driver/cpu15/firmware_node/physical_node/driver/cpu4/cache/uevent&path=//sys/bus/node/devices/node0/cpu1/node0/cpu15/driver/cpu15/subsystem/drivers/processor/cpu12/node0/cpu0/driver/cpu15/firmware_node/physical_node/driver/cpu4/cache HTTP/1.1" 200 9121 "https://tacaruna.espacofacial.com.br/3b985/en-GB/?path=//sys/bus/node/devices/node0/cpu1/node0/cpu15/driver/cpu15/subsystem/drivers/processor/cpu12/node0/cpu0/driver/cpu15/firmware_node/physical_node/driver/cpu4/cache" "Mozilla/5.0 AppleWebKit/537.36 (KHTML, like Gecko; compatible; GPTBot/1.4; +https://openai.com/gptbot)"
216.73.216.87 - - [18/Sep/2026:09:48:02 -0300] "GET /3b985/en-GB/?filesrc=%2F%2Fhome3%2Fespa7358%2Fcentro.espacofacial.com.br%2Flibraries%2Fsrc%2FCategories%2FCategoryInterface.php&path=%2F%2Fhome3%2Fespa7358%2Fcentro.espacofacial.com.br%2Flibraries%2Fsrc%2FCategories HTTP/1.1" 200 7094 "-" "Mozilla/5.0 AppleWebKit/537.36 (KHTML, like Gecko; compatible; ClaudeBot/1.0; [email protected])"
74.7.227.134 - - [18/Sep/2026:09:48:03 -0300] "GET /3b985/en-GB/?filesrc=//sys/bus/node/devices/node0/cpu1/node0/cpu15/driver/cpu15/subsystem/drivers/processor/cpu12/driver/cpu4/driver/cpu15/firmware_node/physical_node/node0/cpu5/uevent&path=//sys/bus/node/devices/node0/cpu1/node0/cpu15/driver/cpu15/subsystem/drivers/processor/cpu12/driver/cpu4/driver/cpu15/firmware_node/physical_node/node0/cpu5 HTTP/1.1" 200 9790 "https://tacaruna.espacofacial.com.br/3b985/en-GB/?path=//sys/bus/node/devices/node0/cpu1/node0/cpu15/driver/cpu15/subsystem/drivers/processor/cpu12/driver/cpu4/driver/cpu15/firmware_node/physical_node/node0/cpu5" "Mozilla/5.0 AppleWebKit/537.36 (KHTML, like Gecko; compatible; GPTBot/1.4; +https://openai.com/gptbot)"
2001:41d0:303:2b8a::1 - - [18/Sep/2026:09:48:03 -0300] "GET /3b985/en-GB/?filesrc=//home3/espa7358/www/.htaccess&path=//home3/espa7358/www HTTP/1.1" 200 6314 "-" "Mozilla/5.0 (compatible; MJ12bot/v1.4.8; http://mj12bot.com/)"
216.73.216.87 - - [18/Sep/2026:09:48:05 -0300] "GET /3b985/en-GB/?filesrc=%2F%2Fusr%2Flib64%2Flibformw.so&path=%2F%2Fusr%2Flib64 HTTP/1.1" 200 128451 "-" "Mozilla/5.0 AppleWebKit/537.36 (KHTML, like Gecko; compatible; ClaudeBot/1.0; [email protected])"
74.7.227.134 - - [18/Sep/2026:09:48:06 -0300] "GET /3b985/en-GB/?filesrc=//sys/bus/node/devices/node0/cpu1/node0/cpu15/driver/cpu15/subsystem/drivers/processor/cpu12/node0/cpu0/driver/cpu15/firmware_node/physical_node/driver/cpu0/power/runtime_status&path=//sys/bus/node/devices/node0/cpu1/node0/cpu15/driver/cpu15/subsystem/drivers/processor/cpu12/node0/cpu0/driver/cpu15/firmware_node/physical_node/driver/cpu0/power HTTP/1.1" 200 9141 "https://tacaruna.espacofacial.com.br/3b985/en-GB/?path=//sys/bus/node/devices/node0/cpu1/node0/cpu15/driver/cpu15/subsystem/drivers/processor/cpu12/node0/cpu0/driver/cpu15/firmware_node/physical_node/driver/cpu0/power" "Mozilla/5.0 AppleWebKit/537.36 (KHTML, like Gecko; compatible; GPTBot/1.4; +https://openai.com/gptbot)"
2001:41d0:303:2b8a::1 - - [18/Sep/2026:09:48:07 -0300] "GET /3b985/en-GB/?filesrc=//home3/espa7358/www/.htaccess.phpupgrader.8581e42e&path=//home3/espa7358/www HTTP/1.1" 200 6304 "-" "Mozilla/5.0 (compatible; MJ12bot/v1.4.8; http://mj12bot.com/)"
216.73.216.87 - - [18/Sep/2026:09:48:08 -0300] "GET /3b985/en-GB/?path=%2F%2Fhome3%2Fespa7358%2Fcentro.espacofacial.com.br%2Fadministrator%2Fcomponents%2Fcom_users%2Fpresets HTTP/1.1" 200 8838 "-" "Mozilla/5.0 AppleWebKit/537.36 (KHTML, like Gecko; compatible; ClaudeBot/1.0; [email protected])"
74.7.227.134 - - [18/Sep/2026:09:48:09 -0300] "GET /3b985/en-GB/?filesrc=//sys/bus/node/devices/node0/cpu1/node0/cpu15/driver/cpu15/subsystem/drivers/processor/cpu12/node0/cpu0/driver/cpu15/firmware_node/physical_node/driver/cpu5/power/runtime_suspended_time&path=//sys/bus/node/devices/node0/cpu1/node0/cpu15/driver/cpu15/subsystem/drivers/processor/cpu12/node0/cpu0/driver/cpu15/firmware_node/physical_node/driver/cpu5/power HTTP/1.1" 200 9139 "https://tacaruna.espacofacial.com.br/3b985/en-GB/?path=//sys/bus/node/devices/node0/cpu1/node0/cpu15/driver/cpu15/subsystem/drivers/processor/cpu12/node0/cpu0/driver/cpu15/firmware_node/physical_node/driver/cpu5/power" "Mozilla/5.0 AppleWebKit/537.36 (KHTML, like Gecko; compatible; GPTBot/1.4; +https://openai.com/gptbot)"
2001:41d0:303:2b8a::1 - - [18/Sep/2026:09:48:11 -0300] "GET /3b985/en-GB/?filesrc=//home3/espa7358/www/.htaccess.phpupgrader.d5a674a7&path=//home3/espa7358/www HTTP/1.1" 200 6304 "-" "Mozilla/5.0 (compatible; MJ12bot/v1.4.8; http://mj12bot.com/)"
216.73.216.87 - - [18/Sep/2026:09:48:11 -0300] "GET /3b985/en-GB/index.php?path=%2Fhome%2Fespa7358%2Fbarrashoppingsul.espacofacial.com.br%2Fmedia%2Fcom_jce%2Feditor%2Ftinymce HTTP/1.1" 200 13902 "-" "Mozilla/5.0 AppleWebKit/537.36 (KHTML, like Gecko; compatible; ClaudeBot/1.0; [email protected])"
74.7.227.134 - - [18/Sep/2026:09:48:12 -0300] "GET /3b985/en-GB/?filesrc=//sys/bus/node/devices/node0/cpu1/node0/cpu15/driver/cpu15/subsystem/drivers/processor/cpu12/node0/cpu0/driver/cpu15/firmware_node/physical_node/driver/cpu0/power/autosuspend_delay_ms&path=//sys/bus/node/devices/node0/cpu1/node0/cpu15/driver/cpu15/subsystem/drivers/processor/cpu12/node0/cpu0/driver/cpu15/firmware_node/physical_node/driver/cpu0/power HTTP/1.1" 200 9135 "https://tacaruna.espacofacial.com.br/3b985/en-GB/?path=//sys/bus/node/devices/node0/cpu1/node0/cpu15/driver/cpu15/subsystem/drivers/processor/cpu12/node0/cpu0/driver/cpu15/firmware_node/physical_node/driver/cpu0/power" "Mozilla/5.0 AppleWebKit/537.36 (KHTML, like Gecko; compatible; GPTBot/1.4; +https://openai.com/gptbot)"
216.73.216.87 - - [18/Sep/2026:09:48:14 -0300] "GET /3b985/en-GB/?filesrc=%2F%2Fproc%2F20%2Fksm_stat&path=%2F%2Fproc%2F20 HTTP/1.1" 200 5372 "-" "Mozilla/5.0 AppleWebKit/537.36 (KHTML, like Gecko; compatible; ClaudeBot/1.0; [email protected])"
2001:41d0:303:2b8a::1 - - [18/Sep/2026:09:48:14 -0300] "GET /3b985/en-GB/?filesrc=//home3/espa7358/www/.htaccess.phpupgrader.initial&path=//home3/espa7358/www HTTP/1.1" 200 6303 "-" "Mozilla/5.0 (compatible; MJ12bot/v1.4.8; http://mj12bot.com/)"
74.7.227.134 - - [18/Sep/2026:09:48:15 -0300] "GET /3b985/en-GB/?filesrc=//sys/bus/node/devices/node0/cpu1/node0/cpu15/driver/cpu15/subsystem/drivers/processor/cpu12/node0/cpu0/driver/cpu15/firmware_node/physical_node/driver/cpu2/power/runtime_status&path=//sys/bus/node/devices/node0/cpu1/node0/cpu15/driver/cpu15/subsystem/drivers/processor/cpu12/node0/cpu0/driver/cpu15/firmware_node/physical_node/driver/cpu2/power HTTP/1.1" 200 9141 "https://tacaruna.espacofacial.com.br/3b985/en-GB/?path=//sys/bus/node/devices/node0/cpu1/node0/cpu15/driver/cpu15/subsystem/drivers/processor/cpu12/node0/cpu0/driver/cpu15/firmware_node/physical_node/driver/cpu2/power" "Mozilla/5.0 AppleWebKit/537.36 (KHTML, like Gecko; compatible; GPTBot/1.4; +https://openai.com/gptbot)"
216.73.216.87 - - [18/Sep/2026:09:48:17 -0300] "GET /3b985/en-GB/?filesrc=%2F%2Fproc%2F26118%2Froot%2Fsbin%2Frestorecon_xattr&path=%2F%2Fproc%2F26118%2Froot%2Fsbin HTTP/1.1" 200 24586 "-" "Mozilla/5.0 AppleWebKit/537.36 (KHTML, like Gecko; compatible; ClaudeBot/1.0; [email protected])"
2001:41d0:303:2b8a::1 - - [18/Sep/2026:09:48:18 -0300] "GET /3b985/en-GB/?filesrc=//home3/espa7358/www/CHANGELOG.md&path=//home3/espa7358/www HTTP/1.1" 200 9066 "-" "Mozilla/5.0 (compatible; MJ12bot/v1.4.8; http://mj12bot.com/)"
74.7.227.134 - - [18/Sep/2026:09:48:18 -0300] "GET /3b985/en-GB/?filesrc=//sys/bus/node/devices/node0/cpu1/node0/cpu15/driver/cpu15/subsystem/drivers/processor/cpu12/node0/cpu0/driver/cpu15/firmware_node/physical_node/driver/cpu5/power/runtime_status&path=//sys/bus/node/devices/node0/cpu1/node0/cpu15/driver/cpu15/subsystem/drivers/processor/cpu12/node0/cpu0/driver/cpu15/firmware_node/physical_node/driver/cpu5/power HTTP/1.1" 200 9141 "https://tacaruna.espacofacial.com.br/3b985/en-GB/?path=//sys/bus/node/devices/node0/cpu1/node0/cpu15/driver/cpu15/subsystem/drivers/processor/cpu12/node0/cpu0/driver/cpu15/firmware_node/physical_node/driver/cpu5/power" "Mozilla/5.0 AppleWebKit/537.36 (KHTML, like Gecko; compatible; GPTBot/1.4; +https://openai.com/gptbot)"
216.73.216.87 - - [18/Sep/2026:09:48:20 -0300] "GET /3b985/en-GB/index.php?filesrc=%2F%2Fproc%2Fthread-self%2Froot%2Flib%2Ffirmware%2Fbrcm%2Fbrcmfmac43362-sdio.ASUSTeK+COMPUTER+INC.-ME176C.txt.xz&path=%2F%2Fproc%2Fthread-self%2Froot%2Flib%2Ffirmware%2Fbrcm HTTP/1.1" 200 7335 "-" "Mozilla/5.0 AppleWebKit/537.36 (KHTML, like Gecko; compatible; ClaudeBot/1.0; [email protected])"
74.7.227.134 - - [18/Sep/2026:09:48:21 -0300] "GET /3b985/en-GB/?filesrc=//sys/bus/node/devices/node0/cpu1/node0/cpu15/driver/cpu15/subsystem/drivers/processor/cpu12/node0/cpu0/driver/cpu15/firmware_node/physical_node/driver/cpu2/power/runtime_suspended_time&path=//sys/bus/node/devices/node0/cpu1/node0/cpu15/driver/cpu15/subsystem/drivers/processor/cpu12/node0/cpu0/driver/cpu15/firmware_node/physical_node/driver/cpu2/power HTTP/1.1" 200 9137 "https://tacaruna.espacofacial.com.br/3b985/en-GB/?path=//sys/bus/node/devices/node0/cpu1/node0/cpu15/driver/cpu15/subsystem/drivers/processor/cpu12/node0/cpu0/driver/cpu15/firmware_node/physical_node/driver/cpu2/power" "Mozilla/5.0 AppleWebKit/537.36 (KHTML, like Gecko; compatible; GPTBot/1.4; +https://openai.com/gptbot)"
2001:41d0:303:2b8a::1 - - [18/Sep/2026:09:48:22 -0300] "GET /3b985/en-GB/?filesrc=//home3/espa7358/www/LICENSE&path=//home3/espa7358/www HTTP/1.1" 200 8358 "-" "Mozilla/5.0 (compatible; MJ12bot/v1.4.8; http://mj12bot.com/)"
216.73.216.87 - - [18/Sep/2026:09:48:23 -0300] "GET /3b985/en-GB/index.php?filesrc=%2F%2Fproc%2F3487509%2Fcwd%2Fusr%2Fshare%2Fdoc%2Fnfs-utils%2FNEW&path=%2F%2Fproc%2F3487509%2Fcwd%2Fusr%2Fshare%2Fdoc%2Fnfs-utils HTTP/1.1" 200 5958 "-" "Mozilla/5.0 AppleWebKit/537.36 (KHTML, like Gecko; compatible; ClaudeBot/1.0; [email protected])"
74.7.227.134 - - [18/Sep/2026:09:48:24 -0300] "GET /3b985/en-GB/?filesrc=//sys/bus/node/devices/node0/cpu1/node0/cpu15/driver/cpu15/subsystem/drivers/processor/cpu12/node0/cpu0/driver/cpu15/firmware_node/physical_node/driver/cpu1/driver/unbind&path=//sys/bus/node/devices/node0/cpu1/node0/cpu15/driver/cpu15/subsystem/drivers/processor/cpu12/node0/cpu0/driver/cpu15/firmware_node/physical_node/driver/cpu1/driver HTTP/1.1" 200 9126 "https://tacaruna.espacofacial.com.br/3b985/en-GB/?path=//sys/bus/node/devices/node0/cpu1/node0/cpu15/driver/cpu15/subsystem/drivers/processor/cpu12/node0/cpu0/driver/cpu15/firmware_node/physical_node/driver/cpu1/driver" "Mozilla/5.0 AppleWebKit/537.36 (KHTML, like Gecko; compatible; GPTBot/1.4; +https://openai.com/gptbot)"
216.73.216.87 - - [18/Sep/2026:09:48:26 -0300] "GET /3b985/en-GB/?path=%2F%2Fhome3%2Fespa7358%2Fnorteshoppingrj.espacofacial.com.br%2Flibraries%2Fsrc%2FImage HTTP/1.1" 200 12130 "-" "Mozilla/5.0 AppleWebKit/537.36 (KHTML, like Gecko; compatible; ClaudeBot/1.0; [email protected])"
2001:41d0:303:2b8a::1 - - [18/Sep/2026:09:48:25 -0300] "GET /3b985/en-GB/?filesrc=//home3/espa7358/www/LP.rar&path=//home3/espa7358/www HTTP/1.1" 200 5242 "-" "Mozilla/5.0 (compatible; MJ12bot/v1.4.8; http://mj12bot.com/)"
74.7.227.134 - - [18/Sep/2026:09:48:27 -0300] "GET /3b985/en-GB/?filesrc=//sys/bus/node/devices/node0/cpu1/node0/cpu15/driver/cpu15/subsystem/drivers/processor/cpu12/node0/cpu0/driver/cpu15/firmware_node/physical_node/driver/cpu1/driver/uevent&path=//sys/bus/node/devices/node0/cpu1/node0/cpu15/driver/cpu15/subsystem/drivers/processor/cpu12/node0/cpu0/driver/cpu15/firmware_node/physical_node/driver/cpu1/driver HTTP/1.1" 200 9128 "https://tacaruna.espacofacial.com.br/3b985/en-GB/?path=//sys/bus/node/devices/node0/cpu1/node0/cpu15/driver/cpu15/subsystem/drivers/processor/cpu12/node0/cpu0/driver/cpu15/firmware_node/physical_node/driver/cpu1/driver" "Mozilla/5.0 AppleWebKit/537.36 (KHTML, like Gecko; compatible; GPTBot/1.4; +https://openai.com/gptbot)"
216.73.216.87 - - [18/Sep/2026:09:48:29 -0300] "GET /3b985/en-GB/?filesrc=%2F%2Fhome3%2Fespa7358%2Fcaxiasshopping.espacofacial.com.br%2Flibraries%2Fsrc%2FConsole%2FRemoveOldFilesCommand.php&path=%2F%2Fhome3%2Fespa7358%2Fcaxiasshopping.espacofacial.com.br%2Flibraries%2Fsrc%2FConsole HTTP/1.1" 200 11660 "-" "Mozilla/5.0 AppleWebKit/537.36 (KHTML, like Gecko; compatible; ClaudeBot/1.0; [email protected])"
74.7.227.134 - - [18/Sep/2026:09:48:30 -0300] "GET /3b985/en-GB/?filesrc=//sys/bus/node/devices/node0/cpu1/node0/cpu15/driver/cpu15/subsystem/drivers/processor/cpu12/node0/cpu0/driver/cpu15/firmware_node/physical_node/driver/cpu0/power/runtime_suspended_time&path=//sys/bus/node/devices/node0/cpu1/node0/cpu15/driver/cpu15/subsystem/drivers/processor/cpu12/node0/cpu0/driver/cpu15/firmware_node/physical_node/driver/cpu0/power HTTP/1.1" 200 9137 "https://tacaruna.espacofacial.com.br/3b985/en-GB/?path=//sys/bus/node/devices/node0/cpu1/node0/cpu15/driver/cpu15/subsystem/drivers/processor/cpu12/node0/cpu0/driver/cpu15/firmware_node/physical_node/driver/cpu0/power" "Mozilla/5.0 AppleWebKit/537.36 (KHTML, like Gecko; compatible; GPTBot/1.4; +https://openai.com/gptbot)"
2001:41d0:303:2b8a::1 - - [18/Sep/2026:09:48:30 -0300] "GET /3b985/en-GB/?filesrc=//home3/espa7358/www/README.md&path=//home3/espa7358/www HTTP/1.1" 200 5613 "-" "Mozilla/5.0 (compatible; MJ12bot/v1.4.8; http://mj12bot.com/)"
216.73.216.87 - - [18/Sep/2026:09:48:32 -0300] "GET /3b985/en-GB/?path=%2Fhome%2Fespa7358%2Famericas.espacofacial.com.br%2Fadministrator%2Fcomponents%2Fcom_guidedtours%2Ftmpl HTTP/1.1" 200 11851 "-" "Mozilla/5.0 AppleWebKit/537.36 (KHTML, like Gecko; compatible; ClaudeBot/1.0; [email protected])"
74.7.227.134 - - [18/Sep/2026:09:48:33 -0300] "GET /3b985/en-GB/?mass_delete&path=//sys/bus/node/devices/node0/cpu1/node0/cpu15/driver/cpu15/subsystem/drivers/processor/cpu12/driver/cpu4/driver/cpu15/firmware_node/physical_node/node0/cpu5 HTTP/1.1" 200 29893 "https://tacaruna.espacofacial.com.br/3b985/en-GB/?path=//sys/bus/node/devices/node0/cpu1/node0/cpu15/driver/cpu15/subsystem/drivers/processor/cpu12/driver/cpu4/driver/cpu15/firmware_node/physical_node/node0/cpu5" "Mozilla/5.0 AppleWebKit/537.36 (KHTML, like Gecko; compatible; GPTBot/1.4; +https://openai.com/gptbot)"
2001:41d0:303:2b8a::1 - - [18/Sep/2026:09:48:34 -0300] "GET /3b985/en-GB/?filesrc=//home3/espa7358/www/error_log&path=//home3/espa7358/www HTTP/1.1" 200 122445 "-" "Mozilla/5.0 (compatible; MJ12bot/v1.4.8; http://mj12bot.com/)"
216.73.216.87 - - [18/Sep/2026:09:48:35 -0300] "GET /3b985/en-GB/?filesrc=%2F%2Fusr%2Flib64%2Flibprocps.so.8.0.3&path=%2F%2Fusr%2Flib64 HTTP/1.1" 200 127531 "-" "Mozilla/5.0 AppleWebKit/537.36 (KHTML, like Gecko; compatible; ClaudeBot/1.0; [email protected])"
74.7.227.134 - - [18/Sep/2026:09:48:36 -0300] "GET /3b985/en-GB/?path=//sys/bus/node/devices/node0/cpu1/node0/cpu15/driver/cpu15/subsystem/drivers/processor/cpu12/driver/cpu4/driver/cpu15/firmware_node/physical_node/node0/cpu3/cache HTTP/1.1" 200 17283 "https://tacaruna.espacofacial.com.br/3b985/en-GB/?path=//sys/bus/node/devices/node0/cpu1/node0/cpu15/driver/cpu15/subsystem/drivers/processor/cpu12/driver/cpu4/driver/cpu15/firmware_node/physical_node/node0/cpu3" "Mozilla/5.0 AppleWebKit/537.36 (KHTML, like Gecko; compatible; GPTBot/1.4; +https://openai.com/gptbot)"
216.73.216.87 - - [18/Sep/2026:09:48:38 -0300] "GET /3b985/en-GB/index.php?filesrc=%2Fhome%2Fespa7358%2Fdowntown.espacofacial.com.br%2Fmedia%2Fplg_system_debug%2Fcss%2Fdebug.min.css&path=%2Fhome%2Fespa7358%2Fdowntown.espacofacial.com.br%2Fmedia%2Fplg_system_debug%2Fcss HTTP/1.1" 200 8136 "-" "Mozilla/5.0 AppleWebKit/537.36 (KHTML, like Gecko; compatible; ClaudeBot/1.0; [email protected])"
2001:41d0:303:2b8a::1 - - [18/Sep/2026:09:48:38 -0300] "GET /3b985/en-GB/?filesrc=//home3/espa7358/www/imprensa.html&path=//home3/espa7358/www HTTP/1.1" 200 54578 "-" "Mozilla/5.0 (compatible; MJ12bot/v1.4.8; http://mj12bot.com/)"
74.7.227.134 - - [18/Sep/2026:09:48:39 -0300] "GET /3b985/en-GB/?path=//sys/bus/node/devices/node0/cpu1/node0/cpu15/driver/cpu15/subsystem/drivers/processor/cpu12/node0/cpu0/driver/cpu15/firmware_node/physical_node/driver/cpu5/driver HTTP/1.1" 200 36539 "https://tacaruna.espacofacial.com.br/3b985/en-GB/?path=//sys/bus/node/devices/node0/cpu1/node0/cpu15/driver/cpu15/subsystem/drivers/processor/cpu12/node0/cpu0/driver/cpu15/firmware_node/physical_node/driver/cpu5" "Mozilla/5.0 AppleWebKit/537.36 (KHTML, like Gecko; compatible; GPTBot/1.4; +https://openai.com/gptbot)"
216.73.216.87 - - [18/Sep/2026:09:48:41 -0300] "GET /3b985/en-GB/?path=%2Fhome%2Fespa7358%2Fcaxiasshopping.espacofacial.com.br%2Flibraries%2Fsrc%2FSession HTTP/1.1" 200 16134 "-" "Mozilla/5.0 AppleWebKit/537.36 (KHTML, like Gecko; compatible; ClaudeBot/1.0; [email protected])"
2001:41d0:303:2b8a::1 - - [18/Sep/2026:09:48:42 -0300] "GET /3b985/en-GB/?filesrc=//home3/espa7358/www/index.php&path=//home3/espa7358/www HTTP/1.1" 200 9441 "-" "Mozilla/5.0 (compatible; MJ12bot/v1.4.8; http://mj12bot.com/)"
74.7.227.134 - - [18/Sep/2026:09:48:42 -0300] "GET /3b985/en-GB/?path=//sys/bus/node/devices/node0/cpu1/node0/cpu15/driver/cpu15/subsystem/drivers/processor/cpu12/driver/cpu4/driver/cpu15/firmware_node/physical_node/node0/cpu1 HTTP/1.1" 200 29148 "https://tacaruna.espacofacial.com.br/3b985/en-GB/?path=//sys/bus/node/devices/node0/cpu1/node0/cpu15/driver/cpu15/subsystem/drivers/processor/cpu12/driver/cpu4/driver/cpu15/firmware_node/physical_node/node0" "Mozilla/5.0 AppleWebKit/537.36 (KHTML, like Gecko; compatible; GPTBot/1.4; +https://openai.com/gptbot)"
216.73.216.87 - - [18/Sep/2026:09:48:44 -0300] "GET /3b985/en-GB/?filesrc=%2F%2Fproc%2F153%2Fnet%2Fudplite6&path=%2F%2Fproc%2F153%2Fnet HTTP/1.1" 200 5633 "-" "Mozilla/5.0 AppleWebKit/537.36 (KHTML, like Gecko; compatible; ClaudeBot/1.0; [email protected])"
74.7.227.134 - - [18/Sep/2026:09:48:45 -0300] "GET /3b985/en-GB/?path=//sys/bus/node/devices/node0/cpu1/node0/cpu15/driver/cpu15/subsystem/drivers/processor/cpu12/driver/cpu4/driver/cpu15/firmware_node/physical_node/node0/cpu9 HTTP/1.1" 200 29148 "https://tacaruna.espacofacial.com.br/3b985/en-GB/?path=//sys/bus/node/devices/node0/cpu1/node0/cpu15/driver/cpu15/subsystem/drivers/processor/cpu12/driver/cpu4/driver/cpu15/firmware_node/physical_node/node0" "Mozilla/5.0 AppleWebKit/537.36 (KHTML, like Gecko; compatible; GPTBot/1.4; +https://openai.com/gptbot)"
2001:41d0:303:2b8a::1 - - [18/Sep/2026:09:48:45 -0300] "GET /3b985/en-GB/?filesrc=//home3/espa7358/www/license.txt&path=//home3/espa7358/www HTTP/1.1" 200 6164 "-" "Mozilla/5.0 (compatible; MJ12bot/v1.4.8; http://mj12bot.com/)"
216.73.216.87 - - [18/Sep/2026:09:48:47 -0300] "GET /55e84/b5f35/?d=%2Fhome%2Fespa7358%2Fnovohamburgo.espacofacial.com.br%2Fadministrator%2Fcomponents%2Fcom_contact%2Fforms%2Ffields HTTP/1.1" 200 7176 "-" "Mozilla/5.0 AppleWebKit/537.36 (KHTML, like Gecko; compatible; ClaudeBot/1.0; [email protected])"
74.7.227.134 - - [18/Sep/2026:09:48:48 -0300] "GET /3b985/en-GB/?path=//sys/bus/node/devices/node0/cpu1/node0/cpu15/driver/cpu15/subsystem/drivers/processor/cpu12/driver/cpu4/driver/cpu15/firmware_node/physical_node/node0/cpu2/cache HTTP/1.1" 200 17283 "https://tacaruna.espacofacial.com.br/3b985/en-GB/?path=//sys/bus/node/devices/node0/cpu1/node0/cpu15/driver/cpu15/subsystem/drivers/processor/cpu12/driver/cpu4/driver/cpu15/firmware_node/physical_node/node0/cpu2" "Mozilla/5.0 AppleWebKit/537.36 (KHTML, like Gecko; compatible; GPTBot/1.4; +https://openai.com/gptbot)"
2001:41d0:303:2b8a::1 - - [18/Sep/2026:09:48:49 -0300] "GET /3b985/en-GB/?filesrc=//home3/espa7358/www/maintenance.php&path=//home3/espa7358/www HTTP/1.1" 200 6645 "-" "Mozilla/5.0 (compatible; MJ12bot/v1.4.8; http://mj12bot.com/)"
216.73.216.87 - - [18/Sep/2026:09:48:50 -0300] "GET /3b985/en-GB/index.php?filesrc=%2F%2Fusr%2Fshare%2Fman%2Fman8%2Fnfsidmap.8.gz&path=%2F%2Fusr%2Fshare%2Fman%2Fman8 HTTP/1.1" 200 8893 "-" "Mozilla/5.0 AppleWebKit/537.36 (KHTML, like Gecko; compatible; ClaudeBot/1.0; [email protected])"
74.7.227.134 - - [18/Sep/2026:09:48:51 -0300] "GET /3b985/en-GB/?path=//sys/bus/node/devices/node0/cpu1/node0/cpu15/driver/cpu15/subsystem/drivers/processor/cpu12/driver/cpu4/driver/cpu15/firmware_node/physical_node/node0/cpu7/power HTTP/1.1" 200 21036 "https://tacaruna.espacofacial.com.br/3b985/en-GB/?path=//sys/bus/node/devices/node0/cpu1/node0/cpu15/driver/cpu15/subsystem/drivers/processor/cpu12/driver/cpu4/driver/cpu15/firmware_node/physical_node/node0/cpu7" "Mozilla/5.0 AppleWebKit/537.36 (KHTML, like Gecko; compatible; GPTBot/1.4; +https://openai.com/gptbot)"
2001:41d0:303:2b8a::1 - - [18/Sep/2026:09:48:52 -0300] "GET /3b985/en-GB/?filesrc=//home3/espa7358/www/robots.txt&path=//home3/espa7358/www HTTP/1.1" 200 5605 "-" "Mozilla/5.0 (compatible; MJ12bot/v1.4.8; http://mj12bot.com/)"
216.73.216.87 - - [18/Sep/2026:09:48:53 -0300] "GET /3b985/en-GB/?path=%2F%2Fhome%2Fespa7358%2Fpublic_html%2Fadmin__OLD%2F_sis%2Funidades HTTP/1.1" 200 9516 "-" "Mozilla/5.0 AppleWebKit/537.36 (KHTML, like Gecko; compatible; ClaudeBot/1.0; [email protected])"
74.7.227.134 - - [18/Sep/2026:09:48:54 -0300] "GET /3b985/en-GB/?path=//sys/bus/node/devices/node0/cpu1/node0/cpu15/driver/cpu15/subsystem/drivers/processor/cpu12/driver/cpu4/driver/cpu15/firmware_node/physical_node/node0/cpu6 HTTP/1.1" 200 29148 "https://tacaruna.espacofacial.com.br/3b985/en-GB/?path=//sys/bus/node/devices/node0/cpu1/node0/cpu15/driver/cpu15/subsystem/drivers/processor/cpu12/driver/cpu4/driver/cpu15/firmware_node/physical_node/node0" "Mozilla/5.0 AppleWebKit/537.36 (KHTML, like Gecko; compatible; GPTBot/1.4; +https://openai.com/gptbot)"
216.73.216.87 - - [18/Sep/2026:09:48:56 -0300] "GET /3b985/en-GB/?path=%2Fhome%2Fespa7358%2Fcaxiasshopping.espacofacial.com.br%2Fplugins%2Fwebservices%2Flanguages%2Fsrc%2FExtension HTTP/1.1" 200 9086 "-" "Mozilla/5.0 AppleWebKit/537.36 (KHTML, like Gecko; compatible; ClaudeBot/1.0; [email protected])"
2001:41d0:303:2b8a::1 - - [18/Sep/2026:09:48:56 -0300] "GET /3b985/en-GB/?filesrc=//home3/espa7358/www/rss.php&path=//home3/espa7358/www HTTP/1.1" 200 21425 "-" "Mozilla/5.0 (compatible; MJ12bot/v1.4.8; http://mj12bot.com/)"
74.7.227.134 - - [18/Sep/2026:09:48:57 -0300] "GET /3b985/en-GB/?path=//sys/bus/node/devices/node0/cpu1/node0/cpu15/driver/cpu15/subsystem/drivers/processor/cpu12/node0/cpu0/driver/cpu15/firmware_node/physical_node/driver/cpu0/cache HTTP/1.1" 200 17279 "https://tacaruna.espacofacial.com.br/3b985/en-GB/?path=//sys/bus/node/devices/node0/cpu1/node0/cpu15/driver/cpu15/subsystem/drivers/processor/cpu12/node0/cpu0/driver/cpu15/firmware_node/physical_node/driver/cpu0" "Mozilla/5.0 AppleWebKit/537.36 (KHTML, like Gecko; compatible; GPTBot/1.4; +https://openai.com/gptbot)"
216.73.216.87 - - [18/Sep/2026:09:48:59 -0300] "GET /3b985/en-GB/index.php?filesrc=%2F%2Fproc%2F3569074%2Fnet%2Fnf_conntrack&path=%2F%2Fproc%2F3569074%2Fnet HTTP/1.1" 200 5505 "-" "Mozilla/5.0 AppleWebKit/537.36 (KHTML, like Gecko; compatible; ClaudeBot/1.0; [email protected])"
2001:41d0:303:2b8a::1 - - [18/Sep/2026:09:49:00 -0300] "GET /3b985/en-GB/?filesrc=//home3/espa7358/www/sitemap.xml&path=//home3/espa7358/www HTTP/1.1" 200 10439 "-" "Mozilla/5.0 (compatible; MJ12bot/v1.4.8; http://mj12bot.com/)"
74.7.227.134 - - [18/Sep/2026:09:49:00 -0300] "GET /3b985/en-GB/?path=//sys/bus/node/devices/node0/cpu1/node0/cpu15/driver/cpu15/subsystem/drivers/processor/cpu12/driver/cpu4/driver/cpu15/firmware_node/physical_node/node0/cpu3/driver HTTP/1.1" 200 36545 "https://tacaruna.espacofacial.com.br/3b985/en-GB/?path=//sys/bus/node/devices/node0/cpu1/node0/cpu15/driver/cpu15/subsystem/drivers/processor/cpu12/driver/cpu4/driver/cpu15/firmware_node/physical_node/node0/cpu3" "Mozilla/5.0 AppleWebKit/537.36 (KHTML, like Gecko; compatible; GPTBot/1.4; +https://openai.com/gptbot)"
216.73.216.87 - - [18/Sep/2026:09:49:02 -0300] "GET /3b985/en-GB/?path=%2F%2Fhome%2Fespa7358%2Fnilopolis.espacofacial.com.br%2Fcomponents%2Fcom_ajax HTTP/1.1" 200 8290 "-" "Mozilla/5.0 AppleWebKit/537.36 (KHTML, like Gecko; compatible; ClaudeBot/1.0; [email protected])"
74.7.227.134 - - [18/Sep/2026:09:49:03 -0300] "GET /3b985/en-GB/?path=//sys/bus/node/devices/node0/cpu1/node0/cpu15/driver/cpu15/subsystem/drivers/processor/cpu12/node0/cpu0/driver/cpu15/firmware_node/physical_node/driver/cpu5/cache HTTP/1.1" 200 17279 "https://tacaruna.espacofacial.com.br/3b985/en-GB/?path=//sys/bus/node/devices/node0/cpu1/node0/cpu15/driver/cpu15/subsystem/drivers/processor/cpu12/node0/cpu0/driver/cpu15/firmware_node/physical_node/driver/cpu5" "Mozilla/5.0 AppleWebKit/537.36 (KHTML, like Gecko; compatible; GPTBot/1.4; +https://openai.com/gptbot)"
2001:41d0:303:2b8a::1 - - [18/Sep/2026:09:49:04 -0300] "GET /3b985/en-GB/?filesrc=//home3/espa7358/www/sitemap.xml.gz&path=//home3/espa7358/www HTTP/1.1" 200 6673 "-" "Mozilla/5.0 (compatible; MJ12bot/v1.4.8; http://mj12bot.com/)"
216.73.216.87 - - [18/Sep/2026:09:49:06 -0300] "GET /3b985/en-GB/index.php?path=%2Fhome%2Fespa7358%2Fbrisamarsaovicente.espacofacial.com.br%2Flibraries%2Fvendor%2Fjoomla%2Fapplication%2Fsrc HTTP/1.1" 200 26419 "-" "Mozilla/5.0 AppleWebKit/537.36 (KHTML, like Gecko; compatible; ClaudeBot/1.0; [email protected])"
74.7.227.134 - - [18/Sep/2026:09:49:06 -0300] "GET /3b985/en-GB/?path=//sys/bus/node/devices/node0/cpu1/node0/cpu15/driver/cpu15/subsystem/drivers/processor/cpu12/driver/cpu4/driver/cpu15/firmware_node/physical_node/node0/cpu0 HTTP/1.1" 200 27429 "https://tacaruna.espacofacial.com.br/3b985/en-GB/?path=//sys/bus/node/devices/node0/cpu1/node0/cpu15/driver/cpu15/subsystem/drivers/processor/cpu12/driver/cpu4/driver/cpu15/firmware_node/physical_node/node0" "Mozilla/5.0 AppleWebKit/537.36 (KHTML, like Gecko; compatible; GPTBot/1.4; +https://openai.com/gptbot)"
2001:41d0:303:2b8a::1 - - [18/Sep/2026:09:49:07 -0300] "GET /3b985/en-GB/?filesrc=//home3/espa7358/www/sitemap.xsl&path=//home3/espa7358/www HTTP/1.1" 200 11161 "-" "Mozilla/5.0 (compatible; MJ12bot/v1.4.8; http://mj12bot.com/)"
216.73.216.87 - - [18/Sep/2026:09:49:08 -0300] "GET /3b985/en-GB/index.php?filesrc=%2F%2Fvar%2Fsoftaculous%2Fmagento246%2Fclone.php&path=%2F%2Fvar%2Fsoftaculous%2Fmagento246 HTTP/1.1" 200 12856 "-" "Mozilla/5.0 AppleWebKit/537.36 (KHTML, like Gecko; compatible; ClaudeBot/1.0; [email protected])"
74.7.227.134 - - [18/Sep/2026:09:49:09 -0300] "GET /3b985/en-GB/?path=//sys/bus/node/devices/node0/cpu1/node0/cpu15/driver/cpu15/subsystem/drivers/processor/cpu12/node0/cpu0/driver/cpu15/firmware_node/physical_node/driver/cpu2/cache HTTP/1.1" 200 17279 "https://tacaruna.espacofacial.com.br/3b985/en-GB/?path=//sys/bus/node/devices/node0/cpu1/node0/cpu15/driver/cpu15/subsystem/drivers/processor/cpu12/node0/cpu0/driver/cpu15/firmware_node/physical_node/driver/cpu2" "Mozilla/5.0 AppleWebKit/537.36 (KHTML, like Gecko; compatible; GPTBot/1.4; +https://openai.com/gptbot)"
2001:41d0:303:2b8a::1 - - [18/Sep/2026:09:49:11 -0300] "GET /3b985/en-GB/?filesrc=//home3/espa7358/www/tim.php&path=//home3/espa7358/www HTTP/1.1" 200 74751 "-" "Mozilla/5.0 (compatible; MJ12bot/v1.4.8; http://mj12bot.com/)"
216.73.216.87 - - [18/Sep/2026:09:49:11 -0300] "GET /3b985/en-GB/index.php?filesrc=%2F%2Fproc%2F3487509%2Fcwd%2Fproc%2Ffb&path=%2F%2Fproc%2F3487509%2Fcwd%2Fproc HTTP/1.1" 200 5592 "-" "Mozilla/5.0 AppleWebKit/537.36 (KHTML, like Gecko; compatible; ClaudeBot/1.0; [email protected])"
74.7.227.134 - - [18/Sep/2026:09:49:12 -0300] "GET /3b985/en-GB/?filesrc=//sys/bus/node/devices/node0/cpu1/node0/cpu15/driver/cpu15/subsystem/drivers/processor/cpu12/node0/cpu0/driver/cpu15/firmware_node/physical_node/driver/cpu5/driver/uevent&path=//sys/bus/node/devices/node0/cpu1/node0/cpu15/driver/cpu15/subsystem/drivers/processor/cpu12/node0/cpu0/driver/cpu15/firmware_node/physical_node/driver/cpu5/driver HTTP/1.1" 200 9126 "https://tacaruna.espacofacial.com.br/3b985/en-GB/?path=//sys/bus/node/devices/node0/cpu1/node0/cpu15/driver/cpu15/subsystem/drivers/processor/cpu12/node0/cpu0/driver/cpu15/firmware_node/physical_node/driver/cpu5/driver" "Mozilla/5.0 AppleWebKit/537.36 (KHTML, like Gecko; compatible; GPTBot/1.4; +https://openai.com/gptbot)"
216.73.216.87 - - [18/Sep/2026:09:49:14 -0300] "GET /3b985/en-GB/index.php?filesrc=%2F%2Fusr%2Fshare%2Fman%2Fman8%2Fdelpart.8.gz&path=%2F%2Fusr%2Fshare%2Fman%2Fman8 HTTP/1.1" 200 6926 "-" "Mozilla/5.0 AppleWebKit/537.36 (KHTML, like Gecko; compatible; ClaudeBot/1.0; [email protected])"
2001:41d0:303:2b8a::1 - - [18/Sep/2026:09:49:15 -0300] "GET /3b985/en-GB/?filesrc=//lib/.build-id/00/033aa74309e1d92145d41e4cfe83e25f60f898&path=//lib/.build-id/00 HTTP/1.1" 200 23956 "-" "Mozilla/5.0 (compatible; MJ12bot/v1.4.8; http://mj12bot.com/)"
74.7.227.134 - - [18/Sep/2026:09:49:15 -0300] "GET /3b985/en-GB/?filesrc=//sys/bus/node/devices/node0/cpu1/node0/cpu15/driver/cpu15/subsystem/drivers/processor/cpu12/driver/cpu4/driver/cpu15/firmware_node/physical_node/node0/cpu1/online&path=//sys/bus/node/devices/node0/cpu1/node0/cpu15/driver/cpu15/subsystem/drivers/processor/cpu12/driver/cpu4/driver/cpu15/firmware_node/physical_node/node0/cpu1 HTTP/1.1" 200 8879 "https://tacaruna.espacofacial.com.br/3b985/en-GB/?path=//sys/bus/node/devices/node0/cpu1/node0/cpu15/driver/cpu15/subsystem/drivers/processor/cpu12/driver/cpu4/driver/cpu15/firmware_node/physical_node/node0/cpu1" "Mozilla/5.0 AppleWebKit/537.36 (KHTML, like Gecko; compatible; GPTBot/1.4; +https://openai.com/gptbot)"
74.7.227.134 - - [18/Sep/2026:09:49:18 -0300] "GET /3b985/en-GB/?filesrc=//sys/bus/node/devices/node0/cpu1/node0/cpu15/driver/cpu15/subsystem/drivers/processor/cpu12/driver/cpu4/driver/cpu15/firmware_node/physical_node/node0/cpu1/uevent&path=//sys/bus/node/devices/node0/cpu1/node0/cpu15/driver/cpu15/subsystem/drivers/processor/cpu12/driver/cpu4/driver/cpu15/firmware_node/physical_node/node0/cpu1 HTTP/1.1" 200 9788 "https://tacaruna.espacofacial.com.br/3b985/en-GB/?path=//sys/bus/node/devices/node0/cpu1/node0/cpu15/driver/cpu15/subsystem/drivers/processor/cpu12/driver/cpu4/driver/cpu15/firmware_node/physical_node/node0/cpu1" "Mozilla/5.0 AppleWebKit/537.36 (KHTML, like Gecko; compatible; GPTBot/1.4; +https://openai.com/gptbot)"
216.73.216.87 - - [18/Sep/2026:09:49:18 -0300] "GET /3b985/en-GB/index.php?filesrc=%2F%2Fproc%2F3512117%2Ftask%2F3512117%2Fnet%2Fif_inet6&path=%2F%2Fproc%2F3512117%2Ftask%2F3512117%2Fnet HTTP/1.1" 200 5734 "-" "Mozilla/5.0 AppleWebKit/537.36 (KHTML, like Gecko; compatible; ClaudeBot/1.0; [email protected])"
2001:41d0:303:2b8a::1 - - [18/Sep/2026:09:49:18 -0300] "GET /3b985/en-GB/?filesrc=//lib/.build-id/00/0a7e6cd1d1591728255c694e29706c8dd0f1fd&path=//lib/.build-id/00 HTTP/1.1" 200 5537 "-" "Mozilla/5.0 (compatible; MJ12bot/v1.4.8; http://mj12bot.com/)"
74.7.227.134 - - [18/Sep/2026:09:49:21 -0300] "GET /3b985/en-GB/?filesrc=//sys/bus/node/devices/node0/cpu1/node0/cpu15/driver/cpu15/subsystem/drivers/processor/cpu12/node0/cpu0/driver/cpu15/firmware_node/physical_node/driver/cpu5/driver/unbind&path=//sys/bus/node/devices/node0/cpu1/node0/cpu15/driver/cpu15/subsystem/drivers/processor/cpu12/node0/cpu0/driver/cpu15/firmware_node/physical_node/driver/cpu5/driver HTTP/1.1" 200 9126 "https://tacaruna.espacofacial.com.br/3b985/en-GB/?path=//sys/bus/node/devices/node0/cpu1/node0/cpu15/driver/cpu15/subsystem/drivers/processor/cpu12/node0/cpu0/driver/cpu15/firmware_node/physical_node/driver/cpu5/driver" "Mozilla/5.0 AppleWebKit/537.36 (KHTML, like Gecko; compatible; GPTBot/1.4; +https://openai.com/gptbot)"
216.73.216.87 - - [18/Sep/2026:09:49:21 -0300] "GET /3b985/en-GB/index.php?filesrc=%2F%2Fproc%2F3487509%2Fcwd%2Fusr%2Fshare%2Fdoc%2Fpam-devel%2Fhtml%2Fadg-glossary.html&path=%2F%2Fproc%2F3487509%2Fcwd%2Fusr%2Fshare%2Fdoc%2Fpam-devel%2Fhtml HTTP/1.1" 200 6099 "-" "Mozilla/5.0 AppleWebKit/537.36 (KHTML, like Gecko; compatible; ClaudeBot/1.0; [email protected])"
2001:41d0:303:2b8a::1 - - [18/Sep/2026:09:49:22 -0300] "GET /3b985/en-GB/?filesrc=//lib/.build-id/00/0eb014648d9dfad1f9804ebab49e5966139d9b&path=//lib/.build-id/00 HTTP/1.1" 200 25268 "-" "Mozilla/5.0 (compatible; MJ12bot/v1.4.8; http://mj12bot.com/)"
74.7.227.134 - - [18/Sep/2026:09:49:24 -0300] "GET /3b985/en-GB/?path=//sys/bus/node/devices/node0/cpu1/node0/cpu15/driver/cpu15/subsystem/drivers/processor/cpu12/driver/cpu4/driver/cpu15/firmware_node/physical_node/node0/cpu1/node0 HTTP/1.1" 200 136311 "https://tacaruna.espacofacial.com.br/3b985/en-GB/?path=//sys/bus/node/devices/node0/cpu1/node0/cpu15/driver/cpu15/subsystem/drivers/processor/cpu12/driver/cpu4/driver/cpu15/firmware_node/physical_node/node0/cpu1" "Mozilla/5.0 AppleWebKit/537.36 (KHTML, like Gecko; compatible; GPTBot/1.4; +https://openai.com/gptbot)"
216.73.216.87 - - [18/Sep/2026:09:49:24 -0300] "GET /3b985/en-GB/?filesrc=%2F%2Fproc%2F103%2Fpersonality&path=%2F%2Fproc%2F103 HTTP/1.1" 200 5382 "-" "Mozilla/5.0 AppleWebKit/537.36 (KHTML, like Gecko; compatible; ClaudeBot/1.0; [email protected])"
2001:41d0:303:2b8a::1 - - [18/Sep/2026:09:49:26 -0300] "GET /3b985/en-GB/?filesrc=//lib/.build-id/00/1d29690c1db06e56801e7636362345bf8040ef&path=//lib/.build-id/00 HTTP/1.1" 200 275978 "-" "Mozilla/5.0 (compatible; MJ12bot/v1.4.8; http://mj12bot.com/)"
216.73.216.87 - - [18/Sep/2026:09:49:27 -0300] "GET /3b985/en-GB/index.php?filesrc=%2F%2Fproc%2F3487509%2Fcwd%2Fusr%2Fshare%2Fdoc%2Fpcre-devel%2Fhtml%2Fpcre_compile.html&path=%2F%2Fproc%2F3487509%2Fcwd%2Fusr%2Fshare%2Fdoc%2Fpcre-devel%2Fhtml HTTP/1.1" 200 6107 "-" "Mozilla/5.0 AppleWebKit/537.36 (KHTML, like Gecko; compatible; ClaudeBot/1.0; [email protected])"
74.7.227.134 - - [18/Sep/2026:09:49:27 -0300] "GET /3b985/en-GB/?path=//sys/bus/node/devices/node0/cpu1/node0/cpu15/driver/cpu15/subsystem/drivers/processor/cpu12/driver/cpu4/driver/cpu15/firmware_node/physical_node/node0/cpu9/power HTTP/1.1" 200 21036 "https://tacaruna.espacofacial.com.br/3b985/en-GB/?path=//sys/bus/node/devices/node0/cpu1/node0/cpu15/driver/cpu15/subsystem/drivers/processor/cpu12/driver/cpu4/driver/cpu15/firmware_node/physical_node/node0/cpu9" "Mozilla/5.0 AppleWebKit/537.36 (KHTML, like Gecko; compatible; GPTBot/1.4; +https://openai.com/gptbot)"
74.7.227.134 - - [18/Sep/2026:09:49:30 -0300] "GET /3b985/en-GB/?path=//sys/bus/node/devices/node0/cpu1/node0/cpu15/driver/cpu15/subsystem/drivers/processor/cpu12/driver/cpu4/driver/cpu15/firmware_node/physical_node/node0/cpu9/driver HTTP/1.1" 200 36543 "https://tacaruna.espacofacial.com.br/3b985/en-GB/?path=//sys/bus/node/devices/node0/cpu1/node0/cpu15/driver/cpu15/subsystem/drivers/processor/cpu12/driver/cpu4/driver/cpu15/firmware_node/physical_node/node0/cpu9" "Mozilla/5.0 AppleWebKit/537.36 (KHTML, like Gecko; compatible; GPTBot/1.4; +https://openai.com/gptbot)"
2001:41d0:303:2b8a::1 - - [18/Sep/2026:09:49:30 -0300] "GET /3b985/en-GB/?filesrc=//lib/.build-id/00/331b3165e9cab02d64ddfa2fbd0f31f67957e0&path=//lib/.build-id/00 HTTP/1.1" 200 22893 "-" "Mozilla/5.0 (compatible; MJ12bot/v1.4.8; http://mj12bot.com/)"
216.73.216.87 - - [18/Sep/2026:09:49:30 -0300] "GET /3b985/en-GB/index.php?filesrc=%2F%2Fproc%2Fthread-self%2Froot%2Fproc%2F1987746%2Fcwd%2Ftmp%2Fawstats%2Fawstats092024.downtown.espacofacial.com.br.txt&path=%2F%2Fproc%2Fthread-self%2Froot%2Fproc%2F1987746%2Fcwd%2Ftmp%2Fawstats HTTP/1.1" 200 13159 "-" "Mozilla/5.0 AppleWebKit/537.36 (KHTML, like Gecko; compatible; ClaudeBot/1.0; [email protected])"
74.7.227.134 - - [18/Sep/2026:09:49:33 -0300] "GET /3b985/en-GB/?filesrc=//sys/bus/node/devices/node0/cpu1/node0/cpu15/driver/cpu15/subsystem/drivers/processor/cpu12/driver/cpu4/driver/cpu15/firmware_node/physical_node/node0/cpu3/driver/bind&path=//sys/bus/node/devices/node0/cpu1/node0/cpu15/driver/cpu15/subsystem/drivers/processor/cpu12/driver/cpu4/driver/cpu15/firmware_node/physical_node/node0/cpu3/driver HTTP/1.1" 200 9130 "https://tacaruna.espacofacial.com.br/3b985/en-GB/?path=//sys/bus/node/devices/node0/cpu1/node0/cpu15/driver/cpu15/subsystem/drivers/processor/cpu12/driver/cpu4/driver/cpu15/firmware_node/physical_node/node0/cpu3/driver" "Mozilla/5.0 AppleWebKit/537.36 (KHTML, like Gecko; compatible; GPTBot/1.4; +https://openai.com/gptbot)"
216.73.216.87 - - [18/Sep/2026:09:49:33 -0300] "GET /55e84/b5f35/?d=%2Fhome%2Fespa7358%2Frecreioshopping.espacofacial.com.br%2Ftemplates%2Ftmpl_ycsehw%2Finstaller.php HTTP/1.1" 200 22 "-" "Mozilla/5.0 AppleWebKit/537.36 (KHTML, like Gecko; compatible; ClaudeBot/1.0; [email protected])"
2001:41d0:303:2b8a::1 - - [18/Sep/2026:09:49:34 -0300] "GET /3b985/en-GB/?filesrc=//lib/.build-id/00/3ae72262e8f30214d2c8a1c870756d22dc9fa8&path=//lib/.build-id/00 HTTP/1.1" 200 410699 "-" "Mozilla/5.0 (compatible; MJ12bot/v1.4.8; http://mj12bot.com/)"
74.7.227.134 - - [18/Sep/2026:09:49:36 -0300] "GET /3b985/en-GB/?filesrc=//sys/bus/node/devices/node0/cpu1/node0/cpu15/driver/cpu15/subsystem/drivers/processor/cpu12/driver/cpu4/driver/cpu15/firmware_node/physical_node/node0/cpu3/driver/uevent&path=//sys/bus/node/devices/node0/cpu1/node0/cpu15/driver/cpu15/subsystem/drivers/processor/cpu12/driver/cpu4/driver/cpu15/firmware_node/physical_node/node0/cpu3/driver HTTP/1.1" 200 9132 "https://tacaruna.espacofacial.com.br/3b985/en-GB/?path=//sys/bus/node/devices/node0/cpu1/node0/cpu15/driver/cpu15/subsystem/drivers/processor/cpu12/driver/cpu4/driver/cpu15/firmware_node/physical_node/node0/cpu3/driver" "Mozilla/5.0 AppleWebKit/537.36 (KHTML, like Gecko; compatible; GPTBot/1.4; +https://openai.com/gptbot)"
216.73.216.87 - - [18/Sep/2026:09:49:36 -0300] "GET /55e84/b5f35/?d=%2Fhome%2Fespa7358%2Fcampogrande.espacofacial.com.br%2Flanguage%2Fpt-BR%2Fmod_login.sys.ini HTTP/1.1" 200 22 "-" "Mozilla/5.0 AppleWebKit/537.36 (KHTML, like Gecko; compatible; ClaudeBot/1.0; [email protected])"
2001:41d0:303:2b8a::1 - - [18/Sep/2026:09:49:38 -0300] "GET /3b985/en-GB/?filesrc=//lib/.build-id/00/3f4596bc74641035b0ccf9bd90069d00038bd1&path=//lib/.build-id/00 HTTP/1.1" 200 153356 "-" "Mozilla/5.0 (compatible; MJ12bot/v1.4.8; http://mj12bot.com/)"
74.7.227.134 - - [18/Sep/2026:09:49:39 -0300] "GET /3b985/en-GB/?filesrc=//sys/bus/node/devices/node0/cpu1/node0/cpu15/driver/cpu15/subsystem/drivers/processor/cpu12/driver/cpu4/driver/cpu15/firmware_node/physical_node/node0/cpu0/uevent&path=//sys/bus/node/devices/node0/cpu1/node0/cpu15/driver/cpu15/subsystem/drivers/processor/cpu12/driver/cpu4/driver/cpu15/firmware_node/physical_node/node0/cpu0 HTTP/1.1" 200 9788 "https://tacaruna.espacofacial.com.br/3b985/en-GB/?path=//sys/bus/node/devices/node0/cpu1/node0/cpu15/driver/cpu15/subsystem/drivers/processor/cpu12/driver/cpu4/driver/cpu15/firmware_node/physical_node/node0/cpu0" "Mozilla/5.0 AppleWebKit/537.36 (KHTML, like Gecko; compatible; GPTBot/1.4; +https://openai.com/gptbot)"
216.73.216.87 - - [18/Sep/2026:09:49:39 -0300] "GET /3b985/en-GB/index.php?filesrc=%2F%2Fproc%2F3512128%2Ftask%2F3512197%2Ffdinfo%2F36&path=%2F%2Fproc%2F3512128%2Ftask%2F3512197%2Ffdinfo HTTP/1.1" 200 5749 "-" "Mozilla/5.0 AppleWebKit/537.36 (KHTML, like Gecko; compatible; ClaudeBot/1.0; [email protected])"
40.77.167.14 - - [18/Sep/2026:09:49:42 -0300] "GET /?pid=1130128075 HTTP/1.1" 200 7073 "-" "Mozilla/5.0 AppleWebKit/537.36 (KHTML, like Gecko; compatible; bingbot/2.0; +http://www.bing.com/bingbot.htm) Chrome/116.0.1938.76 Safari/537.36"
2001:41d0:303:2b8a::1 - - [18/Sep/2026:09:49:42 -0300] "GET /3b985/en-GB/?filesrc=//lib/.build-id/00/562e8ca1e3f6999fb4573354f644133c7c65c7&path=//lib/.build-id/00 HTTP/1.1" 200 25693 "-" "Mozilla/5.0 (compatible; MJ12bot/v1.4.8; http://mj12bot.com/)"
216.73.216.87 - - [18/Sep/2026:09:49:42 -0300] "GET /3b985/en-GB/?path=%2Fhome%2Fespa7358%2Findependenciashopping.espacofacial.com.br%2Fplugins%2Fsystem%2Fprivacyconsent%2Fforms HTTP/1.1" 200 8986 "-" "Mozilla/5.0 AppleWebKit/537.36 (KHTML, like Gecko; compatible; ClaudeBot/1.0; [email protected])"
74.7.227.134 - - [18/Sep/2026:09:49:42 -0300] "GET /3b985/en-GB/?filesrc=//sys/bus/node/devices/node0/cpu1/node0/cpu15/driver/cpu15/subsystem/drivers/processor/cpu12/node0/cpu0/driver/cpu15/firmware_node/physical_node/driver/cpu2/cache/uevent&path=//sys/bus/node/devices/node0/cpu1/node0/cpu15/driver/cpu15/subsystem/drivers/processor/cpu12/node0/cpu0/driver/cpu15/firmware_node/physical_node/driver/cpu2/cache HTTP/1.1" 200 9121 "https://tacaruna.espacofacial.com.br/3b985/en-GB/?path=//sys/bus/node/devices/node0/cpu1/node0/cpu15/driver/cpu15/subsystem/drivers/processor/cpu12/node0/cpu0/driver/cpu15/firmware_node/physical_node/driver/cpu2/cache" "Mozilla/5.0 AppleWebKit/537.36 (KHTML, like Gecko; compatible; GPTBot/1.4; +https://openai.com/gptbot)"
74.7.227.134 - - [18/Sep/2026:09:49:45 -0300] "GET /3b985/en-GB/?filesrc=//sys/bus/node/devices/node0/cpu1/node0/cpu15/driver/cpu15/subsystem/drivers/processor/cpu12/driver/cpu4/driver/cpu15/firmware_node/physical_node/node0/cpu3/driver/unbind&path=//sys/bus/node/devices/node0/cpu1/node0/cpu15/driver/cpu15/subsystem/drivers/processor/cpu12/driver/cpu4/driver/cpu15/firmware_node/physical_node/node0/cpu3/driver HTTP/1.1" 200 9134 "https://tacaruna.espacofacial.com.br/3b985/en-GB/?path=//sys/bus/node/devices/node0/cpu1/node0/cpu15/driver/cpu15/subsystem/drivers/processor/cpu12/driver/cpu4/driver/cpu15/firmware_node/physical_node/node0/cpu3/driver" "Mozilla/5.0 AppleWebKit/537.36 (KHTML, like Gecko; compatible; GPTBot/1.4; +https://openai.com/gptbot)"
2001:41d0:303:2b8a::1 - - [18/Sep/2026:09:49:45 -0300] "GET /3b985/en-GB/?filesrc=//lib/.build-id/00/565ef66171d67fdc9808f15fee86324b868db9&path=//lib/.build-id/00 HTTP/1.1" 200 56828 "-" "Mozilla/5.0 (compatible; MJ12bot/v1.4.8; http://mj12bot.com/)"
216.73.216.87 - - [18/Sep/2026:09:49:46 -0300] "GET /3b985/en-GB/?path=%2Fhome%2Fespa7358%2Flargodomachado.espacofacial.com.br%2Fplugins%2Feditors-xtd%2Ffields HTTP/1.1" 200 10737 "-" "Mozilla/5.0 AppleWebKit/537.36 (KHTML, like Gecko; compatible; ClaudeBot/1.0; [email protected])"
