74.7.227.134 - - [18/Sep/2026:09:25:21 -0300] "GET /3b985/en-GB/?path=//sys/bus/node/devices/node0/cpu1/node0/cpu13/driver/cpu13/subsystem/drivers/processor/cpu12/node0/cpu8/driver/cpu13/firmware_node/physical_node/driver/cpu0/driver HTTP/1.1" 200 36539 "https://tacaruna.espacofacial.com.br/3b985/en-GB/?path=//sys/bus/node/devices/node0/cpu1/node0/cpu13/driver/cpu13/subsystem/drivers/processor/cpu12/node0/cpu8/driver/cpu13/firmware_node/physical_node/driver/cpu0" "Mozilla/5.0 AppleWebKit/537.36 (KHTML, like Gecko; compatible; GPTBot/1.4; +https://openai.com/gptbot)"
216.73.216.87 - - [18/Sep/2026:09:25:23 -0300] "GET /55e84/b5f35/?d=%2Fhome%2Fespa7358%2Ftmp%2Fwebalizer%2Fnovohamburgo.espacofacial.com.br%2Fhourly_usage_202410.png HTTP/1.1" 200 22 "-" "Mozilla/5.0 AppleWebKit/537.36 (KHTML, like Gecko; compatible; ClaudeBot/1.0; [email protected])"
74.7.227.134 - - [18/Sep/2026:09:25:24 -0300] "GET /3b985/en-GB/?path=//sys/bus/node/devices/node0/cpu1/node0/cpu13/driver/cpu13/subsystem/drivers/processor/cpu12/node0/cpu8/driver/cpu13/firmware_node/physical_node/driver/cpu8 HTTP/1.1" 200 29142 "https://tacaruna.espacofacial.com.br/3b985/en-GB/?path=//sys/bus/node/devices/node0/cpu1/node0/cpu13/driver/cpu13/subsystem/drivers/processor/cpu12/node0/cpu8/driver/cpu13/firmware_node/physical_node/driver" "Mozilla/5.0 AppleWebKit/537.36 (KHTML, like Gecko; compatible; GPTBot/1.4; +https://openai.com/gptbot)"
216.73.216.87 - - [18/Sep/2026:09:25:26 -0300] "GET /55e84/b5f35/?d=%2Fhome%2Fespa7358%2Ficarai.espacofacial.com.br%2Fmedia%2Fcom_config%2Fjs%2Fconfig-filters-es5.min.js HTTP/1.1" 200 22 "-" "Mozilla/5.0 AppleWebKit/537.36 (KHTML, like Gecko; compatible; ClaudeBot/1.0; [email protected])"
74.7.227.134 - - [18/Sep/2026:09:25:27 -0300] "GET /3b985/en-GB/?path=//sys/bus/node/devices/node0/cpu1/node0/cpu13/driver/cpu13/subsystem/drivers/processor/cpu12/node0/cpu8/driver/cpu13/firmware_node/physical_node/cache/index0 HTTP/1.1" 200 29243 "https://tacaruna.espacofacial.com.br/3b985/en-GB/?path=//sys/bus/node/devices/node0/cpu1/node0/cpu13/driver/cpu13/subsystem/drivers/processor/cpu12/node0/cpu8/driver/cpu13/firmware_node/physical_node/cache" "Mozilla/5.0 AppleWebKit/537.36 (KHTML, like Gecko; compatible; GPTBot/1.4; +https://openai.com/gptbot)"
216.73.216.87 - - [18/Sep/2026:09:25:29 -0300] "GET /3b985/en-GB/index.php?filesrc=%2Fhome%2Fespa7358%2Ftmp%2Fwebalizer%2Fcentro.espacofacial.com.br%2Fhourly_usage_202604.png&path=%2Fhome%2Fespa7358%2Ftmp%2Fwebalizer%2Fcentro.espacofacial.com.br HTTP/1.1" 200 9685 "-" "Mozilla/5.0 AppleWebKit/537.36 (KHTML, like Gecko; compatible; ClaudeBot/1.0; [email protected])"
74.7.227.134 - - [18/Sep/2026:09:25:30 -0300] "GET /3b985/en-GB/?path=//sys/bus/node/devices/node0/cpu1/node0/cpu13/driver/cpu13/subsystem/drivers/processor/cpu12/node0/cpu8/driver/cpu13/firmware_node/physical_node/driver/cpu6/cache HTTP/1.1" 200 17279 "https://tacaruna.espacofacial.com.br/3b985/en-GB/?path=//sys/bus/node/devices/node0/cpu1/node0/cpu13/driver/cpu13/subsystem/drivers/processor/cpu12/node0/cpu8/driver/cpu13/firmware_node/physical_node/driver/cpu6" "Mozilla/5.0 AppleWebKit/537.36 (KHTML, like Gecko; compatible; GPTBot/1.4; +https://openai.com/gptbot)"
216.73.216.87 - - [18/Sep/2026:09:25:31 -0300] "GET /3b985/en-GB/?filesrc=%2F%2Fhome3%2Fespa7358%2Ficarai.espacofacial.com.br%2Fmedia%2Fcom_admin%2Fjs%2Fadmin-help.js&path=%2F%2Fhome3%2Fespa7358%2Ficarai.espacofacial.com.br%2Fmedia%2Fcom_admin%2Fjs HTTP/1.1" 200 6538 "-" "Mozilla/5.0 AppleWebKit/537.36 (KHTML, like Gecko; compatible; ClaudeBot/1.0; [email protected])"
74.7.227.134 - - [18/Sep/2026:09:25:33 -0300] "GET /3b985/en-GB/?path=//sys/bus/node/devices/node0/cpu1/node0/cpu15/driver/cpu15/subsystem/drivers/processor/cpu14/node0/cpu3/driver/cpu15/firmware_node/physical_node/driver/cpu0 HTTP/1.1" 200 27423 "https://tacaruna.espacofacial.com.br/3b985/en-GB/?path=//sys/bus/node/devices/node0/cpu1/node0/cpu15/driver/cpu15/subsystem/drivers/processor/cpu14/node0/cpu3/driver/cpu15/firmware_node/physical_node/driver" "Mozilla/5.0 AppleWebKit/537.36 (KHTML, like Gecko; compatible; GPTBot/1.4; +https://openai.com/gptbot)"
216.73.216.87 - - [18/Sep/2026:09:25:34 -0300] "GET /3b985/en-GB/index.php?filesrc=%2F%2Fproc%2F1987746%2Fcwd%2Fbarraolimpica.espacofacial.com.br%2Flanguage%2Fpt-BR%2Fcom_wrapper.ini&path=%2F%2Fproc%2F1987746%2Fcwd%2Fbarraolimpica.espacofacial.com.br%2Flanguage%2Fpt-BR HTTP/1.1" 200 6473 "-" "Mozilla/5.0 AppleWebKit/537.36 (KHTML, like Gecko; compatible; ClaudeBot/1.0; [email protected])"
74.7.227.134 - - [18/Sep/2026:09:25:36 -0300] "GET /3b985/en-GB/?path=//sys/bus/node/devices/node0/cpu1/node0/cpu15/driver/cpu15/subsystem/drivers/processor/cpu14/node0/cpu3/driver/cpu15/firmware_node/physical_node/driver/cpu4 HTTP/1.1" 200 29142 "https://tacaruna.espacofacial.com.br/3b985/en-GB/?path=//sys/bus/node/devices/node0/cpu1/node0/cpu15/driver/cpu15/subsystem/drivers/processor/cpu14/node0/cpu3/driver/cpu15/firmware_node/physical_node/driver" "Mozilla/5.0 AppleWebKit/537.36 (KHTML, like Gecko; compatible; GPTBot/1.4; +https://openai.com/gptbot)"
216.73.216.87 - - [18/Sep/2026:09:25:37 -0300] "GET /3b985/en-GB/index.php?filesrc=%2Fhome%2Fespa7358%2Fbangushopping.espacofacial.com.br%2Fincludes%2Fframework.php&path=%2Fhome%2Fespa7358%2Fbangushopping.espacofacial.com.br%2Fincludes HTTP/1.1" 200 9569 "-" "Mozilla/5.0 AppleWebKit/537.36 (KHTML, like Gecko; compatible; ClaudeBot/1.0; [email protected])"
74.7.227.134 - - [18/Sep/2026:09:25:39 -0300] "GET /3b985/en-GB/?filesrc=//sys/bus/node/devices/node0/cpu1/node0/cpu13/driver/cpu13/subsystem/drivers/processor/cpu12/node0/cpu8/driver/cpu13/firmware_node/physical_node/driver/cpu5/cache/uevent&path=//sys/bus/node/devices/node0/cpu1/node0/cpu13/driver/cpu13/subsystem/drivers/processor/cpu12/node0/cpu8/driver/cpu13/firmware_node/physical_node/driver/cpu5/cache HTTP/1.1" 200 9121 "https://tacaruna.espacofacial.com.br/3b985/en-GB/?path=//sys/bus/node/devices/node0/cpu1/node0/cpu13/driver/cpu13/subsystem/drivers/processor/cpu12/node0/cpu8/driver/cpu13/firmware_node/physical_node/driver/cpu5/cache" "Mozilla/5.0 AppleWebKit/537.36 (KHTML, like Gecko; compatible; GPTBot/1.4; +https://openai.com/gptbot)"
216.73.216.87 - - [18/Sep/2026:09:25:40 -0300] "GET /3b985/en-GB/?filesrc=%2Fhome%2Fespa7358%2Ffranquia.espacofacial.com.br%2Fwp-includes%2Ffonts.php&path=%2Fhome%2Fespa7358%2Ffranquia.espacofacial.com.br%2Fwp-includes HTTP/1.1" 200 16400 "-" "Mozilla/5.0 AppleWebKit/537.36 (KHTML, like Gecko; compatible; ClaudeBot/1.0; [email protected])"
74.7.227.134 - - [18/Sep/2026:09:25:42 -0300] "GET /3b985/en-GB/?path=//sys/bus/node/devices/node0/cpu1/node0/cpu15/driver/cpu15/subsystem/drivers/processor/cpu14/node0/cpu3/driver/cpu15/firmware_node/physical_node/driver/cpu5 HTTP/1.1" 200 29142 "https://tacaruna.espacofacial.com.br/3b985/en-GB/?path=//sys/bus/node/devices/node0/cpu1/node0/cpu15/driver/cpu15/subsystem/drivers/processor/cpu14/node0/cpu3/driver/cpu15/firmware_node/physical_node/driver" "Mozilla/5.0 AppleWebKit/537.36 (KHTML, like Gecko; compatible; GPTBot/1.4; +https://openai.com/gptbot)"
216.73.216.87 - - [18/Sep/2026:09:25:43 -0300] "GET /3b985/en-GB/?filesrc=%2F%2Fhome3%2Fespa7358%2Fmadureirashopping.espacofacial.com.br%2Fadministrator%2Fmodules%2Fmod_menu%2Fmod_menu.xml&path=%2F%2Fhome3%2Fespa7358%2Fmadureirashopping.espacofacial.com.br%2Fadministrator%2Fmodules%2Fmod_menu HTTP/1.1" 200 10441 "-" "Mozilla/5.0 AppleWebKit/537.36 (KHTML, like Gecko; compatible; ClaudeBot/1.0; [email protected])"
74.7.227.134 - - [18/Sep/2026:09:25:45 -0300] "GET /3b985/en-GB/?path=//sys/bus/node/devices/node0/cpu1/node0/cpu15/driver/cpu15/subsystem/drivers/processor/cpu14/node0/cpu3/driver/cpu15/firmware_node/physical_node/driver/cpu9 HTTP/1.1" 200 29144 "https://tacaruna.espacofacial.com.br/3b985/en-GB/?path=//sys/bus/node/devices/node0/cpu1/node0/cpu15/driver/cpu15/subsystem/drivers/processor/cpu14/node0/cpu3/driver/cpu15/firmware_node/physical_node/driver" "Mozilla/5.0 AppleWebKit/537.36 (KHTML, like Gecko; compatible; GPTBot/1.4; +https://openai.com/gptbot)"
216.73.216.87 - - [18/Sep/2026:09:25:46 -0300] "GET /3b985/en-GB/?filesrc=%2F%2Fhome%2Fespa7358%2Fwww%2F.htaccess.phpupgrader.d5a674a7&path=%2F%2Fhome%2Fespa7358%2Fwww HTTP/1.1" 200 6287 "-" "Mozilla/5.0 AppleWebKit/537.36 (KHTML, like Gecko; compatible; ClaudeBot/1.0; [email protected])"
74.7.227.134 - - [18/Sep/2026:09:25:48 -0300] "GET /3b985/en-GB/?path=//sys/bus/node/devices/node0/cpu1/node0/cpu13/driver/cpu13/subsystem/drivers/processor/cpu12/node0/cpu8/driver/cpu13/firmware_node/physical_node/driver/cpu7/power HTTP/1.1" 200 21032 "https://tacaruna.espacofacial.com.br/3b985/en-GB/?path=//sys/bus/node/devices/node0/cpu1/node0/cpu13/driver/cpu13/subsystem/drivers/processor/cpu12/node0/cpu8/driver/cpu13/firmware_node/physical_node/driver/cpu7" "Mozilla/5.0 AppleWebKit/537.36 (KHTML, like Gecko; compatible; GPTBot/1.4; +https://openai.com/gptbot)"
216.73.216.87 - - [18/Sep/2026:09:25:49 -0300] "GET /3b985/en-GB/index.php?filesrc=%2F%2Fproc%2F3487509%2Fcwd%2Fusr%2Flib%2F.build-id%2F1b%2Fe96bbdcd6c8c25bc1a43b759df0e63304a1398&path=%2F%2Fproc%2F3487509%2Fcwd%2Fusr%2Flib%2F.build-id%2F1b HTTP/1.1" 200 5974 "-" "Mozilla/5.0 AppleWebKit/537.36 (KHTML, like Gecko; compatible; ClaudeBot/1.0; [email protected])"
74.7.227.134 - - [18/Sep/2026:09:25:51 -0300] "GET /3b985/en-GB/?filesrc=//sys/bus/node/devices/node0/cpu1/node0/cpu15/driver/cpu15/subsystem/drivers/processor/cpu14/node0/cpu3/driver/cpu15/firmware_node/physical_node/driver/cpu3/online&path=//sys/bus/node/devices/node0/cpu1/node0/cpu15/driver/cpu15/subsystem/drivers/processor/cpu14/node0/cpu3/driver/cpu15/firmware_node/physical_node/driver/cpu3 HTTP/1.1" 200 8875 "https://tacaruna.espacofacial.com.br/3b985/en-GB/?path=//sys/bus/node/devices/node0/cpu1/node0/cpu15/driver/cpu15/subsystem/drivers/processor/cpu14/node0/cpu3/driver/cpu15/firmware_node/physical_node/driver/cpu3" "Mozilla/5.0 AppleWebKit/537.36 (KHTML, like Gecko; compatible; GPTBot/1.4; +https://openai.com/gptbot)"
216.73.216.87 - - [18/Sep/2026:09:25:52 -0300] "GET /3b985/en-GB/index.php?filesrc=%2F%2Fproc%2F3487509%2Fcwd%2Flib64%2Flibtss2-tcti-device.so.0&path=%2F%2Fproc%2F3487509%2Fcwd%2Flib64 HTTP/1.1" 200 5623 "-" "Mozilla/5.0 AppleWebKit/537.36 (KHTML, like Gecko; compatible; ClaudeBot/1.0; [email protected])"
74.7.227.134 - - [18/Sep/2026:09:25:54 -0300] "GET /3b985/en-GB/?filesrc=//sys/bus/node/devices/node0/cpu1/node0/cpu15/driver/cpu15/subsystem/drivers/processor/cpu14/node0/cpu3/driver/cpu15/firmware_node/physical_node/driver/cpu3/uevent&path=//sys/bus/node/devices/node0/cpu1/node0/cpu15/driver/cpu15/subsystem/drivers/processor/cpu14/node0/cpu3/driver/cpu15/firmware_node/physical_node/driver/cpu3 HTTP/1.1" 200 9784 "https://tacaruna.espacofacial.com.br/3b985/en-GB/?path=//sys/bus/node/devices/node0/cpu1/node0/cpu15/driver/cpu15/subsystem/drivers/processor/cpu14/node0/cpu3/driver/cpu15/firmware_node/physical_node/driver/cpu3" "Mozilla/5.0 AppleWebKit/537.36 (KHTML, like Gecko; compatible; GPTBot/1.4; +https://openai.com/gptbot)"
216.73.216.87 - - [18/Sep/2026:09:25:56 -0300] "GET /55e84/b5f35/?d=%2Fhome%2Fespa7358%2Ftmp%2Fwebalizer%2Fmetropolitano.espacofacial.com.br%2Fdaily_usage_202602.png HTTP/1.1" 200 22 "-" "Mozilla/5.0 AppleWebKit/537.36 (KHTML, like Gecko; compatible; ClaudeBot/1.0; [email protected])"
74.7.227.134 - - [18/Sep/2026:09:25:57 -0300] "GET /3b985/en-GB/?filesrc=//sys/bus/node/devices/node0/cpu1/node0/cpu13/driver/cpu13/subsystem/drivers/processor/cpu12/node0/cpu8/driver/cpu13/firmware_node/physical_node/driver/cpu8/uevent&path=//sys/bus/node/devices/node0/cpu1/node0/cpu13/driver/cpu13/subsystem/drivers/processor/cpu12/node0/cpu8/driver/cpu13/firmware_node/physical_node/driver/cpu8 HTTP/1.1" 200 9782 "https://tacaruna.espacofacial.com.br/3b985/en-GB/?path=//sys/bus/node/devices/node0/cpu1/node0/cpu13/driver/cpu13/subsystem/drivers/processor/cpu12/node0/cpu8/driver/cpu13/firmware_node/physical_node/driver/cpu8" "Mozilla/5.0 AppleWebKit/537.36 (KHTML, like Gecko; compatible; GPTBot/1.4; +https://openai.com/gptbot)"
216.73.216.87 - - [18/Sep/2026:09:25:59 -0300] "GET /3b985/en-GB/?filesrc=%2F%2Fhome3%2Fespa7358%2Fbangushopping.espacofacial.com.br%2Fplugins%2Fsystem%2Fstats%2Fstats.xml&path=%2F%2Fhome3%2Fespa7358%2Fbangushopping.espacofacial.com.br%2Fplugins%2Fsystem%2Fstats HTTP/1.1" 200 8649 "-" "Mozilla/5.0 AppleWebKit/537.36 (KHTML, like Gecko; compatible; ClaudeBot/1.0; [email protected])"
74.7.227.134 - - [18/Sep/2026:09:26:00 -0300] "GET /3b985/en-GB/?filesrc=//sys/bus/node/devices/node0/cpu1/node0/cpu13/driver/cpu13/subsystem/drivers/processor/cpu12/node0/cpu8/driver/cpu13/firmware_node/physical_node/driver/cpu8/online&path=//sys/bus/node/devices/node0/cpu1/node0/cpu13/driver/cpu13/subsystem/drivers/processor/cpu12/node0/cpu8/driver/cpu13/firmware_node/physical_node/driver/cpu8 HTTP/1.1" 200 8875 "https://tacaruna.espacofacial.com.br/3b985/en-GB/?path=//sys/bus/node/devices/node0/cpu1/node0/cpu13/driver/cpu13/subsystem/drivers/processor/cpu12/node0/cpu8/driver/cpu13/firmware_node/physical_node/driver/cpu8" "Mozilla/5.0 AppleWebKit/537.36 (KHTML, like Gecko; compatible; GPTBot/1.4; +https://openai.com/gptbot)"
216.73.216.87 - - [18/Sep/2026:09:26:01 -0300] "GET /3b985/en-GB/?filesrc=%2F%2Fhome3%2Fespa7358%2Fleme.espacofacial.com.br%2Fadministrator%2Ftemplates%2Fsystem%2Ferror.php&path=%2F%2Fhome3%2Fespa7358%2Fleme.espacofacial.com.br%2Fadministrator%2Ftemplates%2Fsystem HTTP/1.1" 200 10549 "-" "Mozilla/5.0 AppleWebKit/537.36 (KHTML, like Gecko; compatible; ClaudeBot/1.0; [email protected])"
74.7.227.134 - - [18/Sep/2026:09:26:03 -0300] "GET /3b985/en-GB/?filesrc=//sys/bus/node/devices/node0/cpu1/node0/cpu13/driver/cpu13/subsystem/drivers/processor/cpu12/node0/cpu8/driver/cpu13/firmware_node/physical_node/driver/cpu0/driver/unbind&path=//sys/bus/node/devices/node0/cpu1/node0/cpu13/driver/cpu13/subsystem/drivers/processor/cpu12/node0/cpu8/driver/cpu13/firmware_node/physical_node/driver/cpu0/driver HTTP/1.1" 200 9128 "https://tacaruna.espacofacial.com.br/3b985/en-GB/?path=//sys/bus/node/devices/node0/cpu1/node0/cpu13/driver/cpu13/subsystem/drivers/processor/cpu12/node0/cpu8/driver/cpu13/firmware_node/physical_node/driver/cpu0/driver" "Mozilla/5.0 AppleWebKit/537.36 (KHTML, like Gecko; compatible; GPTBot/1.4; +https://openai.com/gptbot)"
216.73.216.87 - - [18/Sep/2026:09:26:05 -0300] "GET /55e84/b5f35/?d=%2Fhome%2Fespa7358%2Fdowntown.espacofacial.com.br%2Fmedia%2Fmod_languages%2Fimages%2Fpt.gif HTTP/1.1" 200 22 "-" "Mozilla/5.0 AppleWebKit/537.36 (KHTML, like Gecko; compatible; ClaudeBot/1.0; [email protected])"
74.7.227.134 - - [18/Sep/2026:09:26:06 -0300] "GET /3b985/en-GB/?filesrc=//sys/bus/node/devices/node0/cpu1/node0/cpu15/driver/cpu15/subsystem/drivers/processor/cpu14/node0/cpu3/driver/cpu15/firmware_node/physical_node/driver/cpu0/crash_notes&path=//sys/bus/node/devices/node0/cpu1/node0/cpu15/driver/cpu15/subsystem/drivers/processor/cpu14/node0/cpu3/driver/cpu15/firmware_node/physical_node/driver/cpu0 HTTP/1.1" 200 8878 "https://tacaruna.espacofacial.com.br/3b985/en-GB/?path=//sys/bus/node/devices/node0/cpu1/node0/cpu15/driver/cpu15/subsystem/drivers/processor/cpu14/node0/cpu3/driver/cpu15/firmware_node/physical_node/driver/cpu0" "Mozilla/5.0 AppleWebKit/537.36 (KHTML, like Gecko; compatible; GPTBot/1.4; +https://openai.com/gptbot)"
40.77.167.132 - - [18/Sep/2026:09:26:07 -0300] "GET /?pid=1415044680 HTTP/1.1" 200 7073 "-" "Mozilla/5.0 AppleWebKit/537.36 (KHTML, like Gecko; compatible; bingbot/2.0; +http://www.bing.com/bingbot.htm) Chrome/116.0.1938.76 Safari/537.36"
40.77.167.132 - - [18/Sep/2026:09:26:07 -0300] "GET /?pid=1649389233 HTTP/1.1" 200 7073 "-" "Mozilla/5.0 AppleWebKit/537.36 (KHTML, like Gecko; compatible; bingbot/2.0; +http://www.bing.com/bingbot.htm) Chrome/116.0.1938.76 Safari/537.36"
216.73.216.87 - - [18/Sep/2026:09:26:08 -0300] "GET /3b985/en-GB/index.php?path=%2Fhome%2Fespa7358%2Frecreioshopping.espacofacial.com.br%2Ftemplates%2Fsite_core_rekg HTTP/1.1" 200 15670 "-" "Mozilla/5.0 AppleWebKit/537.36 (KHTML, like Gecko; compatible; ClaudeBot/1.0; [email protected])"
74.7.227.134 - - [18/Sep/2026:09:26:09 -0300] "GET /3b985/en-GB/?filesrc=//sys/bus/node/devices/node0/cpu1/node0/cpu15/driver/cpu15/subsystem/drivers/processor/cpu14/node0/cpu3/driver/cpu15/firmware_node/physical_node/driver/cpu4/uevent&path=//sys/bus/node/devices/node0/cpu1/node0/cpu15/driver/cpu15/subsystem/drivers/processor/cpu14/node0/cpu3/driver/cpu15/firmware_node/physical_node/driver/cpu4 HTTP/1.1" 200 9784 "https://tacaruna.espacofacial.com.br/3b985/en-GB/?path=//sys/bus/node/devices/node0/cpu1/node0/cpu15/driver/cpu15/subsystem/drivers/processor/cpu14/node0/cpu3/driver/cpu15/firmware_node/physical_node/driver/cpu4" "Mozilla/5.0 AppleWebKit/537.36 (KHTML, like Gecko; compatible; GPTBot/1.4; +https://openai.com/gptbot)"
216.73.216.87 - - [18/Sep/2026:09:26:10 -0300] "GET /3b985/en-GB/index.php?filesrc=%2F%2Fproc%2F3487509%2Fcwd%2Fproc%2F2475060%2Froot%2Fetc%2Fnamed.conf.prerebuilddnsconfig&path=%2F%2Fproc%2F3487509%2Fcwd%2Fproc%2F2475060%2Froot%2Fetc HTTP/1.1" 200 5981 "-" "Mozilla/5.0 AppleWebKit/537.36 (KHTML, like Gecko; compatible; ClaudeBot/1.0; [email protected])"
74.7.227.134 - - [18/Sep/2026:09:26:12 -0300] "GET /3b985/en-GB/?filesrc=//sys/bus/node/devices/node0/cpu1/node0/cpu15/driver/cpu15/subsystem/drivers/processor/cpu14/node0/cpu3/driver/cpu15/firmware_node/physical_node/driver/cpu0/uevent&path=//sys/bus/node/devices/node0/cpu1/node0/cpu15/driver/cpu15/subsystem/drivers/processor/cpu14/node0/cpu3/driver/cpu15/firmware_node/physical_node/driver/cpu0 HTTP/1.1" 200 9782 "https://tacaruna.espacofacial.com.br/3b985/en-GB/?path=//sys/bus/node/devices/node0/cpu1/node0/cpu15/driver/cpu15/subsystem/drivers/processor/cpu14/node0/cpu3/driver/cpu15/firmware_node/physical_node/driver/cpu0" "Mozilla/5.0 AppleWebKit/537.36 (KHTML, like Gecko; compatible; GPTBot/1.4; +https://openai.com/gptbot)"
216.73.216.87 - - [18/Sep/2026:09:26:14 -0300] "GET /55e84/b5f35/?d=%2Fhome%2Fespa7358%2Fdowntown.espacofacial.com.br%2Fmedia%2Fmod_languages%2Fimages%2Fgl.gif HTTP/1.1" 200 22 "-" "Mozilla/5.0 AppleWebKit/537.36 (KHTML, like Gecko; compatible; ClaudeBot/1.0; [email protected])"
74.7.227.134 - - [18/Sep/2026:09:26:15 -0300] "GET /3b985/en-GB/?filesrc=//sys/bus/node/devices/node0/cpu1/node0/cpu15/driver/cpu15/subsystem/drivers/processor/cpu14/node0/cpu3/driver/cpu15/firmware_node/physical_node/driver/cpu5/online&path=//sys/bus/node/devices/node0/cpu1/node0/cpu15/driver/cpu15/subsystem/drivers/processor/cpu14/node0/cpu3/driver/cpu15/firmware_node/physical_node/driver/cpu5 HTTP/1.1" 200 8875 "https://tacaruna.espacofacial.com.br/3b985/en-GB/?path=//sys/bus/node/devices/node0/cpu1/node0/cpu15/driver/cpu15/subsystem/drivers/processor/cpu14/node0/cpu3/driver/cpu15/firmware_node/physical_node/driver/cpu5" "Mozilla/5.0 AppleWebKit/537.36 (KHTML, like Gecko; compatible; GPTBot/1.4; +https://openai.com/gptbot)"
216.73.216.87 - - [18/Sep/2026:09:26:17 -0300] "GET /3b985/en-GB/?filesrc=%2Fhome%2Fespa7358%2Fdowntown.espacofacial.com.br%2Fmedia%2Fcom_users%2Fjs%2Ftwo-factor-focus-es5.js&path=%2Fhome%2Fespa7358%2Fdowntown.espacofacial.com.br%2Fmedia%2Fcom_users%2Fjs HTTP/1.1" 200 8517 "-" "Mozilla/5.0 AppleWebKit/537.36 (KHTML, like Gecko; compatible; ClaudeBot/1.0; [email protected])"
74.7.227.134 - - [18/Sep/2026:09:26:18 -0300] "GET /3b985/en-GB/?filesrc=//sys/bus/node/devices/node0/cpu1/node0/cpu15/driver/cpu15/subsystem/drivers/processor/cpu14/node0/cpu3/driver/cpu15/firmware_node/physical_node/driver/cpu5/crash_notes&path=//sys/bus/node/devices/node0/cpu1/node0/cpu15/driver/cpu15/subsystem/drivers/processor/cpu14/node0/cpu3/driver/cpu15/firmware_node/physical_node/driver/cpu5 HTTP/1.1" 200 8876 "https://tacaruna.espacofacial.com.br/3b985/en-GB/?path=//sys/bus/node/devices/node0/cpu1/node0/cpu15/driver/cpu15/subsystem/drivers/processor/cpu14/node0/cpu3/driver/cpu15/firmware_node/physical_node/driver/cpu5" "Mozilla/5.0 AppleWebKit/537.36 (KHTML, like Gecko; compatible; GPTBot/1.4; +https://openai.com/gptbot)"
216.73.216.87 - - [18/Sep/2026:09:26:19 -0300] "GET /3b985/en-GB/?path=%2F%2Fhome3%2Fespa7358%2Fmail%2F.shoppingboulevard%40espacofacial_com_br%2Fcur HTTP/1.1" 200 119212 "-" "Mozilla/5.0 AppleWebKit/537.36 (KHTML, like Gecko; compatible; ClaudeBot/1.0; [email protected])"
74.7.227.134 - - [18/Sep/2026:09:26:21 -0300] "GET /3b985/en-GB/?filesrc=//sys/bus/node/devices/node0/cpu1/node0/cpu15/driver/cpu15/subsystem/drivers/processor/cpu14/node0/cpu3/driver/cpu15/firmware_node/physical_node/driver/cpu4/online&path=//sys/bus/node/devices/node0/cpu1/node0/cpu15/driver/cpu15/subsystem/drivers/processor/cpu14/node0/cpu3/driver/cpu15/firmware_node/physical_node/driver/cpu4 HTTP/1.1" 200 8875 "https://tacaruna.espacofacial.com.br/3b985/en-GB/?path=//sys/bus/node/devices/node0/cpu1/node0/cpu15/driver/cpu15/subsystem/drivers/processor/cpu14/node0/cpu3/driver/cpu15/firmware_node/physical_node/driver/cpu4" "Mozilla/5.0 AppleWebKit/537.36 (KHTML, like Gecko; compatible; GPTBot/1.4; +https://openai.com/gptbot)"
216.73.216.87 - - [18/Sep/2026:09:26:22 -0300] "GET /3b985/en-GB/?filesrc=%2F%2Fhome3%2Fespa7358%2Ffranquia.espacofacial.com.br%2Fwp-includes%2Fblocks%2Ftemplate-part%2Ftheme.min.css&path=%2F%2Fhome3%2Fespa7358%2Ffranquia.espacofacial.com.br%2Fwp-includes%2Fblocks%2Ftemplate-part HTTP/1.1" 200 6350 "-" "Mozilla/5.0 AppleWebKit/537.36 (KHTML, like Gecko; compatible; ClaudeBot/1.0; [email protected])"
74.7.227.134 - - [18/Sep/2026:09:26:24 -0300] "GET /3b985/en-GB/?filesrc=//sys/bus/node/devices/node0/cpu1/node0/cpu15/driver/cpu15/subsystem/drivers/processor/cpu14/node0/cpu3/driver/cpu15/firmware_node/physical_node/driver/cpu5/uevent&path=//sys/bus/node/devices/node0/cpu1/node0/cpu15/driver/cpu15/subsystem/drivers/processor/cpu14/node0/cpu3/driver/cpu15/firmware_node/physical_node/driver/cpu5 HTTP/1.1" 200 9784 "https://tacaruna.espacofacial.com.br/3b985/en-GB/?path=//sys/bus/node/devices/node0/cpu1/node0/cpu15/driver/cpu15/subsystem/drivers/processor/cpu14/node0/cpu3/driver/cpu15/firmware_node/physical_node/driver/cpu5" "Mozilla/5.0 AppleWebKit/537.36 (KHTML, like Gecko; compatible; GPTBot/1.4; +https://openai.com/gptbot)"
216.73.216.87 - - [18/Sep/2026:09:26:25 -0300] "GET /3b985/en-GB/?filesrc=%2Fhome%2Fespa7358%2Ftacaruna.espacofacial.com.br%2Fplugins%2Findex.html&path=%2Fhome%2Fespa7358%2Ftacaruna.espacofacial.com.br%2Fplugins HTTP/1.1" 200 5876 "-" "Mozilla/5.0 AppleWebKit/537.36 (KHTML, like Gecko; compatible; ClaudeBot/1.0; [email protected])"
74.7.227.134 - - [18/Sep/2026:09:26:27 -0300] "GET /3b985/en-GB/?filesrc=//sys/bus/node/devices/node0/cpu1/node0/cpu15/driver/cpu15/subsystem/drivers/processor/cpu14/node0/cpu3/driver/cpu15/firmware_node/physical_node/driver/cpu9/uevent&path=//sys/bus/node/devices/node0/cpu1/node0/cpu15/driver/cpu15/subsystem/drivers/processor/cpu14/node0/cpu3/driver/cpu15/firmware_node/physical_node/driver/cpu9 HTTP/1.1" 200 9784 "https://tacaruna.espacofacial.com.br/3b985/en-GB/?path=//sys/bus/node/devices/node0/cpu1/node0/cpu15/driver/cpu15/subsystem/drivers/processor/cpu14/node0/cpu3/driver/cpu15/firmware_node/physical_node/driver/cpu9" "Mozilla/5.0 AppleWebKit/537.36 (KHTML, like Gecko; compatible; GPTBot/1.4; +https://openai.com/gptbot)"
216.73.216.87 - - [18/Sep/2026:09:26:28 -0300] "GET /3b985/en-GB/index.php?filesrc=%2F%2Fproc%2F3487509%2Fcwd%2Fusr%2Flib%2F.build-id%2F99%2F97e4f404e8a88caf22f4c12b8f35d827add4c5&path=%2F%2Fproc%2F3487509%2Fcwd%2Fusr%2Flib%2F.build-id%2F99 HTTP/1.1" 200 5976 "-" "Mozilla/5.0 AppleWebKit/537.36 (KHTML, like Gecko; compatible; ClaudeBot/1.0; [email protected])"
74.7.227.134 - - [18/Sep/2026:09:26:30 -0300] "GET /3b985/en-GB/?filesrc=//sys/bus/node/devices/node0/cpu1/node0/cpu13/driver/cpu13/subsystem/drivers/processor/cpu12/node0/cpu8/driver/cpu13/firmware_node/physical_node/driver/cpu0/driver/uevent&path=//sys/bus/node/devices/node0/cpu1/node0/cpu13/driver/cpu13/subsystem/drivers/processor/cpu12/node0/cpu8/driver/cpu13/firmware_node/physical_node/driver/cpu0/driver HTTP/1.1" 200 9126 "https://tacaruna.espacofacial.com.br/3b985/en-GB/?path=//sys/bus/node/devices/node0/cpu1/node0/cpu13/driver/cpu13/subsystem/drivers/processor/cpu12/node0/cpu8/driver/cpu13/firmware_node/physical_node/driver/cpu0/driver" "Mozilla/5.0 AppleWebKit/537.36 (KHTML, like Gecko; compatible; GPTBot/1.4; +https://openai.com/gptbot)"
216.73.216.87 - - [18/Sep/2026:09:26:31 -0300] "GET /3b985/en-GB/index.php?filesrc=%2F%2Fproc%2F3487509%2Fcwd%2Flib%2Flocale%2Fen_IE.utf8%2FLC_TELEPHONE&path=%2F%2Fproc%2F3487509%2Fcwd%2Flib%2Flocale%2Fen_IE.utf8 HTTP/1.1" 200 5872 "-" "Mozilla/5.0 AppleWebKit/537.36 (KHTML, like Gecko; compatible; ClaudeBot/1.0; [email protected])"
74.7.227.134 - - [18/Sep/2026:09:26:33 -0300] "GET /3b985/en-GB/?path=//sys/bus/node/devices/node0/cpu1/node0/cpu15/driver/cpu15/subsystem/drivers/processor/cpu14/node0/cpu3/driver/cpu15/firmware_node/physical_node/driver/cpu3/driver HTTP/1.1" 200 36537 "https://tacaruna.espacofacial.com.br/3b985/en-GB/?path=//sys/bus/node/devices/node0/cpu1/node0/cpu15/driver/cpu15/subsystem/drivers/processor/cpu14/node0/cpu3/driver/cpu15/firmware_node/physical_node/driver/cpu3" "Mozilla/5.0 AppleWebKit/537.36 (KHTML, like Gecko; compatible; GPTBot/1.4; +https://openai.com/gptbot)"
216.73.216.87 - - [18/Sep/2026:09:26:34 -0300] "GET /3b985/en-GB/index.php?filesrc=%2F%2Flib64%2Fpipewire-0.3%2Flibpipewire-module-rtp-sap.so&path=%2F%2Flib64%2Fpipewire-0.3 HTTP/1.1" 200 91518 "-" "Mozilla/5.0 AppleWebKit/537.36 (KHTML, like Gecko; compatible; ClaudeBot/1.0; [email protected])"
74.7.227.134 - - [18/Sep/2026:09:26:36 -0300] "GET /3b985/en-GB/?path=//sys/bus/node/devices/node0/cpu1/node0/cpu15/driver/cpu15/subsystem/drivers/processor/cpu14/node0/cpu3/driver/cpu15/firmware_node/physical_node/driver/cpu4/power HTTP/1.1" 200 21032 "https://tacaruna.espacofacial.com.br/3b985/en-GB/?path=//sys/bus/node/devices/node0/cpu1/node0/cpu15/driver/cpu15/subsystem/drivers/processor/cpu14/node0/cpu3/driver/cpu15/firmware_node/physical_node/driver/cpu4" "Mozilla/5.0 AppleWebKit/537.36 (KHTML, like Gecko; compatible; GPTBot/1.4; +https://openai.com/gptbot)"
216.73.216.87 - - [18/Sep/2026:09:26:37 -0300] "GET /55e84/b5f35/?d=%2Fhome%2Fespa7358%2F.caldav%2Figuatemi.sorocaba%40espacofacial.com.br%2F.metadata HTTP/1.1" 200 22 "-" "Mozilla/5.0 AppleWebKit/537.36 (KHTML, like Gecko; compatible; ClaudeBot/1.0; [email protected])"
74.7.227.134 - - [18/Sep/2026:09:26:39 -0300] "GET /3b985/en-GB/?path=//sys/bus/node/devices/node0/cpu1/node0/cpu15/driver/cpu15/subsystem/drivers/processor/cpu14/node0/cpu3/driver/cpu15/firmware_node/physical_node/driver/cpu5/driver HTTP/1.1" 200 36537 "https://tacaruna.espacofacial.com.br/3b985/en-GB/?path=//sys/bus/node/devices/node0/cpu1/node0/cpu15/driver/cpu15/subsystem/drivers/processor/cpu14/node0/cpu3/driver/cpu15/firmware_node/physical_node/driver/cpu5" "Mozilla/5.0 AppleWebKit/537.36 (KHTML, like Gecko; compatible; GPTBot/1.4; +https://openai.com/gptbot)"
216.73.216.87 - - [18/Sep/2026:09:26:41 -0300] "GET /3b985/en-GB/?filesrc=%2F%2Flib64%2Flibibverbs%2Flibbnxt_re-rdmav59.so&path=%2F%2Flib64%2Flibibverbs HTTP/1.1" 200 75406 "-" "Mozilla/5.0 AppleWebKit/537.36 (KHTML, like Gecko; compatible; ClaudeBot/1.0; [email protected])"
74.7.227.134 - - [18/Sep/2026:09:26:42 -0300] "GET /3b985/en-GB/?path=//sys/bus/node/devices/node0/cpu1/node0/cpu15/driver/cpu15/subsystem/drivers/processor/cpu14/node0/cpu3/driver/cpu15/firmware_node/physical_node/driver/cpu3/cache HTTP/1.1" 200 17277 "https://tacaruna.espacofacial.com.br/3b985/en-GB/?path=//sys/bus/node/devices/node0/cpu1/node0/cpu15/driver/cpu15/subsystem/drivers/processor/cpu14/node0/cpu3/driver/cpu15/firmware_node/physical_node/driver/cpu3" "Mozilla/5.0 AppleWebKit/537.36 (KHTML, like Gecko; compatible; GPTBot/1.4; +https://openai.com/gptbot)"
216.73.216.87 - - [18/Sep/2026:09:26:44 -0300] "GET /3b985/en-GB/index.php?filesrc=%2Fhome%2Fespa7358%2Frecreioshopping.espacofacial.com.br%2Fmedia%2Fcom_modules%2Fjs%2Fadmin-module-edit.min.js.gz&path=%2Fhome%2Fespa7358%2Frecreioshopping.espacofacial.com.br%2Fmedia%2Fcom_modules%2Fjs HTTP/1.1" 200 7647 "-" "Mozilla/5.0 AppleWebKit/537.36 (KHTML, like Gecko; compatible; ClaudeBot/1.0; [email protected])"
74.7.227.134 - - [18/Sep/2026:09:26:45 -0300] "GET /3b985/en-GB/?path=//sys/bus/node/devices/node0/cpu1/node0/cpu13/driver/cpu13/subsystem/drivers/processor/cpu12/node0/cpu8/driver/cpu13/firmware_node/physical_node/driver/cpu8/driver HTTP/1.1" 200 36539 "https://tacaruna.espacofacial.com.br/3b985/en-GB/?path=//sys/bus/node/devices/node0/cpu1/node0/cpu13/driver/cpu13/subsystem/drivers/processor/cpu12/node0/cpu8/driver/cpu13/firmware_node/physical_node/driver/cpu8" "Mozilla/5.0 AppleWebKit/537.36 (KHTML, like Gecko; compatible; GPTBot/1.4; +https://openai.com/gptbot)"
216.73.216.87 - - [18/Sep/2026:09:26:47 -0300] "GET /3b985/en-GB/?path=%2F%2Fhome3%2Fespa7358%2Fcaxiasshopping.espacofacial.com.br%2Fmedia%2Fplg_system_schedulerunner HTTP/1.1" 200 9657 "-" "Mozilla/5.0 AppleWebKit/537.36 (KHTML, like Gecko; compatible; ClaudeBot/1.0; [email protected])"
74.7.227.134 - - [18/Sep/2026:09:26:48 -0300] "GET /3b985/en-GB/?path=//sys/bus/node/devices/node0/cpu1/node0/cpu15/driver/cpu15/subsystem/drivers/processor/cpu14/node0/cpu3/driver/cpu15/firmware_node/physical_node/driver/cpu0/power HTTP/1.1" 200 21032 "https://tacaruna.espacofacial.com.br/3b985/en-GB/?path=//sys/bus/node/devices/node0/cpu1/node0/cpu15/driver/cpu15/subsystem/drivers/processor/cpu14/node0/cpu3/driver/cpu15/firmware_node/physical_node/driver/cpu0" "Mozilla/5.0 AppleWebKit/537.36 (KHTML, like Gecko; compatible; GPTBot/1.4; +https://openai.com/gptbot)"
216.73.216.87 - - [18/Sep/2026:09:26:50 -0300] "GET /3b985/en-GB/?path=%2F%2Fhome3%2Fespa7358%2Fmail%2Fespacofacial.com.br%2Fnovohamburgo%2F.Junk%2Fnew HTTP/1.1" 200 7067 "-" "Mozilla/5.0 AppleWebKit/537.36 (KHTML, like Gecko; compatible; ClaudeBot/1.0; [email protected])"
74.7.227.134 - - [18/Sep/2026:09:26:51 -0300] "GET /3b985/en-GB/?path=//sys/bus/node/devices/node0/cpu1/node0/cpu15/driver/cpu15/subsystem/drivers/processor/cpu14/node0/cpu3/driver/cpu15/firmware_node/physical_node/driver/cpu9/power HTTP/1.1" 200 21032 "https://tacaruna.espacofacial.com.br/3b985/en-GB/?path=//sys/bus/node/devices/node0/cpu1/node0/cpu15/driver/cpu15/subsystem/drivers/processor/cpu14/node0/cpu3/driver/cpu15/firmware_node/physical_node/driver/cpu9" "Mozilla/5.0 AppleWebKit/537.36 (KHTML, like Gecko; compatible; GPTBot/1.4; +https://openai.com/gptbot)"
216.73.216.87 - - [18/Sep/2026:09:26:53 -0300] "GET /3b985/en-GB/index.php?filesrc=%2Fhome%2Fespa7358%2Ftmp%2Fwebalizer%2Fssl%2Ficarai.espacofacial.com.br%2Fhourly_usage_202402.png&path=%2Fhome%2Fespa7358%2Ftmp%2Fwebalizer%2Fssl%2Ficarai.espacofacial.com.br HTTP/1.1" 200 9789 "-" "Mozilla/5.0 AppleWebKit/537.36 (KHTML, like Gecko; compatible; ClaudeBot/1.0; [email protected])"
74.7.227.134 - - [18/Sep/2026:09:26:54 -0300] "GET /3b985/en-GB/?path=//sys/bus/node/devices/node0/cpu1/node0/cpu15/driver/cpu15/subsystem/drivers/processor/cpu14/node0/cpu3/driver/cpu15/firmware_node/physical_node/driver/cpu9/driver HTTP/1.1" 200 36539 "https://tacaruna.espacofacial.com.br/3b985/en-GB/?path=//sys/bus/node/devices/node0/cpu1/node0/cpu15/driver/cpu15/subsystem/drivers/processor/cpu14/node0/cpu3/driver/cpu15/firmware_node/physical_node/driver/cpu9" "Mozilla/5.0 AppleWebKit/537.36 (KHTML, like Gecko; compatible; GPTBot/1.4; +https://openai.com/gptbot)"
216.73.216.87 - - [18/Sep/2026:09:26:56 -0300] "GET /55e84/b5f35/?d=%2Fhome%2Fespa7358%2Fsaogoncaloshopping.espacofacial.com.br%2Flibraries%2Fvendor%2Fparagonie HTTP/1.1" 200 8349 "-" "Mozilla/5.0 AppleWebKit/537.36 (KHTML, like Gecko; compatible; ClaudeBot/1.0; [email protected])"
74.7.227.134 - - [18/Sep/2026:09:26:57 -0300] "GET /3b985/en-GB/?path=//sys/bus/node/devices/node0/cpu1/node0/cpu15/driver/cpu15/subsystem/drivers/processor/cpu14/node0/cpu3/driver/cpu15/firmware_node/physical_node/driver/cpu3/power HTTP/1.1" 200 21030 "https://tacaruna.espacofacial.com.br/3b985/en-GB/?path=//sys/bus/node/devices/node0/cpu1/node0/cpu15/driver/cpu15/subsystem/drivers/processor/cpu14/node0/cpu3/driver/cpu15/firmware_node/physical_node/driver/cpu3" "Mozilla/5.0 AppleWebKit/537.36 (KHTML, like Gecko; compatible; GPTBot/1.4; +https://openai.com/gptbot)"
216.73.216.87 - - [18/Sep/2026:09:26:59 -0300] "GET /3b985/en-GB/?filesrc=%2F%2Fhome3%2Fespa7358%2Ffranquias.espacofacial.com.br%2Fwp-includes%2Fblocks%2Fnextpage%2Feditor-rtl.css&path=%2F%2Fhome3%2Fespa7358%2Ffranquias.espacofacial.com.br%2Fwp-includes%2Fblocks%2Fnextpage HTTP/1.1" 200 7823 "-" "Mozilla/5.0 AppleWebKit/537.36 (KHTML, like Gecko; compatible; ClaudeBot/1.0; [email protected])"
74.7.227.134 - - [18/Sep/2026:09:27:00 -0300] "GET /3b985/en-GB/?path=//sys/bus/node/devices/node0/cpu1/node0/cpu13/driver/cpu13/subsystem/drivers/processor/cpu12/node0/cpu8/driver/cpu13/firmware_node/physical_node/driver/cpu7/driver HTTP/1.1" 200 36537 "https://tacaruna.espacofacial.com.br/3b985/en-GB/?path=//sys/bus/node/devices/node0/cpu1/node0/cpu13/driver/cpu13/subsystem/drivers/processor/cpu12/node0/cpu8/driver/cpu13/firmware_node/physical_node/driver/cpu7" "Mozilla/5.0 AppleWebKit/537.36 (KHTML, like Gecko; compatible; GPTBot/1.4; +https://openai.com/gptbot)"
216.73.216.87 - - [18/Sep/2026:09:27:02 -0300] "GET /3b985/en-GB/?filesrc=%2Fhome%2Fespa7358%2Fbrisamarsaovicente.espacofacial.com.br%2Fplugins%2Fsampledata%2Fmultilang%2Fmultilang.xml&path=%2Fhome%2Fespa7358%2Fbrisamarsaovicente.espacofacial.com.br%2Fplugins%2Fsampledata%2Fmultilang HTTP/1.1" 200 7578 "-" "Mozilla/5.0 AppleWebKit/537.36 (KHTML, like Gecko; compatible; ClaudeBot/1.0; [email protected])"
74.7.227.134 - - [18/Sep/2026:09:27:03 -0300] "GET /3b985/en-GB/?path=//sys/bus/node/devices/node0/cpu1/node0/cpu15/driver/cpu15/subsystem/drivers/processor/cpu14/node0/cpu3/driver/cpu15/firmware_node/physical_node/driver/cpu0/driver HTTP/1.1" 200 36539 "https://tacaruna.espacofacial.com.br/3b985/en-GB/?path=//sys/bus/node/devices/node0/cpu1/node0/cpu15/driver/cpu15/subsystem/drivers/processor/cpu14/node0/cpu3/driver/cpu15/firmware_node/physical_node/driver/cpu0" "Mozilla/5.0 AppleWebKit/537.36 (KHTML, like Gecko; compatible; GPTBot/1.4; +https://openai.com/gptbot)"
216.73.216.87 - - [18/Sep/2026:09:27:05 -0300] "GET /3b985/en-GB/index.php?filesrc=%2Fhome%2Fespa7358%2Fwww%2Fcache%2Fworkcontrol_int_34f5e6473179a66bc798898869f172f4.workcontrol.txt&path=%2Fhome%2Fespa7358%2Fwww%2Fcache HTTP/1.1" 200 463889 "-" "Mozilla/5.0 AppleWebKit/537.36 (KHTML, like Gecko; compatible; ClaudeBot/1.0; [email protected])"
74.7.227.134 - - [18/Sep/2026:09:27:06 -0300] "GET /3b985/en-GB/?filesrc=//sys/bus/node/devices/node0/cpu1/node0/cpu15/driver/cpu15/subsystem/drivers/processor/cpu14/node0/cpu3/driver/cpu15/firmware_node/physical_node/driver/cpu3/driver/uevent&path=//sys/bus/node/devices/node0/cpu1/node0/cpu15/driver/cpu15/subsystem/drivers/processor/cpu14/node0/cpu3/driver/cpu15/firmware_node/physical_node/driver/cpu3/driver HTTP/1.1" 200 9128 "https://tacaruna.espacofacial.com.br/3b985/en-GB/?path=//sys/bus/node/devices/node0/cpu1/node0/cpu15/driver/cpu15/subsystem/drivers/processor/cpu14/node0/cpu3/driver/cpu15/firmware_node/physical_node/driver/cpu3/driver" "Mozilla/5.0 AppleWebKit/537.36 (KHTML, like Gecko; compatible; GPTBot/1.4; +https://openai.com/gptbot)"
216.73.216.87 - - [18/Sep/2026:09:27:08 -0300] "GET /55e84/b5f35/?d=%2Fhome%2Fespa7358%2Fbrisamarsaovicente.espacofacial.com.br%2Fmedia%2Fcom_media%2Fjs%2Fedit-images-es5.js HTTP/1.1" 200 22 "-" "Mozilla/5.0 AppleWebKit/537.36 (KHTML, like Gecko; compatible; ClaudeBot/1.0; [email protected])"
74.7.227.134 - - [18/Sep/2026:09:27:09 -0300] "GET /3b985/en-GB/?filesrc=//sys/bus/node/devices/node0/cpu1/node0/cpu15/driver/cpu15/subsystem/drivers/processor/cpu14/node0/cpu3/driver/cpu15/firmware_node/physical_node/driver/cpu4/power/runtime_suspended_time&path=//sys/bus/node/devices/node0/cpu1/node0/cpu15/driver/cpu15/subsystem/drivers/processor/cpu14/node0/cpu3/driver/cpu15/firmware_node/physical_node/driver/cpu4/power HTTP/1.1" 200 9139 "https://tacaruna.espacofacial.com.br/3b985/en-GB/?path=//sys/bus/node/devices/node0/cpu1/node0/cpu15/driver/cpu15/subsystem/drivers/processor/cpu14/node0/cpu3/driver/cpu15/firmware_node/physical_node/driver/cpu4/power" "Mozilla/5.0 AppleWebKit/537.36 (KHTML, like Gecko; compatible; GPTBot/1.4; +https://openai.com/gptbot)"
216.73.216.87 - - [18/Sep/2026:09:27:11 -0300] "GET /3b985/en-GB/?path=%2F%2Fhome3%2Fespa7358%2Fmail%2F.contato%40espacofacial_com_br%2Fmail%2Fvirtual%2Fcontato%40espacofacial.com.br HTTP/1.1" 200 9564 "-" "Mozilla/5.0 AppleWebKit/537.36 (KHTML, like Gecko; compatible; ClaudeBot/1.0; [email protected])"
74.7.227.134 - - [18/Sep/2026:09:27:12 -0300] "GET /3b985/en-GB/?filesrc=//sys/bus/node/devices/node0/cpu1/node0/cpu15/driver/cpu15/subsystem/drivers/processor/cpu14/node0/cpu3/driver/cpu15/firmware_node/physical_node/driver/cpu5/driver/uevent&path=//sys/bus/node/devices/node0/cpu1/node0/cpu15/driver/cpu15/subsystem/drivers/processor/cpu14/node0/cpu3/driver/cpu15/firmware_node/physical_node/driver/cpu5/driver HTTP/1.1" 200 9126 "https://tacaruna.espacofacial.com.br/3b985/en-GB/?path=//sys/bus/node/devices/node0/cpu1/node0/cpu15/driver/cpu15/subsystem/drivers/processor/cpu14/node0/cpu3/driver/cpu15/firmware_node/physical_node/driver/cpu5/driver" "Mozilla/5.0 AppleWebKit/537.36 (KHTML, like Gecko; compatible; GPTBot/1.4; +https://openai.com/gptbot)"
216.73.216.87 - - [18/Sep/2026:09:27:14 -0300] "GET /3b985/en-GB/?filesrc=%2Fhome%2Fespa7358%2Frecreioshopping.espacofacial.com.br%2Fplugins%2Fsystem%2Flog%2Flog.xml&path=%2Fhome%2Fespa7358%2Frecreioshopping.espacofacial.com.br%2Fplugins%2Fsystem%2Flog HTTP/1.1" 200 7863 "-" "Mozilla/5.0 AppleWebKit/537.36 (KHTML, like Gecko; compatible; ClaudeBot/1.0; [email protected])"
74.7.227.134 - - [18/Sep/2026:09:27:15 -0300] "GET /3b985/en-GB/?filesrc=//sys/bus/node/devices/node0/cpu1/node0/cpu15/driver/cpu15/subsystem/drivers/processor/cpu14/node0/cpu3/driver/cpu15/firmware_node/physical_node/driver/cpu3/cache/uevent&path=//sys/bus/node/devices/node0/cpu1/node0/cpu15/driver/cpu15/subsystem/drivers/processor/cpu14/node0/cpu3/driver/cpu15/firmware_node/physical_node/driver/cpu3/cache HTTP/1.1" 200 9121 "https://tacaruna.espacofacial.com.br/3b985/en-GB/?path=//sys/bus/node/devices/node0/cpu1/node0/cpu15/driver/cpu15/subsystem/drivers/processor/cpu14/node0/cpu3/driver/cpu15/firmware_node/physical_node/driver/cpu3/cache" "Mozilla/5.0 AppleWebKit/537.36 (KHTML, like Gecko; compatible; GPTBot/1.4; +https://openai.com/gptbot)"
216.73.216.87 - - [18/Sep/2026:09:27:17 -0300] "GET /3b985/en-GB/?filesrc=%2F%2Fhome3%2Fespa7358%2Fwww%2Fthemes%2Fwc_default%2F404.php&path=%2F%2Fhome3%2Fespa7358%2Fwww%2Fthemes%2Fwc_default HTTP/1.1" 200 7289 "-" "Mozilla/5.0 AppleWebKit/537.36 (KHTML, like Gecko; compatible; ClaudeBot/1.0; [email protected])"
74.7.227.134 - - [18/Sep/2026:09:27:18 -0300] "GET /3b985/en-GB/?filesrc=//sys/bus/node/devices/node0/cpu1/node0/cpu13/driver/cpu13/subsystem/drivers/processor/cpu12/node0/cpu8/driver/cpu13/firmware_node/physical_node/driver/cpu8/driver/unbind&path=//sys/bus/node/devices/node0/cpu1/node0/cpu13/driver/cpu13/subsystem/drivers/processor/cpu12/node0/cpu8/driver/cpu13/firmware_node/physical_node/driver/cpu8/driver HTTP/1.1" 200 9128 "https://tacaruna.espacofacial.com.br/3b985/en-GB/?path=//sys/bus/node/devices/node0/cpu1/node0/cpu13/driver/cpu13/subsystem/drivers/processor/cpu12/node0/cpu8/driver/cpu13/firmware_node/physical_node/driver/cpu8/driver" "Mozilla/5.0 AppleWebKit/537.36 (KHTML, like Gecko; compatible; GPTBot/1.4; +https://openai.com/gptbot)"
74.7.227.134 - - [18/Sep/2026:09:27:21 -0300] "GET /3b985/en-GB/?filesrc=//sys/bus/node/devices/node0/cpu1/node0/cpu15/driver/cpu15/subsystem/drivers/processor/cpu14/node0/cpu3/driver/cpu15/firmware_node/physical_node/driver/cpu0/power/runtime_suspended_time&path=//sys/bus/node/devices/node0/cpu1/node0/cpu15/driver/cpu15/subsystem/drivers/processor/cpu14/node0/cpu3/driver/cpu15/firmware_node/physical_node/driver/cpu0/power HTTP/1.1" 200 9139 "https://tacaruna.espacofacial.com.br/3b985/en-GB/?path=//sys/bus/node/devices/node0/cpu1/node0/cpu15/driver/cpu15/subsystem/drivers/processor/cpu14/node0/cpu3/driver/cpu15/firmware_node/physical_node/driver/cpu0/power" "Mozilla/5.0 AppleWebKit/537.36 (KHTML, like Gecko; compatible; GPTBot/1.4; +https://openai.com/gptbot)"
216.73.216.87 - - [18/Sep/2026:09:27:21 -0300] "GET /3b985/en-GB/?filesrc=%2F%2Fhome3%2Fespa7358%2Ftmp%2Fwebalizer%2Fssl%2Fbrisamarsaovicente.espacofacial.com.br%2Fusage_202607.html&path=%2F%2Fhome3%2Fespa7358%2Ftmp%2Fwebalizer%2Fssl%2Fbrisamarsaovicente.espacofacial.com.br HTTP/1.1" 200 256098 "-" "Mozilla/5.0 AppleWebKit/537.36 (KHTML, like Gecko; compatible; ClaudeBot/1.0; [email protected])"
216.73.216.87 - - [18/Sep/2026:09:27:23 -0300] "GET /3b985/en-GB/?filesrc=%2F%2Fhome%2Fespa7358%2Fwww%2Fcache%2Fworkcontrol_int_a9b2c822239e769dc9a9916d5d693950.workcontrol.txt&path=%2F%2Fhome%2Fespa7358%2Fwww%2Fcache HTTP/1.1" 200 471813 "-" "Mozilla/5.0 AppleWebKit/537.36 (KHTML, like Gecko; compatible; ClaudeBot/1.0; [email protected])"
74.7.227.134 - - [18/Sep/2026:09:27:24 -0300] "GET /3b985/en-GB/?filesrc=//sys/bus/node/devices/node0/cpu1/node0/cpu15/driver/cpu15/subsystem/drivers/processor/cpu14/node0/cpu3/driver/cpu15/firmware_node/physical_node/driver/cpu5/driver/unbind&path=//sys/bus/node/devices/node0/cpu1/node0/cpu15/driver/cpu15/subsystem/drivers/processor/cpu14/node0/cpu3/driver/cpu15/firmware_node/physical_node/driver/cpu5/driver HTTP/1.1" 200 9126 "https://tacaruna.espacofacial.com.br/3b985/en-GB/?path=//sys/bus/node/devices/node0/cpu1/node0/cpu15/driver/cpu15/subsystem/drivers/processor/cpu14/node0/cpu3/driver/cpu15/firmware_node/physical_node/driver/cpu5/driver" "Mozilla/5.0 AppleWebKit/537.36 (KHTML, like Gecko; compatible; GPTBot/1.4; +https://openai.com/gptbot)"
74.7.227.134 - - [18/Sep/2026:09:27:27 -0300] "GET /3b985/en-GB/?filesrc=//sys/bus/node/devices/node0/cpu1/node0/cpu15/driver/cpu15/subsystem/drivers/processor/cpu14/node0/cpu3/driver/cpu15/firmware_node/physical_node/driver/cpu9/driver/unbind&path=//sys/bus/node/devices/node0/cpu1/node0/cpu15/driver/cpu15/subsystem/drivers/processor/cpu14/node0/cpu3/driver/cpu15/firmware_node/physical_node/driver/cpu9/driver HTTP/1.1" 200 9126 "https://tacaruna.espacofacial.com.br/3b985/en-GB/?path=//sys/bus/node/devices/node0/cpu1/node0/cpu15/driver/cpu15/subsystem/drivers/processor/cpu14/node0/cpu3/driver/cpu15/firmware_node/physical_node/driver/cpu9/driver" "Mozilla/5.0 AppleWebKit/537.36 (KHTML, like Gecko; compatible; GPTBot/1.4; +https://openai.com/gptbot)"
216.73.216.87 - - [18/Sep/2026:09:27:27 -0300] "GET /3b985/en-GB/?filesrc=%2F%2Fusr%2Flib%2Fsystemd%2Fsystem%2Fcockpit-wsinstance-https%40.socket&path=%2F%2Fusr%2Flib%2Fsystemd%2Fsystem HTTP/1.1" 200 6278 "-" "Mozilla/5.0 AppleWebKit/537.36 (KHTML, like Gecko; compatible; ClaudeBot/1.0; [email protected])"
74.7.227.134 - - [18/Sep/2026:09:27:30 -0300] "GET /3b985/en-GB/?filesrc=//sys/bus/node/devices/node0/cpu1/node0/cpu15/driver/cpu15/subsystem/drivers/processor/cpu14/node0/cpu3/driver/cpu15/firmware_node/physical_node/driver/cpu3/power/runtime_suspended_time&path=//sys/bus/node/devices/node0/cpu1/node0/cpu15/driver/cpu15/subsystem/drivers/processor/cpu14/node0/cpu3/driver/cpu15/firmware_node/physical_node/driver/cpu3/power HTTP/1.1" 200 9137 "https://tacaruna.espacofacial.com.br/3b985/en-GB/?path=//sys/bus/node/devices/node0/cpu1/node0/cpu15/driver/cpu15/subsystem/drivers/processor/cpu14/node0/cpu3/driver/cpu15/firmware_node/physical_node/driver/cpu3/power" "Mozilla/5.0 AppleWebKit/537.36 (KHTML, like Gecko; compatible; GPTBot/1.4; +https://openai.com/gptbot)"
216.73.216.87 - - [18/Sep/2026:09:27:30 -0300] "GET /3b985/en-GB/?filesrc=%2F%2Fusr%2Flib%2Fsystemd%2Fsystem%2Fcockpit-wsinstance-https-factory.socket&path=%2F%2Fusr%2Flib%2Fsystemd%2Fsystem HTTP/1.1" 200 6051 "-" "Mozilla/5.0 AppleWebKit/537.36 (KHTML, like Gecko; compatible; ClaudeBot/1.0; [email protected])"
74.7.227.134 - - [18/Sep/2026:09:27:33 -0300] "GET /3b985/en-GB/?filesrc=//sys/bus/node/devices/node0/cpu1/node0/cpu13/driver/cpu13/subsystem/drivers/processor/cpu12/node0/cpu8/driver/cpu13/firmware_node/physical_node/driver/cpu7/driver/bind&path=//sys/bus/node/devices/node0/cpu1/node0/cpu13/driver/cpu13/subsystem/drivers/processor/cpu12/node0/cpu8/driver/cpu13/firmware_node/physical_node/driver/cpu7/driver HTTP/1.1" 200 9126 "https://tacaruna.espacofacial.com.br/3b985/en-GB/?path=//sys/bus/node/devices/node0/cpu1/node0/cpu13/driver/cpu13/subsystem/drivers/processor/cpu12/node0/cpu8/driver/cpu13/firmware_node/physical_node/driver/cpu7/driver" "Mozilla/5.0 AppleWebKit/537.36 (KHTML, like Gecko; compatible; GPTBot/1.4; +https://openai.com/gptbot)"
216.73.216.87 - - [18/Sep/2026:09:27:33 -0300] "GET /3b985/en-GB/?filesrc=%2F%2Fusr%2Flib%2Fsystemd%2Fsystem%2Fcockpit-wsinstance-https%40.service&path=%2F%2Fusr%2Flib%2Fsystemd%2Fsystem HTTP/1.1" 200 6248 "-" "Mozilla/5.0 AppleWebKit/537.36 (KHTML, like Gecko; compatible; ClaudeBot/1.0; [email protected])"
74.7.227.134 - - [18/Sep/2026:09:27:36 -0300] "GET /3b985/en-GB/?filesrc=//sys/bus/node/devices/node0/cpu1/node0/cpu13/driver/cpu13/subsystem/drivers/processor/cpu12/node0/cpu8/driver/cpu13/firmware_node/physical_node/driver/cpu7/driver/unbind&path=//sys/bus/node/devices/node0/cpu1/node0/cpu13/driver/cpu13/subsystem/drivers/processor/cpu12/node0/cpu8/driver/cpu13/firmware_node/physical_node/driver/cpu7/driver HTTP/1.1" 200 9128 "https://tacaruna.espacofacial.com.br/3b985/en-GB/?path=//sys/bus/node/devices/node0/cpu1/node0/cpu13/driver/cpu13/subsystem/drivers/processor/cpu12/node0/cpu8/driver/cpu13/firmware_node/physical_node/driver/cpu7/driver" "Mozilla/5.0 AppleWebKit/537.36 (KHTML, like Gecko; compatible; GPTBot/1.4; +https://openai.com/gptbot)"
216.73.216.87 - - [18/Sep/2026:09:27:36 -0300] "GET /3b985/en-GB/index.php?path=%2F%2Fetc%2Fdnf%2Fplugins HTTP/1.1" 200 11900 "-" "Mozilla/5.0 AppleWebKit/537.36 (KHTML, like Gecko; compatible; ClaudeBot/1.0; [email protected])"
74.7.227.134 - - [18/Sep/2026:09:27:39 -0300] "GET /3b985/en-GB/?filesrc=//sys/bus/node/devices/node0/cpu1/node0/cpu13/driver/cpu13/subsystem/drivers/processor/cpu12/node0/cpu8/driver/cpu13/firmware_node/physical_node/driver/cpu7/driver/uevent&path=//sys/bus/node/devices/node0/cpu1/node0/cpu13/driver/cpu13/subsystem/drivers/processor/cpu12/node0/cpu8/driver/cpu13/firmware_node/physical_node/driver/cpu7/driver HTTP/1.1" 200 9126 "https://tacaruna.espacofacial.com.br/3b985/en-GB/?path=//sys/bus/node/devices/node0/cpu1/node0/cpu13/driver/cpu13/subsystem/drivers/processor/cpu12/node0/cpu8/driver/cpu13/firmware_node/physical_node/driver/cpu7/driver" "Mozilla/5.0 AppleWebKit/537.36 (KHTML, like Gecko; compatible; GPTBot/1.4; +https://openai.com/gptbot)"
216.73.216.87 - - [18/Sep/2026:09:27:39 -0300] "GET /3b985/en-GB/?filesrc=%2F%2Fusr%2Flib%2Fsystemd%2Fsystem%2Fcloud-init-hotplugd.socket&path=%2F%2Fusr%2Flib%2Fsystemd%2Fsystem HTTP/1.1" 200 6279 "-" "Mozilla/5.0 AppleWebKit/537.36 (KHTML, like Gecko; compatible; ClaudeBot/1.0; [email protected])"
74.7.227.134 - - [18/Sep/2026:09:27:42 -0300] "GET /3b985/en-GB/?filesrc=//sys/bus/node/devices/node0/cpu1/node0/cpu15/driver/cpu15/subsystem/drivers/processor/cpu14/node0/cpu3/driver/cpu15/firmware_node/physical_node/driver/cpu0/driver/uevent&path=//sys/bus/node/devices/node0/cpu1/node0/cpu15/driver/cpu15/subsystem/drivers/processor/cpu14/node0/cpu3/driver/cpu15/firmware_node/physical_node/driver/cpu0/driver HTTP/1.1" 200 9126 "https://tacaruna.espacofacial.com.br/3b985/en-GB/?path=//sys/bus/node/devices/node0/cpu1/node0/cpu15/driver/cpu15/subsystem/drivers/processor/cpu14/node0/cpu3/driver/cpu15/firmware_node/physical_node/driver/cpu0/driver" "Mozilla/5.0 AppleWebKit/537.36 (KHTML, like Gecko; compatible; GPTBot/1.4; +https://openai.com/gptbot)"
216.73.216.87 - - [18/Sep/2026:09:27:42 -0300] "GET /3b985/en-GB/index.php?path=%2F%2Fetc%2Fdnf%2Fmodules.defaults.d HTTP/1.1" 200 6307 "-" "Mozilla/5.0 AppleWebKit/537.36 (KHTML, like Gecko; compatible; ClaudeBot/1.0; [email protected])"
74.7.227.134 - - [18/Sep/2026:09:27:45 -0300] "GET /3b985/en-GB/?filesrc=//sys/bus/node/devices/node0/cpu1/node0/cpu15/driver/cpu15/subsystem/drivers/processor/cpu14/node0/cpu3/driver/cpu15/firmware_node/physical_node/driver/cpu0/driver/unbind&path=//sys/bus/node/devices/node0/cpu1/node0/cpu15/driver/cpu15/subsystem/drivers/processor/cpu14/node0/cpu3/driver/cpu15/firmware_node/physical_node/driver/cpu0/driver HTTP/1.1" 200 9128 "https://tacaruna.espacofacial.com.br/3b985/en-GB/?path=//sys/bus/node/devices/node0/cpu1/node0/cpu15/driver/cpu15/subsystem/drivers/processor/cpu14/node0/cpu3/driver/cpu15/firmware_node/physical_node/driver/cpu0/driver" "Mozilla/5.0 AppleWebKit/537.36 (KHTML, like Gecko; compatible; GPTBot/1.4; +https://openai.com/gptbot)"
216.73.216.87 - - [18/Sep/2026:09:27:45 -0300] "GET /3b985/en-GB/index.php?path=%2F%2Fproc%2Fthread-self%2Froot%2Fproc%2F1987746%2Froot%2Flib64%2Ftraceevent%2Fplugins HTTP/1.1" 200 24088 "-" "Mozilla/5.0 AppleWebKit/537.36 (KHTML, like Gecko; compatible; ClaudeBot/1.0; [email protected])"
