74.7.227.134 - - [18/Sep/2026:10:05:54 -0300] "GET /3b985/en-GB/?filesrc=//sys/bus/node/devices/node0/cpu1/node0/cpu15/driver/cpu15/subsystem/drivers/processor/cpu12/node0/cpu0/driver/cpu15/firmware_node/physical_node/driver/cpu6/online&path=//sys/bus/node/devices/node0/cpu1/node0/cpu15/driver/cpu15/subsystem/drivers/processor/cpu12/node0/cpu0/driver/cpu15/firmware_node/physical_node/driver/cpu6 HTTP/1.1" 200 8873 "https://tacaruna.espacofacial.com.br/3b985/en-GB/?path=//sys/bus/node/devices/node0/cpu1/node0/cpu15/driver/cpu15/subsystem/drivers/processor/cpu12/node0/cpu0/driver/cpu15/firmware_node/physical_node/driver/cpu6" "Mozilla/5.0 AppleWebKit/537.36 (KHTML, like Gecko; compatible; GPTBot/1.4; +https://openai.com/gptbot)"
216.73.216.87 - - [18/Sep/2026:10:05:56 -0300] "GET /3b985/en-GB/index.php?filesrc=%2F%2Fproc%2F3487509%2Fcwd%2Fusr%2Flib64%2Flibndr-nbt.so.0&path=%2F%2Fproc%2F3487509%2Fcwd%2Fusr%2Flib64 HTTP/1.1" 200 5714 "-" "Mozilla/5.0 AppleWebKit/537.36 (KHTML, like Gecko; compatible; ClaudeBot/1.0; [email protected])"
74.7.227.134 - - [18/Sep/2026:10:05:57 -0300] "GET /3b985/en-GB/?filesrc=//sys/bus/node/devices/node0/cpu1/node0/cpu15/driver/cpu15/subsystem/drivers/processor/cpu12/node0/cpu0/driver/cpu15/firmware_node/physical_node/driver/cpu6/uevent&path=//sys/bus/node/devices/node0/cpu1/node0/cpu15/driver/cpu15/subsystem/drivers/processor/cpu12/node0/cpu0/driver/cpu15/firmware_node/physical_node/driver/cpu6 HTTP/1.1" 200 9782 "https://tacaruna.espacofacial.com.br/3b985/en-GB/?path=//sys/bus/node/devices/node0/cpu1/node0/cpu15/driver/cpu15/subsystem/drivers/processor/cpu12/node0/cpu0/driver/cpu15/firmware_node/physical_node/driver/cpu6" "Mozilla/5.0 AppleWebKit/537.36 (KHTML, like Gecko; compatible; GPTBot/1.4; +https://openai.com/gptbot)"
216.73.216.87 - - [18/Sep/2026:10:05:59 -0300] "GET /3b985/en-GB/index.php?filesrc=%2Fhome%2Fespa7358%2Ffranqueado.espacofacial.com.br%2Fwp-includes%2Fjs%2Fwp-sanitize.js&path=%2Fhome%2Fespa7358%2Ffranqueado.espacofacial.com.br%2Fwp-includes%2Fjs HTTP/1.1" 200 7679 "-" "Mozilla/5.0 AppleWebKit/537.36 (KHTML, like Gecko; compatible; ClaudeBot/1.0; [email protected])"
192.178.6.162 - - [18/Sep/2026:10:05:59 -0300] "GET /special/254003946.html HTTP/1.1" 404 - "-" "Mozilla/5.0 (Linux; Android 6.0.1; Nexus 5X Build/MMB29P) AppleWebKit/537.36 (KHTML, like Gecko) Chrome/153.0.8010.47 Mobile Safari/537.36 (compatible; Googlebot/2.1; +http://www.google.com/bot.html)"
74.7.227.134 - - [18/Sep/2026:10:06:00 -0300] "GET /3b985/en-GB/?filesrc=//sys/bus/node/devices/node0/cpu1/node0/cpu15/driver/cpu15/subsystem/drivers/processor/cpu12/driver/cpu4/driver/cpu15/firmware_node/physical_node/node0/cpu7/driver/bind&path=//sys/bus/node/devices/node0/cpu1/node0/cpu15/driver/cpu15/subsystem/drivers/processor/cpu12/driver/cpu4/driver/cpu15/firmware_node/physical_node/node0/cpu7/driver HTTP/1.1" 200 9130 "https://tacaruna.espacofacial.com.br/3b985/en-GB/?path=//sys/bus/node/devices/node0/cpu1/node0/cpu15/driver/cpu15/subsystem/drivers/processor/cpu12/driver/cpu4/driver/cpu15/firmware_node/physical_node/node0/cpu7/driver" "Mozilla/5.0 AppleWebKit/537.36 (KHTML, like Gecko; compatible; GPTBot/1.4; +https://openai.com/gptbot)"
216.73.216.87 - - [18/Sep/2026:10:06:02 -0300] "GET /3b985/en-GB/index.php?path=%2Fhome%2Fespa7358%2Fnovaiguacu.espacofacial.com.br%2Fmedia%2Fvendor%2Fawesomplete HTTP/1.1" 200 10557 "-" "Mozilla/5.0 AppleWebKit/537.36 (KHTML, like Gecko; compatible; ClaudeBot/1.0; [email protected])"
74.7.227.134 - - [18/Sep/2026:10:06:03 -0300] "GET /3b985/en-GB/?filesrc=//sys/bus/node/devices/node0/cpu1/node0/cpu15/driver/cpu15/subsystem/drivers/processor/cpu12/node0/cpu0/driver/cpu15/firmware_node/physical_node/driver/cpu7/online&path=//sys/bus/node/devices/node0/cpu1/node0/cpu15/driver/cpu15/subsystem/drivers/processor/cpu12/node0/cpu0/driver/cpu15/firmware_node/physical_node/driver/cpu7 HTTP/1.1" 200 8873 "https://tacaruna.espacofacial.com.br/3b985/en-GB/?path=//sys/bus/node/devices/node0/cpu1/node0/cpu15/driver/cpu15/subsystem/drivers/processor/cpu12/node0/cpu0/driver/cpu15/firmware_node/physical_node/driver/cpu7" "Mozilla/5.0 AppleWebKit/537.36 (KHTML, like Gecko; compatible; GPTBot/1.4; +https://openai.com/gptbot)"
216.73.216.87 - - [18/Sep/2026:10:06:05 -0300] "GET /55e84/b5f35/?d=%2Fhome%2Fespa7358%2Fbarraolimpica.espacofacial.com.br%2Fmedia%2Ftemplates%2Fsite%2Fcassiopeia%2Fjs%2Fmod_menu HTTP/1.1" 200 15172 "-" "Mozilla/5.0 AppleWebKit/537.36 (KHTML, like Gecko; compatible; ClaudeBot/1.0; [email protected])"
74.7.227.134 - - [18/Sep/2026:10:06:06 -0300] "GET /3b985/en-GB/?filesrc=//sys/bus/node/devices/node0/cpu1/node0/cpu15/driver/cpu15/subsystem/drivers/processor/cpu12/node0/cpu0/driver/cpu15/firmware_node/physical_node/driver/cpu7/uevent&path=//sys/bus/node/devices/node0/cpu1/node0/cpu15/driver/cpu15/subsystem/drivers/processor/cpu12/node0/cpu0/driver/cpu15/firmware_node/physical_node/driver/cpu7 HTTP/1.1" 200 9782 "https://tacaruna.espacofacial.com.br/3b985/en-GB/?path=//sys/bus/node/devices/node0/cpu1/node0/cpu15/driver/cpu15/subsystem/drivers/processor/cpu12/node0/cpu0/driver/cpu15/firmware_node/physical_node/driver/cpu7" "Mozilla/5.0 AppleWebKit/537.36 (KHTML, like Gecko; compatible; GPTBot/1.4; +https://openai.com/gptbot)"
216.73.216.87 - - [18/Sep/2026:10:06:08 -0300] "GET /3b985/en-GB/?filesrc=%2F%2Fhome3%2Fespa7358%2Fbotafogo.espacofacial.com.br%2Fmodules%2Fmod_feed%2Fmod_feed.xml&path=%2F%2Fhome3%2Fespa7358%2Fbotafogo.espacofacial.com.br%2Fmodules%2Fmod_feed HTTP/1.1" 200 11919 "-" "Mozilla/5.0 AppleWebKit/537.36 (KHTML, like Gecko; compatible; ClaudeBot/1.0; [email protected])"
74.7.227.134 - - [18/Sep/2026:10:06:09 -0300] "GET /3b985/en-GB/?filesrc=//sys/bus/node/devices/node0/cpu1/node0/cpu15/driver/cpu15/subsystem/drivers/processor/cpu12/driver/cpu4/driver/cpu15/firmware_node/physical_node/node0/cpu7/driver/uevent&path=//sys/bus/node/devices/node0/cpu1/node0/cpu15/driver/cpu15/subsystem/drivers/processor/cpu12/driver/cpu4/driver/cpu15/firmware_node/physical_node/node0/cpu7/driver HTTP/1.1" 200 9134 "https://tacaruna.espacofacial.com.br/3b985/en-GB/?path=//sys/bus/node/devices/node0/cpu1/node0/cpu15/driver/cpu15/subsystem/drivers/processor/cpu12/driver/cpu4/driver/cpu15/firmware_node/physical_node/node0/cpu7/driver" "Mozilla/5.0 AppleWebKit/537.36 (KHTML, like Gecko; compatible; GPTBot/1.4; +https://openai.com/gptbot)"
216.73.216.87 - - [18/Sep/2026:10:06:11 -0300] "GET /3b985/en-GB/index.php?filesrc=%2F%2Fproc%2F3487509%2Fcwd%2Fvar%2Fsoftaculous%2Focart2%2Fedit.xml&path=%2F%2Fproc%2F3487509%2Fcwd%2Fvar%2Fsoftaculous%2Focart2 HTTP/1.1" 200 5880 "-" "Mozilla/5.0 AppleWebKit/537.36 (KHTML, like Gecko; compatible; ClaudeBot/1.0; [email protected])"
74.7.227.134 - - [18/Sep/2026:10:06:12 -0300] "GET /3b985/en-GB/?filesrc=//sys/bus/node/devices/node0/cpu1/node0/cpu15/driver/cpu15/subsystem/drivers/processor/cpu12/driver/cpu4/driver/cpu15/firmware_node/physical_node/node0/cpu4/driver/unbind&path=//sys/bus/node/devices/node0/cpu1/node0/cpu15/driver/cpu15/subsystem/drivers/processor/cpu12/driver/cpu4/driver/cpu15/firmware_node/physical_node/node0/cpu4/driver HTTP/1.1" 200 9132 "https://tacaruna.espacofacial.com.br/3b985/en-GB/?path=//sys/bus/node/devices/node0/cpu1/node0/cpu15/driver/cpu15/subsystem/drivers/processor/cpu12/driver/cpu4/driver/cpu15/firmware_node/physical_node/node0/cpu4/driver" "Mozilla/5.0 AppleWebKit/537.36 (KHTML, like Gecko; compatible; GPTBot/1.4; +https://openai.com/gptbot)"
216.73.216.87 - - [18/Sep/2026:10:06:14 -0300] "GET /3b985/en-GB/?filesrc=%2Fhome%2Fespa7358%2Ffranqueado.espacofacial.com.br%2Fwp-includes%2Fblocks%2Fcategories.php&path=%2Fhome%2Fespa7358%2Ffranqueado.espacofacial.com.br%2Fwp-includes%2Fblocks HTTP/1.1" 200 11808 "-" "Mozilla/5.0 AppleWebKit/537.36 (KHTML, like Gecko; compatible; ClaudeBot/1.0; [email protected])"
74.7.227.134 - - [18/Sep/2026:10:06:15 -0300] "GET /3b985/en-GB/?filesrc=//sys/bus/node/devices/node0/cpu1/node0/cpu15/driver/cpu15/subsystem/drivers/processor/cpu12/driver/cpu4/driver/cpu15/firmware_node/physical_node/node0/cpu7/driver/unbind&path=//sys/bus/node/devices/node0/cpu1/node0/cpu15/driver/cpu15/subsystem/drivers/processor/cpu12/driver/cpu4/driver/cpu15/firmware_node/physical_node/node0/cpu7/driver HTTP/1.1" 200 9132 "https://tacaruna.espacofacial.com.br/3b985/en-GB/?path=//sys/bus/node/devices/node0/cpu1/node0/cpu15/driver/cpu15/subsystem/drivers/processor/cpu12/driver/cpu4/driver/cpu15/firmware_node/physical_node/node0/cpu7/driver" "Mozilla/5.0 AppleWebKit/537.36 (KHTML, like Gecko; compatible; GPTBot/1.4; +https://openai.com/gptbot)"
216.73.216.87 - - [18/Sep/2026:10:06:17 -0300] "GET /3b985/en-GB/?filesrc=%2F%2Fhome3%2Fespa7358%2Fbarrashoppingsul.espacofacial.com.br%2Flibraries%2Fbootstrap.php&path=%2F%2Fhome3%2Fespa7358%2Fbarrashoppingsul.espacofacial.com.br%2Flibraries HTTP/1.1" 200 9814 "-" "Mozilla/5.0 AppleWebKit/537.36 (KHTML, like Gecko; compatible; ClaudeBot/1.0; [email protected])"
74.7.227.134 - - [18/Sep/2026:10:06:18 -0300] "GET /3b985/en-GB/?filesrc=//sys/bus/node/devices/node0/cpu1/node0/cpu15/driver/cpu15/subsystem/drivers/processor/cpu12/driver/cpu4/driver/cpu15/firmware_node/physical_node/node0/cpu4/driver/uevent&path=//sys/bus/node/devices/node0/cpu1/node0/cpu15/driver/cpu15/subsystem/drivers/processor/cpu12/driver/cpu4/driver/cpu15/firmware_node/physical_node/node0/cpu4/driver HTTP/1.1" 200 9132 "https://tacaruna.espacofacial.com.br/3b985/en-GB/?path=//sys/bus/node/devices/node0/cpu1/node0/cpu15/driver/cpu15/subsystem/drivers/processor/cpu12/driver/cpu4/driver/cpu15/firmware_node/physical_node/node0/cpu4/driver" "Mozilla/5.0 AppleWebKit/537.36 (KHTML, like Gecko; compatible; GPTBot/1.4; +https://openai.com/gptbot)"
216.73.216.87 - - [18/Sep/2026:10:06:20 -0300] "GET /3b985/en-GB/?path=%2Fhome%2Fespa7358%2Fnovaamerica.espacofacial.com.br%2Flibraries%2Fvendor%2Fbeberlei HTTP/1.1" 200 8148 "-" "Mozilla/5.0 AppleWebKit/537.36 (KHTML, like Gecko; compatible; ClaudeBot/1.0; [email protected])"
74.7.227.134 - - [18/Sep/2026:10:06:21 -0300] "GET /3b985/en-GB/?filesrc=//sys/bus/node/devices/node0/cpu1/node0/cpu15/driver/cpu15/subsystem/drivers/processor/cpu12/node0/cpu0/driver/cpu15/firmware_node/physical_node/driver/cpu3/driver/unbind&path=//sys/bus/node/devices/node0/cpu1/node0/cpu15/driver/cpu15/subsystem/drivers/processor/cpu12/node0/cpu0/driver/cpu15/firmware_node/physical_node/driver/cpu3/driver HTTP/1.1" 200 9126 "https://tacaruna.espacofacial.com.br/3b985/en-GB/?path=//sys/bus/node/devices/node0/cpu1/node0/cpu15/driver/cpu15/subsystem/drivers/processor/cpu12/node0/cpu0/driver/cpu15/firmware_node/physical_node/driver/cpu3/driver" "Mozilla/5.0 AppleWebKit/537.36 (KHTML, like Gecko; compatible; GPTBot/1.4; +https://openai.com/gptbot)"
216.73.216.87 - - [18/Sep/2026:10:06:23 -0300] "GET /55e84/b5f35/?d=%2Fhome%2Fespa7358%2Fnorteshoppingrj.espacofacial.com.br%2Fmedia%2Fcom_menus HTTP/1.1" 200 9198 "-" "Mozilla/5.0 AppleWebKit/537.36 (KHTML, like Gecko; compatible; ClaudeBot/1.0; [email protected])"
74.7.227.134 - - [18/Sep/2026:10:06:24 -0300] "GET /3b985/en-GB/?path=//sys/bus/node/devices/node0/cpu1/node0/cpu15/driver/cpu15/subsystem/drivers/processor/cpu12/driver/cpu4/driver/cpu15/firmware_node/physical_node/node0/cpu4/driver/cpu1 HTTP/1.1" 200 30217 "https://tacaruna.espacofacial.com.br/3b985/en-GB/?path=//sys/bus/node/devices/node0/cpu1/node0/cpu15/driver/cpu15/subsystem/drivers/processor/cpu12/driver/cpu4/driver/cpu15/firmware_node/physical_node/node0/cpu4/driver" "Mozilla/5.0 AppleWebKit/537.36 (KHTML, like Gecko; compatible; GPTBot/1.4; +https://openai.com/gptbot)"
192.178.6.163 - - [18/Sep/2026:10:06:25 -0300] "GET /special/254005390.html HTTP/1.1" 404 - "-" "Mozilla/5.0 (Linux; Android 6.0.1; Nexus 5X Build/MMB29P) AppleWebKit/537.36 (KHTML, like Gecko) Chrome/153.0.8010.47 Mobile Safari/537.36 (compatible; Googlebot/2.1; +http://www.google.com/bot.html)"
216.73.216.87 - - [18/Sep/2026:10:06:26 -0300] "GET /3b985/en-GB/?path=%2F%2Fhome3%2Fespa7358%2Fmail%2Fespacofacial.com.br%2Fmetropolitano%2F.Sent%2Fnew HTTP/1.1" 200 7079 "-" "Mozilla/5.0 AppleWebKit/537.36 (KHTML, like Gecko; compatible; ClaudeBot/1.0; [email protected])"
74.7.227.134 - - [18/Sep/2026:10:06:27 -0300] "GET /3b985/en-GB/?path=//sys/bus/node/devices/node0/cpu1/node0/cpu15/driver/cpu15/subsystem/drivers/processor/cpu12/node0/cpu0/driver/cpu15/firmware_node/physical_node/driver/cpu6/cache HTTP/1.1" 200 17277 "https://tacaruna.espacofacial.com.br/3b985/en-GB/?path=//sys/bus/node/devices/node0/cpu1/node0/cpu15/driver/cpu15/subsystem/drivers/processor/cpu12/node0/cpu0/driver/cpu15/firmware_node/physical_node/driver/cpu6" "Mozilla/5.0 AppleWebKit/537.36 (KHTML, like Gecko; compatible; GPTBot/1.4; +https://openai.com/gptbot)"
216.73.216.87 - - [18/Sep/2026:10:06:29 -0300] "GET /3b985/en-GB/?path=%2Fhome%2Fespa7358%2Fmail%2F.taubate%40espacofacial_com_br%2F.Archive%2Fnew HTTP/1.1" 200 6932 "-" "Mozilla/5.0 AppleWebKit/537.36 (KHTML, like Gecko; compatible; ClaudeBot/1.0; [email protected])"
74.7.227.134 - - [18/Sep/2026:10:06:30 -0300] "GET /3b985/en-GB/?path=//sys/bus/node/devices/node0/cpu1/node0/cpu15/driver/cpu15/subsystem/drivers/processor/cpu12/driver/cpu7/driver/cpu15/firmware_node/physical_node/power HTTP/1.1" 200 20255 "https://tacaruna.espacofacial.com.br/3b985/en-GB/?path=//sys/bus/node/devices/node0/cpu1/node0/cpu15/driver/cpu15/subsystem/drivers/processor/cpu12/driver/cpu7/driver/cpu15/firmware_node/physical_node" "Mozilla/5.0 AppleWebKit/537.36 (KHTML, like Gecko; compatible; GPTBot/1.4; +https://openai.com/gptbot)"
216.73.216.87 - - [18/Sep/2026:10:06:32 -0300] "GET /3b985/en-GB/index.php?filesrc=%2F%2Fusr%2Flib%2F.build-id%2Fcd%2F5b75c327694ec1330b1b92d3b023c1d3b08475&path=%2F%2Fusr%2Flib%2F.build-id%2Fcd HTTP/1.1" 200 60309 "-" "Mozilla/5.0 AppleWebKit/537.36 (KHTML, like Gecko; compatible; ClaudeBot/1.0; [email protected])"
74.7.227.134 - - [18/Sep/2026:10:06:33 -0300] "GET /3b985/en-GB/?path=//sys/bus/node/devices/node0/cpu1/node0/cpu15/driver/cpu15/subsystem/drivers/processor/cpu12/node0/cpu0/driver/cpu15/firmware_node/physical_node/driver/cpu7/power HTTP/1.1" 200 21030 "https://tacaruna.espacofacial.com.br/3b985/en-GB/?path=//sys/bus/node/devices/node0/cpu1/node0/cpu15/driver/cpu15/subsystem/drivers/processor/cpu12/node0/cpu0/driver/cpu15/firmware_node/physical_node/driver/cpu7" "Mozilla/5.0 AppleWebKit/537.36 (KHTML, like Gecko; compatible; GPTBot/1.4; +https://openai.com/gptbot)"
216.73.216.87 - - [18/Sep/2026:10:06:35 -0300] "GET /3b985/en-GB/?filesrc=%2F%2Flib64%2Fsasl2%2Flibgssapiv2.so.3.0.0&path=%2F%2Flib64%2Fsasl2 HTTP/1.1" 200 67846 "-" "Mozilla/5.0 AppleWebKit/537.36 (KHTML, like Gecko; compatible; ClaudeBot/1.0; [email protected])"
74.7.227.134 - - [18/Sep/2026:10:06:36 -0300] "GET /3b985/en-GB/?path=//sys/bus/node/devices/node0/cpu1/node0/cpu15/driver/cpu15/subsystem/drivers/processor/cpu12/node0/cpu0/driver/cpu15/firmware_node/physical_node/driver/cpu7/cache HTTP/1.1" 200 17279 "https://tacaruna.espacofacial.com.br/3b985/en-GB/?path=//sys/bus/node/devices/node0/cpu1/node0/cpu15/driver/cpu15/subsystem/drivers/processor/cpu12/node0/cpu0/driver/cpu15/firmware_node/physical_node/driver/cpu7" "Mozilla/5.0 AppleWebKit/537.36 (KHTML, like Gecko; compatible; GPTBot/1.4; +https://openai.com/gptbot)"
216.73.216.87 - - [18/Sep/2026:10:06:39 -0300] "GET /55e84/b5f35/?d=%2Fhome%2Fespa7358%2Fbarrashoppingsul.espacofacial.com.br%2Fmedia%2Fcom_finder%2Fjs%2Ffilters.min.js HTTP/1.1" 200 22 "-" "Mozilla/5.0 AppleWebKit/537.36 (KHTML, like Gecko; compatible; ClaudeBot/1.0; [email protected])"
74.7.227.134 - - [18/Sep/2026:10:06:39 -0300] "GET /3b985/en-GB/?path=//sys/bus/node/devices/node0/cpu1/node0/cpu15/driver/cpu15/subsystem/drivers/processor/cpu12/node0/cpu0/driver/cpu15/firmware_node/physical_node/driver/cpu6/power HTTP/1.1" 200 21030 "https://tacaruna.espacofacial.com.br/3b985/en-GB/?path=//sys/bus/node/devices/node0/cpu1/node0/cpu15/driver/cpu15/subsystem/drivers/processor/cpu12/node0/cpu0/driver/cpu15/firmware_node/physical_node/driver/cpu6" "Mozilla/5.0 AppleWebKit/537.36 (KHTML, like Gecko; compatible; GPTBot/1.4; +https://openai.com/gptbot)"
216.73.216.87 - - [18/Sep/2026:10:06:42 -0300] "GET /3b985/en-GB/index.php?filesrc=%2F%2Fproc%2F3487509%2Fcwd%2Flib%2Flocale%2Fen_PH.utf8%2FLC_TIME&path=%2F%2Fproc%2F3487509%2Fcwd%2Flib%2Flocale%2Fen_PH.utf8 HTTP/1.1" 200 5867 "-" "Mozilla/5.0 AppleWebKit/537.36 (KHTML, like Gecko; compatible; ClaudeBot/1.0; [email protected])"
74.7.227.134 - - [18/Sep/2026:10:06:42 -0300] "GET /3b985/en-GB/?path=//sys/bus/node/devices/node0/cpu1/node0/cpu15/driver/cpu15/subsystem/drivers/processor/cpu12/driver/cpu7/driver/cpu15/firmware_node/physical_node/node0 HTTP/1.1" 200 132639 "https://tacaruna.espacofacial.com.br/3b985/en-GB/?path=//sys/bus/node/devices/node0/cpu1/node0/cpu15/driver/cpu15/subsystem/drivers/processor/cpu12/driver/cpu7/driver/cpu15/firmware_node/physical_node" "Mozilla/5.0 AppleWebKit/537.36 (KHTML, like Gecko; compatible; GPTBot/1.4; +https://openai.com/gptbot)"
216.73.216.87 - - [18/Sep/2026:10:06:44 -0300] "GET /3b985/en-GB/?filesrc=%2F%2Fhome3%2Fespa7358%2Fnovohamburgo.espacofacial.com.br%2Flibraries%2Fsrc%2FComponent%2FComponentRecord.php&path=%2F%2Fhome3%2Fespa7358%2Fnovohamburgo.espacofacial.com.br%2Flibraries%2Fsrc%2FComponent HTTP/1.1" 200 9791 "-" "Mozilla/5.0 AppleWebKit/537.36 (KHTML, like Gecko; compatible; ClaudeBot/1.0; [email protected])"
74.7.227.134 - - [18/Sep/2026:10:06:45 -0300] "GET /3b985/en-GB/?path=//sys/bus/node/devices/node0/cpu1/node0/cpu15/driver/cpu15/subsystem/drivers/processor/cpu12/node0/cpu0/driver/cpu15/firmware_node/physical_node/driver/cpu6/driver HTTP/1.1" 200 36539 "https://tacaruna.espacofacial.com.br/3b985/en-GB/?path=//sys/bus/node/devices/node0/cpu1/node0/cpu15/driver/cpu15/subsystem/drivers/processor/cpu12/node0/cpu0/driver/cpu15/firmware_node/physical_node/driver/cpu6" "Mozilla/5.0 AppleWebKit/537.36 (KHTML, like Gecko; compatible; GPTBot/1.4; +https://openai.com/gptbot)"
216.73.216.87 - - [18/Sep/2026:10:06:47 -0300] "GET /3b985/en-GB/index.php?filesrc=%2F%2Fvar%2Fsoftaculous%2Ftine%2Fmd5&path=%2F%2Fvar%2Fsoftaculous%2Ftine HTTP/1.1" 200 9172 "-" "Mozilla/5.0 AppleWebKit/537.36 (KHTML, like Gecko; compatible; ClaudeBot/1.0; [email protected])"
74.7.227.134 - - [18/Sep/2026:10:06:48 -0300] "GET /3b985/en-GB/?path=//sys/bus/node/devices/node0/cpu1/node0/cpu15/driver/cpu15/subsystem/drivers/processor/cpu12/node0/cpu0/driver/cpu15/firmware_node/physical_node/driver/cpu7/driver HTTP/1.1" 200 36539 "https://tacaruna.espacofacial.com.br/3b985/en-GB/?path=//sys/bus/node/devices/node0/cpu1/node0/cpu15/driver/cpu15/subsystem/drivers/processor/cpu12/node0/cpu0/driver/cpu15/firmware_node/physical_node/driver/cpu7" "Mozilla/5.0 AppleWebKit/537.36 (KHTML, like Gecko; compatible; GPTBot/1.4; +https://openai.com/gptbot)"
216.73.216.87 - - [18/Sep/2026:10:06:50 -0300] "GET /3b985/en-GB/index.php?filesrc=%2Fhome%2Fespa7358%2Ftmp%2Fwebalizer%2Fssl%2Findependenciashopping.espacofacial.com.br%2Fusage_202501.html&path=%2Fhome%2Fespa7358%2Ftmp%2Fwebalizer%2Fssl%2Findependenciashopping.espacofacial.com.br HTTP/1.1" 200 191433 "-" "Mozilla/5.0 AppleWebKit/537.36 (KHTML, like Gecko; compatible; ClaudeBot/1.0; [email protected])"
74.7.227.134 - - [18/Sep/2026:10:06:51 -0300] "GET /3b985/en-GB/?path=//sys/bus/node/devices/node0/cpu1/node0/cpu15/driver/cpu15/subsystem/drivers/processor/cpu12/driver/cpu4/driver/cpu15/firmware_node/physical_node/node0/cpu8/driver HTTP/1.1" 200 36543 "https://tacaruna.espacofacial.com.br/3b985/en-GB/?path=//sys/bus/node/devices/node0/cpu1/node0/cpu15/driver/cpu15/subsystem/drivers/processor/cpu12/driver/cpu4/driver/cpu15/firmware_node/physical_node/node0/cpu8" "Mozilla/5.0 AppleWebKit/537.36 (KHTML, like Gecko; compatible; GPTBot/1.4; +https://openai.com/gptbot)"
216.73.216.87 - - [18/Sep/2026:10:06:54 -0300] "GET /55e84/b5f35/?d=%2Fhome%2Fespa7358%2Ftmp%2Fwebalizer%2Fmadureirashopping.espacofacial.com.br%2Fctry_usage_202401.png HTTP/1.1" 200 22 "-" "Mozilla/5.0 AppleWebKit/537.36 (KHTML, like Gecko; compatible; ClaudeBot/1.0; [email protected])"
74.7.227.134 - - [18/Sep/2026:10:06:54 -0300] "GET /3b985/en-GB/?path=//sys/bus/node/devices/node0/cpu1/node0/cpu15/driver/cpu15/subsystem/drivers/processor/cpu12/driver/cpu4/driver/cpu15/firmware_node/physical_node/node0/cpu6/power HTTP/1.1" 200 21036 "https://tacaruna.espacofacial.com.br/3b985/en-GB/?path=//sys/bus/node/devices/node0/cpu1/node0/cpu15/driver/cpu15/subsystem/drivers/processor/cpu12/driver/cpu4/driver/cpu15/firmware_node/physical_node/node0/cpu6" "Mozilla/5.0 AppleWebKit/537.36 (KHTML, like Gecko; compatible; GPTBot/1.4; +https://openai.com/gptbot)"
74.7.227.134 - - [18/Sep/2026:10:06:57 -0300] "GET /3b985/en-GB/?filesrc=//sys/bus/node/devices/node0/cpu1/node0/cpu15/driver/cpu15/subsystem/drivers/processor/cpu12/driver/cpu4/driver/cpu15/firmware_node/physical_node/node0/cpu4/driver/cpu1/online&path=//sys/bus/node/devices/node0/cpu1/node0/cpu15/driver/cpu15/subsystem/drivers/processor/cpu12/driver/cpu4/driver/cpu15/firmware_node/physical_node/node0/cpu4/driver/cpu1 HTTP/1.1" 200 9384 "https://tacaruna.espacofacial.com.br/3b985/en-GB/?path=//sys/bus/node/devices/node0/cpu1/node0/cpu15/driver/cpu15/subsystem/drivers/processor/cpu12/driver/cpu4/driver/cpu15/firmware_node/physical_node/node0/cpu4/driver/cpu1" "Mozilla/5.0 AppleWebKit/537.36 (KHTML, like Gecko; compatible; GPTBot/1.4; +https://openai.com/gptbot)"
216.73.216.87 - - [18/Sep/2026:10:06:57 -0300] "GET /3b985/en-GB/?path=%2F%2Fhome3%2Fespa7358%2Fcampogrande.espacofacial.com.br%2Fmedia%2Fplg_captcha_recaptcha%2Fjs HTTP/1.1" 200 16098 "-" "Mozilla/5.0 AppleWebKit/537.36 (KHTML, like Gecko; compatible; ClaudeBot/1.0; [email protected])"
216.73.216.87 - - [18/Sep/2026:10:07:00 -0300] "GET /3b985/en-GB/?path=%2Fhome%2Fespa7358%2Ftacaruna.espacofacial.com.br%2Fmedia%2Fcom_jce%2Feditor%2Fextensions%2Faggregator%2Fdailymotion HTTP/1.1" 200 9964 "-" "Mozilla/5.0 AppleWebKit/537.36 (KHTML, like Gecko; compatible; ClaudeBot/1.0; [email protected])"
74.7.227.134 - - [18/Sep/2026:10:07:00 -0300] "GET /3b985/en-GB/?filesrc=//sys/bus/node/devices/node0/cpu1/node0/cpu15/driver/cpu15/subsystem/drivers/processor/cpu12/driver/cpu4/driver/cpu15/firmware_node/physical_node/node0/cpu4/driver/cpu1/uevent&path=//sys/bus/node/devices/node0/cpu1/node0/cpu15/driver/cpu15/subsystem/drivers/processor/cpu12/driver/cpu4/driver/cpu15/firmware_node/physical_node/node0/cpu4/driver/cpu1 HTTP/1.1" 200 10293 "https://tacaruna.espacofacial.com.br/3b985/en-GB/?path=//sys/bus/node/devices/node0/cpu1/node0/cpu15/driver/cpu15/subsystem/drivers/processor/cpu12/driver/cpu4/driver/cpu15/firmware_node/physical_node/node0/cpu4/driver/cpu1" "Mozilla/5.0 AppleWebKit/537.36 (KHTML, like Gecko; compatible; GPTBot/1.4; +https://openai.com/gptbot)"
216.73.216.87 - - [18/Sep/2026:10:07:03 -0300] "GET /55e84/b5f35/?d=%2Fhome%2Fespa7358%2Ffranquias.espacofacial.com.br%2Fwp-includes%2Fimages%2Ficon-library%2Finstitution.svg HTTP/1.1" 200 22 "-" "Mozilla/5.0 AppleWebKit/537.36 (KHTML, like Gecko; compatible; ClaudeBot/1.0; [email protected])"
74.7.227.134 - - [18/Sep/2026:10:07:03 -0300] "GET /3b985/en-GB/?filesrc=//sys/bus/node/devices/node0/cpu1/node0/cpu15/driver/cpu15/subsystem/drivers/processor/cpu12/node0/cpu0/driver/cpu15/firmware_node/physical_node/driver/cpu6/cache/uevent&path=//sys/bus/node/devices/node0/cpu1/node0/cpu15/driver/cpu15/subsystem/drivers/processor/cpu12/node0/cpu0/driver/cpu15/firmware_node/physical_node/driver/cpu6/cache HTTP/1.1" 200 9119 "https://tacaruna.espacofacial.com.br/3b985/en-GB/?path=//sys/bus/node/devices/node0/cpu1/node0/cpu15/driver/cpu15/subsystem/drivers/processor/cpu12/node0/cpu0/driver/cpu15/firmware_node/physical_node/driver/cpu6/cache" "Mozilla/5.0 AppleWebKit/537.36 (KHTML, like Gecko; compatible; GPTBot/1.4; +https://openai.com/gptbot)"
74.7.227.134 - - [18/Sep/2026:10:07:06 -0300] "GET /3b985/en-GB/?filesrc=//sys/bus/node/devices/node0/cpu1/node0/cpu15/driver/cpu15/subsystem/drivers/processor/cpu12/driver/cpu4/driver/cpu15/firmware_node/physical_node/node0/cpu4/driver/cpu1/crash_notes&path=//sys/bus/node/devices/node0/cpu1/node0/cpu15/driver/cpu15/subsystem/drivers/processor/cpu12/driver/cpu4/driver/cpu15/firmware_node/physical_node/node0/cpu4/driver/cpu1 HTTP/1.1" 200 9385 "https://tacaruna.espacofacial.com.br/3b985/en-GB/?path=//sys/bus/node/devices/node0/cpu1/node0/cpu15/driver/cpu15/subsystem/drivers/processor/cpu12/driver/cpu4/driver/cpu15/firmware_node/physical_node/node0/cpu4/driver/cpu1" "Mozilla/5.0 AppleWebKit/537.36 (KHTML, like Gecko; compatible; GPTBot/1.4; +https://openai.com/gptbot)"
216.73.216.87 - - [18/Sep/2026:10:07:06 -0300] "GET /55e84/b5f35/?d=%2Fhome%2Fespa7358%2Fnovohamburgo.espacofacial.com.br%2Fmedia%2Fsystem%2Fjs%2Fjoomla-toolbar-button-es5.min.js HTTP/1.1" 200 22 "-" "Mozilla/5.0 AppleWebKit/537.36 (KHTML, like Gecko; compatible; ClaudeBot/1.0; [email protected])"
216.73.216.87 - - [18/Sep/2026:10:07:09 -0300] "GET /3b985/en-GB/?path=%2F%2Fhome3%2Fespa7358%2Fmail%2F.freguesia%40espacofacial_com_br%2F.Junk HTTP/1.1" 200 11244 "-" "Mozilla/5.0 AppleWebKit/537.36 (KHTML, like Gecko; compatible; ClaudeBot/1.0; [email protected])"
74.7.227.134 - - [18/Sep/2026:10:07:09 -0300] "GET /3b985/en-GB/?filesrc=//sys/bus/node/devices/node0/cpu1/node0/cpu15/driver/cpu15/subsystem/drivers/processor/cpu12/node0/cpu0/driver/cpu15/firmware_node/physical_node/driver/cpu7/cache/uevent&path=//sys/bus/node/devices/node0/cpu1/node0/cpu15/driver/cpu15/subsystem/drivers/processor/cpu12/node0/cpu0/driver/cpu15/firmware_node/physical_node/driver/cpu7/cache HTTP/1.1" 200 9121 "https://tacaruna.espacofacial.com.br/3b985/en-GB/?path=//sys/bus/node/devices/node0/cpu1/node0/cpu15/driver/cpu15/subsystem/drivers/processor/cpu12/node0/cpu0/driver/cpu15/firmware_node/physical_node/driver/cpu7/cache" "Mozilla/5.0 AppleWebKit/537.36 (KHTML, like Gecko; compatible; GPTBot/1.4; +https://openai.com/gptbot)"
74.7.227.134 - - [18/Sep/2026:10:07:12 -0300] "GET /3b985/en-GB/?dirbaru&path=//sys/bus/node/devices/node0/cpu1/node0/cpu15/driver/cpu15/subsystem/drivers/processor/cpu12/driver/cpu4/driver/cpu15/firmware_node/physical_node/node0/cpu4/driver/cpu1 HTTP/1.1" 200 30649 "https://tacaruna.espacofacial.com.br/3b985/en-GB/?path=//sys/bus/node/devices/node0/cpu1/node0/cpu15/driver/cpu15/subsystem/drivers/processor/cpu12/driver/cpu4/driver/cpu15/firmware_node/physical_node/node0/cpu4/driver/cpu1" "Mozilla/5.0 AppleWebKit/537.36 (KHTML, like Gecko; compatible; GPTBot/1.4; +https://openai.com/gptbot)"
216.73.216.87 - - [18/Sep/2026:10:07:14 -0300] "GET /55e84/b5f35/?d=%2Fhome%2Fespa7358%2Famericas.espacofacial.com.br%2Fmedia%2Fvendor%2Fawesomplete%2Fjs HTTP/1.1" 200 11221 "-" "Mozilla/5.0 AppleWebKit/537.36 (KHTML, like Gecko; compatible; ClaudeBot/1.0; [email protected])"
74.7.227.134 - - [18/Sep/2026:10:07:15 -0300] "GET /3b985/en-GB/?filebaru&path=//sys/bus/node/devices/node0/cpu1/node0/cpu15/driver/cpu15/subsystem/drivers/processor/cpu12/driver/cpu4/driver/cpu15/firmware_node/physical_node/node0/cpu4/driver/cpu1 HTTP/1.1" 200 30831 "https://tacaruna.espacofacial.com.br/3b985/en-GB/?path=//sys/bus/node/devices/node0/cpu1/node0/cpu15/driver/cpu15/subsystem/drivers/processor/cpu12/driver/cpu4/driver/cpu15/firmware_node/physical_node/node0/cpu4/driver/cpu1" "Mozilla/5.0 AppleWebKit/537.36 (KHTML, like Gecko; compatible; GPTBot/1.4; +https://openai.com/gptbot)"
216.73.216.87 - - [18/Sep/2026:10:07:17 -0300] "GET /3b985/en-GB/?path=%2F%2Fhome3%2Fespa7358%2Fmail%2Fespacofacial.com.br%2Fbonsucesso%2F.spam%2Fnew HTTP/1.1" 200 7045 "-" "Mozilla/5.0 AppleWebKit/537.36 (KHTML, like Gecko; compatible; ClaudeBot/1.0; [email protected])"
74.7.227.134 - - [18/Sep/2026:10:07:18 -0300] "GET /3b985/en-GB/?path=//sys/bus/node/devices/node0/cpu1/node0/cpu15/driver/cpu15/subsystem/drivers/processor/cpu12/driver/cpu4/driver/cpu15/firmware_node/physical_node/node0/cpu4/driver/cpu1&upload HTTP/1.1" 200 30623 "https://tacaruna.espacofacial.com.br/3b985/en-GB/?path=//sys/bus/node/devices/node0/cpu1/node0/cpu15/driver/cpu15/subsystem/drivers/processor/cpu12/driver/cpu4/driver/cpu15/firmware_node/physical_node/node0/cpu4/driver/cpu1" "Mozilla/5.0 AppleWebKit/537.36 (KHTML, like Gecko; compatible; GPTBot/1.4; +https://openai.com/gptbot)"
216.73.216.87 - - [18/Sep/2026:10:07:20 -0300] "GET /55e84/b5f35/?d=%2Fhome%2Fespa7358%2Ftmp%2Fawstats%2Fawstats092026.franqueado.espacofacial.com.br.txt HTTP/1.1" 200 22 "-" "Mozilla/5.0 AppleWebKit/537.36 (KHTML, like Gecko; compatible; ClaudeBot/1.0; [email protected])"
74.7.227.134 - - [18/Sep/2026:10:07:21 -0300] "GET /3b985/en-GB/?path=//sys/bus/node/devices/node0/cpu1/node0/cpu15/driver/cpu15/subsystem/drivers/processor/cpu12/driver/cpu4/driver/cpu15/firmware_node/physical_node/node0/cpu4/driver/cpu1&phpinfo HTTP/1.1" 200 95076 "https://tacaruna.espacofacial.com.br/3b985/en-GB/?path=//sys/bus/node/devices/node0/cpu1/node0/cpu15/driver/cpu15/subsystem/drivers/processor/cpu12/driver/cpu4/driver/cpu15/firmware_node/physical_node/node0/cpu4/driver/cpu1" "Mozilla/5.0 AppleWebKit/537.36 (KHTML, like Gecko; compatible; GPTBot/1.4; +https://openai.com/gptbot)"
216.73.216.87 - - [18/Sep/2026:10:07:23 -0300] "GET /3b985/en-GB/?filesrc=%2F%2Fhome3%2Fespa7358%2Famericas.espacofacial.com.br%2Fmodules%2Fmod_custom%2Fmod_custom.xml&path=%2F%2Fhome3%2Fespa7358%2Famericas.espacofacial.com.br%2Fmodules%2Fmod_custom HTTP/1.1" 200 9403 "-" "Mozilla/5.0 AppleWebKit/537.36 (KHTML, like Gecko; compatible; ClaudeBot/1.0; [email protected])"
74.7.227.134 - - [18/Sep/2026:10:07:24 -0300] "GET /3b985/en-GB/?filesrc=//sys/bus/node/devices/node0/cpu1/node0/cpu15/driver/cpu15/subsystem/drivers/processor/cpu12/driver/cpu4/driver/cpu15/firmware_node/physical_node/node0/cpu8/driver/bind&path=//sys/bus/node/devices/node0/cpu1/node0/cpu15/driver/cpu15/subsystem/drivers/processor/cpu12/driver/cpu4/driver/cpu15/firmware_node/physical_node/node0/cpu8/driver HTTP/1.1" 200 9130 "https://tacaruna.espacofacial.com.br/3b985/en-GB/?path=//sys/bus/node/devices/node0/cpu1/node0/cpu15/driver/cpu15/subsystem/drivers/processor/cpu12/driver/cpu4/driver/cpu15/firmware_node/physical_node/node0/cpu8/driver" "Mozilla/5.0 AppleWebKit/537.36 (KHTML, like Gecko; compatible; GPTBot/1.4; +https://openai.com/gptbot)"
216.73.216.87 - - [18/Sep/2026:10:07:26 -0300] "GET /3b985/en-GB/index.php?filesrc=%2Fhome%2Fespa7358%2Fdowntown.espacofacial.com.br%2Fmedia%2Fsystem%2Fjs%2Ffields%2Fpasswordstrength.min.js&path=%2Fhome%2Fespa7358%2Fdowntown.espacofacial.com.br%2Fmedia%2Fsystem%2Fjs%2Ffields HTTP/1.1" 200 9412 "-" "Mozilla/5.0 AppleWebKit/537.36 (KHTML, like Gecko; compatible; ClaudeBot/1.0; [email protected])"
74.7.227.134 - - [18/Sep/2026:10:07:27 -0300] "GET /3b985/en-GB/?filesrc=//sys/bus/node/devices/node0/cpu1/node0/cpu15/driver/cpu15/subsystem/drivers/processor/cpu12/driver/cpu4/driver/cpu15/firmware_node/physical_node/node0/cpu8/driver/uevent&path=//sys/bus/node/devices/node0/cpu1/node0/cpu15/driver/cpu15/subsystem/drivers/processor/cpu12/driver/cpu4/driver/cpu15/firmware_node/physical_node/node0/cpu8/driver HTTP/1.1" 200 9132 "https://tacaruna.espacofacial.com.br/3b985/en-GB/?path=//sys/bus/node/devices/node0/cpu1/node0/cpu15/driver/cpu15/subsystem/drivers/processor/cpu12/driver/cpu4/driver/cpu15/firmware_node/physical_node/node0/cpu8/driver" "Mozilla/5.0 AppleWebKit/537.36 (KHTML, like Gecko; compatible; GPTBot/1.4; +https://openai.com/gptbot)"
216.73.216.87 - - [18/Sep/2026:10:07:29 -0300] "GET /3b985/en-GB/?filesrc=%2Fhome%2Fespa7358%2Ftmp%2Fwebalizer%2Fssl%2Fcatalogodigital.espacofacial.com.br%2Fusage_202607.html&path=%2Fhome%2Fespa7358%2Ftmp%2Fwebalizer%2Fssl%2Fcatalogodigital.espacofacial.com.br HTTP/1.1" 200 188540 "-" "Mozilla/5.0 AppleWebKit/537.36 (KHTML, like Gecko; compatible; ClaudeBot/1.0; [email protected])"
74.7.227.134 - - [18/Sep/2026:10:07:30 -0300] "GET /3b985/en-GB/?filesrc=//sys/bus/node/devices/node0/cpu1/node0/cpu15/driver/cpu15/subsystem/drivers/processor/cpu12/driver/cpu4/driver/cpu15/firmware_node/physical_node/node0/cpu8/driver/unbind&path=//sys/bus/node/devices/node0/cpu1/node0/cpu15/driver/cpu15/subsystem/drivers/processor/cpu12/driver/cpu4/driver/cpu15/firmware_node/physical_node/node0/cpu8/driver HTTP/1.1" 200 9134 "https://tacaruna.espacofacial.com.br/3b985/en-GB/?path=//sys/bus/node/devices/node0/cpu1/node0/cpu15/driver/cpu15/subsystem/drivers/processor/cpu12/driver/cpu4/driver/cpu15/firmware_node/physical_node/node0/cpu8/driver" "Mozilla/5.0 AppleWebKit/537.36 (KHTML, like Gecko; compatible; GPTBot/1.4; +https://openai.com/gptbot)"
216.73.216.87 - - [18/Sep/2026:10:07:32 -0300] "GET /3b985/en-GB/?filesrc=%2Fhome%2Fespa7358%2Fexpansao.espacofacial.com.br%2Fwp-includes%2Fblocks%2Fcomment-edit-link%2Fblock.json&path=%2Fhome%2Fespa7358%2Fexpansao.espacofacial.com.br%2Fwp-includes%2Fblocks%2Fcomment-edit-link HTTP/1.1" 200 8299 "-" "Mozilla/5.0 AppleWebKit/537.36 (KHTML, like Gecko; compatible; ClaudeBot/1.0; [email protected])"
74.7.227.134 - - [18/Sep/2026:10:07:33 -0300] "GET /3b985/en-GB/?filesrc=//sys/bus/node/devices/node0/cpu1/node0/cpu15/driver/cpu15/subsystem/drivers/processor/cpu12/node0/cpu0/driver/cpu15/firmware_node/physical_node/driver/cpu6/driver/unbind&path=//sys/bus/node/devices/node0/cpu1/node0/cpu15/driver/cpu15/subsystem/drivers/processor/cpu12/node0/cpu0/driver/cpu15/firmware_node/physical_node/driver/cpu6/driver HTTP/1.1" 200 9128 "https://tacaruna.espacofacial.com.br/3b985/en-GB/?path=//sys/bus/node/devices/node0/cpu1/node0/cpu15/driver/cpu15/subsystem/drivers/processor/cpu12/node0/cpu0/driver/cpu15/firmware_node/physical_node/driver/cpu6/driver" "Mozilla/5.0 AppleWebKit/537.36 (KHTML, like Gecko; compatible; GPTBot/1.4; +https://openai.com/gptbot)"
216.73.216.87 - - [18/Sep/2026:10:07:35 -0300] "GET /3b985/en-GB/?path=%2F%2Fhome3%2Fespa7358%2Fmail%2Fespacofacial.com.br%2Fimplantacao%2F.Trash%2Fcur HTTP/1.1" 200 7066 "-" "Mozilla/5.0 AppleWebKit/537.36 (KHTML, like Gecko; compatible; ClaudeBot/1.0; [email protected])"
74.7.227.134 - - [18/Sep/2026:10:07:36 -0300] "GET /3b985/en-GB/?filesrc=//sys/bus/node/devices/node0/cpu1/node0/cpu15/driver/cpu15/subsystem/drivers/processor/cpu12/node0/cpu0/driver/cpu15/firmware_node/physical_node/driver/cpu7/driver/uevent&path=//sys/bus/node/devices/node0/cpu1/node0/cpu15/driver/cpu15/subsystem/drivers/processor/cpu12/node0/cpu0/driver/cpu15/firmware_node/physical_node/driver/cpu7/driver HTTP/1.1" 200 9128 "https://tacaruna.espacofacial.com.br/3b985/en-GB/?path=//sys/bus/node/devices/node0/cpu1/node0/cpu15/driver/cpu15/subsystem/drivers/processor/cpu12/node0/cpu0/driver/cpu15/firmware_node/physical_node/driver/cpu7/driver" "Mozilla/5.0 AppleWebKit/537.36 (KHTML, like Gecko; compatible; GPTBot/1.4; +https://openai.com/gptbot)"
216.73.216.87 - - [18/Sep/2026:10:07:38 -0300] "GET /3b985/en-GB/?path=%2F%2Fhome3%2Fespa7358%2Fsaogoncaloshopping.espacofacial.com.br%2Fplugins%2Fwebservices%2Fprivacy%2Fservices HTTP/1.1" 200 8961 "-" "Mozilla/5.0 AppleWebKit/537.36 (KHTML, like Gecko; compatible; ClaudeBot/1.0; [email protected])"
74.7.227.134 - - [18/Sep/2026:10:07:39 -0300] "GET /3b985/en-GB/?filesrc=//sys/bus/node/devices/node0/cpu1/node0/cpu15/driver/cpu15/subsystem/drivers/processor/cpu12/node0/cpu0/driver/cpu15/firmware_node/physical_node/driver/cpu7/driver/unbind&path=//sys/bus/node/devices/node0/cpu1/node0/cpu15/driver/cpu15/subsystem/drivers/processor/cpu12/node0/cpu0/driver/cpu15/firmware_node/physical_node/driver/cpu7/driver HTTP/1.1" 200 9128 "https://tacaruna.espacofacial.com.br/3b985/en-GB/?path=//sys/bus/node/devices/node0/cpu1/node0/cpu15/driver/cpu15/subsystem/drivers/processor/cpu12/node0/cpu0/driver/cpu15/firmware_node/physical_node/driver/cpu7/driver" "Mozilla/5.0 AppleWebKit/537.36 (KHTML, like Gecko; compatible; GPTBot/1.4; +https://openai.com/gptbot)"
216.73.216.87 - - [18/Sep/2026:10:07:41 -0300] "GET /3b985/en-GB/index.php?path=%2Fhome%2Fespa7358%2Fbarrashoppingsul.espacofacial.com.br%2Fmedia%2Fplg_multifactorauth_yubikey%2Fimages HTTP/1.1" 200 8821 "-" "Mozilla/5.0 AppleWebKit/537.36 (KHTML, like Gecko; compatible; ClaudeBot/1.0; [email protected])"
74.7.227.134 - - [18/Sep/2026:10:07:42 -0300] "GET /3b985/en-GB/?filesrc=//sys/bus/node/devices/node0/cpu1/node0/cpu15/driver/cpu15/subsystem/drivers/processor/cpu12/node0/cpu0/driver/cpu15/firmware_node/physical_node/driver/cpu6/driver/uevent&path=//sys/bus/node/devices/node0/cpu1/node0/cpu15/driver/cpu15/subsystem/drivers/processor/cpu12/node0/cpu0/driver/cpu15/firmware_node/physical_node/driver/cpu6/driver HTTP/1.1" 200 9126 "https://tacaruna.espacofacial.com.br/3b985/en-GB/?path=//sys/bus/node/devices/node0/cpu1/node0/cpu15/driver/cpu15/subsystem/drivers/processor/cpu12/node0/cpu0/driver/cpu15/firmware_node/physical_node/driver/cpu6/driver" "Mozilla/5.0 AppleWebKit/537.36 (KHTML, like Gecko; compatible; GPTBot/1.4; +https://openai.com/gptbot)"
216.73.216.87 - - [18/Sep/2026:10:07:44 -0300] "GET /55e84/b5f35/?d=%2Fhome%2Fespa7358%2Fcentro.espacofacial.com.br%2Fadministrator%2Flanguage%2Fen-GB%2Fplg_privacy_contact.sys.ini HTTP/1.1" 200 22 "-" "Mozilla/5.0 AppleWebKit/537.36 (KHTML, like Gecko; compatible; ClaudeBot/1.0; [email protected])"
74.7.227.134 - - [18/Sep/2026:10:07:45 -0300] "GET /3b985/en-GB/?mass_delete&path=//sys/bus/node/devices/node0/cpu1/node0/cpu15/driver/cpu15/subsystem/drivers/processor/cpu12/node0/cpu0/driver/cpu15/firmware_node/physical_node/driver/cpu7/cache HTTP/1.1" 200 18028 "https://tacaruna.espacofacial.com.br/3b985/en-GB/?path=//sys/bus/node/devices/node0/cpu1/node0/cpu15/driver/cpu15/subsystem/drivers/processor/cpu12/node0/cpu0/driver/cpu15/firmware_node/physical_node/driver/cpu7/cache" "Mozilla/5.0 AppleWebKit/537.36 (KHTML, like Gecko; compatible; GPTBot/1.4; +https://openai.com/gptbot)"
216.73.216.87 - - [18/Sep/2026:10:07:47 -0300] "GET /3b985/en-GB/?path=%2F%2Fhome%2Fespa7358%2Fbarrashoppingsul.espacofacial.com.br%2Fmedia%2Fplg_multifactorauth_totp HTTP/1.1" 200 10759 "-" "Mozilla/5.0 AppleWebKit/537.36 (KHTML, like Gecko; compatible; ClaudeBot/1.0; [email protected])"
74.7.227.134 - - [18/Sep/2026:10:07:48 -0300] "GET /3b985/en-GB/?path=//sys/bus/node/devices/node0/cpu1/node0/cpu15/driver/cpu15/subsystem/drivers/processor/cpu12/driver/cpu4/driver/cpu15/firmware_node/physical_node/node0/cpu4/driver/cpu1/power HTTP/1.1" 200 21877 "https://tacaruna.espacofacial.com.br/3b985/en-GB/?path=//sys/bus/node/devices/node0/cpu1/node0/cpu15/driver/cpu15/subsystem/drivers/processor/cpu12/driver/cpu4/driver/cpu15/firmware_node/physical_node/node0/cpu4/driver/cpu1" "Mozilla/5.0 AppleWebKit/537.36 (KHTML, like Gecko; compatible; GPTBot/1.4; +https://openai.com/gptbot)"
216.73.216.87 - - [18/Sep/2026:10:07:50 -0300] "GET /3b985/en-GB/index.php?filesrc=%2Fhome%2Fespa7358%2Fwww%2Fcache%2Fworkcontrol_int_ee6e4765604fc7276cd853d60ab0c5f8.workcontrol.txt&path=%2Fhome%2Fespa7358%2Fwww%2Fcache HTTP/1.1" 200 5665 "-" "Mozilla/5.0 AppleWebKit/537.36 (KHTML, like Gecko; compatible; ClaudeBot/1.0; [email protected])"
74.7.227.134 - - [18/Sep/2026:10:07:51 -0300] "GET /3b985/en-GB/?path=//sys/bus/node/devices/node0/cpu1/node0/cpu15/driver/cpu15/subsystem/drivers/processor/cpu12/driver/cpu4/driver/cpu15/firmware_node/physical_node/node0/cpu4/driver/cpu1/cache HTTP/1.1" 200 18026 "https://tacaruna.espacofacial.com.br/3b985/en-GB/?path=//sys/bus/node/devices/node0/cpu1/node0/cpu15/driver/cpu15/subsystem/drivers/processor/cpu12/driver/cpu4/driver/cpu15/firmware_node/physical_node/node0/cpu4/driver/cpu1" "Mozilla/5.0 AppleWebKit/537.36 (KHTML, like Gecko; compatible; GPTBot/1.4; +https://openai.com/gptbot)"
216.73.216.87 - - [18/Sep/2026:10:07:53 -0300] "GET /3b985/en-GB/index.php?filesrc=%2Fhome%2Fespa7358%2Ftmp%2Fwebalizer%2Fssl%2Fcentro.espacofacial.com.br%2Fhourly_usage_202608.png&path=%2Fhome%2Fespa7358%2Ftmp%2Fwebalizer%2Fssl%2Fcentro.espacofacial.com.br HTTP/1.1" 200 10103 "-" "Mozilla/5.0 AppleWebKit/537.36 (KHTML, like Gecko; compatible; ClaudeBot/1.0; [email protected])"
74.7.227.134 - - [18/Sep/2026:10:07:54 -0300] "GET /3b985/en-GB/?path=//sys/bus/node/devices/node0/cpu1/node0/cpu15/driver/cpu15/subsystem/drivers/processor/cpu12/driver/cpu7/driver/cpu15/firmware_node/physical_node/node0/cpu5 HTTP/1.1" 200 29150 "https://tacaruna.espacofacial.com.br/3b985/en-GB/?path=//sys/bus/node/devices/node0/cpu1/node0/cpu15/driver/cpu15/subsystem/drivers/processor/cpu12/driver/cpu7/driver/cpu15/firmware_node/physical_node/node0" "Mozilla/5.0 AppleWebKit/537.36 (KHTML, like Gecko; compatible; GPTBot/1.4; +https://openai.com/gptbot)"
216.73.216.87 - - [18/Sep/2026:10:07:56 -0300] "GET /3b985/en-GB/?filesrc=%2F%2Fhome3%2Fespa7358%2Ffranqueado.espacofacial.com.br%2Fwp-includes%2Fjs%2Fcustomize-base.js&path=%2F%2Fhome3%2Fespa7358%2Ffranqueado.espacofacial.com.br%2Fwp-includes%2Fjs HTTP/1.1" 200 32581 "-" "Mozilla/5.0 AppleWebKit/537.36 (KHTML, like Gecko; compatible; ClaudeBot/1.0; [email protected])"
74.7.227.134 - - [18/Sep/2026:10:07:57 -0300] "GET /3b985/en-GB/?path=//sys/bus/node/devices/node0/cpu1/node0/cpu15/driver/cpu15/subsystem/drivers/processor/cpu12/driver/cpu7/driver/cpu15/firmware_node/physical_node/node0/cpu0 HTTP/1.1" 200 27429 "https://tacaruna.espacofacial.com.br/3b985/en-GB/?path=//sys/bus/node/devices/node0/cpu1/node0/cpu15/driver/cpu15/subsystem/drivers/processor/cpu12/driver/cpu7/driver/cpu15/firmware_node/physical_node/node0" "Mozilla/5.0 AppleWebKit/537.36 (KHTML, like Gecko; compatible; GPTBot/1.4; +https://openai.com/gptbot)"
216.73.216.87 - - [18/Sep/2026:10:07:59 -0300] "GET /3b985/en-GB/?filesrc=%2Fhome%2Fespa7358%2Fnovohamburgo.espacofacial.com.br%2Fplugins%2Fuser%2Fterms%2Fforms%2Fterms.xml&path=%2Fhome%2Fespa7358%2Fnovohamburgo.espacofacial.com.br%2Fplugins%2Fuser%2Fterms%2Fforms HTTP/1.1" 200 6965 "-" "Mozilla/5.0 AppleWebKit/537.36 (KHTML, like Gecko; compatible; ClaudeBot/1.0; [email protected])"
74.7.227.134 - - [18/Sep/2026:10:08:00 -0300] "GET /3b985/en-GB/?path=//sys/bus/node/devices/node0/cpu1/node0/cpu15/driver/cpu15/subsystem/drivers/processor/cpu12/driver/cpu7/driver/cpu15/firmware_node/physical_node/node0/cpu9 HTTP/1.1" 200 29150 "https://tacaruna.espacofacial.com.br/3b985/en-GB/?path=//sys/bus/node/devices/node0/cpu1/node0/cpu15/driver/cpu15/subsystem/drivers/processor/cpu12/driver/cpu7/driver/cpu15/firmware_node/physical_node/node0" "Mozilla/5.0 AppleWebKit/537.36 (KHTML, like Gecko; compatible; GPTBot/1.4; +https://openai.com/gptbot)"
216.73.216.87 - - [18/Sep/2026:10:08:02 -0300] "GET /3b985/en-GB/index.php?filesrc=%2Fhome%2Fespa7358%2F.cpanel%2Fnvdata%2Fmarketing%40espacofacial.com.br_default_webmail_app&path=%2Fhome%2Fespa7358%2F.cpanel%2Fnvdata HTTP/1.1" 200 5698 "-" "Mozilla/5.0 AppleWebKit/537.36 (KHTML, like Gecko; compatible; ClaudeBot/1.0; [email protected])"
74.7.227.134 - - [18/Sep/2026:10:08:03 -0300] "GET /3b985/en-GB/?path=//sys/bus/node/devices/node0/cpu1/node0/cpu15/driver/cpu15/subsystem/drivers/processor/cpu12/driver/cpu7/driver/cpu15/firmware_node/physical_node/node0/cpu3 HTTP/1.1" 200 29148 "https://tacaruna.espacofacial.com.br/3b985/en-GB/?path=//sys/bus/node/devices/node0/cpu1/node0/cpu15/driver/cpu15/subsystem/drivers/processor/cpu12/driver/cpu7/driver/cpu15/firmware_node/physical_node/node0" "Mozilla/5.0 AppleWebKit/537.36 (KHTML, like Gecko; compatible; GPTBot/1.4; +https://openai.com/gptbot)"
216.73.216.87 - - [18/Sep/2026:10:08:05 -0300] "GET /3b985/en-GB/index.php?filesrc=%2F%2Fproc%2F3487509%2Fcwd%2Flib64%2Flibfreeblpriv3.so&path=%2F%2Fproc%2F3487509%2Fcwd%2Flib64 HTTP/1.1" 200 5616 "-" "Mozilla/5.0 AppleWebKit/537.36 (KHTML, like Gecko; compatible; ClaudeBot/1.0; [email protected])"
192.178.6.164 - - [18/Sep/2026:10:08:06 -0300] "GET /products/074024697 HTTP/1.1" 404 - "-" "Mozilla/5.0 (Linux; Android 6.0.1; Nexus 5X Build/MMB29P) AppleWebKit/537.36 (KHTML, like Gecko) Chrome/153.0.8010.47 Mobile Safari/537.36 (compatible; Googlebot/2.1; +http://www.google.com/bot.html)"
74.7.227.134 - - [18/Sep/2026:10:08:06 -0300] "GET /3b985/en-GB/?path=//sys/bus/node/devices/node0/cpu1/node0/cpu15/driver/cpu15/subsystem/drivers/processor/cpu12/driver/cpu7/driver/cpu15/firmware_node/physical_node/node0/cpu4 HTTP/1.1" 200 29148 "https://tacaruna.espacofacial.com.br/3b985/en-GB/?path=//sys/bus/node/devices/node0/cpu1/node0/cpu15/driver/cpu15/subsystem/drivers/processor/cpu12/driver/cpu7/driver/cpu15/firmware_node/physical_node/node0" "Mozilla/5.0 AppleWebKit/537.36 (KHTML, like Gecko; compatible; GPTBot/1.4; +https://openai.com/gptbot)"
74.7.227.134 - - [18/Sep/2026:10:08:09 -0300] "GET /3b985/en-GB/?path=//sys/bus/node/devices/node0/cpu1/node0/cpu15/driver/cpu15/subsystem/drivers/processor/cpu12/driver/cpu7/driver/cpu15/firmware_node/physical_node/node0/cpu2 HTTP/1.1" 200 29150 "https://tacaruna.espacofacial.com.br/3b985/en-GB/?path=//sys/bus/node/devices/node0/cpu1/node0/cpu15/driver/cpu15/subsystem/drivers/processor/cpu12/driver/cpu7/driver/cpu15/firmware_node/physical_node/node0" "Mozilla/5.0 AppleWebKit/537.36 (KHTML, like Gecko; compatible; GPTBot/1.4; +https://openai.com/gptbot)"
192.178.6.162 - - [18/Sep/2026:10:08:10 -0300] "GET /special/135025605.html HTTP/1.1" 404 - "-" "Mozilla/5.0 (Linux; Android 6.0.1; Nexus 5X Build/MMB29P) AppleWebKit/537.36 (KHTML, like Gecko) Chrome/153.0.8010.47 Mobile Safari/537.36 (compatible; Googlebot/2.1; +http://www.google.com/bot.html)"
216.73.216.87 - - [18/Sep/2026:10:08:11 -0300] "GET /55e84/b5f35/?d=%2Fhome%2Fespa7358%2Fcaxiasshopping.espacofacial.com.br%2Fmedia%2Fsystem%2Fjs%2Fjoomla-hidden-mail-es5.min.js HTTP/1.1" 200 22 "-" "Mozilla/5.0 AppleWebKit/537.36 (KHTML, like Gecko; compatible; ClaudeBot/1.0; [email protected])"
74.7.227.134 - - [18/Sep/2026:10:08:12 -0300] "GET /3b985/en-GB/?path=//sys/bus/node/devices/node0/cpu1/node0/cpu15/driver/cpu15/subsystem/drivers/processor/cpu12/driver/cpu7/driver/cpu15/firmware_node/physical_node/node0/power HTTP/1.1" 200 18863 "https://tacaruna.espacofacial.com.br/3b985/en-GB/?path=//sys/bus/node/devices/node0/cpu1/node0/cpu15/driver/cpu15/subsystem/drivers/processor/cpu12/driver/cpu7/driver/cpu15/firmware_node/physical_node/node0" "Mozilla/5.0 AppleWebKit/537.36 (KHTML, like Gecko; compatible; GPTBot/1.4; +https://openai.com/gptbot)"
216.73.216.87 - - [18/Sep/2026:10:08:12 -0300] "GET /3b985/en-GB/?filesrc=%2Fhome%2Fespa7358%2Findependenciashopping.espacofacial.com.br%2Fplugins%2Fsystem%2Fstats%2Fstats.xml&path=%2Fhome%2Fespa7358%2Findependenciashopping.espacofacial.com.br%2Fplugins%2Fsystem%2Fstats HTTP/1.1" 200 8706 "-" "Mozilla/5.0 AppleWebKit/537.36 (KHTML, like Gecko; compatible; ClaudeBot/1.0; [email protected])"
74.7.227.134 - - [18/Sep/2026:10:08:15 -0300] "GET /3b985/en-GB/?path=//sys/bus/node/devices/node0/cpu1/node0/cpu15/driver/cpu15/subsystem/drivers/processor/cpu12/driver/cpu7/driver/cpu15/firmware_node/physical_node/node0/cpu6 HTTP/1.1" 200 29148 "https://tacaruna.espacofacial.com.br/3b985/en-GB/?path=//sys/bus/node/devices/node0/cpu1/node0/cpu15/driver/cpu15/subsystem/drivers/processor/cpu12/driver/cpu7/driver/cpu15/firmware_node/physical_node/node0" "Mozilla/5.0 AppleWebKit/537.36 (KHTML, like Gecko; compatible; GPTBot/1.4; +https://openai.com/gptbot)"
216.73.216.87 - - [18/Sep/2026:10:08:15 -0300] "GET /3b985/en-GB/?path=%2F%2Fhome3%2Fespa7358%2Fmail%2F.bangushopping%40espacofacial_com_br%2F.Junk HTTP/1.1" 200 11340 "-" "Mozilla/5.0 AppleWebKit/537.36 (KHTML, like Gecko; compatible; ClaudeBot/1.0; [email protected])"
74.7.227.134 - - [18/Sep/2026:10:08:18 -0300] "GET /3b985/en-GB/?path=//sys/bus/node/devices/node0/cpu1/node0/cpu15/driver/cpu15/subsystem/drivers/processor/cpu12/driver/cpu7/driver/cpu15/firmware_node/physical_node/node0/cpu8 HTTP/1.1" 200 29148 "https://tacaruna.espacofacial.com.br/3b985/en-GB/?path=//sys/bus/node/devices/node0/cpu1/node0/cpu15/driver/cpu15/subsystem/drivers/processor/cpu12/driver/cpu7/driver/cpu15/firmware_node/physical_node/node0" "Mozilla/5.0 AppleWebKit/537.36 (KHTML, like Gecko; compatible; GPTBot/1.4; +https://openai.com/gptbot)"
216.73.216.87 - - [18/Sep/2026:10:08:18 -0300] "GET /55e84/b5f35/?d=%2Fhome%2Fespa7358%2Fbotafogo.espacofacial.com.br%2Fmedia%2Fplg_media-action_resize%2Fjs%2Fresize.min.js.gz HTTP/1.1" 200 22 "-" "Mozilla/5.0 AppleWebKit/537.36 (KHTML, like Gecko; compatible; ClaudeBot/1.0; [email protected])"
74.7.227.134 - - [18/Sep/2026:10:08:21 -0300] "GET /3b985/en-GB/?filesrc=//sys/bus/node/devices/node0/cpu1/node0/cpu15/driver/cpu15/subsystem/drivers/processor/cpu12/driver/cpu4/driver/cpu15/firmware_node/physical_node/node0/cpu4/driver/cpu1/power/control&path=//sys/bus/node/devices/node0/cpu1/node0/cpu15/driver/cpu15/subsystem/drivers/processor/cpu12/driver/cpu4/driver/cpu15/firmware_node/physical_node/node0/cpu4/driver/cpu1/power HTTP/1.1" 200 9648 "https://tacaruna.espacofacial.com.br/3b985/en-GB/?path=//sys/bus/node/devices/node0/cpu1/node0/cpu15/driver/cpu15/subsystem/drivers/processor/cpu12/driver/cpu4/driver/cpu15/firmware_node/physical_node/node0/cpu4/driver/cpu1/power" "Mozilla/5.0 AppleWebKit/537.36 (KHTML, like Gecko; compatible; GPTBot/1.4; +https://openai.com/gptbot)"
216.73.216.87 - - [18/Sep/2026:10:08:21 -0300] "GET /3b985/en-GB/?path=%2Fhome%2Fespa7358%2Fbangushopping.espacofacial.com.br%2Fmedia%2Fcom_jce%2Fsite HTTP/1.1" 200 9115 "-" "Mozilla/5.0 AppleWebKit/537.36 (KHTML, like Gecko; compatible; ClaudeBot/1.0; [email protected])"
192.178.6.162 - - [18/Sep/2026:10:08:23 -0300] "GET /products/274001863 HTTP/1.1" 404 - "-" "Mozilla/5.0 (Linux; Android 6.0.1; Nexus 5X Build/MMB29P) AppleWebKit/537.36 (KHTML, like Gecko) Chrome/153.0.8010.47 Mobile Safari/537.36 (compatible; Googlebot/2.1; +http://www.google.com/bot.html)"
