216.73.216.87 - - [18/Sep/2026:09:35:17 -0300] "GET /3b985/en-GB/?filesrc=%2Fhome%2Fespa7358%2Fbrisamarsaovicente.espacofacial.com.br%2Fmedia%2Fcom_users%2Fjs%2Ftwo-factor-focus.min.js&path=%2Fhome%2Fespa7358%2Fbrisamarsaovicente.espacofacial.com.br%2Fmedia%2Fcom_users%2Fjs HTTP/1.1" 200 7385 "-" "Mozilla/5.0 AppleWebKit/537.36 (KHTML, like Gecko; compatible; ClaudeBot/1.0; [email protected])"
74.7.227.134 - - [18/Sep/2026:09:35:18 -0300] "GET /3b985/en-GB/?path=//sys/bus/node/devices/node0/cpu1/node0/cpu15/driver/cpu15/subsystem/drivers/processor/cpu12/node0/cpu2/driver/cpu15/firmware_node/physical_node/driver/cpu9/power HTTP/1.1" 200 21030 "https://tacaruna.espacofacial.com.br/3b985/en-GB/?path=//sys/bus/node/devices/node0/cpu1/node0/cpu15/driver/cpu15/subsystem/drivers/processor/cpu12/node0/cpu2/driver/cpu15/firmware_node/physical_node/driver/cpu9" "Mozilla/5.0 AppleWebKit/537.36 (KHTML, like Gecko; compatible; GPTBot/1.4; +https://openai.com/gptbot)"
216.73.216.87 - - [18/Sep/2026:09:35:20 -0300] "GET /3b985/en-GB/?filesrc=%2F%2Fhome3%2Fespa7358%2Fmail%2Fespacofacial.com.br%2Fcamburi%2F.Drafts%2Fdovecot.index.log&path=%2F%2Fhome3%2Fespa7358%2Fmail%2Fespacofacial.com.br%2Fcamburi%2F.Drafts HTTP/1.1" 200 7534 "-" "Mozilla/5.0 AppleWebKit/537.36 (KHTML, like Gecko; compatible; ClaudeBot/1.0; [email protected])"
74.7.227.134 - - [18/Sep/2026:09:35:21 -0300] "GET /3b985/en-GB/?filesrc=//sys/bus/node/devices/node0/cpu1/node0/cpu13/driver/cpu13/subsystem/drivers/processor/cpu12/driver/cpu4/driver/cpu13/firmware_node/physical_node/node0/cpu3/driver/uevent&path=//sys/bus/node/devices/node0/cpu1/node0/cpu13/driver/cpu13/subsystem/drivers/processor/cpu12/driver/cpu4/driver/cpu13/firmware_node/physical_node/node0/cpu3/driver HTTP/1.1" 200 9134 "https://tacaruna.espacofacial.com.br/3b985/en-GB/?path=//sys/bus/node/devices/node0/cpu1/node0/cpu13/driver/cpu13/subsystem/drivers/processor/cpu12/driver/cpu4/driver/cpu13/firmware_node/physical_node/node0/cpu3/driver" "Mozilla/5.0 AppleWebKit/537.36 (KHTML, like Gecko; compatible; GPTBot/1.4; +https://openai.com/gptbot)"
216.73.216.87 - - [18/Sep/2026:09:35:23 -0300] "GET /3b985/en-GB/index.php?filesrc=%2Fhome%2Fespa7358%2Fmail%2F.contato%40espacofacial_com_br%2Fdovecot-uidvalidity.69de9e2d&path=%2Fhome%2Fespa7358%2Fmail%2F.contato%40espacofacial_com_br HTTP/1.1" 200 5798 "-" "Mozilla/5.0 AppleWebKit/537.36 (KHTML, like Gecko; compatible; ClaudeBot/1.0; [email protected])"
74.7.227.134 - - [18/Sep/2026:09:35:24 -0300] "GET /3b985/en-GB/?filesrc=//sys/bus/node/devices/node0/cpu1/node0/cpu13/driver/cpu13/subsystem/drivers/processor/cpu12/driver/cpu4/driver/cpu13/firmware_node/physical_node/node0/cpu3/power/runtime_suspended_time&path=//sys/bus/node/devices/node0/cpu1/node0/cpu13/driver/cpu13/subsystem/drivers/processor/cpu12/driver/cpu4/driver/cpu13/firmware_node/physical_node/node0/cpu3/power HTTP/1.1" 200 9145 "https://tacaruna.espacofacial.com.br/3b985/en-GB/?path=//sys/bus/node/devices/node0/cpu1/node0/cpu13/driver/cpu13/subsystem/drivers/processor/cpu12/driver/cpu4/driver/cpu13/firmware_node/physical_node/node0/cpu3/power" "Mozilla/5.0 AppleWebKit/537.36 (KHTML, like Gecko; compatible; GPTBot/1.4; +https://openai.com/gptbot)"
216.73.216.87 - - [18/Sep/2026:09:35:26 -0300] "GET /3b985/en-GB/index.php?filesrc=%2F%2Fproc%2F3487509%2Fcwd%2Fvar%2Fsoftaculous%2Flivehelper%2Fimages%2Flivehelper.png&path=%2F%2Fproc%2F3487509%2Fcwd%2Fvar%2Fsoftaculous%2Flivehelper%2Fimages HTTP/1.1" 200 6060 "-" "Mozilla/5.0 AppleWebKit/537.36 (KHTML, like Gecko; compatible; ClaudeBot/1.0; [email protected])"
74.7.227.134 - - [18/Sep/2026:09:35:27 -0300] "GET /3b985/en-GB/?filesrc=//sys/bus/node/devices/node0/cpu1/node0/cpu13/driver/cpu13/subsystem/drivers/processor/cpu12/driver/cpu4/driver/cpu13/firmware_node/physical_node/node0/cpu3/cache/uevent&path=//sys/bus/node/devices/node0/cpu1/node0/cpu13/driver/cpu13/subsystem/drivers/processor/cpu12/driver/cpu4/driver/cpu13/firmware_node/physical_node/node0/cpu3/cache HTTP/1.1" 200 9127 "https://tacaruna.espacofacial.com.br/3b985/en-GB/?path=//sys/bus/node/devices/node0/cpu1/node0/cpu13/driver/cpu13/subsystem/drivers/processor/cpu12/driver/cpu4/driver/cpu13/firmware_node/physical_node/node0/cpu3/cache" "Mozilla/5.0 AppleWebKit/537.36 (KHTML, like Gecko; compatible; GPTBot/1.4; +https://openai.com/gptbot)"
216.73.216.87 - - [18/Sep/2026:09:35:29 -0300] "GET /3b985/en-GB/?filesrc=%2Fhome%2Fespa7358%2Fcentro.espacofacial.com.br%2Flanguage%2Fen-GB%2Fmod_users_latest.sys.ini&path=%2Fhome%2Fespa7358%2Fcentro.espacofacial.com.br%2Flanguage%2Fen-GB HTTP/1.1" 200 6370 "-" "Mozilla/5.0 AppleWebKit/537.36 (KHTML, like Gecko; compatible; ClaudeBot/1.0; [email protected])"
74.7.227.134 - - [18/Sep/2026:09:35:30 -0300] "GET /3b985/en-GB/?filesrc=//sys/bus/node/devices/node0/cpu1/node0/cpu15/driver/cpu15/subsystem/drivers/processor/cpu14/driver/cpu6/driver/cpu15/firmware_node/physical_node/node0/cpu7/driver/bind&path=//sys/bus/node/devices/node0/cpu1/node0/cpu15/driver/cpu15/subsystem/drivers/processor/cpu14/driver/cpu6/driver/cpu15/firmware_node/physical_node/node0/cpu7/driver HTTP/1.1" 200 9132 "https://tacaruna.espacofacial.com.br/3b985/en-GB/?path=//sys/bus/node/devices/node0/cpu1/node0/cpu15/driver/cpu15/subsystem/drivers/processor/cpu14/driver/cpu6/driver/cpu15/firmware_node/physical_node/node0/cpu7/driver" "Mozilla/5.0 AppleWebKit/537.36 (KHTML, like Gecko; compatible; GPTBot/1.4; +https://openai.com/gptbot)"
216.73.216.87 - - [18/Sep/2026:09:35:33 -0300] "GET /55e84/b5f35/?d=%2Fhome%2Fespa7358%2Fcentro.espacofacial.com.br%2Fmedia%2Fvendor%2Fchosen%2Fcss%2Fchosen-sprite%402x.png HTTP/1.1" 200 22 "-" "Mozilla/5.0 AppleWebKit/537.36 (KHTML, like Gecko; compatible; ClaudeBot/1.0; [email protected])"
74.7.227.134 - - [18/Sep/2026:09:35:33 -0300] "GET /3b985/en-GB/?filesrc=//sys/bus/node/devices/node0/cpu1/node0/cpu13/driver/cpu13/subsystem/drivers/processor/cpu12/node0/cpu8/driver/cpu13/firmware_node/physical_node/driver/cpu1/cache/uevent&path=//sys/bus/node/devices/node0/cpu1/node0/cpu13/driver/cpu13/subsystem/drivers/processor/cpu12/node0/cpu8/driver/cpu13/firmware_node/physical_node/driver/cpu1/cache HTTP/1.1" 200 9119 "https://tacaruna.espacofacial.com.br/3b985/en-GB/?path=//sys/bus/node/devices/node0/cpu1/node0/cpu13/driver/cpu13/subsystem/drivers/processor/cpu12/node0/cpu8/driver/cpu13/firmware_node/physical_node/driver/cpu1/cache" "Mozilla/5.0 AppleWebKit/537.36 (KHTML, like Gecko; compatible; GPTBot/1.4; +https://openai.com/gptbot)"
216.73.216.87 - - [18/Sep/2026:09:35:36 -0300] "GET /3b985/en-GB/index.php?filesrc=%2Fhome%2Fespa7358%2Ftmp%2Fawstats%2Fawstats102025.franqueado.espacofacial.com.br.txt&path=%2Fhome%2Fespa7358%2Ftmp%2Fawstats HTTP/1.1" 200 15569 "-" "Mozilla/5.0 AppleWebKit/537.36 (KHTML, like Gecko; compatible; ClaudeBot/1.0; [email protected])"
74.7.227.134 - - [18/Sep/2026:09:35:36 -0300] "GET /3b985/en-GB/?filesrc=//sys/bus/node/devices/node0/cpu1/node0/cpu15/driver/cpu15/subsystem/drivers/processor/cpu14/driver/cpu6/driver/cpu15/firmware_node/physical_node/node0/cpu7/driver/uevent&path=//sys/bus/node/devices/node0/cpu1/node0/cpu15/driver/cpu15/subsystem/drivers/processor/cpu14/driver/cpu6/driver/cpu15/firmware_node/physical_node/node0/cpu7/driver HTTP/1.1" 200 9134 "https://tacaruna.espacofacial.com.br/3b985/en-GB/?path=//sys/bus/node/devices/node0/cpu1/node0/cpu15/driver/cpu15/subsystem/drivers/processor/cpu14/driver/cpu6/driver/cpu15/firmware_node/physical_node/node0/cpu7/driver" "Mozilla/5.0 AppleWebKit/537.36 (KHTML, like Gecko; compatible; GPTBot/1.4; +https://openai.com/gptbot)"
216.73.216.87 - - [18/Sep/2026:09:35:38 -0300] "GET /3b985/en-GB/?filesrc=%2Fhome%2Fespa7358%2Fsaogoncaloshopping.espacofacial.com.br%2Fapi%2Flanguage%2Fpt-BR%2Flangmetadata.xml&path=%2Fhome%2Fespa7358%2Fsaogoncaloshopping.espacofacial.com.br%2Fapi%2Flanguage%2Fpt-BR HTTP/1.1" 200 7347 "-" "Mozilla/5.0 AppleWebKit/537.36 (KHTML, like Gecko; compatible; ClaudeBot/1.0; [email protected])"
74.7.227.134 - - [18/Sep/2026:09:35:39 -0300] "GET /3b985/en-GB/?filesrc=//sys/bus/node/devices/node0/cpu1/node0/cpu15/driver/cpu15/subsystem/drivers/processor/cpu14/driver/cpu6/driver/cpu15/firmware_node/physical_node/node0/cpu7/driver/unbind&path=//sys/bus/node/devices/node0/cpu1/node0/cpu15/driver/cpu15/subsystem/drivers/processor/cpu14/driver/cpu6/driver/cpu15/firmware_node/physical_node/node0/cpu7/driver HTTP/1.1" 200 9134 "https://tacaruna.espacofacial.com.br/3b985/en-GB/?path=//sys/bus/node/devices/node0/cpu1/node0/cpu15/driver/cpu15/subsystem/drivers/processor/cpu14/driver/cpu6/driver/cpu15/firmware_node/physical_node/node0/cpu7/driver" "Mozilla/5.0 AppleWebKit/537.36 (KHTML, like Gecko; compatible; GPTBot/1.4; +https://openai.com/gptbot)"
216.73.216.87 - - [18/Sep/2026:09:35:41 -0300] "GET /3b985/en-GB/?filesrc=%2Fhome%2Fespa7358%2Ficarai.espacofacial.com.br%2Fadministrator%2Flanguage%2Fpt-BR%2Fmod_toolbar.ini&path=%2Fhome%2Fespa7358%2Ficarai.espacofacial.com.br%2Fadministrator%2Flanguage%2Fpt-BR HTTP/1.1" 200 6605 "-" "Mozilla/5.0 AppleWebKit/537.36 (KHTML, like Gecko; compatible; ClaudeBot/1.0; [email protected])"
74.7.227.134 - - [18/Sep/2026:09:35:42 -0300] "GET /3b985/en-GB/?filesrc=//sys/bus/node/devices/node0/cpu1/node0/cpu13/driver/cpu13/subsystem/drivers/processor/cpu12/node0/cpu5/driver/cpu13/firmware_node/physical_node/driver/cpu3/power/runtime_suspended_time&path=//sys/bus/node/devices/node0/cpu1/node0/cpu13/driver/cpu13/subsystem/drivers/processor/cpu12/node0/cpu5/driver/cpu13/firmware_node/physical_node/driver/cpu3/power HTTP/1.1" 200 9139 "https://tacaruna.espacofacial.com.br/3b985/en-GB/?path=//sys/bus/node/devices/node0/cpu1/node0/cpu13/driver/cpu13/subsystem/drivers/processor/cpu12/node0/cpu5/driver/cpu13/firmware_node/physical_node/driver/cpu3/power" "Mozilla/5.0 AppleWebKit/537.36 (KHTML, like Gecko; compatible; GPTBot/1.4; +https://openai.com/gptbot)"
216.73.216.87 - - [18/Sep/2026:09:35:44 -0300] "GET /3b985/en-GB/?filesrc=%2F%2Fhome3%2Fespa7358%2Ftmp%2Fwebalizer%2Frecreioshopping.espacofacial.com.br%2Fwebalizer.hist&path=%2F%2Fhome3%2Fespa7358%2Ftmp%2Fwebalizer%2Frecreioshopping.espacofacial.com.br HTTP/1.1" 200 8946 "-" "Mozilla/5.0 AppleWebKit/537.36 (KHTML, like Gecko; compatible; ClaudeBot/1.0; [email protected])"
74.7.227.134 - - [18/Sep/2026:09:35:45 -0300] "GET /3b985/en-GB/?path=//sys/bus/node/devices/node0/cpu1/node0/cpu15/driver/cpu15/subsystem/drivers/processor/cpu12/driver/cpu13/driver/cpu13/firmware_node/power HTTP/1.1" 200 17901 "https://tacaruna.espacofacial.com.br/3b985/en-GB/?path=//sys/bus/node/devices/node0/cpu1/node0/cpu15/driver/cpu15/subsystem/drivers/processor/cpu12/driver/cpu13/driver/cpu13/firmware_node" "Mozilla/5.0 AppleWebKit/537.36 (KHTML, like Gecko; compatible; GPTBot/1.4; +https://openai.com/gptbot)"
216.73.216.87 - - [18/Sep/2026:09:35:47 -0300] "GET /3b985/en-GB/?filesrc=%2Fhome%2Fespa7358%2Ficarai.espacofacial.com.br%2Fadministrator%2Flanguage%2Fpt-BR%2Fplg_user_token.sys.ini&path=%2Fhome%2Fespa7358%2Ficarai.espacofacial.com.br%2Fadministrator%2Flanguage%2Fpt-BR HTTP/1.1" 200 7185 "-" "Mozilla/5.0 AppleWebKit/537.36 (KHTML, like Gecko; compatible; ClaudeBot/1.0; [email protected])"
74.7.227.134 - - [18/Sep/2026:09:35:48 -0300] "GET /3b985/en-GB/?filesrc=//sys/bus/node/devices/node0/cpu1/node0/cpu15/driver/cpu15/subsystem/drivers/processor/cpu12/node0/cpu9/driver/cpu15/firmware_node/physical_node/driver/cpu0/power/runtime_suspended_time&path=//sys/bus/node/devices/node0/cpu1/node0/cpu15/driver/cpu15/subsystem/drivers/processor/cpu12/node0/cpu9/driver/cpu15/firmware_node/physical_node/driver/cpu0/power HTTP/1.1" 200 9137 "https://tacaruna.espacofacial.com.br/3b985/en-GB/?path=//sys/bus/node/devices/node0/cpu1/node0/cpu15/driver/cpu15/subsystem/drivers/processor/cpu12/node0/cpu9/driver/cpu15/firmware_node/physical_node/driver/cpu0/power" "Mozilla/5.0 AppleWebKit/537.36 (KHTML, like Gecko; compatible; GPTBot/1.4; +https://openai.com/gptbot)"
216.73.216.87 - - [18/Sep/2026:09:35:50 -0300] "GET /3b985/en-GB/?filesrc=%2Fhome%2Fespa7358%2Ficarai.espacofacial.com.br%2Fadministrator%2Flanguage%2Fpt-BR%2Fplg_fields_radio.sys.ini&path=%2Fhome%2Fespa7358%2Ficarai.espacofacial.com.br%2Fadministrator%2Flanguage%2Fpt-BR HTTP/1.1" 200 6643 "-" "Mozilla/5.0 AppleWebKit/537.36 (KHTML, like Gecko; compatible; ClaudeBot/1.0; [email protected])"
74.7.227.134 - - [18/Sep/2026:09:35:51 -0300] "GET /3b985/en-GB/?filesrc=//sys/bus/node/devices/node0/cpu1/node0/cpu15/driver/cpu15/subsystem/drivers/processor/cpu12/node0/cpu2/driver/cpu15/firmware_node/physical_node/driver/cpu9/power/runtime_suspended_time&path=//sys/bus/node/devices/node0/cpu1/node0/cpu15/driver/cpu15/subsystem/drivers/processor/cpu12/node0/cpu2/driver/cpu15/firmware_node/physical_node/driver/cpu9/power HTTP/1.1" 200 9139 "https://tacaruna.espacofacial.com.br/3b985/en-GB/?path=//sys/bus/node/devices/node0/cpu1/node0/cpu15/driver/cpu15/subsystem/drivers/processor/cpu12/node0/cpu2/driver/cpu15/firmware_node/physical_node/driver/cpu9/power" "Mozilla/5.0 AppleWebKit/537.36 (KHTML, like Gecko; compatible; GPTBot/1.4; +https://openai.com/gptbot)"
216.73.216.87 - - [18/Sep/2026:09:35:53 -0300] "GET /3b985/en-GB/index.php?filesrc=%2Fhome%2Fespa7358%2Fbotafogo.espacofacial.com.br%2Fmedia%2Fsystem%2Fjs%2Fmessages-es5.min.js.gz&path=%2Fhome%2Fespa7358%2Fbotafogo.espacofacial.com.br%2Fmedia%2Fsystem%2Fjs HTTP/1.1" 200 11508 "-" "Mozilla/5.0 AppleWebKit/537.36 (KHTML, like Gecko; compatible; ClaudeBot/1.0; [email protected])"
74.7.227.134 - - [18/Sep/2026:09:35:54 -0300] "GET /3b985/en-GB/?filesrc=//sys/bus/node/devices/node0/cpu1/node0/cpu13/driver/cpu13/subsystem/drivers/processor/cpu12/driver/cpu4/driver/cpu13/firmware_node/physical_node/node0/cpu3/driver/unbind&path=//sys/bus/node/devices/node0/cpu1/node0/cpu13/driver/cpu13/subsystem/drivers/processor/cpu12/driver/cpu4/driver/cpu13/firmware_node/physical_node/node0/cpu3/driver HTTP/1.1" 200 9132 "https://tacaruna.espacofacial.com.br/3b985/en-GB/?path=//sys/bus/node/devices/node0/cpu1/node0/cpu13/driver/cpu13/subsystem/drivers/processor/cpu12/driver/cpu4/driver/cpu13/firmware_node/physical_node/node0/cpu3/driver" "Mozilla/5.0 AppleWebKit/537.36 (KHTML, like Gecko; compatible; GPTBot/1.4; +https://openai.com/gptbot)"
216.73.216.87 - - [18/Sep/2026:09:35:56 -0300] "GET /3b985/en-GB/?filesrc=%2F%2Fhome3%2Fespa7358%2Fmail%2Fespacofacial.com.br%2Fsammiafernandes%2F.spam%2Fdovecot.index.cache&path=%2F%2Fhome3%2Fespa7358%2Fmail%2Fespacofacial.com.br%2Fsammiafernandes%2F.spam HTTP/1.1" 200 28974 "-" "Mozilla/5.0 AppleWebKit/537.36 (KHTML, like Gecko; compatible; ClaudeBot/1.0; [email protected])"
74.7.227.134 - - [18/Sep/2026:09:35:57 -0300] "GET /3b985/en-GB/?path=//sys/bus/node/devices/node0/cpu1/node0/cpu15/driver/cpu15/subsystem/drivers/processor/cpu12/driver/cpu13/driver/cpu13/firmware_node/physical_node HTTP/1.1" 200 28209 "https://tacaruna.espacofacial.com.br/3b985/en-GB/?path=//sys/bus/node/devices/node0/cpu1/node0/cpu15/driver/cpu15/subsystem/drivers/processor/cpu12/driver/cpu13/driver/cpu13/firmware_node" "Mozilla/5.0 AppleWebKit/537.36 (KHTML, like Gecko; compatible; GPTBot/1.4; +https://openai.com/gptbot)"
216.73.216.87 - - [18/Sep/2026:09:35:59 -0300] "GET /3b985/en-GB/?filesrc=%2F%2Fhome3%2Fespa7358%2Fmail%2F.shoppingmillenium%40espacofacial_com_br%2F.Trash%2Fdovecot-keywords&path=%2F%2Fhome3%2Fespa7358%2Fmail%2F.shoppingmillenium%40espacofacial_com_br%2F.Trash HTTP/1.1" 200 6047 "-" "Mozilla/5.0 AppleWebKit/537.36 (KHTML, like Gecko; compatible; ClaudeBot/1.0; [email protected])"
74.7.227.134 - - [18/Sep/2026:09:36:00 -0300] "GET /3b985/en-GB/?path=//sys/bus/node/devices/node0/cpu1/node0/cpu15/driver/cpu15/subsystem/drivers/processor/cpu12/node0/cpu0/driver/cpu15/firmware_node/physical_node/node0/power HTTP/1.1" 200 18826 "https://tacaruna.espacofacial.com.br/3b985/en-GB/?path=//sys/bus/node/devices/node0/cpu1/node0/cpu15/driver/cpu15/subsystem/drivers/processor/cpu12/node0/cpu0/driver/cpu15/firmware_node/physical_node/node0" "Mozilla/5.0 AppleWebKit/537.36 (KHTML, like Gecko; compatible; GPTBot/1.4; +https://openai.com/gptbot)"
216.73.216.87 - - [18/Sep/2026:09:36:02 -0300] "GET /3b985/en-GB/index.php?filesrc=%2Fhome%2Fespa7358%2Fdowntown.espacofacial.com.br%2Fmedia%2Flegacy%2Fjs%2Fjquery-noconflict.js&path=%2Fhome%2Fespa7358%2Fdowntown.espacofacial.com.br%2Fmedia%2Flegacy%2Fjs HTTP/1.1" 200 6127 "-" "Mozilla/5.0 AppleWebKit/537.36 (KHTML, like Gecko; compatible; ClaudeBot/1.0; [email protected])"
74.7.227.134 - - [18/Sep/2026:09:36:03 -0300] "GET /3b985/en-GB/?path=//sys/bus/node/devices/node0/cpu1/node0/cpu15/driver/cpu15/subsystem/drivers/processor/cpu14/node0/cpu8/driver/cpu15/firmware_node/physical_node/power HTTP/1.1" 200 20217 "https://tacaruna.espacofacial.com.br/3b985/en-GB/?path=//sys/bus/node/devices/node0/cpu1/node0/cpu15/driver/cpu15/subsystem/drivers/processor/cpu14/node0/cpu8/driver/cpu15/firmware_node/physical_node" "Mozilla/5.0 AppleWebKit/537.36 (KHTML, like Gecko; compatible; GPTBot/1.4; +https://openai.com/gptbot)"
216.73.216.87 - - [18/Sep/2026:09:36:05 -0300] "GET /3b985/en-GB/?filesrc=%2Fhome%2Fespa7358%2Fbarraolimpica.espacofacial.com.br%2Fmedia%2Fsystem%2Fjs%2Ffields%2Fjoomla-field-user.js&path=%2Fhome%2Fespa7358%2Fbarraolimpica.espacofacial.com.br%2Fmedia%2Fsystem%2Fjs%2Ffields HTTP/1.1" 200 11800 "-" "Mozilla/5.0 AppleWebKit/537.36 (KHTML, like Gecko; compatible; ClaudeBot/1.0; [email protected])"
74.7.227.134 - - [18/Sep/2026:09:36:06 -0300] "GET /3b985/en-GB/?path=//sys/bus/node/devices/node0/cpu1/node0/cpu15/driver/cpu15/subsystem/drivers/processor/cpu12/node0/cpu2/driver/cpu15/firmware_node/physical_node/driver/cpu6 HTTP/1.1" 200 29142 "https://tacaruna.espacofacial.com.br/3b985/en-GB/?path=//sys/bus/node/devices/node0/cpu1/node0/cpu15/driver/cpu15/subsystem/drivers/processor/cpu12/node0/cpu2/driver/cpu15/firmware_node/physical_node/driver" "Mozilla/5.0 AppleWebKit/537.36 (KHTML, like Gecko; compatible; GPTBot/1.4; +https://openai.com/gptbot)"
216.73.216.87 - - [18/Sep/2026:09:36:08 -0300] "GET /3b985/en-GB/?filesrc=%2Fhome%2Fespa7358%2Fbotafogo.espacofacial.com.br%2Fadministrator%2Fmanifests%2Flibraries%2Fjoomla.xml&path=%2Fhome%2Fespa7358%2Fbotafogo.espacofacial.com.br%2Fadministrator%2Fmanifests%2Flibraries HTTP/1.1" 200 7366 "-" "Mozilla/5.0 AppleWebKit/537.36 (KHTML, like Gecko; compatible; ClaudeBot/1.0; [email protected])"
74.7.227.134 - - [18/Sep/2026:09:36:09 -0300] "GET /3b985/en-GB/?path=//sys/bus/node/devices/node0/cpu1/node0/cpu15/driver/cpu15/subsystem/drivers/processor/cpu12/node0/cpu9/driver/cpu15/firmware_node/physical_node/driver/cpu8/driver HTTP/1.1" 200 36537 "https://tacaruna.espacofacial.com.br/3b985/en-GB/?path=//sys/bus/node/devices/node0/cpu1/node0/cpu15/driver/cpu15/subsystem/drivers/processor/cpu12/node0/cpu9/driver/cpu15/firmware_node/physical_node/driver/cpu8" "Mozilla/5.0 AppleWebKit/537.36 (KHTML, like Gecko; compatible; GPTBot/1.4; +https://openai.com/gptbot)"
216.73.216.87 - - [18/Sep/2026:09:36:11 -0300] "GET /3b985/en-GB/?filesrc=%2Fhome%2Fespa7358%2Fcampogrande.espacofacial.com.br%2Fmedia%2Fsystem%2Fscss%2Fsystem-site-general.scss&path=%2Fhome%2Fespa7358%2Fcampogrande.espacofacial.com.br%2Fmedia%2Fsystem%2Fscss HTTP/1.1" 200 8970 "-" "Mozilla/5.0 AppleWebKit/537.36 (KHTML, like Gecko; compatible; ClaudeBot/1.0; [email protected])"
74.7.227.134 - - [18/Sep/2026:09:36:12 -0300] "GET /3b985/en-GB/?path=//sys/bus/node/devices/node0/cpu1/node0/cpu15/driver/cpu15/subsystem/drivers/processor/cpu12/node0/cpu3/driver/cpu15/firmware_node/physical_node/driver/cpu3 HTTP/1.1" 200 29144 "https://tacaruna.espacofacial.com.br/3b985/en-GB/?path=//sys/bus/node/devices/node0/cpu1/node0/cpu15/driver/cpu15/subsystem/drivers/processor/cpu12/node0/cpu3/driver/cpu15/firmware_node/physical_node/driver" "Mozilla/5.0 AppleWebKit/537.36 (KHTML, like Gecko; compatible; GPTBot/1.4; +https://openai.com/gptbot)"
216.73.216.87 - - [18/Sep/2026:09:36:14 -0300] "GET /3b985/en-GB/?filesrc=%2Fhome%2Fespa7358%2Ficarai.espacofacial.com.br%2Fadministrator%2Flanguage%2Fpt-BR%2Fplg_system_sessiongc.sys.ini&path=%2Fhome%2Fespa7358%2Ficarai.espacofacial.com.br%2Fadministrator%2Flanguage%2Fpt-BR HTTP/1.1" 200 6657 "-" "Mozilla/5.0 AppleWebKit/537.36 (KHTML, like Gecko; compatible; ClaudeBot/1.0; [email protected])"
74.7.227.134 - - [18/Sep/2026:09:36:15 -0300] "GET /3b985/en-GB/?path=//sys/bus/node/devices/node0/cpu1/node0/cpu15/driver/cpu15/subsystem/drivers/processor/cpu12/node0/cpu9/driver/cpu15/firmware_node/physical_node/driver/cpu2 HTTP/1.1" 200 29142 "https://tacaruna.espacofacial.com.br/3b985/en-GB/?path=//sys/bus/node/devices/node0/cpu1/node0/cpu15/driver/cpu15/subsystem/drivers/processor/cpu12/node0/cpu9/driver/cpu15/firmware_node/physical_node/driver" "Mozilla/5.0 AppleWebKit/537.36 (KHTML, like Gecko; compatible; GPTBot/1.4; +https://openai.com/gptbot)"
216.73.216.87 - - [18/Sep/2026:09:36:17 -0300] "GET /3b985/en-GB/?filesrc=%2Fhome%2Fespa7358%2Fdowntown.espacofacial.com.br%2Flayouts%2Fjoomla%2Fcontent%2Finfo_block.php&path=%2Fhome%2Fespa7358%2Fdowntown.espacofacial.com.br%2Flayouts%2Fjoomla%2Fcontent HTTP/1.1" 200 9388 "-" "Mozilla/5.0 AppleWebKit/537.36 (KHTML, like Gecko; compatible; ClaudeBot/1.0; [email protected])"
74.7.227.134 - - [18/Sep/2026:09:36:18 -0300] "GET /3b985/en-GB/?path=//sys/bus/node/devices/node0/cpu1/node0/cpu15/driver/cpu15/subsystem/drivers/processor/cpu12/node0/cpu9/driver/cpu15/firmware_node/physical_node/driver/cpu7/power HTTP/1.1" 200 21032 "https://tacaruna.espacofacial.com.br/3b985/en-GB/?path=//sys/bus/node/devices/node0/cpu1/node0/cpu15/driver/cpu15/subsystem/drivers/processor/cpu12/node0/cpu9/driver/cpu15/firmware_node/physical_node/driver/cpu7" "Mozilla/5.0 AppleWebKit/537.36 (KHTML, like Gecko; compatible; GPTBot/1.4; +https://openai.com/gptbot)"
216.73.216.87 - - [18/Sep/2026:09:36:20 -0300] "GET /3b985/en-GB/?filesrc=%2Fhome%2Fespa7358%2Fnovaiguacu.espacofacial.com.br%2Fmedia%2Fvendor%2Fbootstrap%2Fscss%2F_functions.scss&path=%2Fhome%2Fespa7358%2Fnovaiguacu.espacofacial.com.br%2Fmedia%2Fvendor%2Fbootstrap%2Fscss HTTP/1.1" 200 17305 "-" "Mozilla/5.0 AppleWebKit/537.36 (KHTML, like Gecko; compatible; ClaudeBot/1.0; [email protected])"
74.7.227.134 - - [18/Sep/2026:09:36:21 -0300] "GET /3b985/en-GB/?path=//sys/bus/node/devices/node0/cpu1/node0/cpu13/driver/cpu13/subsystem/drivers/processor/cpu14/driver/cpu15/driver/cpu15/firmware_node/physical_node HTTP/1.1" 200 28209 "https://tacaruna.espacofacial.com.br/3b985/en-GB/?path=//sys/bus/node/devices/node0/cpu1/node0/cpu13/driver/cpu13/subsystem/drivers/processor/cpu14/driver/cpu15/driver/cpu15/firmware_node" "Mozilla/5.0 AppleWebKit/537.36 (KHTML, like Gecko; compatible; GPTBot/1.4; +https://openai.com/gptbot)"
216.73.216.87 - - [18/Sep/2026:09:36:23 -0300] "GET /3b985/en-GB/index.php?filesrc=%2Fhome%2F.cpan%2Fbuild%2FTest-LeakTrace-0.17-0%2Fbenchmark%2Fdevel_leaktrace.pl&path=%2Fhome%2F.cpan%2Fbuild%2FTest-LeakTrace-0.17-0%2Fbenchmark HTTP/1.1" 200 6241 "-" "Mozilla/5.0 AppleWebKit/537.36 (KHTML, like Gecko; compatible; ClaudeBot/1.0; [email protected])"
74.7.227.134 - - [18/Sep/2026:09:36:24 -0300] "GET /3b985/en-GB/?path=//sys/bus/node/devices/node0/cpu1/node0/cpu13/driver/cpu13/subsystem/drivers/processor/cpu12/driver/cpu6/driver/cpu13/firmware_node/physical_node/node0/cpu6/driver HTTP/1.1" 200 36543 "https://tacaruna.espacofacial.com.br/3b985/en-GB/?path=//sys/bus/node/devices/node0/cpu1/node0/cpu13/driver/cpu13/subsystem/drivers/processor/cpu12/driver/cpu6/driver/cpu13/firmware_node/physical_node/node0/cpu6" "Mozilla/5.0 AppleWebKit/537.36 (KHTML, like Gecko; compatible; GPTBot/1.4; +https://openai.com/gptbot)"
216.73.216.87 - - [18/Sep/2026:09:36:26 -0300] "GET /3b985/en-GB/?filesrc=%2F%2Fhome3%2Fespa7358%2Ftmp%2Fwebalizer%2Fssl%2Famericas.espacofacial.com.br%2Fdaily_usage_202501.png&path=%2F%2Fhome3%2Fespa7358%2Ftmp%2Fwebalizer%2Fssl%2Famericas.espacofacial.com.br HTTP/1.1" 200 12837 "-" "Mozilla/5.0 AppleWebKit/537.36 (KHTML, like Gecko; compatible; ClaudeBot/1.0; [email protected])"
74.7.227.134 - - [18/Sep/2026:09:36:27 -0300] "GET /3b985/en-GB/?path=//sys/bus/node/devices/node0/cpu1/node0/cpu15/driver/cpu15/subsystem/drivers/processor/cpu14/node0/cpu3/driver/cpu15/firmware_node/physical_node/driver/cpu8 HTTP/1.1" 200 29142 "https://tacaruna.espacofacial.com.br/3b985/en-GB/?path=//sys/bus/node/devices/node0/cpu1/node0/cpu15/driver/cpu15/subsystem/drivers/processor/cpu14/node0/cpu3/driver/cpu15/firmware_node/physical_node/driver" "Mozilla/5.0 AppleWebKit/537.36 (KHTML, like Gecko; compatible; GPTBot/1.4; +https://openai.com/gptbot)"
216.73.216.87 - - [18/Sep/2026:09:36:29 -0300] "GET /3b985/en-GB/index.php?filesrc=%2Fhome%2Fespa7358%2Famericas.espacofacial.com.br%2Fmedia%2Fvendor%2Ftinymce%2Flangs%2Ffr.min.js&path=%2Fhome%2Fespa7358%2Famericas.espacofacial.com.br%2Fmedia%2Fvendor%2Ftinymce%2Flangs HTTP/1.1" 200 30394 "-" "Mozilla/5.0 AppleWebKit/537.36 (KHTML, like Gecko; compatible; ClaudeBot/1.0; [email protected])"
74.7.227.134 - - [18/Sep/2026:09:36:30 -0300] "GET /3b985/en-GB/?path=//sys/bus/node/devices/node0/cpu1/node0/cpu15/driver/cpu15/subsystem/drivers/processor/cpu12/node0/cpu8/driver/cpu15/firmware_node/physical_node/driver/cpu3 HTTP/1.1" 200 29144 "https://tacaruna.espacofacial.com.br/3b985/en-GB/?path=//sys/bus/node/devices/node0/cpu1/node0/cpu15/driver/cpu15/subsystem/drivers/processor/cpu12/node0/cpu8/driver/cpu15/firmware_node/physical_node/driver" "Mozilla/5.0 AppleWebKit/537.36 (KHTML, like Gecko; compatible; GPTBot/1.4; +https://openai.com/gptbot)"
216.73.216.87 - - [18/Sep/2026:09:36:32 -0300] "GET /3b985/en-GB/?filesrc=%2Fhome%2Fespa7358%2Fmail%2F.meier%40espacofacial_com_br%2F.spam%2Fdovecot.index.cache&path=%2Fhome%2Fespa7358%2Fmail%2F.meier%40espacofacial_com_br%2F.spam HTTP/1.1" 200 384681 "-" "Mozilla/5.0 AppleWebKit/537.36 (KHTML, like Gecko; compatible; ClaudeBot/1.0; [email protected])"
74.7.227.134 - - [18/Sep/2026:09:36:33 -0300] "GET /3b985/en-GB/?filesrc=//sys/bus/node/devices/node0/cpu1/node0/cpu15/driver/cpu15/subsystem/drivers/processor/cpu12/node0/cpu0/driver/cpu15/firmware_node/physical_node/node0/power/runtime_suspended_time&path=//sys/bus/node/devices/node0/cpu1/node0/cpu15/driver/cpu15/subsystem/drivers/processor/cpu12/node0/cpu0/driver/cpu15/firmware_node/physical_node/node0/power HTTP/1.1" 200 8888 "https://tacaruna.espacofacial.com.br/3b985/en-GB/?path=//sys/bus/node/devices/node0/cpu1/node0/cpu15/driver/cpu15/subsystem/drivers/processor/cpu12/node0/cpu0/driver/cpu15/firmware_node/physical_node/node0/power" "Mozilla/5.0 AppleWebKit/537.36 (KHTML, like Gecko; compatible; GPTBot/1.4; +https://openai.com/gptbot)"
216.73.216.87 - - [18/Sep/2026:09:36:35 -0300] "GET /3b985/en-GB/?filesrc=%2F%2Fhome3%2Fespa7358%2Fmail%2F.macae%40espacofacial_com_br%2F.spam%2Fdovecot.index&path=%2F%2Fhome3%2Fespa7358%2Fmail%2F.macae%40espacofacial_com_br%2F.spam HTTP/1.1" 200 24227 "-" "Mozilla/5.0 AppleWebKit/537.36 (KHTML, like Gecko; compatible; ClaudeBot/1.0; [email protected])"
74.7.227.134 - - [18/Sep/2026:09:36:36 -0300] "GET /3b985/en-GB/?path=//sys/bus/node/devices/node0/cpu1/node0/cpu15/driver/cpu15/subsystem/drivers/processor/cpu12/node0/cpu8/driver/cpu15/firmware_node/physical_node/driver/cpu6/power HTTP/1.1" 200 21030 "https://tacaruna.espacofacial.com.br/3b985/en-GB/?path=//sys/bus/node/devices/node0/cpu1/node0/cpu15/driver/cpu15/subsystem/drivers/processor/cpu12/node0/cpu8/driver/cpu15/firmware_node/physical_node/driver/cpu6" "Mozilla/5.0 AppleWebKit/537.36 (KHTML, like Gecko; compatible; GPTBot/1.4; +https://openai.com/gptbot)"
216.73.216.87 - - [18/Sep/2026:09:36:38 -0300] "GET /3b985/en-GB/?filesrc=%2Fhome%2Fespa7358%2Fmail%2Fespacofacial.com.br%2Ftrabalheconosco%2Fdovecot.index.log&path=%2Fhome%2Fespa7358%2Fmail%2Fespacofacial.com.br%2Ftrabalheconosco HTTP/1.1" 200 39179 "-" "Mozilla/5.0 AppleWebKit/537.36 (KHTML, like Gecko; compatible; ClaudeBot/1.0; [email protected])"
74.7.227.134 - - [18/Sep/2026:09:36:39 -0300] "GET /3b985/en-GB/?path=//sys/bus/node/devices/node0/cpu1/node0/cpu15/driver/cpu15/subsystem/drivers/processor/cpu12/node0/cpu2/driver/cpu15/firmware_node/physical_node/driver/cpu6/driver HTTP/1.1" 200 36537 "https://tacaruna.espacofacial.com.br/3b985/en-GB/?path=//sys/bus/node/devices/node0/cpu1/node0/cpu15/driver/cpu15/subsystem/drivers/processor/cpu12/node0/cpu2/driver/cpu15/firmware_node/physical_node/driver/cpu6" "Mozilla/5.0 AppleWebKit/537.36 (KHTML, like Gecko; compatible; GPTBot/1.4; +https://openai.com/gptbot)"
216.73.216.87 - - [18/Sep/2026:09:36:41 -0300] "GET /3b985/en-GB/?filesrc=%2F%2Fhome3%2Fespa7358%2Fbotafogo.espacofacial.com.br%2Fmedia%2Fvendor%2Ftinymce%2Flangs%2Faf.min.js&path=%2F%2Fhome3%2Fespa7358%2Fbotafogo.espacofacial.com.br%2Fmedia%2Fvendor%2Ftinymce%2Flangs HTTP/1.1" 200 16818 "-" "Mozilla/5.0 AppleWebKit/537.36 (KHTML, like Gecko; compatible; ClaudeBot/1.0; [email protected])"
74.7.227.134 - - [18/Sep/2026:09:36:42 -0300] "GET /3b985/en-GB/?filesrc=//sys/bus/node/devices/node0/cpu1/node0/cpu15/driver/cpu15/subsystem/drivers/processor/cpu12/node0/cpu9/driver/cpu15/firmware_node/physical_node/driver/cpu8/driver/uevent&path=//sys/bus/node/devices/node0/cpu1/node0/cpu15/driver/cpu15/subsystem/drivers/processor/cpu12/node0/cpu9/driver/cpu15/firmware_node/physical_node/driver/cpu8/driver HTTP/1.1" 200 9128 "https://tacaruna.espacofacial.com.br/3b985/en-GB/?path=//sys/bus/node/devices/node0/cpu1/node0/cpu15/driver/cpu15/subsystem/drivers/processor/cpu12/node0/cpu9/driver/cpu15/firmware_node/physical_node/driver/cpu8/driver" "Mozilla/5.0 AppleWebKit/537.36 (KHTML, like Gecko; compatible; GPTBot/1.4; +https://openai.com/gptbot)"
216.73.216.87 - - [18/Sep/2026:09:36:44 -0300] "GET /3b985/en-GB/?filesrc=%2Fhome%2Fespa7358%2Ftmp%2Fwebalizer%2Fssl%2Ffranquias.espacofacial.com.br%2Fctry_usage_202608.png&path=%2Fhome%2Fespa7358%2Ftmp%2Fwebalizer%2Fssl%2Ffranquias.espacofacial.com.br HTTP/1.1" 200 12824 "-" "Mozilla/5.0 AppleWebKit/537.36 (KHTML, like Gecko; compatible; ClaudeBot/1.0; [email protected])"
74.7.227.134 - - [18/Sep/2026:09:36:45 -0300] "GET /3b985/en-GB/?filesrc=//sys/bus/node/devices/node0/cpu1/node0/cpu15/driver/cpu15/subsystem/drivers/processor/cpu12/node0/cpu3/driver/cpu15/firmware_node/physical_node/driver/cpu3/uevent&path=//sys/bus/node/devices/node0/cpu1/node0/cpu15/driver/cpu15/subsystem/drivers/processor/cpu12/node0/cpu3/driver/cpu15/firmware_node/physical_node/driver/cpu3 HTTP/1.1" 200 9784 "https://tacaruna.espacofacial.com.br/3b985/en-GB/?path=//sys/bus/node/devices/node0/cpu1/node0/cpu15/driver/cpu15/subsystem/drivers/processor/cpu12/node0/cpu3/driver/cpu15/firmware_node/physical_node/driver/cpu3" "Mozilla/5.0 AppleWebKit/537.36 (KHTML, like Gecko; compatible; GPTBot/1.4; +https://openai.com/gptbot)"
216.73.216.87 - - [18/Sep/2026:09:36:47 -0300] "GET /3b985/en-GB/?filesrc=%2F%2Fhome3%2Fespa7358%2Ftacaruna.espacofacial.com.br%2Fplugins%2Fmedia-action%2Frotate%2Frotate.xml&path=%2F%2Fhome3%2Fespa7358%2Ftacaruna.espacofacial.com.br%2Fplugins%2Fmedia-action%2Frotate HTTP/1.1" 200 7428 "-" "Mozilla/5.0 AppleWebKit/537.36 (KHTML, like Gecko; compatible; ClaudeBot/1.0; [email protected])"
74.7.227.134 - - [18/Sep/2026:09:36:48 -0300] "GET /3b985/en-GB/?filesrc=//sys/bus/node/devices/node0/cpu1/node0/cpu15/driver/cpu15/subsystem/drivers/processor/cpu12/node0/cpu9/driver/cpu15/firmware_node/physical_node/driver/cpu2/uevent&path=//sys/bus/node/devices/node0/cpu1/node0/cpu15/driver/cpu15/subsystem/drivers/processor/cpu12/node0/cpu9/driver/cpu15/firmware_node/physical_node/driver/cpu2 HTTP/1.1" 200 9782 "https://tacaruna.espacofacial.com.br/3b985/en-GB/?path=//sys/bus/node/devices/node0/cpu1/node0/cpu15/driver/cpu15/subsystem/drivers/processor/cpu12/node0/cpu9/driver/cpu15/firmware_node/physical_node/driver/cpu2" "Mozilla/5.0 AppleWebKit/537.36 (KHTML, like Gecko; compatible; GPTBot/1.4; +https://openai.com/gptbot)"
216.73.216.87 - - [18/Sep/2026:09:36:50 -0300] "GET /3b985/en-GB/index.php?filesrc=%2Fhome%2Fespa7358%2Ftmp%2Fwebalizer%2Fssl%2Frecreioshopping.espacofacial.com.br%2Fdaily_usage_202609.png&path=%2Fhome%2Fespa7358%2Ftmp%2Fwebalizer%2Fssl%2Frecreioshopping.espacofacial.com.br HTTP/1.1" 200 12712 "-" "Mozilla/5.0 AppleWebKit/537.36 (KHTML, like Gecko; compatible; ClaudeBot/1.0; [email protected])"
74.7.227.134 - - [18/Sep/2026:09:36:51 -0300] "GET /3b985/en-GB/?filesrc=//sys/bus/node/devices/node0/cpu1/node0/cpu15/driver/cpu15/subsystem/drivers/processor/cpu12/node0/cpu3/driver/cpu15/firmware_node/physical_node/driver/cpu3/online&path=//sys/bus/node/devices/node0/cpu1/node0/cpu15/driver/cpu15/subsystem/drivers/processor/cpu12/node0/cpu3/driver/cpu15/firmware_node/physical_node/driver/cpu3 HTTP/1.1" 200 8873 "https://tacaruna.espacofacial.com.br/3b985/en-GB/?path=//sys/bus/node/devices/node0/cpu1/node0/cpu15/driver/cpu15/subsystem/drivers/processor/cpu12/node0/cpu3/driver/cpu15/firmware_node/physical_node/driver/cpu3" "Mozilla/5.0 AppleWebKit/537.36 (KHTML, like Gecko; compatible; GPTBot/1.4; +https://openai.com/gptbot)"
216.73.216.87 - - [18/Sep/2026:09:36:53 -0300] "GET /3b985/en-GB/index.php?filesrc=%2Fhome%2Fespa7358%2Frecreioshopping.espacofacial.com.br%2Fadministrator%2Fmanifests%2Flibraries%2Fcore.xml&path=%2Fhome%2Fespa7358%2Frecreioshopping.espacofacial.com.br%2Fadministrator%2Fmanifests%2Flibraries HTTP/1.1" 200 6678 "-" "Mozilla/5.0 AppleWebKit/537.36 (KHTML, like Gecko; compatible; ClaudeBot/1.0; [email protected])"
74.7.227.134 - - [18/Sep/2026:09:36:54 -0300] "GET /3b985/en-GB/?filesrc=//sys/bus/node/devices/node0/cpu1/node0/cpu15/driver/cpu15/subsystem/drivers/processor/cpu12/node0/cpu9/driver/cpu15/firmware_node/physical_node/driver/cpu2/online&path=//sys/bus/node/devices/node0/cpu1/node0/cpu15/driver/cpu15/subsystem/drivers/processor/cpu12/node0/cpu9/driver/cpu15/firmware_node/physical_node/driver/cpu2 HTTP/1.1" 200 8875 "https://tacaruna.espacofacial.com.br/3b985/en-GB/?path=//sys/bus/node/devices/node0/cpu1/node0/cpu15/driver/cpu15/subsystem/drivers/processor/cpu12/node0/cpu9/driver/cpu15/firmware_node/physical_node/driver/cpu2" "Mozilla/5.0 AppleWebKit/537.36 (KHTML, like Gecko; compatible; GPTBot/1.4; +https://openai.com/gptbot)"
216.73.216.87 - - [18/Sep/2026:09:36:56 -0300] "GET /3b985/en-GB/?filesrc=%2Fhome%2Fespa7358%2Fmail%2Fespacofacial.com.br%2Fsulacap%2Fdovecot-uidlist&path=%2Fhome%2Fespa7358%2Fmail%2Fespacofacial.com.br%2Fsulacap HTTP/1.1" 200 38869 "-" "Mozilla/5.0 AppleWebKit/537.36 (KHTML, like Gecko; compatible; ClaudeBot/1.0; [email protected])"
74.7.227.134 - - [18/Sep/2026:09:36:57 -0300] "GET /3b985/en-GB/?filesrc=//sys/bus/node/devices/node0/cpu1/node0/cpu13/driver/cpu13/subsystem/drivers/processor/cpu12/driver/cpu6/driver/cpu13/firmware_node/physical_node/node0/cpu6/driver/bind&path=//sys/bus/node/devices/node0/cpu1/node0/cpu13/driver/cpu13/subsystem/drivers/processor/cpu12/driver/cpu6/driver/cpu13/firmware_node/physical_node/node0/cpu6/driver HTTP/1.1" 200 9130 "https://tacaruna.espacofacial.com.br/3b985/en-GB/?path=//sys/bus/node/devices/node0/cpu1/node0/cpu13/driver/cpu13/subsystem/drivers/processor/cpu12/driver/cpu6/driver/cpu13/firmware_node/physical_node/node0/cpu6/driver" "Mozilla/5.0 AppleWebKit/537.36 (KHTML, like Gecko; compatible; GPTBot/1.4; +https://openai.com/gptbot)"
216.73.216.87 - - [18/Sep/2026:09:36:59 -0300] "GET /3b985/en-GB/?filesrc=%2F%2Fhome3%2Fespa7358%2Fleme.espacofacial.com.br%2Fmedia%2Fvendor%2Fdragula%2Fcss%2Fdragula.css&path=%2F%2Fhome3%2Fespa7358%2Fleme.espacofacial.com.br%2Fmedia%2Fvendor%2Fdragula%2Fcss HTTP/1.1" 200 6813 "-" "Mozilla/5.0 AppleWebKit/537.36 (KHTML, like Gecko; compatible; ClaudeBot/1.0; [email protected])"
74.7.227.134 - - [18/Sep/2026:09:37:00 -0300] "GET /3b985/en-GB/?filesrc=//sys/bus/node/devices/node0/cpu1/node0/cpu15/driver/cpu15/subsystem/drivers/processor/cpu14/node0/cpu3/driver/cpu15/firmware_node/physical_node/driver/cpu8/uevent&path=//sys/bus/node/devices/node0/cpu1/node0/cpu15/driver/cpu15/subsystem/drivers/processor/cpu14/node0/cpu3/driver/cpu15/firmware_node/physical_node/driver/cpu8 HTTP/1.1" 200 9782 "https://tacaruna.espacofacial.com.br/3b985/en-GB/?path=//sys/bus/node/devices/node0/cpu1/node0/cpu15/driver/cpu15/subsystem/drivers/processor/cpu14/node0/cpu3/driver/cpu15/firmware_node/physical_node/driver/cpu8" "Mozilla/5.0 AppleWebKit/537.36 (KHTML, like Gecko; compatible; GPTBot/1.4; +https://openai.com/gptbot)"
216.73.216.87 - - [18/Sep/2026:09:37:02 -0300] "GET /3b985/en-GB/?filesrc=%2Fhome%2Fespa7358%2Fnorteshoppingrj.espacofacial.com.br%2Fadministrator%2Flanguage%2Fpt-BR%2Fcom_plugins.sys.ini&path=%2Fhome%2Fespa7358%2Fnorteshoppingrj.espacofacial.com.br%2Fadministrator%2Flanguage%2Fpt-BR HTTP/1.1" 200 6766 "-" "Mozilla/5.0 AppleWebKit/537.36 (KHTML, like Gecko; compatible; ClaudeBot/1.0; [email protected])"
74.7.227.134 - - [18/Sep/2026:09:37:03 -0300] "GET /3b985/en-GB/?filesrc=//sys/bus/node/devices/node0/cpu1/node0/cpu15/driver/cpu15/subsystem/drivers/processor/cpu12/node0/cpu8/driver/cpu15/firmware_node/physical_node/driver/cpu3/uevent&path=//sys/bus/node/devices/node0/cpu1/node0/cpu15/driver/cpu15/subsystem/drivers/processor/cpu12/node0/cpu8/driver/cpu15/firmware_node/physical_node/driver/cpu3 HTTP/1.1" 200 9784 "https://tacaruna.espacofacial.com.br/3b985/en-GB/?path=//sys/bus/node/devices/node0/cpu1/node0/cpu15/driver/cpu15/subsystem/drivers/processor/cpu12/node0/cpu8/driver/cpu15/firmware_node/physical_node/driver/cpu3" "Mozilla/5.0 AppleWebKit/537.36 (KHTML, like Gecko; compatible; GPTBot/1.4; +https://openai.com/gptbot)"
74.7.227.134 - - [18/Sep/2026:09:37:06 -0300] "GET /3b985/en-GB/?filesrc=//sys/bus/node/devices/node0/cpu1/node0/cpu13/driver/cpu13/subsystem/drivers/processor/cpu12/driver/cpu6/driver/cpu13/firmware_node/physical_node/node0/cpu6/driver/unbind&path=//sys/bus/node/devices/node0/cpu1/node0/cpu13/driver/cpu13/subsystem/drivers/processor/cpu12/driver/cpu6/driver/cpu13/firmware_node/physical_node/node0/cpu6/driver HTTP/1.1" 200 9132 "https://tacaruna.espacofacial.com.br/3b985/en-GB/?path=//sys/bus/node/devices/node0/cpu1/node0/cpu13/driver/cpu13/subsystem/drivers/processor/cpu12/driver/cpu6/driver/cpu13/firmware_node/physical_node/node0/cpu6/driver" "Mozilla/5.0 AppleWebKit/537.36 (KHTML, like Gecko; compatible; GPTBot/1.4; +https://openai.com/gptbot)"
74.7.227.134 - - [18/Sep/2026:09:37:09 -0300] "GET /3b985/en-GB/?filesrc=//sys/bus/node/devices/node0/cpu1/node0/cpu13/driver/cpu13/subsystem/drivers/processor/cpu12/driver/cpu6/driver/cpu13/firmware_node/physical_node/node0/cpu6/driver/uevent&path=//sys/bus/node/devices/node0/cpu1/node0/cpu13/driver/cpu13/subsystem/drivers/processor/cpu12/driver/cpu6/driver/cpu13/firmware_node/physical_node/node0/cpu6/driver HTTP/1.1" 200 9132 "https://tacaruna.espacofacial.com.br/3b985/en-GB/?path=//sys/bus/node/devices/node0/cpu1/node0/cpu13/driver/cpu13/subsystem/drivers/processor/cpu12/driver/cpu6/driver/cpu13/firmware_node/physical_node/node0/cpu6/driver" "Mozilla/5.0 AppleWebKit/537.36 (KHTML, like Gecko; compatible; GPTBot/1.4; +https://openai.com/gptbot)"
216.73.216.87 - - [18/Sep/2026:09:37:10 -0300] "GET /3b985/en-GB/?filesrc=%2F%2Fproc%2F150%2Fio&path=%2F%2Fproc%2F150 HTTP/1.1" 200 5373 "-" "Mozilla/5.0 AppleWebKit/537.36 (KHTML, like Gecko; compatible; ClaudeBot/1.0; [email protected])"
216.73.216.87 - - [18/Sep/2026:09:37:11 -0300] "GET /3b985/en-GB/?path=%2Fhome%2Fespa7358%2Famericas.espacofacial.com.br%2Fmedia%2Fvendor%2Ftinymce%2Fplugins%2Fsearchreplace HTTP/1.1" 200 13404 "-" "Mozilla/5.0 AppleWebKit/537.36 (KHTML, like Gecko; compatible; ClaudeBot/1.0; [email protected])"
74.7.227.134 - - [18/Sep/2026:09:37:12 -0300] "GET /3b985/en-GB/?filesrc=//sys/bus/node/devices/node0/cpu1/node0/cpu15/driver/cpu15/subsystem/drivers/processor/cpu12/node0/cpu2/driver/cpu15/firmware_node/physical_node/driver/cpu6/driver/bind&path=//sys/bus/node/devices/node0/cpu1/node0/cpu15/driver/cpu15/subsystem/drivers/processor/cpu12/node0/cpu2/driver/cpu15/firmware_node/physical_node/driver/cpu6/driver HTTP/1.1" 200 9126 "https://tacaruna.espacofacial.com.br/3b985/en-GB/?path=//sys/bus/node/devices/node0/cpu1/node0/cpu15/driver/cpu15/subsystem/drivers/processor/cpu12/node0/cpu2/driver/cpu15/firmware_node/physical_node/driver/cpu6/driver" "Mozilla/5.0 AppleWebKit/537.36 (KHTML, like Gecko; compatible; GPTBot/1.4; +https://openai.com/gptbot)"
216.73.216.87 - - [18/Sep/2026:09:37:14 -0300] "GET /3b985/en-GB/index.php?filesrc=%2F%2Fvar%2Fsoftaculous%2Flogic%2Ffileindex.php&path=%2F%2Fvar%2Fsoftaculous%2Flogic HTTP/1.1" 200 5641 "-" "Mozilla/5.0 AppleWebKit/537.36 (KHTML, like Gecko; compatible; ClaudeBot/1.0; [email protected])"
74.7.227.134 - - [18/Sep/2026:09:37:15 -0300] "GET /3b985/en-GB/?filesrc=//sys/bus/node/devices/node0/cpu1/node0/cpu15/driver/cpu15/subsystem/drivers/processor/cpu12/node0/cpu2/driver/cpu15/firmware_node/physical_node/driver/cpu6/driver/unbind&path=//sys/bus/node/devices/node0/cpu1/node0/cpu15/driver/cpu15/subsystem/drivers/processor/cpu12/node0/cpu2/driver/cpu15/firmware_node/physical_node/driver/cpu6/driver HTTP/1.1" 200 9128 "https://tacaruna.espacofacial.com.br/3b985/en-GB/?path=//sys/bus/node/devices/node0/cpu1/node0/cpu15/driver/cpu15/subsystem/drivers/processor/cpu12/node0/cpu2/driver/cpu15/firmware_node/physical_node/driver/cpu6/driver" "Mozilla/5.0 AppleWebKit/537.36 (KHTML, like Gecko; compatible; GPTBot/1.4; +https://openai.com/gptbot)"
216.73.216.87 - - [18/Sep/2026:09:37:17 -0300] "GET /3b985/en-GB/?path=%2Fhome%2Fespa7358%2Fnovohamburgo.espacofacial.com.br%2Fadministrator%2Fcomponents%2Fcom_checkin%2Fsrc%2FModel HTTP/1.1" 200 9133 "-" "Mozilla/5.0 AppleWebKit/537.36 (KHTML, like Gecko; compatible; ClaudeBot/1.0; [email protected])"
74.7.227.134 - - [18/Sep/2026:09:37:18 -0300] "GET /3b985/en-GB/?filesrc=//sys/bus/node/devices/node0/cpu1/node0/cpu15/driver/cpu15/subsystem/drivers/processor/cpu12/node0/cpu9/driver/cpu15/firmware_node/physical_node/driver/cpu8/driver/unbind&path=//sys/bus/node/devices/node0/cpu1/node0/cpu15/driver/cpu15/subsystem/drivers/processor/cpu12/node0/cpu9/driver/cpu15/firmware_node/physical_node/driver/cpu8/driver HTTP/1.1" 200 9126 "https://tacaruna.espacofacial.com.br/3b985/en-GB/?path=//sys/bus/node/devices/node0/cpu1/node0/cpu15/driver/cpu15/subsystem/drivers/processor/cpu12/node0/cpu9/driver/cpu15/firmware_node/physical_node/driver/cpu8/driver" "Mozilla/5.0 AppleWebKit/537.36 (KHTML, like Gecko; compatible; GPTBot/1.4; +https://openai.com/gptbot)"
216.73.216.87 - - [18/Sep/2026:09:37:20 -0300] "GET /55e84/b5f35/?d=%2Fhome%2Fespa7358%2Fwww%2Fcache%2Fworkcontrol_int_7083dc58eb173aafb67e1d40079fed2a.workcontrol.txt HTTP/1.1" 200 22 "-" "Mozilla/5.0 AppleWebKit/537.36 (KHTML, like Gecko; compatible; ClaudeBot/1.0; [email protected])"
74.7.227.134 - - [18/Sep/2026:09:37:21 -0300] "GET /3b985/en-GB/?filesrc=//sys/bus/node/devices/node0/cpu1/node0/cpu15/driver/cpu15/subsystem/drivers/processor/cpu12/node0/cpu2/driver/cpu15/firmware_node/physical_node/driver/cpu6/driver/uevent&path=//sys/bus/node/devices/node0/cpu1/node0/cpu15/driver/cpu15/subsystem/drivers/processor/cpu12/node0/cpu2/driver/cpu15/firmware_node/physical_node/driver/cpu6/driver HTTP/1.1" 200 9128 "https://tacaruna.espacofacial.com.br/3b985/en-GB/?path=//sys/bus/node/devices/node0/cpu1/node0/cpu15/driver/cpu15/subsystem/drivers/processor/cpu12/node0/cpu2/driver/cpu15/firmware_node/physical_node/driver/cpu6/driver" "Mozilla/5.0 AppleWebKit/537.36 (KHTML, like Gecko; compatible; GPTBot/1.4; +https://openai.com/gptbot)"
216.73.216.87 - - [18/Sep/2026:09:37:23 -0300] "GET /3b985/en-GB/?path=%2F%2Fhome%2Fespa7358%2Fnilopolis.espacofacial.com.br%2Fincludes HTTP/1.1" 200 13142 "-" "Mozilla/5.0 AppleWebKit/537.36 (KHTML, like Gecko; compatible; ClaudeBot/1.0; [email protected])"
74.7.227.134 - - [18/Sep/2026:09:37:24 -0300] "GET /3b985/en-GB/?path=//sys/bus/node/devices/node0/cpu1/node0/cpu13/driver/cpu13/subsystem/drivers/processor/cpu12/driver/cpu6/driver/cpu13/firmware_node/physical_node/node0/cpu6/driver/cpu1 HTTP/1.1" 200 30217 "https://tacaruna.espacofacial.com.br/3b985/en-GB/?path=//sys/bus/node/devices/node0/cpu1/node0/cpu13/driver/cpu13/subsystem/drivers/processor/cpu12/driver/cpu6/driver/cpu13/firmware_node/physical_node/node0/cpu6/driver" "Mozilla/5.0 AppleWebKit/537.36 (KHTML, like Gecko; compatible; GPTBot/1.4; +https://openai.com/gptbot)"
216.73.216.87 - - [18/Sep/2026:09:37:26 -0300] "GET /3b985/en-GB/?filesrc=%2F%2Fproc%2F153%2Fnet%2Fsnmp6&path=%2F%2Fproc%2F153%2Fnet HTTP/1.1" 200 8637 "-" "Mozilla/5.0 AppleWebKit/537.36 (KHTML, like Gecko; compatible; ClaudeBot/1.0; [email protected])"
74.7.227.134 - - [18/Sep/2026:09:37:27 -0300] "GET /3b985/en-GB/?path=//sys/bus/node/devices/node0/cpu1/node0/cpu15/driver/cpu15/subsystem/drivers/processor/cpu12/node0/cpu3/driver/cpu15/firmware_node/physical_node/driver/cpu3/power HTTP/1.1" 200 21030 "https://tacaruna.espacofacial.com.br/3b985/en-GB/?path=//sys/bus/node/devices/node0/cpu1/node0/cpu15/driver/cpu15/subsystem/drivers/processor/cpu12/node0/cpu3/driver/cpu15/firmware_node/physical_node/driver/cpu3" "Mozilla/5.0 AppleWebKit/537.36 (KHTML, like Gecko; compatible; GPTBot/1.4; +https://openai.com/gptbot)"
216.73.216.87 - - [18/Sep/2026:09:37:29 -0300] "GET /3b985/en-GB/?filesrc=%2Fhome%2Fespa7358%2Fmail%2Fespacofacial.com.br%2Fgranderio%2Fdovecot-quota&path=%2Fhome%2Fespa7358%2Fmail%2Fespacofacial.com.br%2Fgranderio HTTP/1.1" 200 5931 "-" "Mozilla/5.0 AppleWebKit/537.36 (KHTML, like Gecko; compatible; ClaudeBot/1.0; [email protected])"
74.7.227.134 - - [18/Sep/2026:09:37:30 -0300] "GET /3b985/en-GB/?path=//sys/bus/node/devices/node0/cpu1/node0/cpu15/driver/cpu15/subsystem/drivers/processor/cpu12/node0/cpu9/driver/cpu15/firmware_node/physical_node/driver/cpu2/driver HTTP/1.1" 200 36539 "https://tacaruna.espacofacial.com.br/3b985/en-GB/?path=//sys/bus/node/devices/node0/cpu1/node0/cpu15/driver/cpu15/subsystem/drivers/processor/cpu12/node0/cpu9/driver/cpu15/firmware_node/physical_node/driver/cpu2" "Mozilla/5.0 AppleWebKit/537.36 (KHTML, like Gecko; compatible; GPTBot/1.4; +https://openai.com/gptbot)"
216.73.216.87 - - [18/Sep/2026:09:37:32 -0300] "GET /3b985/en-GB/?filesrc=%2F%2Fhome%2Fespa7358%2Fbarrashoppingsul.espacofacial.com.br%2Flanguage%2Fpt-BR%2Ftpl_cassiopeia.ini&path=%2F%2Fhome%2Fespa7358%2Fbarrashoppingsul.espacofacial.com.br%2Flanguage%2Fpt-BR HTTP/1.1" 200 7605 "-" "Mozilla/5.0 AppleWebKit/537.36 (KHTML, like Gecko; compatible; ClaudeBot/1.0; [email protected])"
40.77.167.158 - - [18/Sep/2026:09:37:32 -0300] "GET /?pid=2464089623 HTTP/1.1" 200 7073 "-" "Mozilla/5.0 AppleWebKit/537.36 (KHTML, like Gecko; compatible; bingbot/2.0; +http://www.bing.com/bingbot.htm) Chrome/116.0.1938.76 Safari/537.36"
74.7.227.134 - - [18/Sep/2026:09:37:33 -0300] "GET /3b985/en-GB/?path=//sys/bus/node/devices/node0/cpu1/node0/cpu15/driver/cpu15/subsystem/drivers/processor/cpu12/node0/cpu9/driver/cpu15/firmware_node/physical_node/driver/cpu2/power HTTP/1.1" 200 21032 "https://tacaruna.espacofacial.com.br/3b985/en-GB/?path=//sys/bus/node/devices/node0/cpu1/node0/cpu15/driver/cpu15/subsystem/drivers/processor/cpu12/node0/cpu9/driver/cpu15/firmware_node/physical_node/driver/cpu2" "Mozilla/5.0 AppleWebKit/537.36 (KHTML, like Gecko; compatible; GPTBot/1.4; +https://openai.com/gptbot)"
74.7.227.134 - - [18/Sep/2026:09:37:36 -0300] "GET /3b985/en-GB/?path=//sys/bus/node/devices/node0/cpu1/node0/cpu15/driver/cpu15/subsystem/drivers/processor/cpu12/node0/cpu2/driver/cpu15/firmware_node/physical_node/driver/cpu6/power HTTP/1.1" 200 21030 "https://tacaruna.espacofacial.com.br/3b985/en-GB/?path=//sys/bus/node/devices/node0/cpu1/node0/cpu15/driver/cpu15/subsystem/drivers/processor/cpu12/node0/cpu2/driver/cpu15/firmware_node/physical_node/driver/cpu6" "Mozilla/5.0 AppleWebKit/537.36 (KHTML, like Gecko; compatible; GPTBot/1.4; +https://openai.com/gptbot)"
40.77.167.158 - - [18/Sep/2026:09:37:36 -0300] "GET /?pid=3366108033 HTTP/1.1" 200 7073 "-" "Mozilla/5.0 AppleWebKit/537.36 (KHTML, like Gecko; compatible; bingbot/2.0; +http://www.bing.com/bingbot.htm) Chrome/116.0.1938.76 Safari/537.36"
216.73.216.87 - - [18/Sep/2026:09:37:38 -0300] "GET /55e84/b5f35/?d=%2Fhome%2Fespa7358%2Fexpansao.espacofacial.com.br%2Fwp-admin%2Fcss%2Fcode-editor.css HTTP/1.1" 200 22 "-" "Mozilla/5.0 AppleWebKit/537.36 (KHTML, like Gecko; compatible; ClaudeBot/1.0; [email protected])"
40.77.167.158 - - [18/Sep/2026:09:37:38 -0300] "GET /?pid=4231302907 HTTP/1.1" 200 7073 "-" "Mozilla/5.0 AppleWebKit/537.36 (KHTML, like Gecko; compatible; bingbot/2.0; +http://www.bing.com/bingbot.htm) Chrome/116.0.1938.76 Safari/537.36"
74.7.227.134 - - [18/Sep/2026:09:37:39 -0300] "GET /3b985/en-GB/?path=//sys/bus/node/devices/node0/cpu1/node0/cpu15/driver/cpu15/subsystem/drivers/processor/cpu12/node0/cpu8/driver/cpu15/firmware_node/physical_node/driver/cpu3/cache HTTP/1.1" 200 17277 "https://tacaruna.espacofacial.com.br/3b985/en-GB/?path=//sys/bus/node/devices/node0/cpu1/node0/cpu15/driver/cpu15/subsystem/drivers/processor/cpu12/node0/cpu8/driver/cpu15/firmware_node/physical_node/driver/cpu3" "Mozilla/5.0 AppleWebKit/537.36 (KHTML, like Gecko; compatible; GPTBot/1.4; +https://openai.com/gptbot)"
216.73.216.87 - - [18/Sep/2026:09:37:40 -0300] "GET /55e84/b5f35/?d=%2Fhome%2Fespa7358%2Fexpansao.espacofacial.com.br%2Fwp-admin%2Fcss%2Fcode-editor.min.css HTTP/1.1" 200 22 "-" "Mozilla/5.0 AppleWebKit/537.36 (KHTML, like Gecko; compatible; ClaudeBot/1.0; [email protected])"
40.77.167.158 - - [18/Sep/2026:09:37:40 -0300] "GET /?pid=1267776673 HTTP/1.1" 200 7073 "-" "Mozilla/5.0 AppleWebKit/537.36 (KHTML, like Gecko; compatible; bingbot/2.0; +http://www.bing.com/bingbot.htm) Chrome/116.0.1938.76 Safari/537.36"
