74.7.227.134 - - [18/Sep/2026:09:22:51 -0300] "GET /3b985/en-GB/?filesrc=//sys/bus/node/devices/node0/cpu1/node0/cpu13/driver/cpu13/subsystem/drivers/processor/cpu12/node0/cpu8/driver/cpu13/firmware_node/physical_node/driver/cpu9/uevent&path=//sys/bus/node/devices/node0/cpu1/node0/cpu13/driver/cpu13/subsystem/drivers/processor/cpu12/node0/cpu8/driver/cpu13/firmware_node/physical_node/driver/cpu9 HTTP/1.1" 200 9782 "https://tacaruna.espacofacial.com.br/3b985/en-GB/?path=//sys/bus/node/devices/node0/cpu1/node0/cpu13/driver/cpu13/subsystem/drivers/processor/cpu12/node0/cpu8/driver/cpu13/firmware_node/physical_node/driver/cpu9" "Mozilla/5.0 AppleWebKit/537.36 (KHTML, like Gecko; compatible; GPTBot/1.4; +https://openai.com/gptbot)"
216.73.216.87 - - [18/Sep/2026:09:22:53 -0300] "GET /3b985/en-GB/index.php?filesrc=%2F%2Fusr%2Flib%2Fpython3.9%2Fsite-packages%2Fbabel%2Flocale-data%2Fteo_KE.dat&path=%2F%2Fusr%2Flib%2Fpython3.9%2Fsite-packages%2Fbabel%2Flocale-data HTTP/1.1" 200 6615 "-" "Mozilla/5.0 AppleWebKit/537.36 (KHTML, like Gecko; compatible; ClaudeBot/1.0; [email protected])"
74.7.227.134 - - [18/Sep/2026:09:22:54 -0300] "GET /3b985/en-GB/?filesrc=//sys/bus/node/devices/node0/cpu1/node0/cpu15/driver/cpu15/subsystem/drivers/processor/cpu14/node0/cpu3/driver/cpu15/firmware_node/physical_node/driver/cpu1/cache/uevent&path=//sys/bus/node/devices/node0/cpu1/node0/cpu15/driver/cpu15/subsystem/drivers/processor/cpu14/node0/cpu3/driver/cpu15/firmware_node/physical_node/driver/cpu1/cache HTTP/1.1" 200 9121 "https://tacaruna.espacofacial.com.br/3b985/en-GB/?path=//sys/bus/node/devices/node0/cpu1/node0/cpu15/driver/cpu15/subsystem/drivers/processor/cpu14/node0/cpu3/driver/cpu15/firmware_node/physical_node/driver/cpu1/cache" "Mozilla/5.0 AppleWebKit/537.36 (KHTML, like Gecko; compatible; GPTBot/1.4; +https://openai.com/gptbot)"
216.73.216.87 - - [18/Sep/2026:09:22:56 -0300] "GET /3b985/en-GB/index.php?filesrc=%2F%2Fproc%2Fthread-self%2Froot%2Fproc%2F172%2Fsetgroups&path=%2F%2Fproc%2Fthread-self%2Froot%2Fproc%2F172 HTTP/1.1" 200 5759 "-" "Mozilla/5.0 AppleWebKit/537.36 (KHTML, like Gecko; compatible; ClaudeBot/1.0; [email protected])"
74.7.227.134 - - [18/Sep/2026:09:22:57 -0300] "GET /3b985/en-GB/?filesrc=//sys/bus/node/devices/node0/cpu1/node0/cpu13/driver/cpu13/subsystem/drivers/processor/cpu12/node0/cpu8/driver/cpu13/firmware_node/physical_node/driver/cpu1/uevent&path=//sys/bus/node/devices/node0/cpu1/node0/cpu13/driver/cpu13/subsystem/drivers/processor/cpu12/node0/cpu8/driver/cpu13/firmware_node/physical_node/driver/cpu1 HTTP/1.1" 200 9784 "https://tacaruna.espacofacial.com.br/3b985/en-GB/?path=//sys/bus/node/devices/node0/cpu1/node0/cpu13/driver/cpu13/subsystem/drivers/processor/cpu12/node0/cpu8/driver/cpu13/firmware_node/physical_node/driver/cpu1" "Mozilla/5.0 AppleWebKit/537.36 (KHTML, like Gecko; compatible; GPTBot/1.4; +https://openai.com/gptbot)"
216.73.216.87 - - [18/Sep/2026:09:22:59 -0300] "GET /3b985/en-GB/index.php?filesrc=%2F%2Fproc%2Fsys%2Fkernel%2Fshmall&path=%2F%2Fproc%2Fsys%2Fkernel HTTP/1.1" 200 5509 "-" "Mozilla/5.0 AppleWebKit/537.36 (KHTML, like Gecko; compatible; ClaudeBot/1.0; [email protected])"
74.7.227.134 - - [18/Sep/2026:09:23:00 -0300] "GET /3b985/en-GB/?filesrc=//sys/bus/node/devices/node0/cpu1/node0/cpu13/driver/cpu13/subsystem/drivers/processor/cpu12/node0/cpu8/driver/cpu13/firmware_node/physical_node/driver/cpu3/uevent&path=//sys/bus/node/devices/node0/cpu1/node0/cpu13/driver/cpu13/subsystem/drivers/processor/cpu12/node0/cpu8/driver/cpu13/firmware_node/physical_node/driver/cpu3 HTTP/1.1" 200 9782 "https://tacaruna.espacofacial.com.br/3b985/en-GB/?path=//sys/bus/node/devices/node0/cpu1/node0/cpu13/driver/cpu13/subsystem/drivers/processor/cpu12/node0/cpu8/driver/cpu13/firmware_node/physical_node/driver/cpu3" "Mozilla/5.0 AppleWebKit/537.36 (KHTML, like Gecko; compatible; GPTBot/1.4; +https://openai.com/gptbot)"
216.73.216.87 - - [18/Sep/2026:09:23:02 -0300] "GET /3b985/en-GB/index.php?filesrc=%2F%2Fproc%2F3487509%2Fcwd%2Fusr%2Flib64%2Fpython3.9%2F__pycache__%2Ftoken.cpython-39.opt-1.pyc&path=%2F%2Fproc%2F3487509%2Fcwd%2Fusr%2Flib64%2Fpython3.9%2F__pycache__ HTTP/1.1" 200 6043 "-" "Mozilla/5.0 AppleWebKit/537.36 (KHTML, like Gecko; compatible; ClaudeBot/1.0; [email protected])"
74.7.227.134 - - [18/Sep/2026:09:23:03 -0300] "GET /3b985/en-GB/?filesrc=//sys/bus/node/devices/node0/cpu1/node0/cpu13/driver/cpu13/subsystem/drivers/processor/cpu12/node0/cpu8/driver/cpu13/firmware_node/physical_node/driver/cpu1/cpu_capacity&path=//sys/bus/node/devices/node0/cpu1/node0/cpu13/driver/cpu13/subsystem/drivers/processor/cpu12/node0/cpu8/driver/cpu13/firmware_node/physical_node/driver/cpu1 HTTP/1.1" 200 8882 "https://tacaruna.espacofacial.com.br/3b985/en-GB/?path=//sys/bus/node/devices/node0/cpu1/node0/cpu13/driver/cpu13/subsystem/drivers/processor/cpu12/node0/cpu8/driver/cpu13/firmware_node/physical_node/driver/cpu1" "Mozilla/5.0 AppleWebKit/537.36 (KHTML, like Gecko; compatible; GPTBot/1.4; +https://openai.com/gptbot)"
216.73.216.87 - - [18/Sep/2026:09:23:05 -0300] "GET /3b985/en-GB/index.php?path=%2F%2Fvar%2Frun HTTP/1.1" 200 126010 "-" "Mozilla/5.0 AppleWebKit/537.36 (KHTML, like Gecko; compatible; ClaudeBot/1.0; [email protected])"
74.7.227.134 - - [18/Sep/2026:09:23:06 -0300] "GET /3b985/en-GB/?filesrc=//sys/bus/node/devices/node0/cpu1/node0/cpu15/driver/cpu15/subsystem/drivers/processor/cpu14/node0/cpu3/driver/cpu15/firmware_node/physical_node/driver/cpu7/driver/uevent&path=//sys/bus/node/devices/node0/cpu1/node0/cpu15/driver/cpu15/subsystem/drivers/processor/cpu14/node0/cpu3/driver/cpu15/firmware_node/physical_node/driver/cpu7/driver HTTP/1.1" 200 9126 "https://tacaruna.espacofacial.com.br/3b985/en-GB/?path=//sys/bus/node/devices/node0/cpu1/node0/cpu15/driver/cpu15/subsystem/drivers/processor/cpu14/node0/cpu3/driver/cpu15/firmware_node/physical_node/driver/cpu7/driver" "Mozilla/5.0 AppleWebKit/537.36 (KHTML, like Gecko; compatible; GPTBot/1.4; +https://openai.com/gptbot)"
216.73.216.87 - - [18/Sep/2026:09:23:08 -0300] "GET /3b985/en-GB/index.php?filesrc=%2F%2Fusr%2Flib%2Fpython3.9%2Fsite-packages%2Fcloudinit%2Fsources%2Fhelpers%2Fvmware%2Fimc%2Fguestcust_event.py&path=%2F%2Fusr%2Flib%2Fpython3.9%2Fsite-packages%2Fcloudinit%2Fsources%2Fhelpers%2Fvmware%2Fimc HTTP/1.1" 200 6935 "-" "Mozilla/5.0 AppleWebKit/537.36 (KHTML, like Gecko; compatible; ClaudeBot/1.0; [email protected])"
74.7.227.134 - - [18/Sep/2026:09:23:09 -0300] "GET /3b985/en-GB/?filesrc=//sys/bus/node/devices/node0/cpu1/node0/cpu15/driver/cpu15/subsystem/drivers/processor/cpu14/node0/cpu3/driver/cpu15/firmware_node/physical_node/driver/cpu7/driver/unbind&path=//sys/bus/node/devices/node0/cpu1/node0/cpu15/driver/cpu15/subsystem/drivers/processor/cpu14/node0/cpu3/driver/cpu15/firmware_node/physical_node/driver/cpu7/driver HTTP/1.1" 200 9128 "https://tacaruna.espacofacial.com.br/3b985/en-GB/?path=//sys/bus/node/devices/node0/cpu1/node0/cpu15/driver/cpu15/subsystem/drivers/processor/cpu14/node0/cpu3/driver/cpu15/firmware_node/physical_node/driver/cpu7/driver" "Mozilla/5.0 AppleWebKit/537.36 (KHTML, like Gecko; compatible; GPTBot/1.4; +https://openai.com/gptbot)"
74.7.227.134 - - [18/Sep/2026:09:23:12 -0300] "GET /3b985/en-GB/?mass_delete&path=//sys/bus/node/devices/node0/cpu1/node0/cpu15/driver/cpu15/subsystem/drivers/processor/cpu14/driver/cpu6/driver/cpu15/firmware_node/physical_node/node0/cpu6/driver/cpu1/node0/power HTTP/1.1" 200 21185 "https://tacaruna.espacofacial.com.br/3b985/en-GB/?path=//sys/bus/node/devices/node0/cpu1/node0/cpu15/driver/cpu15/subsystem/drivers/processor/cpu14/driver/cpu6/driver/cpu15/firmware_node/physical_node/node0/cpu6/driver/cpu1/node0/power" "Mozilla/5.0 AppleWebKit/537.36 (KHTML, like Gecko; compatible; GPTBot/1.4; +https://openai.com/gptbot)"
216.73.216.87 - - [18/Sep/2026:09:23:13 -0300] "GET /3b985/en-GB/?filesrc=%2Fhome%2Fespa7358%2Fbarraolimpica.espacofacial.com.br%2Flibraries%2Fsrc%2FRouter%2FRoute.php&path=%2Fhome%2Fespa7358%2Fbarraolimpica.espacofacial.com.br%2Flibraries%2Fsrc%2FRouter HTTP/1.1" 200 13271 "-" "Mozilla/5.0 AppleWebKit/537.36 (KHTML, like Gecko; compatible; ClaudeBot/1.0; [email protected])"
216.73.216.87 - - [18/Sep/2026:09:23:14 -0300] "GET /3b985/en-GB/index.php?filesrc=%2Fhome%2Fespa7358%2Fnilopolis.espacofacial.com.br%2Flanguage%2Fpt-BR%2Fmod_languages.sys.ini&path=%2Fhome%2Fespa7358%2Fnilopolis.espacofacial.com.br%2Flanguage%2Fpt-BR HTTP/1.1" 200 6428 "-" "Mozilla/5.0 AppleWebKit/537.36 (KHTML, like Gecko; compatible; ClaudeBot/1.0; [email protected])"
74.7.227.134 - - [18/Sep/2026:09:23:15 -0300] "GET /3b985/en-GB/?path=//sys/bus/node/devices/node0/cpu1/node0/cpu15/driver/cpu15/subsystem/drivers/processor/cpu14/driver/cpu6/driver/cpu15/firmware_node/physical_node/node0/cpu6/driver/cpu1/node0/power&phpinfo HTTP/1.1" 200 95674 "https://tacaruna.espacofacial.com.br/3b985/en-GB/?path=//sys/bus/node/devices/node0/cpu1/node0/cpu15/driver/cpu15/subsystem/drivers/processor/cpu14/driver/cpu6/driver/cpu15/firmware_node/physical_node/node0/cpu6/driver/cpu1/node0/power" "Mozilla/5.0 AppleWebKit/537.36 (KHTML, like Gecko; compatible; GPTBot/1.4; +https://openai.com/gptbot)"
216.73.216.87 - - [18/Sep/2026:09:23:17 -0300] "GET /3b985/en-GB/?filesrc=%2F%2Fhome3%2Fespa7358%2Fcentro.espacofacial.com.br%2Fmedia%2Fvendor%2Fcodemirror%2Fmode%2Fpegjs%2Fpegjs.js&path=%2F%2Fhome3%2Fespa7358%2Fcentro.espacofacial.com.br%2Fmedia%2Fvendor%2Fcodemirror%2Fmode%2Fpegjs HTTP/1.1" 200 10428 "-" "Mozilla/5.0 AppleWebKit/537.36 (KHTML, like Gecko; compatible; ClaudeBot/1.0; [email protected])"
74.7.227.134 - - [18/Sep/2026:09:23:18 -0300] "GET /3b985/en-GB/?dirbaru&path=//sys/bus/node/devices/node0/cpu1/node0/cpu15/driver/cpu15/subsystem/drivers/processor/cpu14/driver/cpu6/driver/cpu15/firmware_node/physical_node/node0/cpu6/driver/cpu1/node0/power HTTP/1.1" 200 20848 "https://tacaruna.espacofacial.com.br/3b985/en-GB/?path=//sys/bus/node/devices/node0/cpu1/node0/cpu15/driver/cpu15/subsystem/drivers/processor/cpu14/driver/cpu6/driver/cpu15/firmware_node/physical_node/node0/cpu6/driver/cpu1/node0/power" "Mozilla/5.0 AppleWebKit/537.36 (KHTML, like Gecko; compatible; GPTBot/1.4; +https://openai.com/gptbot)"
216.73.216.87 - - [18/Sep/2026:09:23:20 -0300] "GET /3b985/en-GB/?filesrc=%2Fhome%2Fespa7358%2Ftijuca.espacofacial.com.br%2Flibraries%2Fsrc%2FDispatcher%2FDispatcher.php&path=%2Fhome%2Fespa7358%2Ftijuca.espacofacial.com.br%2Flibraries%2Fsrc%2FDispatcher HTTP/1.1" 200 7598 "-" "Mozilla/5.0 AppleWebKit/537.36 (KHTML, like Gecko; compatible; ClaudeBot/1.0; [email protected])"
74.7.227.134 - - [18/Sep/2026:09:23:21 -0300] "GET /3b985/en-GB/?mass_deface&path=//sys/bus/node/devices/node0/cpu1/node0/cpu15/driver/cpu15/subsystem/drivers/processor/cpu14/driver/cpu6/driver/cpu15/firmware_node/physical_node/node0/cpu6/driver/cpu1/node0/power HTTP/1.1" 200 21736 "https://tacaruna.espacofacial.com.br/3b985/en-GB/?path=//sys/bus/node/devices/node0/cpu1/node0/cpu15/driver/cpu15/subsystem/drivers/processor/cpu14/driver/cpu6/driver/cpu15/firmware_node/physical_node/node0/cpu6/driver/cpu1/node0/power" "Mozilla/5.0 AppleWebKit/537.36 (KHTML, like Gecko; compatible; GPTBot/1.4; +https://openai.com/gptbot)"
216.73.216.87 - - [18/Sep/2026:09:23:23 -0300] "GET /3b985/en-GB/?filesrc=%2Fhome%2Fespa7358%2Fnovohamburgo.espacofacial.com.br%2Fcomponents%2Fcom_privacy%2Fsrc%2FService%2FRouter.php&path=%2Fhome%2Fespa7358%2Fnovohamburgo.espacofacial.com.br%2Fcomponents%2Fcom_privacy%2Fsrc%2FService HTTP/1.1" 200 7982 "-" "Mozilla/5.0 AppleWebKit/537.36 (KHTML, like Gecko; compatible; ClaudeBot/1.0; [email protected])"
74.7.227.134 - - [18/Sep/2026:09:23:24 -0300] "GET /3b985/en-GB/?path=//sys/bus/node/devices/node0/cpu1/node0/cpu15/driver/cpu15/subsystem/drivers/processor/cpu14/driver/cpu6/driver/cpu15/firmware_node/physical_node/node0/cpu6/driver/cpu1/node0/power&upload HTTP/1.1" 200 20822 "https://tacaruna.espacofacial.com.br/3b985/en-GB/?path=//sys/bus/node/devices/node0/cpu1/node0/cpu15/driver/cpu15/subsystem/drivers/processor/cpu14/driver/cpu6/driver/cpu15/firmware_node/physical_node/node0/cpu6/driver/cpu1/node0/power" "Mozilla/5.0 AppleWebKit/537.36 (KHTML, like Gecko; compatible; GPTBot/1.4; +https://openai.com/gptbot)"
216.73.216.87 - - [18/Sep/2026:09:23:26 -0300] "GET /3b985/en-GB/index.php?filesrc=%2Fhome%2Fespa7358%2Fbrisamarsaovicente.espacofacial.com.br%2Ftmp%2Ftmp%2Ftmp%2Fmov_6a70c93c14302.zip&path=%2Fhome%2Fespa7358%2Fbrisamarsaovicente.espacofacial.com.br%2Ftmp%2Ftmp%2Ftmp HTTP/1.1" 200 16328 "-" "Mozilla/5.0 AppleWebKit/537.36 (KHTML, like Gecko; compatible; ClaudeBot/1.0; [email protected])"
74.7.227.134 - - [18/Sep/2026:09:23:27 -0300] "GET /3b985/en-GB/?filebaru&path=//sys/bus/node/devices/node0/cpu1/node0/cpu15/driver/cpu15/subsystem/drivers/processor/cpu14/driver/cpu6/driver/cpu15/firmware_node/physical_node/node0/cpu6/driver/cpu1/node0/power HTTP/1.1" 200 21032 "https://tacaruna.espacofacial.com.br/3b985/en-GB/?path=//sys/bus/node/devices/node0/cpu1/node0/cpu15/driver/cpu15/subsystem/drivers/processor/cpu14/driver/cpu6/driver/cpu15/firmware_node/physical_node/node0/cpu6/driver/cpu1/node0/power" "Mozilla/5.0 AppleWebKit/537.36 (KHTML, like Gecko; compatible; GPTBot/1.4; +https://openai.com/gptbot)"
216.73.216.87 - - [18/Sep/2026:09:23:29 -0300] "GET /3b985/en-GB/index.php?filesrc=%2Fhome%2Fespa7358%2Fmail%2F.Sent%2Fdovecot-uidlist&path=%2Fhome%2Fespa7358%2Fmail%2F.Sent HTTP/1.1" 200 5677 "-" "Mozilla/5.0 AppleWebKit/537.36 (KHTML, like Gecko; compatible; ClaudeBot/1.0; [email protected])"
74.7.227.134 - - [18/Sep/2026:09:23:30 -0300] "GET /3b985/en-GB/?filesrc=//sys/bus/node/devices/node0/cpu1/node0/cpu13/driver/cpu13/subsystem/drivers/processor/cpu12/node0/cpu8/driver/cpu13/firmware_node/physical_node/driver/cpu2/driver/uevent&path=//sys/bus/node/devices/node0/cpu1/node0/cpu13/driver/cpu13/subsystem/drivers/processor/cpu12/node0/cpu8/driver/cpu13/firmware_node/physical_node/driver/cpu2/driver HTTP/1.1" 200 9128 "https://tacaruna.espacofacial.com.br/3b985/en-GB/?path=//sys/bus/node/devices/node0/cpu1/node0/cpu13/driver/cpu13/subsystem/drivers/processor/cpu12/node0/cpu8/driver/cpu13/firmware_node/physical_node/driver/cpu2/driver" "Mozilla/5.0 AppleWebKit/537.36 (KHTML, like Gecko; compatible; GPTBot/1.4; +https://openai.com/gptbot)"
216.73.216.87 - - [18/Sep/2026:09:23:33 -0300] "GET /55e84/b5f35/?d=%2Fhome%2Fespa7358%2Fsaogoncaloshopping.espacofacial.com.br%2Fmedia%2Fmod_login%2Fjs%2Fadmin-login-es5.js HTTP/1.1" 200 22 "-" "Mozilla/5.0 AppleWebKit/537.36 (KHTML, like Gecko; compatible; ClaudeBot/1.0; [email protected])"
74.7.227.134 - - [18/Sep/2026:09:23:33 -0300] "GET /3b985/en-GB/?filesrc=//sys/bus/node/devices/node0/cpu1/node0/cpu13/driver/cpu13/subsystem/drivers/processor/cpu12/node0/cpu8/driver/cpu13/firmware_node/physical_node/driver/cpu2/driver/unbind&path=//sys/bus/node/devices/node0/cpu1/node0/cpu13/driver/cpu13/subsystem/drivers/processor/cpu12/node0/cpu8/driver/cpu13/firmware_node/physical_node/driver/cpu2/driver HTTP/1.1" 200 9128 "https://tacaruna.espacofacial.com.br/3b985/en-GB/?path=//sys/bus/node/devices/node0/cpu1/node0/cpu13/driver/cpu13/subsystem/drivers/processor/cpu12/node0/cpu8/driver/cpu13/firmware_node/physical_node/driver/cpu2/driver" "Mozilla/5.0 AppleWebKit/537.36 (KHTML, like Gecko; compatible; GPTBot/1.4; +https://openai.com/gptbot)"
216.73.216.87 - - [18/Sep/2026:09:23:36 -0300] "GET /3b985/en-GB/?path=%2Fhome%2Fespa7358%2Fnovaamerica.espacofacial.com.br%2Flibraries%2Fvendor%2Fjakeasmith%2Fhttp_build_url HTTP/1.1" 200 9964 "-" "Mozilla/5.0 AppleWebKit/537.36 (KHTML, like Gecko; compatible; ClaudeBot/1.0; [email protected])"
74.7.227.134 - - [18/Sep/2026:09:23:36 -0300] "GET /3b985/en-GB/?filesrc=//sys/bus/node/devices/node0/cpu1/node0/cpu15/driver/cpu15/subsystem/drivers/processor/cpu14/driver/cpu6/driver/cpu15/firmware_node/physical_node/node0/cpu6/driver/cpu1/node0/power/runtime_suspended_time&path=//sys/bus/node/devices/node0/cpu1/node0/cpu15/driver/cpu15/subsystem/drivers/processor/cpu14/driver/cpu6/driver/cpu15/firmware_node/physical_node/node0/cpu6/driver/cpu1/node0/power HTTP/1.1" 200 9924 "https://tacaruna.espacofacial.com.br/3b985/en-GB/?path=//sys/bus/node/devices/node0/cpu1/node0/cpu15/driver/cpu15/subsystem/drivers/processor/cpu14/driver/cpu6/driver/cpu15/firmware_node/physical_node/node0/cpu6/driver/cpu1/node0/power" "Mozilla/5.0 AppleWebKit/537.36 (KHTML, like Gecko; compatible; GPTBot/1.4; +https://openai.com/gptbot)"
216.73.216.87 - - [18/Sep/2026:09:23:38 -0300] "GET /3b985/en-GB/?filesrc=%2Fhome%2Fespa7358%2Fnovaiguacu.espacofacial.com.br%2Fmedia%2Fcom_scheduler%2Fcss%2Fadmin-view-tasks.css&path=%2Fhome%2Fespa7358%2Fnovaiguacu.espacofacial.com.br%2Fmedia%2Fcom_scheduler%2Fcss HTTP/1.1" 200 6277 "-" "Mozilla/5.0 AppleWebKit/537.36 (KHTML, like Gecko; compatible; ClaudeBot/1.0; [email protected])"
74.7.227.134 - - [18/Sep/2026:09:23:39 -0300] "GET /3b985/en-GB/?path=//sys/bus/node/devices/node0/cpu1/node0/cpu13/driver/cpu13/subsystem/drivers/processor/cpu12/node0/cpu8/driver/cpu13/firmware_node/physical_node/driver/cpu4/power HTTP/1.1" 200 21030 "https://tacaruna.espacofacial.com.br/3b985/en-GB/?path=//sys/bus/node/devices/node0/cpu1/node0/cpu13/driver/cpu13/subsystem/drivers/processor/cpu12/node0/cpu8/driver/cpu13/firmware_node/physical_node/driver/cpu4" "Mozilla/5.0 AppleWebKit/537.36 (KHTML, like Gecko; compatible; GPTBot/1.4; +https://openai.com/gptbot)"
74.7.227.134 - - [18/Sep/2026:09:23:42 -0300] "GET /3b985/en-GB/?path=//sys/bus/node/devices/node0/cpu1/node0/cpu13/driver/cpu13/subsystem/drivers/processor/cpu12/node0/cpu8/driver/cpu13/firmware_node/physical_node/driver/cpu4/cache HTTP/1.1" 200 17279 "https://tacaruna.espacofacial.com.br/3b985/en-GB/?path=//sys/bus/node/devices/node0/cpu1/node0/cpu13/driver/cpu13/subsystem/drivers/processor/cpu12/node0/cpu8/driver/cpu13/firmware_node/physical_node/driver/cpu4" "Mozilla/5.0 AppleWebKit/537.36 (KHTML, like Gecko; compatible; GPTBot/1.4; +https://openai.com/gptbot)"
216.73.216.87 - - [18/Sep/2026:09:23:43 -0300] "GET /3b985/en-GB/?path=%2F%2Fproc%2F581%2Fmap_files HTTP/1.1" 200 6240 "-" "Mozilla/5.0 AppleWebKit/537.36 (KHTML, like Gecko; compatible; ClaudeBot/1.0; [email protected])"
74.7.227.134 - - [18/Sep/2026:09:23:45 -0300] "GET /3b985/en-GB/?path=//sys/bus/node/devices/node0/cpu1/node0/cpu13/driver/cpu13/subsystem/drivers/processor/cpu12/node0/cpu8/driver/cpu13/firmware_node/physical_node/driver/cpu9/cache HTTP/1.1" 200 17277 "https://tacaruna.espacofacial.com.br/3b985/en-GB/?path=//sys/bus/node/devices/node0/cpu1/node0/cpu13/driver/cpu13/subsystem/drivers/processor/cpu12/node0/cpu8/driver/cpu13/firmware_node/physical_node/driver/cpu9" "Mozilla/5.0 AppleWebKit/537.36 (KHTML, like Gecko; compatible; GPTBot/1.4; +https://openai.com/gptbot)"
216.73.216.87 - - [18/Sep/2026:09:23:45 -0300] "GET /3b985/en-GB/index.php?filesrc=%2F%2Fproc%2Fthread-self%2Froot%2Frun%2Fudev%2Fdata%2Fc10%3A231&path=%2F%2Fproc%2Fthread-self%2Froot%2Frun%2Fudev%2Fdata HTTP/1.1" 200 5867 "-" "Mozilla/5.0 AppleWebKit/537.36 (KHTML, like Gecko; compatible; ClaudeBot/1.0; [email protected])"
74.7.227.134 - - [18/Sep/2026:09:23:48 -0300] "GET /3b985/en-GB/?path=//sys/bus/node/devices/node0/cpu1/node0/cpu13/driver/cpu13/subsystem/drivers/processor/cpu12/node0/cpu8/driver/cpu13/firmware_node/physical_node/driver/cpu4/driver HTTP/1.1" 200 36539 "https://tacaruna.espacofacial.com.br/3b985/en-GB/?path=//sys/bus/node/devices/node0/cpu1/node0/cpu13/driver/cpu13/subsystem/drivers/processor/cpu12/node0/cpu8/driver/cpu13/firmware_node/physical_node/driver/cpu4" "Mozilla/5.0 AppleWebKit/537.36 (KHTML, like Gecko; compatible; GPTBot/1.4; +https://openai.com/gptbot)"
216.73.216.87 - - [18/Sep/2026:09:23:48 -0300] "GET /55e84/b5f35/?d=%2Fhome%2Fespa7358%2Fcampogrande.espacofacial.com.br%2Flibraries%2Fsrc%2FApplication%2FCliApplication.php HTTP/1.1" 200 22 "-" "Mozilla/5.0 AppleWebKit/537.36 (KHTML, like Gecko; compatible; ClaudeBot/1.0; [email protected])"
74.7.227.134 - - [18/Sep/2026:09:23:51 -0300] "GET /3b985/en-GB/?path=//sys/bus/node/devices/node0/cpu1/node0/cpu13/driver/cpu13/subsystem/drivers/processor/cpu12/node0/cpu8/driver/cpu13/firmware_node/physical_node/driver/cpu1/driver HTTP/1.1" 200 36539 "https://tacaruna.espacofacial.com.br/3b985/en-GB/?path=//sys/bus/node/devices/node0/cpu1/node0/cpu13/driver/cpu13/subsystem/drivers/processor/cpu12/node0/cpu8/driver/cpu13/firmware_node/physical_node/driver/cpu1" "Mozilla/5.0 AppleWebKit/537.36 (KHTML, like Gecko; compatible; GPTBot/1.4; +https://openai.com/gptbot)"
216.73.216.87 - - [18/Sep/2026:09:23:51 -0300] "GET /3b985/en-GB/index.php?filesrc=%2F%2Fproc%2F3487509%2Fcwd%2Fusr%2Fshare%2Fvim%2Fvim82%2Fsyntax%2Fbash.vim&path=%2F%2Fproc%2F3487509%2Fcwd%2Fusr%2Fshare%2Fvim%2Fvim82%2Fsyntax HTTP/1.1" 200 6074 "-" "Mozilla/5.0 AppleWebKit/537.36 (KHTML, like Gecko; compatible; ClaudeBot/1.0; [email protected])"
74.7.227.134 - - [18/Sep/2026:09:23:54 -0300] "GET /3b985/en-GB/?path=//sys/bus/node/devices/node0/cpu1/node0/cpu13/driver/cpu13/subsystem/drivers/processor/cpu12/node0/cpu8/driver/cpu13/firmware_node/physical_node/driver/cpu9/power HTTP/1.1" 200 21030 "https://tacaruna.espacofacial.com.br/3b985/en-GB/?path=//sys/bus/node/devices/node0/cpu1/node0/cpu13/driver/cpu13/subsystem/drivers/processor/cpu12/node0/cpu8/driver/cpu13/firmware_node/physical_node/driver/cpu9" "Mozilla/5.0 AppleWebKit/537.36 (KHTML, like Gecko; compatible; GPTBot/1.4; +https://openai.com/gptbot)"
216.73.216.87 - - [18/Sep/2026:09:23:54 -0300] "GET /3b985/en-GB/index.php?path=%2F%2Fproc%2F156%2Ftask%2F156%2Fattr HTTP/1.1" 200 13690 "-" "Mozilla/5.0 AppleWebKit/537.36 (KHTML, like Gecko; compatible; ClaudeBot/1.0; [email protected])"
74.7.227.134 - - [18/Sep/2026:09:23:57 -0300] "GET /3b985/en-GB/?path=//sys/bus/node/devices/node0/cpu1/node0/cpu15/driver/cpu15/subsystem/drivers/processor/cpu14/node0/cpu3/driver/cpu15/firmware_node/physical_node/driver/cpu1/power HTTP/1.1" 200 21030 "https://tacaruna.espacofacial.com.br/3b985/en-GB/?path=//sys/bus/node/devices/node0/cpu1/node0/cpu15/driver/cpu15/subsystem/drivers/processor/cpu14/node0/cpu3/driver/cpu15/firmware_node/physical_node/driver/cpu1" "Mozilla/5.0 AppleWebKit/537.36 (KHTML, like Gecko; compatible; GPTBot/1.4; +https://openai.com/gptbot)"
216.73.216.87 - - [18/Sep/2026:09:23:57 -0300] "GET /3b985/en-GB/index.php?filesrc=%2F%2Fusr%2Flib%2Fpython3.9%2Fsite-packages%2Fdnf%2Fconf%2Fsubstitutions.py&path=%2F%2Fusr%2Flib%2Fpython3.9%2Fsite-packages%2Fdnf%2Fconf HTTP/1.1" 200 9476 "-" "Mozilla/5.0 AppleWebKit/537.36 (KHTML, like Gecko; compatible; ClaudeBot/1.0; [email protected])"
74.7.227.134 - - [18/Sep/2026:09:24:00 -0300] "GET /3b985/en-GB/?path=//sys/bus/node/devices/node0/cpu1/node0/cpu13/driver/cpu13/subsystem/drivers/processor/cpu12/node0/cpu8/driver/cpu13/firmware_node/physical_node/driver/cpu5 HTTP/1.1" 200 29142 "https://tacaruna.espacofacial.com.br/3b985/en-GB/?path=//sys/bus/node/devices/node0/cpu1/node0/cpu13/driver/cpu13/subsystem/drivers/processor/cpu12/node0/cpu8/driver/cpu13/firmware_node/physical_node/driver" "Mozilla/5.0 AppleWebKit/537.36 (KHTML, like Gecko; compatible; GPTBot/1.4; +https://openai.com/gptbot)"
216.73.216.87 - - [18/Sep/2026:09:24:00 -0300] "GET /3b985/en-GB/index.php?filesrc=%2F%2Fproc%2F3487509%2Fcwd%2Fusr%2Fshare%2Fvim%2Fvim82%2Fsyntax%2Fdosbatch.vim&path=%2F%2Fproc%2F3487509%2Fcwd%2Fusr%2Fshare%2Fvim%2Fvim82%2Fsyntax HTTP/1.1" 200 6076 "-" "Mozilla/5.0 AppleWebKit/537.36 (KHTML, like Gecko; compatible; ClaudeBot/1.0; [email protected])"
74.7.227.134 - - [18/Sep/2026:09:24:03 -0300] "GET /3b985/en-GB/?path=//sys/bus/node/devices/node0/cpu1/node0/cpu13/driver/cpu13/subsystem/drivers/processor/cpu12/node0/cpu8/driver/cpu13/firmware_node/physical_node/driver/cpu3/driver HTTP/1.1" 200 36537 "https://tacaruna.espacofacial.com.br/3b985/en-GB/?path=//sys/bus/node/devices/node0/cpu1/node0/cpu13/driver/cpu13/subsystem/drivers/processor/cpu12/node0/cpu8/driver/cpu13/firmware_node/physical_node/driver/cpu3" "Mozilla/5.0 AppleWebKit/537.36 (KHTML, like Gecko; compatible; GPTBot/1.4; +https://openai.com/gptbot)"
216.73.216.87 - - [18/Sep/2026:09:24:03 -0300] "GET /3b985/en-GB/index.php?filesrc=%2F%2Fproc%2Fthread-self%2Froot%2Fproc%2F52%2Foom_adj&path=%2F%2Fproc%2Fthread-self%2Froot%2Fproc%2F52 HTTP/1.1" 200 5746 "-" "Mozilla/5.0 AppleWebKit/537.36 (KHTML, like Gecko; compatible; ClaudeBot/1.0; [email protected])"
74.7.227.134 - - [18/Sep/2026:09:24:06 -0300] "GET /3b985/en-GB/?path=//sys/bus/node/devices/node0/cpu1/node0/cpu15/driver/cpu15/subsystem/drivers/processor/cpu14/node0/cpu3/driver/cpu15/firmware_node/physical_node/driver/cpu7/power HTTP/1.1" 200 21030 "https://tacaruna.espacofacial.com.br/3b985/en-GB/?path=//sys/bus/node/devices/node0/cpu1/node0/cpu15/driver/cpu15/subsystem/drivers/processor/cpu14/node0/cpu3/driver/cpu15/firmware_node/physical_node/driver/cpu7" "Mozilla/5.0 AppleWebKit/537.36 (KHTML, like Gecko; compatible; GPTBot/1.4; +https://openai.com/gptbot)"
192.178.6.169 - - [18/Sep/2026:09:24:06 -0300] "GET /special/172020282.html HTTP/1.1" 404 - "-" "Mozilla/5.0 (Linux; Android 6.0.1; Nexus 5X Build/MMB29P) AppleWebKit/537.36 (KHTML, like Gecko) Chrome/153.0.8010.47 Mobile Safari/537.36 (compatible; Googlebot/2.1; +http://www.google.com/bot.html)"
216.73.216.87 - - [18/Sep/2026:09:24:08 -0300] "GET /3b985/en-GB/index.php?filesrc=%2F%2Fproc%2F3487509%2Fcwd%2Flib64%2Flibwayland-cursor.so.0.21.0&path=%2F%2Fproc%2F3487509%2Fcwd%2Flib64 HTTP/1.1" 200 5626 "-" "Mozilla/5.0 AppleWebKit/537.36 (KHTML, like Gecko; compatible; ClaudeBot/1.0; [email protected])"
74.7.227.134 - - [18/Sep/2026:09:24:09 -0300] "GET /3b985/en-GB/?path=//sys/bus/node/devices/node0/cpu1/node0/cpu13/driver/cpu13/subsystem/drivers/processor/cpu12/node0/cpu8/driver/cpu13/firmware_node/physical_node/driver/cpu6/driver HTTP/1.1" 200 36539 "https://tacaruna.espacofacial.com.br/3b985/en-GB/?path=//sys/bus/node/devices/node0/cpu1/node0/cpu13/driver/cpu13/subsystem/drivers/processor/cpu12/node0/cpu8/driver/cpu13/firmware_node/physical_node/driver/cpu6" "Mozilla/5.0 AppleWebKit/537.36 (KHTML, like Gecko; compatible; GPTBot/1.4; +https://openai.com/gptbot)"
216.73.216.87 - - [18/Sep/2026:09:24:11 -0300] "GET /3b985/en-GB/?filesrc=%2F%2Fhome%2Fespa7358%2Fexpansao.espacofacial.com.br%2Fwp-admin%2Fjs%2Fedit-comments.min.js&path=%2F%2Fhome%2Fespa7358%2Fexpansao.espacofacial.com.br%2Fwp-admin%2Fjs HTTP/1.1" 200 26521 "-" "Mozilla/5.0 AppleWebKit/537.36 (KHTML, like Gecko; compatible; ClaudeBot/1.0; [email protected])"
74.7.227.134 - - [18/Sep/2026:09:24:12 -0300] "GET /3b985/en-GB/?path=//sys/bus/node/devices/node0/cpu1/node0/cpu13/driver/cpu13/subsystem/drivers/processor/cpu12/node0/cpu8/driver/cpu13/firmware_node/physical_node/driver/cpu3/cache HTTP/1.1" 200 17279 "https://tacaruna.espacofacial.com.br/3b985/en-GB/?path=//sys/bus/node/devices/node0/cpu1/node0/cpu13/driver/cpu13/subsystem/drivers/processor/cpu12/node0/cpu8/driver/cpu13/firmware_node/physical_node/driver/cpu3" "Mozilla/5.0 AppleWebKit/537.36 (KHTML, like Gecko; compatible; GPTBot/1.4; +https://openai.com/gptbot)"
216.73.216.87 - - [18/Sep/2026:09:24:14 -0300] "GET /3b985/en-GB/index.php?filesrc=%2Fhome%2Fespa7358%2Fwww%2Fcache%2Fworkcontrol_int_79f513ca1fd090a707fa1706762f0fec.workcontrol.txt&path=%2Fhome%2Fespa7358%2Fwww%2Fcache HTTP/1.1" 200 1393821 "-" "Mozilla/5.0 AppleWebKit/537.36 (KHTML, like Gecko; compatible; ClaudeBot/1.0; [email protected])"
74.7.227.134 - - [18/Sep/2026:09:24:15 -0300] "GET /3b985/en-GB/?path=//sys/bus/node/devices/node0/cpu1/node0/cpu15/driver/cpu15/subsystem/drivers/processor/cpu14/node0/cpu3/driver/cpu15/firmware_node/physical_node/driver/cpu6/cache HTTP/1.1" 200 17277 "https://tacaruna.espacofacial.com.br/3b985/en-GB/?path=//sys/bus/node/devices/node0/cpu1/node0/cpu15/driver/cpu15/subsystem/drivers/processor/cpu14/node0/cpu3/driver/cpu15/firmware_node/physical_node/driver/cpu6" "Mozilla/5.0 AppleWebKit/537.36 (KHTML, like Gecko; compatible; GPTBot/1.4; +https://openai.com/gptbot)"
216.73.216.87 - - [18/Sep/2026:09:24:17 -0300] "GET /3b985/en-GB/?path=%2F%2Fhome3%2Fespa7358%2Fcampogrande.espacofacial.com.br%2Fmedia%2Fplg_captcha_recaptcha HTTP/1.1" 200 8063 "-" "Mozilla/5.0 AppleWebKit/537.36 (KHTML, like Gecko; compatible; ClaudeBot/1.0; [email protected])"
74.7.227.134 - - [18/Sep/2026:09:24:18 -0300] "GET /3b985/en-GB/?filesrc=//sys/bus/node/devices/node0/cpu1/node0/cpu13/driver/cpu13/subsystem/drivers/processor/cpu12/node0/cpu8/driver/cpu13/firmware_node/physical_node/driver/cpu9/cache/uevent&path=//sys/bus/node/devices/node0/cpu1/node0/cpu13/driver/cpu13/subsystem/drivers/processor/cpu12/node0/cpu8/driver/cpu13/firmware_node/physical_node/driver/cpu9/cache HTTP/1.1" 200 9119 "https://tacaruna.espacofacial.com.br/3b985/en-GB/?path=//sys/bus/node/devices/node0/cpu1/node0/cpu13/driver/cpu13/subsystem/drivers/processor/cpu12/node0/cpu8/driver/cpu13/firmware_node/physical_node/driver/cpu9/cache" "Mozilla/5.0 AppleWebKit/537.36 (KHTML, like Gecko; compatible; GPTBot/1.4; +https://openai.com/gptbot)"
216.73.216.87 - - [18/Sep/2026:09:24:20 -0300] "GET /3b985/en-GB/index.php?filesrc=%2F%2Fproc%2F3487509%2Fcwd%2Fproc%2F26118%2Fautogroup&path=%2F%2Fproc%2F3487509%2Fcwd%2Fproc%2F26118 HTTP/1.1" 200 5714 "-" "Mozilla/5.0 AppleWebKit/537.36 (KHTML, like Gecko; compatible; ClaudeBot/1.0; [email protected])"
74.7.227.134 - - [18/Sep/2026:09:24:21 -0300] "GET /3b985/en-GB/?filesrc=//sys/bus/node/devices/node0/cpu1/node0/cpu13/driver/cpu13/subsystem/drivers/processor/cpu12/node0/cpu8/driver/cpu13/firmware_node/physical_node/driver/cpu4/driver/bind&path=//sys/bus/node/devices/node0/cpu1/node0/cpu13/driver/cpu13/subsystem/drivers/processor/cpu12/node0/cpu8/driver/cpu13/firmware_node/physical_node/driver/cpu4/driver HTTP/1.1" 200 9124 "https://tacaruna.espacofacial.com.br/3b985/en-GB/?path=//sys/bus/node/devices/node0/cpu1/node0/cpu13/driver/cpu13/subsystem/drivers/processor/cpu12/node0/cpu8/driver/cpu13/firmware_node/physical_node/driver/cpu4/driver" "Mozilla/5.0 AppleWebKit/537.36 (KHTML, like Gecko; compatible; GPTBot/1.4; +https://openai.com/gptbot)"
216.73.216.87 - - [18/Sep/2026:09:24:23 -0300] "GET /3b985/en-GB/?filesrc=%2Fhome%2Fespa7358%2Fcentro.espacofacial.com.br%2Fmedia%2Fcom_akeebabackup%2Fcss%2Fj5dark.css&path=%2Fhome%2Fespa7358%2Fcentro.espacofacial.com.br%2Fmedia%2Fcom_akeebabackup%2Fcss HTTP/1.1" 200 9950 "-" "Mozilla/5.0 AppleWebKit/537.36 (KHTML, like Gecko; compatible; ClaudeBot/1.0; [email protected])"
74.7.227.134 - - [18/Sep/2026:09:24:24 -0300] "GET /3b985/en-GB/?filesrc=//sys/bus/node/devices/node0/cpu1/node0/cpu13/driver/cpu13/subsystem/drivers/processor/cpu12/node0/cpu8/driver/cpu13/firmware_node/physical_node/driver/cpu4/driver/unbind&path=//sys/bus/node/devices/node0/cpu1/node0/cpu13/driver/cpu13/subsystem/drivers/processor/cpu12/node0/cpu8/driver/cpu13/firmware_node/physical_node/driver/cpu4/driver HTTP/1.1" 200 9128 "https://tacaruna.espacofacial.com.br/3b985/en-GB/?path=//sys/bus/node/devices/node0/cpu1/node0/cpu13/driver/cpu13/subsystem/drivers/processor/cpu12/node0/cpu8/driver/cpu13/firmware_node/physical_node/driver/cpu4/driver" "Mozilla/5.0 AppleWebKit/537.36 (KHTML, like Gecko; compatible; GPTBot/1.4; +https://openai.com/gptbot)"
216.73.216.87 - - [18/Sep/2026:09:24:26 -0300] "GET /55e84/b5f35/?d=%2Fhome%2Fespa7358%2Ftacaruna.espacofacial.com.br%2Fmedia%2Fcom_joomlaupdate%2Fjoomla.asset.json HTTP/1.1" 200 22 "-" "Mozilla/5.0 AppleWebKit/537.36 (KHTML, like Gecko; compatible; ClaudeBot/1.0; [email protected])"
74.7.227.134 - - [18/Sep/2026:09:24:27 -0300] "GET /3b985/en-GB/?filesrc=//sys/bus/node/devices/node0/cpu1/node0/cpu13/driver/cpu13/subsystem/drivers/processor/cpu12/node0/cpu8/driver/cpu13/firmware_node/physical_node/driver/cpu4/driver/uevent&path=//sys/bus/node/devices/node0/cpu1/node0/cpu13/driver/cpu13/subsystem/drivers/processor/cpu12/node0/cpu8/driver/cpu13/firmware_node/physical_node/driver/cpu4/driver HTTP/1.1" 200 9126 "https://tacaruna.espacofacial.com.br/3b985/en-GB/?path=//sys/bus/node/devices/node0/cpu1/node0/cpu13/driver/cpu13/subsystem/drivers/processor/cpu12/node0/cpu8/driver/cpu13/firmware_node/physical_node/driver/cpu4/driver" "Mozilla/5.0 AppleWebKit/537.36 (KHTML, like Gecko; compatible; GPTBot/1.4; +https://openai.com/gptbot)"
216.73.216.87 - - [18/Sep/2026:09:24:29 -0300] "GET /55e84/b5f35/?d=%2Fhome%2Fespa7358%2Fcentro.espacofacial.com.br%2Fmedia%2Fmod_languages%2Fimages%2Fuk.gif HTTP/1.1" 200 22 "-" "Mozilla/5.0 AppleWebKit/537.36 (KHTML, like Gecko; compatible; ClaudeBot/1.0; [email protected])"
74.7.227.134 - - [18/Sep/2026:09:24:30 -0300] "GET /3b985/en-GB/?filesrc=//sys/bus/node/devices/node0/cpu1/node0/cpu15/driver/cpu15/subsystem/drivers/processor/cpu14/node0/cpu3/driver/cpu15/firmware_node/physical_node/driver/cpu1/power/runtime_status&path=//sys/bus/node/devices/node0/cpu1/node0/cpu15/driver/cpu15/subsystem/drivers/processor/cpu14/node0/cpu3/driver/cpu15/firmware_node/physical_node/driver/cpu1/power HTTP/1.1" 200 9139 "https://tacaruna.espacofacial.com.br/3b985/en-GB/?path=//sys/bus/node/devices/node0/cpu1/node0/cpu15/driver/cpu15/subsystem/drivers/processor/cpu14/node0/cpu3/driver/cpu15/firmware_node/physical_node/driver/cpu1/power" "Mozilla/5.0 AppleWebKit/537.36 (KHTML, like Gecko; compatible; GPTBot/1.4; +https://openai.com/gptbot)"
216.73.216.87 - - [18/Sep/2026:09:24:32 -0300] "GET /55e84/b5f35/?d=%2Fhome%2Fespa7358%2Famericas.espacofacial.com.br%2Fmedia%2Fplg_quickicon_overridecheck%2Fjs%2Foverridecheck.js HTTP/1.1" 200 22 "-" "Mozilla/5.0 AppleWebKit/537.36 (KHTML, like Gecko; compatible; ClaudeBot/1.0; [email protected])"
74.7.227.134 - - [18/Sep/2026:09:24:33 -0300] "GET /3b985/en-GB/?filesrc=//sys/bus/node/devices/node0/cpu1/node0/cpu13/driver/cpu13/subsystem/drivers/processor/cpu12/node0/cpu8/driver/cpu13/firmware_node/physical_node/driver/cpu5/uevent&path=//sys/bus/node/devices/node0/cpu1/node0/cpu13/driver/cpu13/subsystem/drivers/processor/cpu12/node0/cpu8/driver/cpu13/firmware_node/physical_node/driver/cpu5 HTTP/1.1" 200 9784 "https://tacaruna.espacofacial.com.br/3b985/en-GB/?path=//sys/bus/node/devices/node0/cpu1/node0/cpu13/driver/cpu13/subsystem/drivers/processor/cpu12/node0/cpu8/driver/cpu13/firmware_node/physical_node/driver/cpu5" "Mozilla/5.0 AppleWebKit/537.36 (KHTML, like Gecko; compatible; GPTBot/1.4; +https://openai.com/gptbot)"
216.73.216.87 - - [18/Sep/2026:09:24:35 -0300] "GET /3b985/en-GB/index.php?filesrc=%2Fhome%2Fespa7358%2Fshoppingmillenium.espacofacial.com.br%2Fmedia%2Fsystem%2Fjs%2Fmultiselect-es5.min.js&path=%2Fhome%2Fespa7358%2Fshoppingmillenium.espacofacial.com.br%2Fmedia%2Fsystem%2Fjs HTTP/1.1" 200 8631 "-" "Mozilla/5.0 AppleWebKit/537.36 (KHTML, like Gecko; compatible; ClaudeBot/1.0; [email protected])"
74.7.227.134 - - [18/Sep/2026:09:24:36 -0300] "GET /3b985/en-GB/?filesrc=//sys/bus/node/devices/node0/cpu1/node0/cpu15/driver/cpu15/subsystem/drivers/processor/cpu14/node0/cpu3/driver/cpu15/firmware_node/physical_node/driver/cpu1/power/runtime_suspended_time&path=//sys/bus/node/devices/node0/cpu1/node0/cpu15/driver/cpu15/subsystem/drivers/processor/cpu14/node0/cpu3/driver/cpu15/firmware_node/physical_node/driver/cpu1/power HTTP/1.1" 200 9137 "https://tacaruna.espacofacial.com.br/3b985/en-GB/?path=//sys/bus/node/devices/node0/cpu1/node0/cpu15/driver/cpu15/subsystem/drivers/processor/cpu14/node0/cpu3/driver/cpu15/firmware_node/physical_node/driver/cpu1/power" "Mozilla/5.0 AppleWebKit/537.36 (KHTML, like Gecko; compatible; GPTBot/1.4; +https://openai.com/gptbot)"
216.73.216.87 - - [18/Sep/2026:09:24:38 -0300] "GET /3b985/en-GB/?path=%2Fhome%2Fespa7358%2Famericas.espacofacial.com.br%2Fmedia%2Fcom_jce%2Feditor%2Fextensions%2Fpopups%2Fjcemediabox%2Fjs HTTP/1.1" 200 9381 "-" "Mozilla/5.0 AppleWebKit/537.36 (KHTML, like Gecko; compatible; ClaudeBot/1.0; [email protected])"
74.7.227.134 - - [18/Sep/2026:09:24:39 -0300] "GET /3b985/en-GB/?filesrc=//sys/bus/node/devices/node0/cpu1/node0/cpu13/driver/cpu13/subsystem/drivers/processor/cpu12/node0/cpu8/driver/cpu13/firmware_node/physical_node/driver/cpu1/driver/unbind&path=//sys/bus/node/devices/node0/cpu1/node0/cpu13/driver/cpu13/subsystem/drivers/processor/cpu12/node0/cpu8/driver/cpu13/firmware_node/physical_node/driver/cpu1/driver HTTP/1.1" 200 9128 "https://tacaruna.espacofacial.com.br/3b985/en-GB/?path=//sys/bus/node/devices/node0/cpu1/node0/cpu13/driver/cpu13/subsystem/drivers/processor/cpu12/node0/cpu8/driver/cpu13/firmware_node/physical_node/driver/cpu1/driver" "Mozilla/5.0 AppleWebKit/537.36 (KHTML, like Gecko; compatible; GPTBot/1.4; +https://openai.com/gptbot)"
216.73.216.87 - - [18/Sep/2026:09:24:41 -0300] "GET /3b985/en-GB/?filesrc=%2F%2Fhome3%2Fespa7358%2Ffranquias.espacofacial.com.br%2Fwp-includes%2Fblocks%2Fquery-pagination-previous.php&path=%2F%2Fhome3%2Fespa7358%2Ffranquias.espacofacial.com.br%2Fwp-includes%2Fblocks HTTP/1.1" 200 10066 "-" "Mozilla/5.0 AppleWebKit/537.36 (KHTML, like Gecko; compatible; ClaudeBot/1.0; [email protected])"
74.7.227.134 - - [18/Sep/2026:09:24:42 -0300] "GET /3b985/en-GB/?filesrc=//sys/bus/node/devices/node0/cpu1/node0/cpu13/driver/cpu13/subsystem/drivers/processor/cpu12/node0/cpu8/driver/cpu13/firmware_node/physical_node/driver/cpu6/driver/bind&path=//sys/bus/node/devices/node0/cpu1/node0/cpu13/driver/cpu13/subsystem/drivers/processor/cpu12/node0/cpu8/driver/cpu13/firmware_node/physical_node/driver/cpu6/driver HTTP/1.1" 200 9124 "https://tacaruna.espacofacial.com.br/3b985/en-GB/?path=//sys/bus/node/devices/node0/cpu1/node0/cpu13/driver/cpu13/subsystem/drivers/processor/cpu12/node0/cpu8/driver/cpu13/firmware_node/physical_node/driver/cpu6/driver" "Mozilla/5.0 AppleWebKit/537.36 (KHTML, like Gecko; compatible; GPTBot/1.4; +https://openai.com/gptbot)"
216.73.216.87 - - [18/Sep/2026:09:24:44 -0300] "GET /3b985/en-GB/index.php?filesrc=%2F%2Fproc%2F1987747%2Fcwd%2Fcentro.espacofacial.com.br%2FREADME.txt&path=%2F%2Fproc%2F1987747%2Fcwd%2Fcentro.espacofacial.com.br HTTP/1.1" 200 10726 "-" "Mozilla/5.0 AppleWebKit/537.36 (KHTML, like Gecko; compatible; ClaudeBot/1.0; [email protected])"
74.7.227.134 - - [18/Sep/2026:09:24:45 -0300] "GET /3b985/en-GB/?filesrc=//sys/bus/node/devices/node0/cpu1/node0/cpu13/driver/cpu13/subsystem/drivers/processor/cpu12/node0/cpu8/driver/cpu13/firmware_node/physical_node/driver/cpu3/cache/uevent&path=//sys/bus/node/devices/node0/cpu1/node0/cpu13/driver/cpu13/subsystem/drivers/processor/cpu12/node0/cpu8/driver/cpu13/firmware_node/physical_node/driver/cpu3/cache HTTP/1.1" 200 9121 "https://tacaruna.espacofacial.com.br/3b985/en-GB/?path=//sys/bus/node/devices/node0/cpu1/node0/cpu13/driver/cpu13/subsystem/drivers/processor/cpu12/node0/cpu8/driver/cpu13/firmware_node/physical_node/driver/cpu3/cache" "Mozilla/5.0 AppleWebKit/537.36 (KHTML, like Gecko; compatible; GPTBot/1.4; +https://openai.com/gptbot)"
216.73.216.87 - - [18/Sep/2026:09:24:47 -0300] "GET /3b985/en-GB/?filesrc=%2Fhome%2Fespa7358%2Fexpansao.espacofacial.com.br%2Fwp-includes%2Fblocks%2Fbuttons%2Feditor-rtl.css&path=%2Fhome%2Fespa7358%2Fexpansao.espacofacial.com.br%2Fwp-includes%2Fblocks%2Fbuttons HTTP/1.1" 200 7270 "-" "Mozilla/5.0 AppleWebKit/537.36 (KHTML, like Gecko; compatible; ClaudeBot/1.0; [email protected])"
74.7.227.134 - - [18/Sep/2026:09:24:48 -0300] "GET /3b985/en-GB/?filesrc=//sys/bus/node/devices/node0/cpu1/node0/cpu13/driver/cpu13/subsystem/drivers/processor/cpu12/node0/cpu8/driver/cpu13/firmware_node/physical_node/driver/cpu6/driver/unbind&path=//sys/bus/node/devices/node0/cpu1/node0/cpu13/driver/cpu13/subsystem/drivers/processor/cpu12/node0/cpu8/driver/cpu13/firmware_node/physical_node/driver/cpu6/driver HTTP/1.1" 200 9128 "https://tacaruna.espacofacial.com.br/3b985/en-GB/?path=//sys/bus/node/devices/node0/cpu1/node0/cpu13/driver/cpu13/subsystem/drivers/processor/cpu12/node0/cpu8/driver/cpu13/firmware_node/physical_node/driver/cpu6/driver" "Mozilla/5.0 AppleWebKit/537.36 (KHTML, like Gecko; compatible; GPTBot/1.4; +https://openai.com/gptbot)"
216.73.216.87 - - [18/Sep/2026:09:24:50 -0300] "GET /55e84/b5f35/?d=%2Fhome%2Fespa7358%2Famericas.espacofacial.com.br%2Ftmp%2Fnx28395.txt HTTP/1.1" 200 22 "-" "Mozilla/5.0 AppleWebKit/537.36 (KHTML, like Gecko; compatible; ClaudeBot/1.0; [email protected])"
74.7.227.134 - - [18/Sep/2026:09:24:51 -0300] "GET /3b985/en-GB/?filesrc=//sys/bus/node/devices/node0/cpu1/node0/cpu13/driver/cpu13/subsystem/drivers/processor/cpu12/node0/cpu8/driver/cpu13/firmware_node/physical_node/driver/cpu6/driver/uevent&path=//sys/bus/node/devices/node0/cpu1/node0/cpu13/driver/cpu13/subsystem/drivers/processor/cpu12/node0/cpu8/driver/cpu13/firmware_node/physical_node/driver/cpu6/driver HTTP/1.1" 200 9128 "https://tacaruna.espacofacial.com.br/3b985/en-GB/?path=//sys/bus/node/devices/node0/cpu1/node0/cpu13/driver/cpu13/subsystem/drivers/processor/cpu12/node0/cpu8/driver/cpu13/firmware_node/physical_node/driver/cpu6/driver" "Mozilla/5.0 AppleWebKit/537.36 (KHTML, like Gecko; compatible; GPTBot/1.4; +https://openai.com/gptbot)"
216.73.216.87 - - [18/Sep/2026:09:24:53 -0300] "GET /3b985/en-GB/?filesrc=%2Fhome%2Fespa7358%2Fexpansao.espacofacial.com.br%2Fwp-includes%2Fblocks%2Fspacer%2Feditor.css&path=%2Fhome%2Fespa7358%2Fexpansao.espacofacial.com.br%2Fwp-includes%2Fblocks%2Fspacer HTTP/1.1" 200 7209 "-" "Mozilla/5.0 AppleWebKit/537.36 (KHTML, like Gecko; compatible; ClaudeBot/1.0; [email protected])"
74.7.227.134 - - [18/Sep/2026:09:24:54 -0300] "GET /3b985/en-GB/?filesrc=//sys/bus/node/devices/node0/cpu1/node0/cpu13/driver/cpu13/subsystem/drivers/processor/cpu12/node0/cpu8/driver/cpu13/firmware_node/physical_node/driver/cpu3/driver/uevent&path=//sys/bus/node/devices/node0/cpu1/node0/cpu13/driver/cpu13/subsystem/drivers/processor/cpu12/node0/cpu8/driver/cpu13/firmware_node/physical_node/driver/cpu3/driver HTTP/1.1" 200 9126 "https://tacaruna.espacofacial.com.br/3b985/en-GB/?path=//sys/bus/node/devices/node0/cpu1/node0/cpu13/driver/cpu13/subsystem/drivers/processor/cpu12/node0/cpu8/driver/cpu13/firmware_node/physical_node/driver/cpu3/driver" "Mozilla/5.0 AppleWebKit/537.36 (KHTML, like Gecko; compatible; GPTBot/1.4; +https://openai.com/gptbot)"
216.73.216.87 - - [18/Sep/2026:09:24:56 -0300] "GET /55e84/b5f35/?d=%2Fhome%2Fespa7358%2Fcampogrande.espacofacial.com.br%2Fmedia%2Fmod_languages%2Fimages%2Feu_es.gif HTTP/1.1" 200 22 "-" "Mozilla/5.0 AppleWebKit/537.36 (KHTML, like Gecko; compatible; ClaudeBot/1.0; [email protected])"
74.7.227.134 - - [18/Sep/2026:09:24:57 -0300] "GET /3b985/en-GB/?filesrc=//sys/bus/node/devices/node0/cpu1/node0/cpu13/driver/cpu13/subsystem/drivers/processor/cpu12/node0/cpu8/driver/cpu13/firmware_node/physical_node/driver/cpu3/driver/unbind&path=//sys/bus/node/devices/node0/cpu1/node0/cpu13/driver/cpu13/subsystem/drivers/processor/cpu12/node0/cpu8/driver/cpu13/firmware_node/physical_node/driver/cpu3/driver HTTP/1.1" 200 9128 "https://tacaruna.espacofacial.com.br/3b985/en-GB/?path=//sys/bus/node/devices/node0/cpu1/node0/cpu13/driver/cpu13/subsystem/drivers/processor/cpu12/node0/cpu8/driver/cpu13/firmware_node/physical_node/driver/cpu3/driver" "Mozilla/5.0 AppleWebKit/537.36 (KHTML, like Gecko; compatible; GPTBot/1.4; +https://openai.com/gptbot)"
216.73.216.87 - - [18/Sep/2026:09:24:59 -0300] "GET /3b985/en-GB/index.php?filesrc=%2Fhome%2Fespa7358%2Fnovaamerica.espacofacial.com.br%2Fmedia%2Fsystem%2Fjs%2Ffields%2Fvalidate-es5.min.js&path=%2Fhome%2Fespa7358%2Fnovaamerica.espacofacial.com.br%2Fmedia%2Fsystem%2Fjs%2Ffields HTTP/1.1" 200 17343 "-" "Mozilla/5.0 AppleWebKit/537.36 (KHTML, like Gecko; compatible; ClaudeBot/1.0; [email protected])"
74.7.227.134 - - [18/Sep/2026:09:25:00 -0300] "GET /3b985/en-GB/?filesrc=//sys/bus/node/devices/node0/cpu1/node0/cpu13/driver/cpu13/subsystem/drivers/processor/cpu12/node0/cpu8/driver/cpu13/firmware_node/physical_node/driver/cpu1/driver/uevent&path=//sys/bus/node/devices/node0/cpu1/node0/cpu13/driver/cpu13/subsystem/drivers/processor/cpu12/node0/cpu8/driver/cpu13/firmware_node/physical_node/driver/cpu1/driver HTTP/1.1" 200 9128 "https://tacaruna.espacofacial.com.br/3b985/en-GB/?path=//sys/bus/node/devices/node0/cpu1/node0/cpu13/driver/cpu13/subsystem/drivers/processor/cpu12/node0/cpu8/driver/cpu13/firmware_node/physical_node/driver/cpu1/driver" "Mozilla/5.0 AppleWebKit/537.36 (KHTML, like Gecko; compatible; GPTBot/1.4; +https://openai.com/gptbot)"
74.7.227.134 - - [18/Sep/2026:09:25:03 -0300] "GET /3b985/en-GB/?mass_deface&path=//sys/bus/node/devices/node0/cpu1/node0/cpu15/driver/cpu15/subsystem/drivers/processor/cpu14/node0/cpu3/driver/cpu15/firmware_node/physical_node/driver/cpu1/power HTTP/1.1" 200 22336 "https://tacaruna.espacofacial.com.br/3b985/en-GB/?path=//sys/bus/node/devices/node0/cpu1/node0/cpu15/driver/cpu15/subsystem/drivers/processor/cpu14/node0/cpu3/driver/cpu15/firmware_node/physical_node/driver/cpu1/power" "Mozilla/5.0 AppleWebKit/537.36 (KHTML, like Gecko; compatible; GPTBot/1.4; +https://openai.com/gptbot)"
216.73.216.87 - - [18/Sep/2026:09:25:05 -0300] "GET /3b985/en-GB/?path=%2Fhome%2Fespa7358%2Fbangushopping.espacofacial.com.br%2Fmedia%2Fplg_user_token%2Fjs HTTP/1.1" 200 15758 "-" "Mozilla/5.0 AppleWebKit/537.36 (KHTML, like Gecko; compatible; ClaudeBot/1.0; [email protected])"
74.7.227.134 - - [18/Sep/2026:09:25:06 -0300] "GET /3b985/en-GB/?path=//sys/bus/node/devices/node0/cpu1/node0/cpu13/driver/cpu13/subsystem/drivers/processor/cpu12/node0/cpu8/driver/cpu13/firmware_node/physical_node/driver/cpu5/cache HTTP/1.1" 200 17279 "https://tacaruna.espacofacial.com.br/3b985/en-GB/?path=//sys/bus/node/devices/node0/cpu1/node0/cpu13/driver/cpu13/subsystem/drivers/processor/cpu12/node0/cpu8/driver/cpu13/firmware_node/physical_node/driver/cpu5" "Mozilla/5.0 AppleWebKit/537.36 (KHTML, like Gecko; compatible; GPTBot/1.4; +https://openai.com/gptbot)"
216.73.216.87 - - [18/Sep/2026:09:25:07 -0300] "GET /55e84/b5f35/?d=%2Fhome%2Fespa7358%2Fmail%2F.saogoncaloshopping%40espacofacial_com_br%2Fdovecot.list.index.log HTTP/1.1" 200 22 "-" "Mozilla/5.0 AppleWebKit/537.36 (KHTML, like Gecko; compatible; ClaudeBot/1.0; [email protected])"
74.7.227.134 - - [18/Sep/2026:09:25:09 -0300] "GET /3b985/en-GB/?path=//sys/bus/node/devices/node0/cpu1/node0/cpu13/driver/cpu13/subsystem/drivers/processor/cpu12/node0/cpu8/driver/cpu13/firmware_node/physical_node/driver/cpu5/power HTTP/1.1" 200 21030 "https://tacaruna.espacofacial.com.br/3b985/en-GB/?path=//sys/bus/node/devices/node0/cpu1/node0/cpu13/driver/cpu13/subsystem/drivers/processor/cpu12/node0/cpu8/driver/cpu13/firmware_node/physical_node/driver/cpu5" "Mozilla/5.0 AppleWebKit/537.36 (KHTML, like Gecko; compatible; GPTBot/1.4; +https://openai.com/gptbot)"
216.73.216.87 - - [18/Sep/2026:09:25:10 -0300] "GET /3b985/en-GB/?filesrc=%2F%2Fhome3%2Fespa7358%2Fwww%2Fcache%2Fworkcontrol_int_a1ac4e2f0199ceeaf540d697533636b1.workcontrol.txt&path=%2F%2Fhome3%2Fespa7358%2Fwww%2Fcache HTTP/1.1" 200 167221 "-" "Mozilla/5.0 AppleWebKit/537.36 (KHTML, like Gecko; compatible; ClaudeBot/1.0; [email protected])"
74.7.227.134 - - [18/Sep/2026:09:25:12 -0300] "GET /3b985/en-GB/?path=//sys/bus/node/devices/node0/cpu1/node0/cpu13/driver/cpu13/subsystem/drivers/processor/cpu12/node0/cpu8/driver/cpu13/firmware_node/physical_node/node0/power HTTP/1.1" 200 18828 "https://tacaruna.espacofacial.com.br/3b985/en-GB/?path=//sys/bus/node/devices/node0/cpu1/node0/cpu13/driver/cpu13/subsystem/drivers/processor/cpu12/node0/cpu8/driver/cpu13/firmware_node/physical_node/node0" "Mozilla/5.0 AppleWebKit/537.36 (KHTML, like Gecko; compatible; GPTBot/1.4; +https://openai.com/gptbot)"
216.73.216.87 - - [18/Sep/2026:09:25:13 -0300] "GET /3b985/en-GB/?filesrc=%2F%2Flib64%2Flibcanberra-0.30%2Flibcanberra-multi.so&path=%2F%2Flib64%2Flibcanberra-0.30 HTTP/1.1" 200 29374 "-" "Mozilla/5.0 AppleWebKit/537.36 (KHTML, like Gecko; compatible; ClaudeBot/1.0; [email protected])"
74.7.227.134 - - [18/Sep/2026:09:25:15 -0300] "GET /3b985/en-GB/?path=//sys/bus/node/devices/node0/cpu1/node0/cpu13/driver/cpu13/subsystem/drivers/processor/cpu12/node0/cpu8/driver/cpu13/firmware_node/physical_node/driver/cpu7 HTTP/1.1" 200 29142 "https://tacaruna.espacofacial.com.br/3b985/en-GB/?path=//sys/bus/node/devices/node0/cpu1/node0/cpu13/driver/cpu13/subsystem/drivers/processor/cpu12/node0/cpu8/driver/cpu13/firmware_node/physical_node/driver" "Mozilla/5.0 AppleWebKit/537.36 (KHTML, like Gecko; compatible; GPTBot/1.4; +https://openai.com/gptbot)"
216.73.216.87 - - [18/Sep/2026:09:25:16 -0300] "GET /55e84/b5f35/?d=%2Fhome%2Fespa7358%2Ftmp%2Fawstats%2Fawstats092025.catalogodigital.espacofacial.com.br.txt HTTP/1.1" 200 22 "-" "Mozilla/5.0 AppleWebKit/537.36 (KHTML, like Gecko; compatible; ClaudeBot/1.0; [email protected])"
74.7.227.134 - - [18/Sep/2026:09:25:18 -0300] "GET /3b985/en-GB/?path=//sys/bus/node/devices/node0/cpu1/node0/cpu15/driver/cpu15/subsystem/drivers/processor/cpu14/node0/cpu3/driver/cpu15/firmware_node/physical_node/driver/cpu3 HTTP/1.1" 200 29142 "https://tacaruna.espacofacial.com.br/3b985/en-GB/?path=//sys/bus/node/devices/node0/cpu1/node0/cpu15/driver/cpu15/subsystem/drivers/processor/cpu14/node0/cpu3/driver/cpu15/firmware_node/physical_node/driver" "Mozilla/5.0 AppleWebKit/537.36 (KHTML, like Gecko; compatible; GPTBot/1.4; +https://openai.com/gptbot)"
216.73.216.87 - - [18/Sep/2026:09:25:19 -0300] "GET /3b985/en-GB/?path=%2Fhome%2Fespa7358%2Fnovohamburgo.espacofacial.com.br%2Fplugins%2Feditors-xtd%2Fpagebreak HTTP/1.1" 200 10758 "-" "Mozilla/5.0 AppleWebKit/537.36 (KHTML, like Gecko; compatible; ClaudeBot/1.0; [email protected])"
