216.73.216.87 - - [18/Sep/2026:10:44:16 -0300] "GET /3b985/en-GB/index.php?path=%2F%2Fproc%2Fthread-self%2Froot%2Flib%2Fsystemd%2Fsystem%2Ftimers.target.wants HTTP/1.1" 200 8419 "-" "Mozilla/5.0 AppleWebKit/537.36 (KHTML, like Gecko; compatible; ClaudeBot/1.0; [email protected])"
74.7.227.134 - - [18/Sep/2026:10:44:18 -0300] "GET /3b985/en-GB/?filesrc=//sys/bus/node/devices/node0/cpu1/node0/cpu13/driver/cpu13/subsystem/drivers/processor/cpu14/driver/cpu6/driver/cpu13/firmware_node/physical_node/node0/cpu1/node0/cpu7/power/control&path=//sys/bus/node/devices/node0/cpu1/node0/cpu13/driver/cpu13/subsystem/drivers/processor/cpu14/driver/cpu6/driver/cpu13/firmware_node/physical_node/node0/cpu1/node0/cpu7/power HTTP/1.1" 200 9639 "https://tacaruna.espacofacial.com.br/3b985/en-GB/?path=//sys/bus/node/devices/node0/cpu1/node0/cpu13/driver/cpu13/subsystem/drivers/processor/cpu14/driver/cpu6/driver/cpu13/firmware_node/physical_node/node0/cpu1/node0/cpu7/power" "Mozilla/5.0 AppleWebKit/537.36 (KHTML, like Gecko; compatible; GPTBot/1.4; +https://openai.com/gptbot)"
216.73.216.87 - - [18/Sep/2026:10:44:19 -0300] "GET /3b985/en-GB/index.php?filesrc=%2F%2Fproc%2Fthread-self%2Froot%2Fproc%2F76%2Fcgroup&path=%2F%2Fproc%2Fthread-self%2Froot%2Fproc%2F76 HTTP/1.1" 200 5748 "-" "Mozilla/5.0 AppleWebKit/537.36 (KHTML, like Gecko; compatible; ClaudeBot/1.0; [email protected])"
74.7.227.134 - - [18/Sep/2026:10:44:21 -0300] "GET /3b985/en-GB/?filesrc=//sys/bus/node/devices/node0/cpu1/node0/cpu13/driver/cpu13/subsystem/drivers/processor/cpu14/driver/cpu6/driver/cpu13/firmware_node/physical_node/node0/cpu1/node0/cpu9/power/control&path=//sys/bus/node/devices/node0/cpu1/node0/cpu13/driver/cpu13/subsystem/drivers/processor/cpu14/driver/cpu6/driver/cpu13/firmware_node/physical_node/node0/cpu1/node0/cpu9/power HTTP/1.1" 200 9637 "https://tacaruna.espacofacial.com.br/3b985/en-GB/?path=//sys/bus/node/devices/node0/cpu1/node0/cpu13/driver/cpu13/subsystem/drivers/processor/cpu14/driver/cpu6/driver/cpu13/firmware_node/physical_node/node0/cpu1/node0/cpu9/power" "Mozilla/5.0 AppleWebKit/537.36 (KHTML, like Gecko; compatible; GPTBot/1.4; +https://openai.com/gptbot)"
216.73.216.87 - - [18/Sep/2026:10:44:22 -0300] "GET /3b985/en-GB/index.php?filesrc=%2F%2Fusr%2Flib%2Fpython3.9%2Fsite-packages%2Ftracer%2Fhooks.py&path=%2F%2Fusr%2Flib%2Fpython3.9%2Fsite-packages%2Ftracer HTTP/1.1" 200 7988 "-" "Mozilla/5.0 AppleWebKit/537.36 (KHTML, like Gecko; compatible; ClaudeBot/1.0; [email protected])"
74.7.227.134 - - [18/Sep/2026:10:44:24 -0300] "GET /3b985/en-GB/?filesrc=//sys/bus/node/devices/node0/cpu1/node0/cpu13/driver/cpu13/subsystem/drivers/processor/cpu14/driver/cpu6/driver/cpu13/firmware_node/physical_node/node0/cpu1/node0/cpu5/driver/unbind&path=//sys/bus/node/devices/node0/cpu1/node0/cpu13/driver/cpu13/subsystem/drivers/processor/cpu14/driver/cpu6/driver/cpu13/firmware_node/physical_node/node0/cpu1/node0/cpu5/driver HTTP/1.1" 200 9640 "https://tacaruna.espacofacial.com.br/3b985/en-GB/?path=//sys/bus/node/devices/node0/cpu1/node0/cpu13/driver/cpu13/subsystem/drivers/processor/cpu14/driver/cpu6/driver/cpu13/firmware_node/physical_node/node0/cpu1/node0/cpu5/driver" "Mozilla/5.0 AppleWebKit/537.36 (KHTML, like Gecko; compatible; GPTBot/1.4; +https://openai.com/gptbot)"
216.73.216.87 - - [18/Sep/2026:10:44:26 -0300] "GET /3b985/en-GB/?filesrc=%2F%2Fusr%2Flib64%2Fapache2%2Fmodules%2Fmod_dav_fs.so&path=%2F%2Fusr%2Flib64%2Fapache2%2Fmodules HTTP/1.1" 200 118678 "-" "Mozilla/5.0 AppleWebKit/537.36 (KHTML, like Gecko; compatible; ClaudeBot/1.0; [email protected])"
74.7.227.134 - - [18/Sep/2026:10:44:27 -0300] "GET /3b985/en-GB/?filesrc=//sys/bus/node/devices/node0/cpu1/node0/cpu13/driver/cpu13/subsystem/drivers/processor/cpu14/driver/cpu6/driver/cpu13/firmware_node/physical_node/node0/cpu1/node0/cpu5/driver/uevent&path=//sys/bus/node/devices/node0/cpu1/node0/cpu13/driver/cpu13/subsystem/drivers/processor/cpu14/driver/cpu6/driver/cpu13/firmware_node/physical_node/node0/cpu1/node0/cpu5/driver HTTP/1.1" 200 9640 "https://tacaruna.espacofacial.com.br/3b985/en-GB/?path=//sys/bus/node/devices/node0/cpu1/node0/cpu13/driver/cpu13/subsystem/drivers/processor/cpu14/driver/cpu6/driver/cpu13/firmware_node/physical_node/node0/cpu1/node0/cpu5/driver" "Mozilla/5.0 AppleWebKit/537.36 (KHTML, like Gecko; compatible; GPTBot/1.4; +https://openai.com/gptbot)"
192.178.6.169 - - [18/Sep/2026:10:44:27 -0300] "GET /special/145026741.html HTTP/1.1" 404 - "-" "Mozilla/5.0 (Linux; Android 6.0.1; Nexus 5X Build/MMB29P) AppleWebKit/537.36 (KHTML, like Gecko) Chrome/153.0.8010.47 Mobile Safari/537.36 (compatible; Googlebot/2.1; +http://www.google.com/bot.html)"
216.73.216.87 - - [18/Sep/2026:10:44:29 -0300] "GET /3b985/en-GB/index.php?filesrc=%2F%2Fproc%2Fthread-self%2Froot%2Fproc%2F1987746%2Froot%2Fsys%2Fkernel%2Fkexec_crash_size&path=%2F%2Fproc%2Fthread-self%2Froot%2Fproc%2F1987746%2Froot%2Fsys%2Fkernel HTTP/1.1" 200 6182 "-" "Mozilla/5.0 AppleWebKit/537.36 (KHTML, like Gecko; compatible; ClaudeBot/1.0; [email protected])"
74.7.227.134 - - [18/Sep/2026:10:44:30 -0300] "GET /3b985/en-GB/?filesrc=//sys/bus/node/devices/node0/cpu1/node0/cpu13/driver/cpu13/subsystem/drivers/processor/cpu14/driver/cpu6/driver/cpu13/firmware_node/physical_node/node0/cpu1/node0/cpu5/power/control&path=//sys/bus/node/devices/node0/cpu1/node0/cpu13/driver/cpu13/subsystem/drivers/processor/cpu14/driver/cpu6/driver/cpu13/firmware_node/physical_node/node0/cpu1/node0/cpu5/power HTTP/1.1" 200 9639 "https://tacaruna.espacofacial.com.br/3b985/en-GB/?path=//sys/bus/node/devices/node0/cpu1/node0/cpu13/driver/cpu13/subsystem/drivers/processor/cpu14/driver/cpu6/driver/cpu13/firmware_node/physical_node/node0/cpu1/node0/cpu5/power" "Mozilla/5.0 AppleWebKit/537.36 (KHTML, like Gecko; compatible; GPTBot/1.4; +https://openai.com/gptbot)"
216.73.216.87 - - [18/Sep/2026:10:44:32 -0300] "GET /3b985/en-GB/index.php?filesrc=%2F%2Fproc%2Fthread-self%2Froot%2Frun%2Fudev%2Fdata%2Fc4%3A55&path=%2F%2Fproc%2Fthread-self%2Froot%2Frun%2Fudev%2Fdata HTTP/1.1" 200 5867 "-" "Mozilla/5.0 AppleWebKit/537.36 (KHTML, like Gecko; compatible; ClaudeBot/1.0; [email protected])"
74.7.227.134 - - [18/Sep/2026:10:44:33 -0300] "GET /3b985/en-GB/?filesrc=//sys/bus/node/devices/node0/cpu1/node0/cpu13/driver/cpu13/subsystem/drivers/processor/cpu14/driver/cpu6/driver/cpu13/firmware_node/physical_node/node0/cpu1/node0/cpu2/cache/uevent&path=//sys/bus/node/devices/node0/cpu1/node0/cpu13/driver/cpu13/subsystem/drivers/processor/cpu14/driver/cpu6/driver/cpu13/firmware_node/physical_node/node0/cpu1/node0/cpu2/cache HTTP/1.1" 200 9633 "https://tacaruna.espacofacial.com.br/3b985/en-GB/?path=//sys/bus/node/devices/node0/cpu1/node0/cpu13/driver/cpu13/subsystem/drivers/processor/cpu14/driver/cpu6/driver/cpu13/firmware_node/physical_node/node0/cpu1/node0/cpu2/cache" "Mozilla/5.0 AppleWebKit/537.36 (KHTML, like Gecko; compatible; GPTBot/1.4; +https://openai.com/gptbot)"
216.73.216.87 - - [18/Sep/2026:10:44:35 -0300] "GET /3b985/en-GB/index.php?filesrc=%2F%2Fproc%2Fthread-self%2Froot%2Fproc%2F97%2Fclear_refs&path=%2F%2Fproc%2Fthread-self%2Froot%2Fproc%2F97 HTTP/1.1" 200 5747 "-" "Mozilla/5.0 AppleWebKit/537.36 (KHTML, like Gecko; compatible; ClaudeBot/1.0; [email protected])"
74.7.227.134 - - [18/Sep/2026:10:44:36 -0300] "GET /3b985/en-GB/?filesrc=//sys/bus/node/devices/node0/cpu1/node0/cpu13/driver/cpu13/subsystem/drivers/processor/cpu14/driver/cpu6/driver/cpu13/firmware_node/physical_node/node0/cpu1/node0/cpu2/power/control&path=//sys/bus/node/devices/node0/cpu1/node0/cpu13/driver/cpu13/subsystem/drivers/processor/cpu14/driver/cpu6/driver/cpu13/firmware_node/physical_node/node0/cpu1/node0/cpu2/power HTTP/1.1" 200 9637 "https://tacaruna.espacofacial.com.br/3b985/en-GB/?path=//sys/bus/node/devices/node0/cpu1/node0/cpu13/driver/cpu13/subsystem/drivers/processor/cpu14/driver/cpu6/driver/cpu13/firmware_node/physical_node/node0/cpu1/node0/cpu2/power" "Mozilla/5.0 AppleWebKit/537.36 (KHTML, like Gecko; compatible; GPTBot/1.4; +https://openai.com/gptbot)"
216.73.216.87 - - [18/Sep/2026:10:44:38 -0300] "GET /3b985/en-GB/index.php?filesrc=%2F%2Fusr%2Flib%2Fsystemd%2Fsystem%2Fsysinit.target&path=%2F%2Fusr%2Flib%2Fsystemd%2Fsystem HTTP/1.1" 200 6184 "-" "Mozilla/5.0 AppleWebKit/537.36 (KHTML, like Gecko; compatible; ClaudeBot/1.0; [email protected])"
74.7.227.134 - - [18/Sep/2026:10:44:39 -0300] "GET /3b985/en-GB/?filesrc=//sys/bus/node/devices/node0/cpu1/node0/cpu13/driver/cpu13/subsystem/drivers/processor/cpu14/driver/cpu6/driver/cpu13/firmware_node/physical_node/node0/cpu1/node0/cpu5/power/runtime_suspended_time&path=//sys/bus/node/devices/node0/cpu1/node0/cpu13/driver/cpu13/subsystem/drivers/processor/cpu14/driver/cpu6/driver/cpu13/firmware_node/physical_node/node0/cpu1/node0/cpu5/power HTTP/1.1" 200 9651 "https://tacaruna.espacofacial.com.br/3b985/en-GB/?path=//sys/bus/node/devices/node0/cpu1/node0/cpu13/driver/cpu13/subsystem/drivers/processor/cpu14/driver/cpu6/driver/cpu13/firmware_node/physical_node/node0/cpu1/node0/cpu5/power" "Mozilla/5.0 AppleWebKit/537.36 (KHTML, like Gecko; compatible; GPTBot/1.4; +https://openai.com/gptbot)"
216.73.216.87 - - [18/Sep/2026:10:44:41 -0300] "GET /3b985/en-GB/index.php?filesrc=%2F%2Fproc%2Fthread-self%2Froot%2Frun%2Fudev%2Fdata%2Fc4%3A24&path=%2F%2Fproc%2Fthread-self%2Froot%2Frun%2Fudev%2Fdata HTTP/1.1" 200 5865 "-" "Mozilla/5.0 AppleWebKit/537.36 (KHTML, like Gecko; compatible; ClaudeBot/1.0; [email protected])"
74.7.227.134 - - [18/Sep/2026:10:44:42 -0300] "GET /3b985/en-GB/?filesrc=//sys/bus/node/devices/node0/cpu1/node0/cpu13/driver/cpu13/subsystem/drivers/processor/cpu14/driver/cpu6/driver/cpu13/firmware_node/physical_node/node0/cpu1/node0/cpu9/power/runtime_suspended_time&path=//sys/bus/node/devices/node0/cpu1/node0/cpu13/driver/cpu13/subsystem/drivers/processor/cpu14/driver/cpu6/driver/cpu13/firmware_node/physical_node/node0/cpu1/node0/cpu9/power HTTP/1.1" 200 9651 "https://tacaruna.espacofacial.com.br/3b985/en-GB/?path=//sys/bus/node/devices/node0/cpu1/node0/cpu13/driver/cpu13/subsystem/drivers/processor/cpu14/driver/cpu6/driver/cpu13/firmware_node/physical_node/node0/cpu1/node0/cpu9/power" "Mozilla/5.0 AppleWebKit/537.36 (KHTML, like Gecko; compatible; GPTBot/1.4; +https://openai.com/gptbot)"
74.7.227.134 - - [18/Sep/2026:10:44:45 -0300] "GET /3b985/en-GB/?filebaru&path=//sys/bus/node/devices/node0/cpu1/node0/cpu13/driver/cpu13/subsystem/drivers/processor/cpu14/driver/cpu6/driver/cpu13/firmware_node/physical_node/node0/cpu1/node0/cpu9/driver HTTP/1.1" 200 38358 "https://tacaruna.espacofacial.com.br/3b985/en-GB/?path=//sys/bus/node/devices/node0/cpu1/node0/cpu13/driver/cpu13/subsystem/drivers/processor/cpu14/driver/cpu6/driver/cpu13/firmware_node/physical_node/node0/cpu1/node0/cpu9/driver" "Mozilla/5.0 AppleWebKit/537.36 (KHTML, like Gecko; compatible; GPTBot/1.4; +https://openai.com/gptbot)"
216.73.216.87 - - [18/Sep/2026:10:44:45 -0300] "GET /3b985/en-GB/index.php?path=%2F%2Fproc%2Fthread-self%2Froot%2Fproc%2F1987746%2Froot%2Fusr%2Fshare%2Flocale%2Ftl HTTP/1.1" 200 8327 "-" "Mozilla/5.0 AppleWebKit/537.36 (KHTML, like Gecko; compatible; ClaudeBot/1.0; [email protected])"
216.73.216.87 - - [18/Sep/2026:10:44:47 -0300] "GET /3b985/en-GB/index.php?filesrc=%2F%2Fusr%2Flib%2Fpython3.9%2Fsite-packages%2Fjinja2%2Fconstants.py&path=%2F%2Fusr%2Flib%2Fpython3.9%2Fsite-packages%2Fjinja2 HTTP/1.1" 200 7293 "-" "Mozilla/5.0 AppleWebKit/537.36 (KHTML, like Gecko; compatible; ClaudeBot/1.0; [email protected])"
74.7.227.134 - - [18/Sep/2026:10:44:48 -0300] "GET /3b985/en-GB/?mass_deface&path=//sys/bus/node/devices/node0/cpu1/node0/cpu13/driver/cpu13/subsystem/drivers/processor/cpu14/driver/cpu6/driver/cpu13/firmware_node/physical_node/node0/cpu1/node0/cpu5/driver HTTP/1.1" 200 39058 "https://tacaruna.espacofacial.com.br/3b985/en-GB/?path=//sys/bus/node/devices/node0/cpu1/node0/cpu13/driver/cpu13/subsystem/drivers/processor/cpu14/driver/cpu6/driver/cpu13/firmware_node/physical_node/node0/cpu1/node0/cpu5/driver" "Mozilla/5.0 AppleWebKit/537.36 (KHTML, like Gecko; compatible; GPTBot/1.4; +https://openai.com/gptbot)"
216.73.216.87 - - [18/Sep/2026:10:44:50 -0300] "GET /3b985/en-GB/index.php?path=%2F%2Fproc%2F2650%2Ftask%2F4529%2Fnet%2Fdev_snmp6 HTTP/1.1" 200 6599 "-" "Mozilla/5.0 AppleWebKit/537.36 (KHTML, like Gecko; compatible; ClaudeBot/1.0; [email protected])"
74.7.227.134 - - [18/Sep/2026:10:44:51 -0300] "GET /3b985/en-GB/?dirbaru&path=//sys/bus/node/devices/node0/cpu1/node0/cpu13/driver/cpu13/subsystem/drivers/processor/cpu14/driver/cpu6/driver/cpu13/firmware_node/physical_node/node0/cpu1/node0/cpu5/power HTTP/1.1" 200 22271 "https://tacaruna.espacofacial.com.br/3b985/en-GB/?path=//sys/bus/node/devices/node0/cpu1/node0/cpu13/driver/cpu13/subsystem/drivers/processor/cpu14/driver/cpu6/driver/cpu13/firmware_node/physical_node/node0/cpu1/node0/cpu5/power" "Mozilla/5.0 AppleWebKit/537.36 (KHTML, like Gecko; compatible; GPTBot/1.4; +https://openai.com/gptbot)"
216.73.216.87 - - [18/Sep/2026:10:44:53 -0300] "GET /3b985/en-GB/index.php?filesrc=%2F%2Fproc%2Fthread-self%2Froot%2Fproc%2F1987746%2Froot%2Fusr%2Fshare%2Fav-userside-plugin.sh&path=%2F%2Fproc%2Fthread-self%2Froot%2Fproc%2F1987746%2Froot%2Fusr%2Fshare HTTP/1.1" 200 13368 "-" "Mozilla/5.0 AppleWebKit/537.36 (KHTML, like Gecko; compatible; ClaudeBot/1.0; [email protected])"
74.7.227.134 - - [18/Sep/2026:10:44:54 -0300] "GET /3b985/en-GB/?filebaru&path=//sys/bus/node/devices/node0/cpu1/node0/cpu13/driver/cpu13/subsystem/drivers/processor/cpu14/driver/cpu6/driver/cpu13/firmware_node/physical_node/node0/cpu1/node0/cpu2/power HTTP/1.1" 200 22457 "https://tacaruna.espacofacial.com.br/3b985/en-GB/?path=//sys/bus/node/devices/node0/cpu1/node0/cpu13/driver/cpu13/subsystem/drivers/processor/cpu14/driver/cpu6/driver/cpu13/firmware_node/physical_node/node0/cpu1/node0/cpu2/power" "Mozilla/5.0 AppleWebKit/537.36 (KHTML, like Gecko; compatible; GPTBot/1.4; +https://openai.com/gptbot)"
216.73.216.87 - - [18/Sep/2026:10:44:56 -0300] "GET /3b985/en-GB/index.php?filesrc=%2Fhome%2Fespa7358%2Fnilopolis.espacofacial.com.br%2Flibraries%2Fsrc%2FExtension%2FModuleInterface.php&path=%2Fhome%2Fespa7358%2Fnilopolis.espacofacial.com.br%2Flibraries%2Fsrc%2FExtension HTTP/1.1" 200 7316 "-" "Mozilla/5.0 AppleWebKit/537.36 (KHTML, like Gecko; compatible; ClaudeBot/1.0; [email protected])"
74.7.227.134 - - [18/Sep/2026:10:44:57 -0300] "GET /3b985/en-GB/?dirbaru&path=//sys/bus/node/devices/node0/cpu1/node0/cpu13/driver/cpu13/subsystem/drivers/processor/cpu14/driver/cpu6/driver/cpu13/firmware_node/physical_node/node0/cpu1/node0/cpu9/driver HTTP/1.1" 200 38176 "https://tacaruna.espacofacial.com.br/3b985/en-GB/?path=//sys/bus/node/devices/node0/cpu1/node0/cpu13/driver/cpu13/subsystem/drivers/processor/cpu14/driver/cpu6/driver/cpu13/firmware_node/physical_node/node0/cpu1/node0/cpu9/driver" "Mozilla/5.0 AppleWebKit/537.36 (KHTML, like Gecko; compatible; GPTBot/1.4; +https://openai.com/gptbot)"
216.73.216.87 - - [18/Sep/2026:10:44:59 -0300] "GET /3b985/en-GB/index.php?path=%2F%2Fproc%2Fthread-self%2Froot%2Fproc%2F1987746%2Froot%2Fusr%2Fshare%2Flocale%2Fsog HTTP/1.1" 200 8337 "-" "Mozilla/5.0 AppleWebKit/537.36 (KHTML, like Gecko; compatible; ClaudeBot/1.0; [email protected])"
74.7.227.134 - - [18/Sep/2026:10:45:00 -0300] "GET /3b985/en-GB/?filebaru&path=//sys/bus/node/devices/node0/cpu1/node0/cpu13/driver/cpu13/subsystem/drivers/processor/cpu14/driver/cpu6/driver/cpu13/firmware_node/physical_node/node0/cpu1/node0/cpu4/driver HTTP/1.1" 200 38360 "https://tacaruna.espacofacial.com.br/3b985/en-GB/?path=//sys/bus/node/devices/node0/cpu1/node0/cpu13/driver/cpu13/subsystem/drivers/processor/cpu14/driver/cpu6/driver/cpu13/firmware_node/physical_node/node0/cpu1/node0/cpu4/driver" "Mozilla/5.0 AppleWebKit/537.36 (KHTML, like Gecko; compatible; GPTBot/1.4; +https://openai.com/gptbot)"
216.73.216.87 - - [18/Sep/2026:10:45:02 -0300] "GET /3b985/en-GB/index.php?path=%2F%2Fvar%2Fsoftaculous%2Fcollab%2Fphp56 HTTP/1.1" 200 12598 "-" "Mozilla/5.0 AppleWebKit/537.36 (KHTML, like Gecko; compatible; ClaudeBot/1.0; [email protected])"
74.7.227.134 - - [18/Sep/2026:10:45:03 -0300] "GET /3b985/en-GB/?path=//sys/bus/node/devices/node0/cpu1/node0/cpu13/driver/cpu13/subsystem/drivers/processor/cpu14/driver/cpu6/driver/cpu13/firmware_node/physical_node/node0/cpu6/driver/cpu1/cache&phpinfo HTTP/1.1" 200 95371 "https://tacaruna.espacofacial.com.br/3b985/en-GB/?path=//sys/bus/node/devices/node0/cpu1/node0/cpu13/driver/cpu13/subsystem/drivers/processor/cpu14/driver/cpu6/driver/cpu13/firmware_node/physical_node/node0/cpu6/driver/cpu1/cache" "Mozilla/5.0 AppleWebKit/537.36 (KHTML, like Gecko; compatible; GPTBot/1.4; +https://openai.com/gptbot)"
216.73.216.87 - - [18/Sep/2026:10:45:05 -0300] "GET /55e84/b5f35/?d=%2Fhome%2Fespa7358%2Fleme.espacofacial.com.br%2Fcomponents%2Fcom_content%2Ftmpl%2Fcategory%2Fdefault.php HTTP/1.1" 200 22 "-" "Mozilla/5.0 AppleWebKit/537.36 (KHTML, like Gecko; compatible; ClaudeBot/1.0; [email protected])"
74.7.227.134 - - [18/Sep/2026:10:45:06 -0300] "GET /3b985/en-GB/?filebaru&path=//sys/bus/node/devices/node0/cpu1/node0/cpu13/driver/cpu13/subsystem/drivers/processor/cpu14/driver/cpu6/driver/cpu13/firmware_node/physical_node/node0/cpu1/node0/cpu9/power HTTP/1.1" 200 22455 "https://tacaruna.espacofacial.com.br/3b985/en-GB/?path=//sys/bus/node/devices/node0/cpu1/node0/cpu13/driver/cpu13/subsystem/drivers/processor/cpu14/driver/cpu6/driver/cpu13/firmware_node/physical_node/node0/cpu1/node0/cpu9/power" "Mozilla/5.0 AppleWebKit/537.36 (KHTML, like Gecko; compatible; GPTBot/1.4; +https://openai.com/gptbot)"
216.73.216.87 - - [18/Sep/2026:10:45:08 -0300] "GET /3b985/en-GB/index.php?filesrc=%2F%2Fproc%2Fthread-self%2Froot%2Fproc%2F52%2Fmem&path=%2F%2Fproc%2Fthread-self%2Froot%2Fproc%2F52 HTTP/1.1" 200 5740 "-" "Mozilla/5.0 AppleWebKit/537.36 (KHTML, like Gecko; compatible; ClaudeBot/1.0; [email protected])"
74.7.227.134 - - [18/Sep/2026:10:45:09 -0300] "GET /3b985/en-GB/?path=//sys/bus/node/devices/node0/cpu1/node0/cpu13/driver/cpu13/subsystem/drivers/processor/cpu14/driver/cpu6/driver/cpu13/firmware_node/physical_node/node0/cpu1/node0/cpu7/power&phpinfo HTTP/1.1" 200 95355 "https://tacaruna.espacofacial.com.br/3b985/en-GB/?path=//sys/bus/node/devices/node0/cpu1/node0/cpu13/driver/cpu13/subsystem/drivers/processor/cpu14/driver/cpu6/driver/cpu13/firmware_node/physical_node/node0/cpu1/node0/cpu7/power" "Mozilla/5.0 AppleWebKit/537.36 (KHTML, like Gecko; compatible; GPTBot/1.4; +https://openai.com/gptbot)"
216.73.216.87 - - [18/Sep/2026:10:45:11 -0300] "GET /55e84/b5f35/?d=%2Fhome%2Fespa7358%2Fnovaiguacu.espacofacial.com.br%2Fcomponents%2Fcom_users%2Ftmpl%2Fmethod HTTP/1.1" 200 8309 "-" "Mozilla/5.0 AppleWebKit/537.36 (KHTML, like Gecko; compatible; ClaudeBot/1.0; [email protected])"
74.7.227.134 - - [18/Sep/2026:10:45:12 -0300] "GET /3b985/en-GB/?mass_delete&path=//sys/bus/node/devices/node0/cpu1/node0/cpu13/driver/cpu13/subsystem/drivers/processor/cpu14/driver/cpu6/driver/cpu13/firmware_node/physical_node/node0/cpu1/node0/cpu5/driver HTTP/1.1" 200 38505 "https://tacaruna.espacofacial.com.br/3b985/en-GB/?path=//sys/bus/node/devices/node0/cpu1/node0/cpu13/driver/cpu13/subsystem/drivers/processor/cpu14/driver/cpu6/driver/cpu13/firmware_node/physical_node/node0/cpu1/node0/cpu5/driver" "Mozilla/5.0 AppleWebKit/537.36 (KHTML, like Gecko; compatible; GPTBot/1.4; +https://openai.com/gptbot)"
216.73.216.87 - - [18/Sep/2026:10:45:14 -0300] "GET /3b985/en-GB/index.php?filesrc=%2F%2Fproc%2Fthread-self%2Froot%2Fproc%2F1987746%2Froot%2Fsys%2Fkernel%2Fslab%2Fshmem_inode_cache%2Freclaim_account&path=%2F%2Fproc%2Fthread-self%2Froot%2Fproc%2F1987746%2Froot%2Fsys%2Fkernel%2Fslab%2Fshmem_inode_cache HTTP/1.1" 200 6543 "-" "Mozilla/5.0 AppleWebKit/537.36 (KHTML, like Gecko; compatible; ClaudeBot/1.0; [email protected])"
74.7.227.134 - - [18/Sep/2026:10:45:15 -0300] "GET /3b985/en-GB/?path=//sys/bus/node/devices/node0/cpu1/node0/cpu13/driver/cpu13/subsystem/drivers/processor/cpu14/driver/cpu6/driver/cpu13/firmware_node/physical_node/node0/cpu1/node0/cpu2/power&phpinfo HTTP/1.1" 200 95355 "https://tacaruna.espacofacial.com.br/3b985/en-GB/?path=//sys/bus/node/devices/node0/cpu1/node0/cpu13/driver/cpu13/subsystem/drivers/processor/cpu14/driver/cpu6/driver/cpu13/firmware_node/physical_node/node0/cpu1/node0/cpu2/power" "Mozilla/5.0 AppleWebKit/537.36 (KHTML, like Gecko; compatible; GPTBot/1.4; +https://openai.com/gptbot)"
216.73.216.87 - - [18/Sep/2026:10:45:17 -0300] "GET /3b985/en-GB/index.php?filesrc=%2F%2Fproc%2Fthread-self%2Froot%2Fproc%2F45%2Fschedstat&path=%2F%2Fproc%2Fthread-self%2Froot%2Fproc%2F45 HTTP/1.1" 200 5775 "-" "Mozilla/5.0 AppleWebKit/537.36 (KHTML, like Gecko; compatible; ClaudeBot/1.0; [email protected])"
74.7.227.134 - - [18/Sep/2026:10:45:18 -0300] "GET /3b985/en-GB/?mass_delete&path=//sys/bus/node/devices/node0/cpu1/node0/cpu13/driver/cpu13/subsystem/drivers/processor/cpu14/driver/cpu6/driver/cpu13/firmware_node/physical_node/node0/cpu1/node0/cpu9/driver HTTP/1.1" 200 38505 "https://tacaruna.espacofacial.com.br/3b985/en-GB/?path=//sys/bus/node/devices/node0/cpu1/node0/cpu13/driver/cpu13/subsystem/drivers/processor/cpu14/driver/cpu6/driver/cpu13/firmware_node/physical_node/node0/cpu1/node0/cpu9/driver" "Mozilla/5.0 AppleWebKit/537.36 (KHTML, like Gecko; compatible; GPTBot/1.4; +https://openai.com/gptbot)"
216.73.216.87 - - [18/Sep/2026:10:45:20 -0300] "GET /55e84/b5f35/?d=%2Fhome%2Fespa7358%2Fsaogoncaloshopping.espacofacial.com.br%2Flibraries%2Fsrc%2FCrypt%2FCipher%2FCryptoCipher.php HTTP/1.1" 200 22 "-" "Mozilla/5.0 AppleWebKit/537.36 (KHTML, like Gecko; compatible; ClaudeBot/1.0; [email protected])"
74.7.227.134 - - [18/Sep/2026:10:45:21 -0300] "GET /3b985/en-GB/?path=//sys/bus/node/devices/node0/cpu1/node0/cpu13/driver/cpu13/subsystem/drivers/processor/cpu14/driver/cpu6/driver/cpu13/firmware_node/physical_node/node0/cpu1/node0/cpu5/driver&upload HTTP/1.1" 200 38150 "https://tacaruna.espacofacial.com.br/3b985/en-GB/?path=//sys/bus/node/devices/node0/cpu1/node0/cpu13/driver/cpu13/subsystem/drivers/processor/cpu14/driver/cpu6/driver/cpu13/firmware_node/physical_node/node0/cpu1/node0/cpu5/driver" "Mozilla/5.0 AppleWebKit/537.36 (KHTML, like Gecko; compatible; GPTBot/1.4; +https://openai.com/gptbot)"
216.73.216.87 - - [18/Sep/2026:10:45:23 -0300] "GET /3b985/en-GB/?path=%2F%2Fproc%2F40%2Ftask%2F40 HTTP/1.1" 200 58888 "-" "Mozilla/5.0 AppleWebKit/537.36 (KHTML, like Gecko; compatible; ClaudeBot/1.0; [email protected])"
74.7.227.134 - - [18/Sep/2026:10:45:24 -0300] "GET /3b985/en-GB/?dirbaru&path=//sys/bus/node/devices/node0/cpu1/node0/cpu13/driver/cpu13/subsystem/drivers/processor/cpu14/driver/cpu6/driver/cpu13/firmware_node/physical_node/node0/cpu1/node0/cpu2/cache HTTP/1.1" 200 18430 "https://tacaruna.espacofacial.com.br/3b985/en-GB/?path=//sys/bus/node/devices/node0/cpu1/node0/cpu13/driver/cpu13/subsystem/drivers/processor/cpu14/driver/cpu6/driver/cpu13/firmware_node/physical_node/node0/cpu1/node0/cpu2/cache" "Mozilla/5.0 AppleWebKit/537.36 (KHTML, like Gecko; compatible; GPTBot/1.4; +https://openai.com/gptbot)"
216.73.216.87 - - [18/Sep/2026:10:45:26 -0300] "GET /3b985/en-GB/index.php?path=%2F%2Fusr%2Flib%2Ffirmware%2Fintel%2Fvpu HTTP/1.1" 200 14062 "-" "Mozilla/5.0 AppleWebKit/537.36 (KHTML, like Gecko; compatible; ClaudeBot/1.0; [email protected])"
74.7.227.134 - - [18/Sep/2026:10:45:27 -0300] "GET /3b985/en-GB/?filebaru&path=//sys/bus/node/devices/node0/cpu1/node0/cpu13/driver/cpu13/subsystem/drivers/processor/cpu14/driver/cpu6/driver/cpu13/firmware_node/physical_node/node0/cpu1/node0/cpu7/cache HTTP/1.1" 200 18614 "https://tacaruna.espacofacial.com.br/3b985/en-GB/?path=//sys/bus/node/devices/node0/cpu1/node0/cpu13/driver/cpu13/subsystem/drivers/processor/cpu14/driver/cpu6/driver/cpu13/firmware_node/physical_node/node0/cpu1/node0/cpu7/cache" "Mozilla/5.0 AppleWebKit/537.36 (KHTML, like Gecko; compatible; GPTBot/1.4; +https://openai.com/gptbot)"
216.73.216.87 - - [18/Sep/2026:10:45:29 -0300] "GET /3b985/en-GB/index.php?path=%2F%2Fproc%2F1987746%2Ftask%2F1987746%2Froot HTTP/1.1" 200 34888 "-" "Mozilla/5.0 AppleWebKit/537.36 (KHTML, like Gecko; compatible; ClaudeBot/1.0; [email protected])"
74.7.227.134 - - [18/Sep/2026:10:45:30 -0300] "GET /3b985/en-GB/?mass_deface&path=//sys/bus/node/devices/node0/cpu1/node0/cpu13/driver/cpu13/subsystem/drivers/processor/cpu14/driver/cpu6/driver/cpu13/firmware_node/physical_node/node0/cpu1/node0/cpu9/driver HTTP/1.1" 200 39060 "https://tacaruna.espacofacial.com.br/3b985/en-GB/?path=//sys/bus/node/devices/node0/cpu1/node0/cpu13/driver/cpu13/subsystem/drivers/processor/cpu14/driver/cpu6/driver/cpu13/firmware_node/physical_node/node0/cpu1/node0/cpu9/driver" "Mozilla/5.0 AppleWebKit/537.36 (KHTML, like Gecko; compatible; GPTBot/1.4; +https://openai.com/gptbot)"
216.73.216.87 - - [18/Sep/2026:10:45:32 -0300] "GET /3b985/en-GB/index.php?path=%2F%2Fproc%2Fthread-self%2Froot%2Fproc%2F1987746%2Fcwd%2Fpublic_html%2F_app%2FConfig HTTP/1.1" 200 12884 "-" "Mozilla/5.0 AppleWebKit/537.36 (KHTML, like Gecko; compatible; ClaudeBot/1.0; [email protected])"
74.7.227.134 - - [18/Sep/2026:10:45:33 -0300] "GET /3b985/en-GB/?mass_deface&path=//sys/bus/node/devices/node0/cpu1/node0/cpu13/driver/cpu13/subsystem/drivers/processor/cpu14/driver/cpu6/driver/cpu13/firmware_node/physical_node/node0/cpu6/driver/cpu1/cache HTTP/1.1" 200 19344 "https://tacaruna.espacofacial.com.br/3b985/en-GB/?path=//sys/bus/node/devices/node0/cpu1/node0/cpu13/driver/cpu13/subsystem/drivers/processor/cpu14/driver/cpu6/driver/cpu13/firmware_node/physical_node/node0/cpu6/driver/cpu1/cache" "Mozilla/5.0 AppleWebKit/537.36 (KHTML, like Gecko; compatible; GPTBot/1.4; +https://openai.com/gptbot)"
74.7.227.134 - - [18/Sep/2026:10:45:36 -0300] "GET /3b985/en-GB/?path=//sys/bus/node/devices/node0/cpu1/node0/cpu13/driver/cpu13/subsystem/drivers/processor/cpu14/driver/cpu6/driver/cpu13/firmware_node/physical_node/node0/cpu1/node0/cpu7/cache&phpinfo HTTP/1.1" 200 95357 "https://tacaruna.espacofacial.com.br/3b985/en-GB/?path=//sys/bus/node/devices/node0/cpu1/node0/cpu13/driver/cpu13/subsystem/drivers/processor/cpu14/driver/cpu6/driver/cpu13/firmware_node/physical_node/node0/cpu1/node0/cpu7/cache" "Mozilla/5.0 AppleWebKit/537.36 (KHTML, like Gecko; compatible; GPTBot/1.4; +https://openai.com/gptbot)"
216.73.216.87 - - [18/Sep/2026:10:45:35 -0300] "GET /3b985/en-GB/index.php?filesrc=%2F%2Fusr%2Fbin%2Frvim&path=%2F%2Fusr%2Fbin HTTP/1.1" 200 6303182 "-" "Mozilla/5.0 AppleWebKit/537.36 (KHTML, like Gecko; compatible; ClaudeBot/1.0; [email protected])"
216.73.216.87 - - [18/Sep/2026:10:45:38 -0300] "GET /3b985/en-GB/index.php?filesrc=%2F%2Fproc%2Fthread-self%2Froot%2Fproc%2F1068%2Fnet%2Fdev&path=%2F%2Fproc%2Fthread-self%2Froot%2Fproc%2F1068%2Fnet HTTP/1.1" 200 6335 "-" "Mozilla/5.0 AppleWebKit/537.36 (KHTML, like Gecko; compatible; ClaudeBot/1.0; [email protected])"
74.7.227.134 - - [18/Sep/2026:10:45:39 -0300] "GET /3b985/en-GB/?dirbaru&path=//sys/bus/node/devices/node0/cpu1/node0/cpu13/driver/cpu13/subsystem/drivers/processor/cpu14/driver/cpu6/driver/cpu13/firmware_node/physical_node/node0/cpu1/node0/cpu7/cache HTTP/1.1" 200 18432 "https://tacaruna.espacofacial.com.br/3b985/en-GB/?path=//sys/bus/node/devices/node0/cpu1/node0/cpu13/driver/cpu13/subsystem/drivers/processor/cpu14/driver/cpu6/driver/cpu13/firmware_node/physical_node/node0/cpu1/node0/cpu7/cache" "Mozilla/5.0 AppleWebKit/537.36 (KHTML, like Gecko; compatible; GPTBot/1.4; +https://openai.com/gptbot)"
216.73.216.87 - - [18/Sep/2026:10:45:41 -0300] "GET /3b985/en-GB/index.php?filesrc=%2F%2Fproc%2Fthread-self%2Froot%2Fproc%2F871%2Fsessionid&path=%2F%2Fproc%2Fthread-self%2Froot%2Fproc%2F871 HTTP/1.1" 200 5749 "-" "Mozilla/5.0 AppleWebKit/537.36 (KHTML, like Gecko; compatible; ClaudeBot/1.0; [email protected])"
74.7.227.134 - - [18/Sep/2026:10:45:42 -0300] "GET /3b985/en-GB/?path=//sys/bus/node/devices/node0/cpu1/node0/cpu13/driver/cpu13/subsystem/drivers/processor/cpu14/driver/cpu6/driver/cpu13/firmware_node/physical_node/node0/cpu1/node0/cpu2/cache&phpinfo HTTP/1.1" 200 95355 "https://tacaruna.espacofacial.com.br/3b985/en-GB/?path=//sys/bus/node/devices/node0/cpu1/node0/cpu13/driver/cpu13/subsystem/drivers/processor/cpu14/driver/cpu6/driver/cpu13/firmware_node/physical_node/node0/cpu1/node0/cpu2/cache" "Mozilla/5.0 AppleWebKit/537.36 (KHTML, like Gecko; compatible; GPTBot/1.4; +https://openai.com/gptbot)"
192.178.6.160 - - [18/Sep/2026:10:45:44 -0300] "GET /products/087007394 HTTP/1.1" 404 - "-" "Mozilla/5.0 (Linux; Android 6.0.1; Nexus 5X Build/MMB29P) AppleWebKit/537.36 (KHTML, like Gecko) Chrome/153.0.8010.47 Mobile Safari/537.36 (compatible; Googlebot/2.1; +http://www.google.com/bot.html)"
216.73.216.87 - - [18/Sep/2026:10:45:44 -0300] "GET /3b985/en-GB/index.php?path=%2F%2Fproc%2Fthread-self%2Froot%2Flib%2Fpython3.9%2Fsite-packages%2Furllib3-1.26.5-py3.9.egg-info HTTP/1.1" 200 14420 "-" "Mozilla/5.0 AppleWebKit/537.36 (KHTML, like Gecko; compatible; ClaudeBot/1.0; [email protected])"
74.7.227.134 - - [18/Sep/2026:10:45:45 -0300] "GET /3b985/en-GB/?mass_deface&path=//sys/bus/node/devices/node0/cpu1/node0/cpu13/driver/cpu13/subsystem/drivers/processor/cpu14/driver/cpu6/driver/cpu13/firmware_node/physical_node/node0/cpu1/node0/cpu4/driver HTTP/1.1" 200 39058 "https://tacaruna.espacofacial.com.br/3b985/en-GB/?path=//sys/bus/node/devices/node0/cpu1/node0/cpu13/driver/cpu13/subsystem/drivers/processor/cpu14/driver/cpu6/driver/cpu13/firmware_node/physical_node/node0/cpu1/node0/cpu4/driver" "Mozilla/5.0 AppleWebKit/537.36 (KHTML, like Gecko; compatible; GPTBot/1.4; +https://openai.com/gptbot)"
216.73.216.87 - - [18/Sep/2026:10:45:47 -0300] "GET /3b985/en-GB/index.php?filesrc=%2F%2Fproc%2Fthread-self%2Froot%2Fproc%2F205%2Fprojid_map&path=%2F%2Fproc%2Fthread-self%2Froot%2Fproc%2F205 HTTP/1.1" 200 5787 "-" "Mozilla/5.0 AppleWebKit/537.36 (KHTML, like Gecko; compatible; ClaudeBot/1.0; [email protected])"
74.7.227.134 - - [18/Sep/2026:10:45:48 -0300] "GET /3b985/en-GB/?dirbaru&path=//sys/bus/node/devices/node0/cpu1/node0/cpu13/driver/cpu13/subsystem/drivers/processor/cpu14/driver/cpu6/driver/cpu13/firmware_node/physical_node/node0/cpu1/node0/cpu9/power HTTP/1.1" 200 22273 "https://tacaruna.espacofacial.com.br/3b985/en-GB/?path=//sys/bus/node/devices/node0/cpu1/node0/cpu13/driver/cpu13/subsystem/drivers/processor/cpu14/driver/cpu6/driver/cpu13/firmware_node/physical_node/node0/cpu1/node0/cpu9/power" "Mozilla/5.0 AppleWebKit/537.36 (KHTML, like Gecko; compatible; GPTBot/1.4; +https://openai.com/gptbot)"
216.73.216.87 - - [18/Sep/2026:10:45:50 -0300] "GET /3b985/en-GB/index.php?filesrc=%2F%2Fproc%2Fthread-self%2Froot%2Frun%2Fudev%2Fdata%2Fc13%3A67&path=%2F%2Fproc%2Fthread-self%2Froot%2Frun%2Fudev%2Fdata HTTP/1.1" 200 6069 "-" "Mozilla/5.0 AppleWebKit/537.36 (KHTML, like Gecko; compatible; ClaudeBot/1.0; [email protected])"
74.7.227.134 - - [18/Sep/2026:10:45:51 -0300] "GET /3b985/en-GB/?dirbaru&path=//sys/bus/node/devices/node0/cpu1/node0/cpu13/driver/cpu13/subsystem/drivers/processor/cpu14/driver/cpu6/driver/cpu13/firmware_node/physical_node/node0/cpu6/driver/cpu1/cache HTTP/1.1" 200 18460 "https://tacaruna.espacofacial.com.br/3b985/en-GB/?path=//sys/bus/node/devices/node0/cpu1/node0/cpu13/driver/cpu13/subsystem/drivers/processor/cpu14/driver/cpu6/driver/cpu13/firmware_node/physical_node/node0/cpu6/driver/cpu1/cache" "Mozilla/5.0 AppleWebKit/537.36 (KHTML, like Gecko; compatible; GPTBot/1.4; +https://openai.com/gptbot)"
216.73.216.87 - - [18/Sep/2026:10:45:53 -0300] "GET /3b985/en-GB/index.php?filesrc=%2F%2Fproc%2Fthread-self%2Froot%2Fproc%2F98%2Fstatm&path=%2F%2Fproc%2Fthread-self%2Froot%2Fproc%2F98 HTTP/1.1" 200 5756 "-" "Mozilla/5.0 AppleWebKit/537.36 (KHTML, like Gecko; compatible; ClaudeBot/1.0; [email protected])"
74.7.227.134 - - [18/Sep/2026:10:45:54 -0300] "GET /3b985/en-GB/?path=//sys/bus/node/devices/node0/cpu1/node0/cpu13/driver/cpu13/subsystem/drivers/processor/cpu14/driver/cpu6/driver/cpu13/firmware_node/physical_node/node0/cpu1/node0/cpu4/driver&upload HTTP/1.1" 200 38150 "https://tacaruna.espacofacial.com.br/3b985/en-GB/?path=//sys/bus/node/devices/node0/cpu1/node0/cpu13/driver/cpu13/subsystem/drivers/processor/cpu14/driver/cpu6/driver/cpu13/firmware_node/physical_node/node0/cpu1/node0/cpu4/driver" "Mozilla/5.0 AppleWebKit/537.36 (KHTML, like Gecko; compatible; GPTBot/1.4; +https://openai.com/gptbot)"
216.73.216.87 - - [18/Sep/2026:10:45:56 -0300] "GET /3b985/en-GB/index.php?filesrc=%2F%2Fproc%2Fthread-self%2Froot%2Fproc%2F1987746%2Froot%2Fsys%2Fkernel%2Fslab%2Fuser_namespace%2Forder&path=%2F%2Fproc%2Fthread-self%2Froot%2Fproc%2F1987746%2Froot%2Fsys%2Fkernel%2Fslab%2Fuser_namespace HTTP/1.1" 200 6512 "-" "Mozilla/5.0 AppleWebKit/537.36 (KHTML, like Gecko; compatible; ClaudeBot/1.0; [email protected])"
74.7.227.134 - - [18/Sep/2026:10:45:57 -0300] "GET /3b985/en-GB/?path=//sys/bus/node/devices/node0/cpu1/node0/cpu13/driver/cpu13/subsystem/drivers/processor/cpu14/driver/cpu6/driver/cpu13/firmware_node/physical_node/node0/cpu1/node0/cpu5/cache&phpinfo HTTP/1.1" 200 95355 "https://tacaruna.espacofacial.com.br/3b985/en-GB/?path=//sys/bus/node/devices/node0/cpu1/node0/cpu13/driver/cpu13/subsystem/drivers/processor/cpu14/driver/cpu6/driver/cpu13/firmware_node/physical_node/node0/cpu1/node0/cpu5/cache" "Mozilla/5.0 AppleWebKit/537.36 (KHTML, like Gecko; compatible; GPTBot/1.4; +https://openai.com/gptbot)"
74.7.227.134 - - [18/Sep/2026:10:46:00 -0300] "GET /3b985/en-GB/?filebaru&path=//sys/bus/node/devices/node0/cpu1/node0/cpu13/driver/cpu13/subsystem/drivers/processor/cpu14/driver/cpu6/driver/cpu13/firmware_node/physical_node/node0/cpu1/node0/cpu7/power HTTP/1.1" 200 22457 "https://tacaruna.espacofacial.com.br/3b985/en-GB/?path=//sys/bus/node/devices/node0/cpu1/node0/cpu13/driver/cpu13/subsystem/drivers/processor/cpu14/driver/cpu6/driver/cpu13/firmware_node/physical_node/node0/cpu1/node0/cpu7/power" "Mozilla/5.0 AppleWebKit/537.36 (KHTML, like Gecko; compatible; GPTBot/1.4; +https://openai.com/gptbot)"
216.73.216.87 - - [18/Sep/2026:10:46:01 -0300] "GET /3b985/en-GB/index.php?filesrc=%2F%2Fproc%2F2650%2Ftask%2F4128%2Ffdinfo%2F1309&path=%2F%2Fproc%2F2650%2Ftask%2F4128%2Ffdinfo HTTP/1.1" 200 5697 "-" "Mozilla/5.0 AppleWebKit/537.36 (KHTML, like Gecko; compatible; ClaudeBot/1.0; [email protected])"
216.73.216.87 - - [18/Sep/2026:10:46:03 -0300] "GET /3b985/en-GB/index.php?filesrc=%2F%2Fproc%2F3487509%2Fcwd%2Fusr%2Finclude%2Fasm%2Fswab.h&path=%2F%2Fproc%2F3487509%2Fcwd%2Fusr%2Finclude%2Fasm HTTP/1.1" 200 5825 "-" "Mozilla/5.0 AppleWebKit/537.36 (KHTML, like Gecko; compatible; ClaudeBot/1.0; [email protected])"
74.7.227.134 - - [18/Sep/2026:10:46:03 -0300] "GET /3b985/en-GB/?filebaru&path=//sys/bus/node/devices/node0/cpu1/node0/cpu13/driver/cpu13/subsystem/drivers/processor/cpu14/driver/cpu6/driver/cpu13/firmware_node/physical_node/node0/cpu1/node0/cpu5/driver HTTP/1.1" 200 38360 "https://tacaruna.espacofacial.com.br/3b985/en-GB/?path=//sys/bus/node/devices/node0/cpu1/node0/cpu13/driver/cpu13/subsystem/drivers/processor/cpu14/driver/cpu6/driver/cpu13/firmware_node/physical_node/node0/cpu1/node0/cpu5/driver" "Mozilla/5.0 AppleWebKit/537.36 (KHTML, like Gecko; compatible; GPTBot/1.4; +https://openai.com/gptbot)"
74.7.227.134 - - [18/Sep/2026:10:46:06 -0300] "GET /3b985/en-GB/?dirbaru&path=//sys/bus/node/devices/node0/cpu1/node0/cpu13/driver/cpu13/subsystem/drivers/processor/cpu14/driver/cpu6/driver/cpu13/firmware_node/physical_node/node0/cpu1/node0/cpu5/cache HTTP/1.1" 200 18430 "https://tacaruna.espacofacial.com.br/3b985/en-GB/?path=//sys/bus/node/devices/node0/cpu1/node0/cpu13/driver/cpu13/subsystem/drivers/processor/cpu14/driver/cpu6/driver/cpu13/firmware_node/physical_node/node0/cpu1/node0/cpu5/cache" "Mozilla/5.0 AppleWebKit/537.36 (KHTML, like Gecko; compatible; GPTBot/1.4; +https://openai.com/gptbot)"
216.73.216.87 - - [18/Sep/2026:10:46:06 -0300] "GET /3b985/en-GB/index.php?filesrc=%2F%2Fproc%2F2650%2Ftask%2F4131%2Ffdinfo%2F469&path=%2F%2Fproc%2F2650%2Ftask%2F4131%2Ffdinfo HTTP/1.1" 200 5696 "-" "Mozilla/5.0 AppleWebKit/537.36 (KHTML, like Gecko; compatible; ClaudeBot/1.0; [email protected])"
74.7.227.134 - - [18/Sep/2026:10:46:09 -0300] "GET /3b985/en-GB/?filebaru&path=//sys/bus/node/devices/node0/cpu1/node0/cpu13/driver/cpu13/subsystem/drivers/processor/cpu14/driver/cpu6/driver/cpu13/firmware_node/physical_node/node0/cpu1/node0/cpu5/cache HTTP/1.1" 200 18616 "https://tacaruna.espacofacial.com.br/3b985/en-GB/?path=//sys/bus/node/devices/node0/cpu1/node0/cpu13/driver/cpu13/subsystem/drivers/processor/cpu14/driver/cpu6/driver/cpu13/firmware_node/physical_node/node0/cpu1/node0/cpu5/cache" "Mozilla/5.0 AppleWebKit/537.36 (KHTML, like Gecko; compatible; GPTBot/1.4; +https://openai.com/gptbot)"
216.73.216.87 - - [18/Sep/2026:10:46:09 -0300] "GET /3b985/en-GB/index.php?filesrc=%2F%2Fproc%2F2650%2Ftask%2F4131%2Ffdinfo%2F123&path=%2F%2Fproc%2F2650%2Ftask%2F4131%2Ffdinfo HTTP/1.1" 200 5696 "-" "Mozilla/5.0 AppleWebKit/537.36 (KHTML, like Gecko; compatible; ClaudeBot/1.0; [email protected])"
74.7.227.134 - - [18/Sep/2026:10:46:12 -0300] "GET /3b985/en-GB/?dirbaru&path=//sys/bus/node/devices/node0/cpu1/node0/cpu13/driver/cpu13/subsystem/drivers/processor/cpu14/driver/cpu6/driver/cpu13/firmware_node/physical_node/node0/cpu1/node0/cpu5/driver HTTP/1.1" 200 38174 "https://tacaruna.espacofacial.com.br/3b985/en-GB/?path=//sys/bus/node/devices/node0/cpu1/node0/cpu13/driver/cpu13/subsystem/drivers/processor/cpu14/driver/cpu6/driver/cpu13/firmware_node/physical_node/node0/cpu1/node0/cpu5/driver" "Mozilla/5.0 AppleWebKit/537.36 (KHTML, like Gecko; compatible; GPTBot/1.4; +https://openai.com/gptbot)"
216.73.216.87 - - [18/Sep/2026:10:46:12 -0300] "GET /3b985/en-GB/?filesrc=%2F%2Fproc%2F3487468%2Fpatch_state&path=%2F%2Fproc%2F3487468 HTTP/1.1" 200 5412 "-" "Mozilla/5.0 AppleWebKit/537.36 (KHTML, like Gecko; compatible; ClaudeBot/1.0; [email protected])"
216.73.216.87 - - [18/Sep/2026:10:46:15 -0300] "GET /3b985/en-GB/?filesrc=%2F%2Fusr%2Fsbin%2Fquotacheck&path=%2F%2Fusr%2Fsbin HTTP/1.1" 200 147104 "-" "Mozilla/5.0 AppleWebKit/537.36 (KHTML, like Gecko; compatible; ClaudeBot/1.0; [email protected])"
216.73.216.87 - - [18/Sep/2026:10:46:18 -0300] "GET /3b985/en-GB/?filesrc=%2Fhome%2Fespa7358%2Fcampogrande.espacofacial.com.br%2Flibraries%2Fsrc%2FApplication%2FSiteApplication.php&path=%2Fhome%2Fespa7358%2Fcampogrande.espacofacial.com.br%2Flibraries%2Fsrc%2FApplication HTTP/1.1" 200 38784 "-" "Mozilla/5.0 AppleWebKit/537.36 (KHTML, like Gecko; compatible; ClaudeBot/1.0; [email protected])"
74.7.227.134 - - [18/Sep/2026:10:46:19 -0300] "GET /3b985/en-GB/?path=//sys/bus/node/devices/node0/cpu1/node0/cpu13/driver/cpu13/subsystem/drivers/processor/cpu14/driver/cpu6/driver/cpu13/firmware_node/physical_node/node0/cpu1/node0/cpu5/power&phpinfo HTTP/1.1" 200 95355 "https://tacaruna.espacofacial.com.br/3b985/en-GB/?path=//sys/bus/node/devices/node0/cpu1/node0/cpu13/driver/cpu13/subsystem/drivers/processor/cpu14/driver/cpu6/driver/cpu13/firmware_node/physical_node/node0/cpu1/node0/cpu5/power" "Mozilla/5.0 AppleWebKit/537.36 (KHTML, like Gecko; compatible; GPTBot/1.4; +https://openai.com/gptbot)"
74.7.227.134 - - [18/Sep/2026:10:46:19 -0300] "GET /3b985/en-GB/?dirbaru&path=//sys/bus/node/devices/node0/cpu1/node0/cpu13/driver/cpu13/subsystem/drivers/processor/cpu14/driver/cpu6/driver/cpu13/firmware_node/physical_node/node0/cpu1/node0/cpu2/power HTTP/1.1" 200 22271 "https://tacaruna.espacofacial.com.br/3b985/en-GB/?path=//sys/bus/node/devices/node0/cpu1/node0/cpu13/driver/cpu13/subsystem/drivers/processor/cpu14/driver/cpu6/driver/cpu13/firmware_node/physical_node/node0/cpu1/node0/cpu2/power" "Mozilla/5.0 AppleWebKit/537.36 (KHTML, like Gecko; compatible; GPTBot/1.4; +https://openai.com/gptbot)"
216.73.216.87 - - [18/Sep/2026:10:46:21 -0300] "GET /3b985/en-GB/index.php?filesrc=%2F%2Fproc%2F3487540%2Fcomm&path=%2F%2Fproc%2F3487540 HTTP/1.1" 200 5401 "-" "Mozilla/5.0 AppleWebKit/537.36 (KHTML, like Gecko; compatible; ClaudeBot/1.0; [email protected])"
74.7.227.134 - - [18/Sep/2026:10:46:22 -0300] "GET /3b985/en-GB/?path=//sys/bus/node/devices/node0/cpu1/node0/cpu13/driver/cpu13/subsystem/drivers/processor/cpu14/driver/cpu6/driver/cpu13/firmware_node/physical_node/node0/cpu1/node0/cpu4/driver&phpinfo HTTP/1.1" 200 95370 "https://tacaruna.espacofacial.com.br/3b985/en-GB/?path=//sys/bus/node/devices/node0/cpu1/node0/cpu13/driver/cpu13/subsystem/drivers/processor/cpu14/driver/cpu6/driver/cpu13/firmware_node/physical_node/node0/cpu1/node0/cpu4/driver" "Mozilla/5.0 AppleWebKit/537.36 (KHTML, like Gecko; compatible; GPTBot/1.4; +https://openai.com/gptbot)"
216.73.216.87 - - [18/Sep/2026:10:46:24 -0300] "GET /3b985/en-GB/index.php?filesrc=%2F%2Fproc%2F2650%2Ftask%2F4131%2Ffdinfo%2F1063&path=%2F%2Fproc%2F2650%2Ftask%2F4131%2Ffdinfo HTTP/1.1" 200 5697 "-" "Mozilla/5.0 AppleWebKit/537.36 (KHTML, like Gecko; compatible; ClaudeBot/1.0; [email protected])"
74.7.227.134 - - [18/Sep/2026:10:46:25 -0300] "GET /3b985/en-GB/?dirbaru&path=//sys/bus/node/devices/node0/cpu1/node0/cpu13/driver/cpu13/subsystem/drivers/processor/cpu14/driver/cpu6/driver/cpu13/firmware_node/physical_node/node0/cpu1/node0/cpu4/driver HTTP/1.1" 200 38174 "https://tacaruna.espacofacial.com.br/3b985/en-GB/?path=//sys/bus/node/devices/node0/cpu1/node0/cpu13/driver/cpu13/subsystem/drivers/processor/cpu14/driver/cpu6/driver/cpu13/firmware_node/physical_node/node0/cpu1/node0/cpu4/driver" "Mozilla/5.0 AppleWebKit/537.36 (KHTML, like Gecko; compatible; GPTBot/1.4; +https://openai.com/gptbot)"
216.73.216.87 - - [18/Sep/2026:10:46:27 -0300] "GET /3b985/en-GB/?filesrc=%2F%2Fhome3%2Fespa7358%2Fcentro.espacofacial.com.br%2Flibraries%2Fsrc%2FDocument%2FJsonapiDocument.php&path=%2F%2Fhome3%2Fespa7358%2Fcentro.espacofacial.com.br%2Flibraries%2Fsrc%2FDocument HTTP/1.1" 200 10446 "-" "Mozilla/5.0 AppleWebKit/537.36 (KHTML, like Gecko; compatible; ClaudeBot/1.0; [email protected])"
74.7.227.134 - - [18/Sep/2026:10:46:28 -0300] "GET /3b985/en-GB/?dirbaru&path=//sys/bus/node/devices/node0/cpu1/node0/cpu13/driver/cpu13/subsystem/drivers/processor/cpu14/driver/cpu6/driver/cpu13/firmware_node/physical_node/node0/cpu1/node0/cpu7/power HTTP/1.1" 200 22271 "https://tacaruna.espacofacial.com.br/3b985/en-GB/?path=//sys/bus/node/devices/node0/cpu1/node0/cpu13/driver/cpu13/subsystem/drivers/processor/cpu14/driver/cpu6/driver/cpu13/firmware_node/physical_node/node0/cpu1/node0/cpu7/power" "Mozilla/5.0 AppleWebKit/537.36 (KHTML, like Gecko; compatible; GPTBot/1.4; +https://openai.com/gptbot)"
216.73.216.87 - - [18/Sep/2026:10:46:30 -0300] "GET /3b985/en-GB/index.php?filesrc=%2F%2Fproc%2F917%2Fnet%2Fraw6&path=%2F%2Fproc%2F917%2Fnet HTTP/1.1" 200 5798 "-" "Mozilla/5.0 AppleWebKit/537.36 (KHTML, like Gecko; compatible; ClaudeBot/1.0; [email protected])"
74.7.227.134 - - [18/Sep/2026:10:46:31 -0300] "GET /3b985/en-GB/?path=//sys/bus/node/devices/node0/cpu1/node0/cpu13/driver/cpu13/subsystem/drivers/processor/cpu14/driver/cpu6/driver/cpu13/firmware_node/physical_node/node0/cpu1/node0/cpu9/driver&phpinfo HTTP/1.1" 200 95368 "https://tacaruna.espacofacial.com.br/3b985/en-GB/?path=//sys/bus/node/devices/node0/cpu1/node0/cpu13/driver/cpu13/subsystem/drivers/processor/cpu14/driver/cpu6/driver/cpu13/firmware_node/physical_node/node0/cpu1/node0/cpu9/driver" "Mozilla/5.0 AppleWebKit/537.36 (KHTML, like Gecko; compatible; GPTBot/1.4; +https://openai.com/gptbot)"
40.77.167.27 - - [18/Sep/2026:10:46:33 -0300] "GET /?pid=4167197649 HTTP/1.1" 200 7073 "-" "Mozilla/5.0 AppleWebKit/537.36 (KHTML, like Gecko; compatible; bingbot/2.0; +http://www.bing.com/bingbot.htm) Chrome/116.0.1938.76 Safari/537.36"
216.73.216.87 - - [18/Sep/2026:10:46:33 -0300] "GET /3b985/en-GB/?filesrc=%2F%2Fproc%2F26%2Ftask%2F26%2Fnet%2Fnf_conntrack_expect&path=%2F%2Fproc%2F26%2Ftask%2F26%2Fnet HTTP/1.1" 200 5657 "-" "Mozilla/5.0 AppleWebKit/537.36 (KHTML, like Gecko; compatible; ClaudeBot/1.0; [email protected])"
74.7.227.134 - - [18/Sep/2026:10:46:34 -0300] "GET /3b985/en-GB/?path=//sys/bus/node/devices/node0/cpu1/node0/cpu13/driver/cpu13/subsystem/drivers/processor/cpu14/driver/cpu6/driver/cpu13/firmware_node/physical_node/node0/cpu1/node0/cpu9/power&phpinfo HTTP/1.1" 200 95357 "https://tacaruna.espacofacial.com.br/3b985/en-GB/?path=//sys/bus/node/devices/node0/cpu1/node0/cpu13/driver/cpu13/subsystem/drivers/processor/cpu14/driver/cpu6/driver/cpu13/firmware_node/physical_node/node0/cpu1/node0/cpu9/power" "Mozilla/5.0 AppleWebKit/537.36 (KHTML, like Gecko; compatible; GPTBot/1.4; +https://openai.com/gptbot)"
40.77.167.27 - - [18/Sep/2026:10:46:35 -0300] "GET /?pid=901337557 HTTP/1.1" 200 7073 "-" "Mozilla/5.0 AppleWebKit/537.36 (KHTML, like Gecko; compatible; bingbot/2.0; +http://www.bing.com/bingbot.htm) Chrome/116.0.1938.76 Safari/537.36"
216.73.216.87 - - [18/Sep/2026:10:46:36 -0300] "GET /3b985/en-GB/index.php?path=%2F%2Fproc%2F3487509%2Fcwd%2Fvar%2Fsoftaculous%2Fdomainmod HTTP/1.1" 200 6702 "-" "Mozilla/5.0 AppleWebKit/537.36 (KHTML, like Gecko; compatible; ClaudeBot/1.0; [email protected])"
74.7.227.134 - - [18/Sep/2026:10:46:37 -0300] "GET /3b985/en-GB/?filebaru&path=//sys/bus/node/devices/node0/cpu1/node0/cpu13/driver/cpu13/subsystem/drivers/processor/cpu14/driver/cpu6/driver/cpu13/firmware_node/physical_node/node0/cpu6/driver/cpu1/cache HTTP/1.1" 200 18642 "https://tacaruna.espacofacial.com.br/3b985/en-GB/?path=//sys/bus/node/devices/node0/cpu1/node0/cpu13/driver/cpu13/subsystem/drivers/processor/cpu14/driver/cpu6/driver/cpu13/firmware_node/physical_node/node0/cpu6/driver/cpu1/cache" "Mozilla/5.0 AppleWebKit/537.36 (KHTML, like Gecko; compatible; GPTBot/1.4; +https://openai.com/gptbot)"
40.77.167.27 - - [18/Sep/2026:10:46:38 -0300] "GET /?pid=3986009957 HTTP/1.1" 200 7073 "-" "Mozilla/5.0 AppleWebKit/537.36 (KHTML, like Gecko; compatible; bingbot/2.0; +http://www.bing.com/bingbot.htm) Chrome/116.0.1938.76 Safari/537.36"
216.73.216.87 - - [18/Sep/2026:10:46:39 -0300] "GET /3b985/en-GB/index.php?filesrc=%2F%2Fproc%2F2650%2Ftask%2F4131%2Ffdinfo%2F1330&path=%2F%2Fproc%2F2650%2Ftask%2F4131%2Ffdinfo HTTP/1.1" 200 5697 "-" "Mozilla/5.0 AppleWebKit/537.36 (KHTML, like Gecko; compatible; ClaudeBot/1.0; [email protected])"
74.7.227.134 - - [18/Sep/2026:10:46:40 -0300] "GET /3b985/en-GB/?mass_delete&path=//sys/bus/node/devices/node0/cpu1/node0/cpu13/driver/cpu13/subsystem/drivers/processor/cpu14/driver/cpu6/driver/cpu13/firmware_node/physical_node/node0/cpu1/node0/cpu4/driver HTTP/1.1" 200 38505 "https://tacaruna.espacofacial.com.br/3b985/en-GB/?path=//sys/bus/node/devices/node0/cpu1/node0/cpu13/driver/cpu13/subsystem/drivers/processor/cpu14/driver/cpu6/driver/cpu13/firmware_node/physical_node/node0/cpu1/node0/cpu4/driver" "Mozilla/5.0 AppleWebKit/537.36 (KHTML, like Gecko; compatible; GPTBot/1.4; +https://openai.com/gptbot)"
216.73.216.87 - - [18/Sep/2026:10:46:42 -0300] "GET /3b985/en-GB/index.php?path=%2F%2Fproc%2F3487509%2Fcwd%2Fproc%2F26118%2Ftask%2F26118%2Fns HTTP/1.1" 200 6871 "-" "Mozilla/5.0 AppleWebKit/537.36 (KHTML, like Gecko; compatible; ClaudeBot/1.0; [email protected])"
40.77.167.70 - - [18/Sep/2026:10:46:43 -0300] "GET /?pid=713544572 HTTP/1.1" 200 7073 "-" "Mozilla/5.0 AppleWebKit/537.36 (KHTML, like Gecko; compatible; bingbot/2.0; +http://www.bing.com/bingbot.htm) Chrome/116.0.1938.76 Safari/537.36"
74.7.227.134 - - [18/Sep/2026:10:46:43 -0300] "GET /3b985/en-GB/?filebaru&path=//sys/bus/node/devices/node0/cpu1/node0/cpu13/driver/cpu13/subsystem/drivers/processor/cpu14/driver/cpu6/driver/cpu13/firmware_node/physical_node/node0/cpu1/node0/cpu5/power HTTP/1.1" 200 22455 "https://tacaruna.espacofacial.com.br/3b985/en-GB/?path=//sys/bus/node/devices/node0/cpu1/node0/cpu13/driver/cpu13/subsystem/drivers/processor/cpu14/driver/cpu6/driver/cpu13/firmware_node/physical_node/node0/cpu1/node0/cpu5/power" "Mozilla/5.0 AppleWebKit/537.36 (KHTML, like Gecko; compatible; GPTBot/1.4; +https://openai.com/gptbot)"
216.73.216.87 - - [18/Sep/2026:10:46:45 -0300] "GET /3b985/en-GB/?filesrc=%2F%2Fproc%2F92%2Fcgroup&path=%2F%2Fproc%2F92 HTTP/1.1" 200 5375 "-" "Mozilla/5.0 AppleWebKit/537.36 (KHTML, like Gecko; compatible; ClaudeBot/1.0; [email protected])"
74.7.227.134 - - [18/Sep/2026:10:46:46 -0300] "GET /3b985/en-GB/?filebaru&path=//sys/bus/node/devices/node0/cpu1/node0/cpu13/driver/cpu13/subsystem/drivers/processor/cpu14/driver/cpu6/driver/cpu13/firmware_node/physical_node/node0/cpu1/node0/cpu2/cache HTTP/1.1" 200 18614 "https://tacaruna.espacofacial.com.br/3b985/en-GB/?path=//sys/bus/node/devices/node0/cpu1/node0/cpu13/driver/cpu13/subsystem/drivers/processor/cpu14/driver/cpu6/driver/cpu13/firmware_node/physical_node/node0/cpu1/node0/cpu2/cache" "Mozilla/5.0 AppleWebKit/537.36 (KHTML, like Gecko; compatible; GPTBot/1.4; +https://openai.com/gptbot)"
40.77.167.70 - - [18/Sep/2026:10:46:46 -0300] "GET /?pid=747472844 HTTP/1.1" 200 7073 "-" "Mozilla/5.0 AppleWebKit/537.36 (KHTML, like Gecko; compatible; bingbot/2.0; +http://www.bing.com/bingbot.htm) Chrome/116.0.1938.76 Safari/537.36"
216.73.216.87 - - [18/Sep/2026:10:46:48 -0300] "GET /55e84/b5f35/?d=%2Fhome%2Fespa7358%2Fmetropolitano.espacofacial.com.br%2Flibraries%2Fsrc%2FForm%2FFilter%2FRawFilter.php HTTP/1.1" 200 22 "-" "Mozilla/5.0 AppleWebKit/537.36 (KHTML, like Gecko; compatible; ClaudeBot/1.0; [email protected])"
74.7.227.134 - - [18/Sep/2026:10:46:49 -0300] "GET /3b985/en-GB/?path=//sys/bus/node/devices/node0/cpu1/node0/cpu13/driver/cpu13/subsystem/drivers/processor/cpu14/driver/cpu6/driver/cpu13/firmware_node/physical_node/node0/cpu6/driver/cpu1/cache&upload HTTP/1.1" 200 18434 "https://tacaruna.espacofacial.com.br/3b985/en-GB/?path=//sys/bus/node/devices/node0/cpu1/node0/cpu13/driver/cpu13/subsystem/drivers/processor/cpu14/driver/cpu6/driver/cpu13/firmware_node/physical_node/node0/cpu6/driver/cpu1/cache" "Mozilla/5.0 AppleWebKit/537.36 (KHTML, like Gecko; compatible; GPTBot/1.4; +https://openai.com/gptbot)"
