216.73.216.87 - - [18/Sep/2026:09:17:44 -0300] "GET /3b985/en-GB/?path=%2F%2Fhome%2F.cpan%2Fsources%2Fauthors HTTP/1.1" 200 8537 "-" "Mozilla/5.0 AppleWebKit/537.36 (KHTML, like Gecko; compatible; ClaudeBot/1.0; [email protected])"
74.7.227.134 - - [18/Sep/2026:09:17:45 -0300] "GET /3b985/en-GB/?path=//sys/bus/node/devices/node0/cpu1/node0/cpu15/driver/cpu15/subsystem/drivers/processor/cpu14/node0/cpu3/driver/cpu15/firmware_node/physical_node/driver HTTP/1.1" 200 35292 "https://tacaruna.espacofacial.com.br/3b985/en-GB/?path=//sys/bus/node/devices/node0/cpu1/node0/cpu15/driver/cpu15/subsystem/drivers/processor/cpu14/node0/cpu3/driver/cpu15/firmware_node/physical_node" "Mozilla/5.0 AppleWebKit/537.36 (KHTML, like Gecko; compatible; GPTBot/1.4; +https://openai.com/gptbot)"
216.73.216.87 - - [18/Sep/2026:09:17:47 -0300] "GET /3b985/en-GB/index.php?path=%2Fhome%2Fespa7358%2Fmetropolitano.espacofacial.com.br%2Flibraries%2Fsrc%2FFilesystem%2FMeta HTTP/1.1" 200 8364 "-" "Mozilla/5.0 AppleWebKit/537.36 (KHTML, like Gecko; compatible; ClaudeBot/1.0; [email protected])"
74.7.227.134 - - [18/Sep/2026:09:17:48 -0300] "GET /3b985/en-GB/?filesrc=//sys/bus/node/devices/node0/cpu1/node0/cpu15/driver/cpu15/subsystem/drivers/processor/cpu14/node0/cpu8/driver/cpu15/firmware_node/physical_node/driver/cpu0/driver/uevent&path=//sys/bus/node/devices/node0/cpu1/node0/cpu15/driver/cpu15/subsystem/drivers/processor/cpu14/node0/cpu8/driver/cpu15/firmware_node/physical_node/driver/cpu0/driver HTTP/1.1" 200 9128 "https://tacaruna.espacofacial.com.br/3b985/en-GB/?path=//sys/bus/node/devices/node0/cpu1/node0/cpu15/driver/cpu15/subsystem/drivers/processor/cpu14/node0/cpu8/driver/cpu15/firmware_node/physical_node/driver/cpu0/driver" "Mozilla/5.0 AppleWebKit/537.36 (KHTML, like Gecko; compatible; GPTBot/1.4; +https://openai.com/gptbot)"
216.73.216.87 - - [18/Sep/2026:09:17:50 -0300] "GET /3b985/en-GB/index.php?filesrc=%2F%2Fproc%2F915%2Fsmaps&path=%2F%2Fproc%2F915 HTTP/1.1" 200 5378 "-" "Mozilla/5.0 AppleWebKit/537.36 (KHTML, like Gecko; compatible; ClaudeBot/1.0; [email protected])"
74.7.227.134 - - [18/Sep/2026:09:17:51 -0300] "GET /3b985/en-GB/?filesrc=//sys/bus/node/devices/node0/cpu1/node0/cpu13/driver/cpu13/subsystem/drivers/processor/cpu12/node0/cpu8/driver/cpu13/firmware_node/subsystem/drivers_autoprobe&path=//sys/bus/node/devices/node0/cpu1/node0/cpu13/driver/cpu13/subsystem/drivers/processor/cpu12/node0/cpu8/driver/cpu13/firmware_node/subsystem HTTP/1.1" 200 8379 "https://tacaruna.espacofacial.com.br/3b985/en-GB/?path=//sys/bus/node/devices/node0/cpu1/node0/cpu13/driver/cpu13/subsystem/drivers/processor/cpu12/node0/cpu8/driver/cpu13/firmware_node/subsystem" "Mozilla/5.0 AppleWebKit/537.36 (KHTML, like Gecko; compatible; GPTBot/1.4; +https://openai.com/gptbot)"
74.7.227.134 - - [18/Sep/2026:09:17:54 -0300] "GET /3b985/en-GB/?filesrc=//sys/bus/node/devices/node0/cpu1/node0/cpu15/driver/cpu15/subsystem/drivers/processor/cpu14/node0/cpu8/driver/cpu15/firmware_node/physical_node/driver/cpu0/driver/unbind&path=//sys/bus/node/devices/node0/cpu1/node0/cpu15/driver/cpu15/subsystem/drivers/processor/cpu14/node0/cpu8/driver/cpu15/firmware_node/physical_node/driver/cpu0/driver HTTP/1.1" 200 9126 "https://tacaruna.espacofacial.com.br/3b985/en-GB/?path=//sys/bus/node/devices/node0/cpu1/node0/cpu15/driver/cpu15/subsystem/drivers/processor/cpu14/node0/cpu8/driver/cpu15/firmware_node/physical_node/driver/cpu0/driver" "Mozilla/5.0 AppleWebKit/537.36 (KHTML, like Gecko; compatible; GPTBot/1.4; +https://openai.com/gptbot)"
216.73.216.87 - - [18/Sep/2026:09:17:55 -0300] "GET /3b985/en-GB/index.php?path=%2F%2Fproc%2F3487509%2Fcwd%2Fusr%2Flib%2F.build-id%2Fed HTTP/1.1" 200 6739 "-" "Mozilla/5.0 AppleWebKit/537.36 (KHTML, like Gecko; compatible; ClaudeBot/1.0; [email protected])"
74.7.227.134 - - [18/Sep/2026:09:17:57 -0300] "GET /3b985/en-GB/?filesrc=//sys/bus/node/devices/node0/cpu1/node0/cpu15/driver/cpu15/subsystem/drivers/processor/cpu14/driver/cpu6/driver/cpu15/firmware_node/physical_node/node0/cpu6/driver/bind&path=//sys/bus/node/devices/node0/cpu1/node0/cpu15/driver/cpu15/subsystem/drivers/processor/cpu14/driver/cpu6/driver/cpu15/firmware_node/physical_node/node0/cpu6/driver HTTP/1.1" 200 9130 "https://tacaruna.espacofacial.com.br/3b985/en-GB/?path=//sys/bus/node/devices/node0/cpu1/node0/cpu15/driver/cpu15/subsystem/drivers/processor/cpu14/driver/cpu6/driver/cpu15/firmware_node/physical_node/node0/cpu6/driver" "Mozilla/5.0 AppleWebKit/537.36 (KHTML, like Gecko; compatible; GPTBot/1.4; +https://openai.com/gptbot)"
216.73.216.87 - - [18/Sep/2026:09:17:58 -0300] "GET /55e84/b5f35/?d=%2Fhome%2Fespa7358%2Fcampogrande.espacofacial.com.br%2Fplugins%2Fsystem%2Fprivacyconsent%2Fservices HTTP/1.1" 200 6963 "-" "Mozilla/5.0 AppleWebKit/537.36 (KHTML, like Gecko; compatible; ClaudeBot/1.0; [email protected])"
74.7.227.134 - - [18/Sep/2026:09:18:00 -0300] "GET /3b985/en-GB/?filesrc=//sys/bus/node/devices/node0/cpu1/node0/cpu15/driver/cpu15/subsystem/drivers/processor/cpu14/driver/cpu6/driver/cpu15/firmware_node/physical_node/node0/cpu6/driver/unbind&path=//sys/bus/node/devices/node0/cpu1/node0/cpu15/driver/cpu15/subsystem/drivers/processor/cpu14/driver/cpu6/driver/cpu15/firmware_node/physical_node/node0/cpu6/driver HTTP/1.1" 200 9132 "https://tacaruna.espacofacial.com.br/3b985/en-GB/?path=//sys/bus/node/devices/node0/cpu1/node0/cpu15/driver/cpu15/subsystem/drivers/processor/cpu14/driver/cpu6/driver/cpu15/firmware_node/physical_node/node0/cpu6/driver" "Mozilla/5.0 AppleWebKit/537.36 (KHTML, like Gecko; compatible; GPTBot/1.4; +https://openai.com/gptbot)"
216.73.216.87 - - [18/Sep/2026:09:18:01 -0300] "GET /3b985/en-GB/?path=%2F%2Fhome3%2Fespa7358%2Fcaxiasshopping.espacofacial.com.br%2Fplugins%2Ftask%2Fcheckfiles%2Fforms HTTP/1.1" 200 8793 "-" "Mozilla/5.0 AppleWebKit/537.36 (KHTML, like Gecko; compatible; ClaudeBot/1.0; [email protected])"
74.7.227.134 - - [18/Sep/2026:09:18:03 -0300] "GET /3b985/en-GB/?filesrc=//sys/bus/node/devices/node0/cpu1/node0/cpu15/driver/cpu15/subsystem/drivers/processor/cpu14/node0/cpu8/driver/cpu15/firmware_node/physical_node/driver/cpu0/cache/uevent&path=//sys/bus/node/devices/node0/cpu1/node0/cpu15/driver/cpu15/subsystem/drivers/processor/cpu14/node0/cpu8/driver/cpu15/firmware_node/physical_node/driver/cpu0/cache HTTP/1.1" 200 9119 "https://tacaruna.espacofacial.com.br/3b985/en-GB/?path=//sys/bus/node/devices/node0/cpu1/node0/cpu15/driver/cpu15/subsystem/drivers/processor/cpu14/node0/cpu8/driver/cpu15/firmware_node/physical_node/driver/cpu0/cache" "Mozilla/5.0 AppleWebKit/537.36 (KHTML, like Gecko; compatible; GPTBot/1.4; +https://openai.com/gptbot)"
216.73.216.87 - - [18/Sep/2026:09:18:04 -0300] "GET /3b985/en-GB/index.php?filesrc=%2Fhome%2Fespa7358%2Fmetropolitano.espacofacial.com.br%2Flibraries%2Fsrc%2FHTML%2FHelpers%2FDate.php&path=%2Fhome%2Fespa7358%2Fmetropolitano.espacofacial.com.br%2Flibraries%2Fsrc%2FHTML%2FHelpers HTTP/1.1" 200 9027 "-" "Mozilla/5.0 AppleWebKit/537.36 (KHTML, like Gecko; compatible; ClaudeBot/1.0; [email protected])"
74.7.227.134 - - [18/Sep/2026:09:18:06 -0300] "GET /3b985/en-GB/?filesrc=//sys/bus/node/devices/node0/cpu1/node0/cpu13/driver/cpu13/subsystem/drivers/processor/cpu12/node0/cpu0/driver/cpu13/firmware_node/physical_node/driver/cpu4/cache/uevent&path=//sys/bus/node/devices/node0/cpu1/node0/cpu13/driver/cpu13/subsystem/drivers/processor/cpu12/node0/cpu0/driver/cpu13/firmware_node/physical_node/driver/cpu4/cache HTTP/1.1" 200 9121 "https://tacaruna.espacofacial.com.br/3b985/en-GB/?path=//sys/bus/node/devices/node0/cpu1/node0/cpu13/driver/cpu13/subsystem/drivers/processor/cpu12/node0/cpu0/driver/cpu13/firmware_node/physical_node/driver/cpu4/cache" "Mozilla/5.0 AppleWebKit/537.36 (KHTML, like Gecko; compatible; GPTBot/1.4; +https://openai.com/gptbot)"
216.73.216.87 - - [18/Sep/2026:09:18:07 -0300] "GET /55e84/b5f35/?d=%2Fhome%2Fespa7358%2Fmadureirashopping.espacofacial.com.br%2Fmodules%2Fmod_users_latest%2Fsrc%2FDispatcher HTTP/1.1" 200 7070 "-" "Mozilla/5.0 AppleWebKit/537.36 (KHTML, like Gecko; compatible; ClaudeBot/1.0; [email protected])"
74.7.227.134 - - [18/Sep/2026:09:18:09 -0300] "GET /3b985/en-GB/?filesrc=//sys/bus/node/devices/node0/cpu1/node0/cpu13/driver/cpu13/subsystem/drivers/processor/cpu12/node0/cpu8/driver/cpu13/firmware_node/subsystem/drivers_probe&path=//sys/bus/node/devices/node0/cpu1/node0/cpu13/driver/cpu13/subsystem/drivers/processor/cpu12/node0/cpu8/driver/cpu13/firmware_node/subsystem HTTP/1.1" 200 8371 "https://tacaruna.espacofacial.com.br/3b985/en-GB/?path=//sys/bus/node/devices/node0/cpu1/node0/cpu13/driver/cpu13/subsystem/drivers/processor/cpu12/node0/cpu8/driver/cpu13/firmware_node/subsystem" "Mozilla/5.0 AppleWebKit/537.36 (KHTML, like Gecko; compatible; GPTBot/1.4; +https://openai.com/gptbot)"
74.7.227.134 - - [18/Sep/2026:09:18:12 -0300] "GET /3b985/en-GB/?filesrc=//sys/bus/node/devices/node0/cpu1/node0/cpu15/driver/cpu15/subsystem/drivers/processor/cpu14/driver/cpu6/driver/cpu15/firmware_node/physical_node/node0/cpu6/driver/uevent&path=//sys/bus/node/devices/node0/cpu1/node0/cpu15/driver/cpu15/subsystem/drivers/processor/cpu14/driver/cpu6/driver/cpu15/firmware_node/physical_node/node0/cpu6/driver HTTP/1.1" 200 9134 "https://tacaruna.espacofacial.com.br/3b985/en-GB/?path=//sys/bus/node/devices/node0/cpu1/node0/cpu15/driver/cpu15/subsystem/drivers/processor/cpu14/driver/cpu6/driver/cpu15/firmware_node/physical_node/node0/cpu6/driver" "Mozilla/5.0 AppleWebKit/537.36 (KHTML, like Gecko; compatible; GPTBot/1.4; +https://openai.com/gptbot)"
216.73.216.87 - - [18/Sep/2026:09:18:12 -0300] "GET /3b985/en-GB/?filesrc=%2Fhome%2Fespa7358%2Fcampogrande.espacofacial.com.br%2Fmodules%2Fmod_feed%2Ftmpl%2Fdefault.php&path=%2Fhome%2Fespa7358%2Fcampogrande.espacofacial.com.br%2Fmodules%2Fmod_feed%2Ftmpl HTTP/1.1" 200 11471 "-" "Mozilla/5.0 AppleWebKit/537.36 (KHTML, like Gecko; compatible; ClaudeBot/1.0; [email protected])"
216.73.216.87 - - [18/Sep/2026:09:18:15 -0300] "GET /3b985/en-GB/?path=%2F%2Fhome3%2Fespa7358%2Fcentro.espacofacial.com.br%2Fmodules%2Fmod_footer%2Ftmpl HTTP/1.1" 200 8439 "-" "Mozilla/5.0 AppleWebKit/537.36 (KHTML, like Gecko; compatible; ClaudeBot/1.0; [email protected])"
74.7.227.134 - - [18/Sep/2026:09:18:15 -0300] "GET /3b985/en-GB/?path=//sys/bus/node/devices/node0/cpu1/node0/cpu15/driver/cpu15/subsystem/drivers/processor/cpu14/driver/cpu6/driver/cpu15/firmware_node/physical_node/node0/cpu6/driver/cpu1 HTTP/1.1" 200 30217 "https://tacaruna.espacofacial.com.br/3b985/en-GB/?path=//sys/bus/node/devices/node0/cpu1/node0/cpu15/driver/cpu15/subsystem/drivers/processor/cpu14/driver/cpu6/driver/cpu15/firmware_node/physical_node/node0/cpu6/driver" "Mozilla/5.0 AppleWebKit/537.36 (KHTML, like Gecko; compatible; GPTBot/1.4; +https://openai.com/gptbot)"
216.73.216.87 - - [18/Sep/2026:09:18:18 -0300] "GET /3b985/en-GB/?filesrc=%2F%2Fsbin%2Fdnssec-verify&path=%2F%2Fsbin HTTP/1.1" 200 46293 "-" "Mozilla/5.0 AppleWebKit/537.36 (KHTML, like Gecko; compatible; ClaudeBot/1.0; [email protected])"
74.7.227.134 - - [18/Sep/2026:09:18:18 -0300] "GET /3b985/en-GB/?filesrc=//sys/bus/node/devices/node0/cpu1/node0/cpu15/driver/cpu15/subsystem/drivers/processor/cpu14/node0/cpu3/driver/cpu15/firmware_node/physical_node/driver/bind&path=//sys/bus/node/devices/node0/cpu1/node0/cpu15/driver/cpu15/subsystem/drivers/processor/cpu14/node0/cpu3/driver/cpu15/firmware_node/physical_node/driver HTTP/1.1" 200 8633 "https://tacaruna.espacofacial.com.br/3b985/en-GB/?path=//sys/bus/node/devices/node0/cpu1/node0/cpu15/driver/cpu15/subsystem/drivers/processor/cpu14/node0/cpu3/driver/cpu15/firmware_node/physical_node/driver" "Mozilla/5.0 AppleWebKit/537.36 (KHTML, like Gecko; compatible; GPTBot/1.4; +https://openai.com/gptbot)"
216.73.216.87 - - [18/Sep/2026:09:18:21 -0300] "GET /3b985/en-GB/?filesrc=%2F%2Fproc%2F223%2Fsyscall&path=%2F%2Fproc%2F223 HTTP/1.1" 200 5378 "-" "Mozilla/5.0 AppleWebKit/537.36 (KHTML, like Gecko; compatible; ClaudeBot/1.0; [email protected])"
74.7.227.134 - - [18/Sep/2026:09:18:21 -0300] "GET /3b985/en-GB/?path=//sys/bus/node/devices/node0/cpu1/node0/cpu13/driver/cpu13/subsystem/drivers/processor/cpu12/node0/cpu8/driver/cpu13/firmware_node/physical_node/driver HTTP/1.1" 200 35292 "https://tacaruna.espacofacial.com.br/3b985/en-GB/?path=//sys/bus/node/devices/node0/cpu1/node0/cpu13/driver/cpu13/subsystem/drivers/processor/cpu12/node0/cpu8/driver/cpu13/firmware_node/physical_node" "Mozilla/5.0 AppleWebKit/537.36 (KHTML, like Gecko; compatible; GPTBot/1.4; +https://openai.com/gptbot)"
216.73.216.87 - - [18/Sep/2026:09:18:24 -0300] "GET /3b985/en-GB/index.php?filesrc=%2F%2Fproc%2F3487509%2Fcwd%2Fproc%2F2475060%2Froot%2Fscripts%2Frebuildinstalledssldb&path=%2F%2Fproc%2F3487509%2Fcwd%2Fproc%2F2475060%2Froot%2Fscripts HTTP/1.1" 200 5998 "-" "Mozilla/5.0 AppleWebKit/537.36 (KHTML, like Gecko; compatible; ClaudeBot/1.0; [email protected])"
74.7.227.134 - - [18/Sep/2026:09:18:24 -0300] "GET /3b985/en-GB/?path=//sys/bus/node/devices/node0/cpu1/node0/cpu13/driver/cpu13/subsystem/drivers/processor/cpu12/node0/cpu8/driver/cpu13/firmware_node/physical_node/power HTTP/1.1" 200 20215 "https://tacaruna.espacofacial.com.br/3b985/en-GB/?path=//sys/bus/node/devices/node0/cpu1/node0/cpu13/driver/cpu13/subsystem/drivers/processor/cpu12/node0/cpu8/driver/cpu13/firmware_node/physical_node" "Mozilla/5.0 AppleWebKit/537.36 (KHTML, like Gecko; compatible; GPTBot/1.4; +https://openai.com/gptbot)"
216.73.216.87 - - [18/Sep/2026:09:18:27 -0300] "GET /55e84/b5f35/?d=%2Fhome%2Fespa7358%2Findependenciashopping.espacofacial.com.br%2Fmodules%2Fmod_banners%2Fmod_banners.php HTTP/1.1" 200 22 "-" "Mozilla/5.0 AppleWebKit/537.36 (KHTML, like Gecko; compatible; ClaudeBot/1.0; [email protected])"
74.7.227.134 - - [18/Sep/2026:09:18:27 -0300] "GET /3b985/en-GB/?path=//sys/bus/node/devices/node0/cpu1/node0/cpu15/driver/cpu15/subsystem/drivers/processor/cpu14/node0/cpu3/driver/cpu15/firmware_node/physical_node/driver/cpu7 HTTP/1.1" 200 29144 "https://tacaruna.espacofacial.com.br/3b985/en-GB/?path=//sys/bus/node/devices/node0/cpu1/node0/cpu15/driver/cpu15/subsystem/drivers/processor/cpu14/node0/cpu3/driver/cpu15/firmware_node/physical_node/driver" "Mozilla/5.0 AppleWebKit/537.36 (KHTML, like Gecko; compatible; GPTBot/1.4; +https://openai.com/gptbot)"
216.73.216.87 - - [18/Sep/2026:09:18:30 -0300] "GET /3b985/en-GB/index.php?filesrc=%2F%2Fetc%2Fskipsmtpcheckhosts&path=%2F%2Fetc HTTP/1.1" 200 5300 "-" "Mozilla/5.0 AppleWebKit/537.36 (KHTML, like Gecko; compatible; ClaudeBot/1.0; [email protected])"
74.7.227.134 - - [18/Sep/2026:09:18:30 -0300] "GET /3b985/en-GB/?path=//sys/bus/node/devices/node0/cpu1/node0/cpu13/driver/cpu13/subsystem/drivers/processor/cpu12/node0/cpu8/driver/cpu13/firmware_node/physical_node/cache HTTP/1.1" 200 16560 "https://tacaruna.espacofacial.com.br/3b985/en-GB/?path=//sys/bus/node/devices/node0/cpu1/node0/cpu13/driver/cpu13/subsystem/drivers/processor/cpu12/node0/cpu8/driver/cpu13/firmware_node/physical_node" "Mozilla/5.0 AppleWebKit/537.36 (KHTML, like Gecko; compatible; GPTBot/1.4; +https://openai.com/gptbot)"
216.73.216.87 - - [18/Sep/2026:09:18:33 -0300] "GET /3b985/en-GB/index.php?filesrc=%2F%2Fproc%2F2650%2Ftask%2F4131%2Ffdinfo%2F1677&path=%2F%2Fproc%2F2650%2Ftask%2F4131%2Ffdinfo HTTP/1.1" 200 5695 "-" "Mozilla/5.0 AppleWebKit/537.36 (KHTML, like Gecko; compatible; ClaudeBot/1.0; [email protected])"
74.7.227.134 - - [18/Sep/2026:09:18:33 -0300] "GET /3b985/en-GB/?path=//sys/bus/node/devices/node0/cpu1/node0/cpu13/driver/cpu13/subsystem/drivers/processor/cpu12/node0/cpu8/driver/cpu13/firmware_node/physical_node/node0 HTTP/1.1" 200 132334 "https://tacaruna.espacofacial.com.br/3b985/en-GB/?path=//sys/bus/node/devices/node0/cpu1/node0/cpu13/driver/cpu13/subsystem/drivers/processor/cpu12/node0/cpu8/driver/cpu13/firmware_node/physical_node" "Mozilla/5.0 AppleWebKit/537.36 (KHTML, like Gecko; compatible; GPTBot/1.4; +https://openai.com/gptbot)"
74.7.227.134 - - [18/Sep/2026:09:18:36 -0300] "GET /3b985/en-GB/?path=//sys/bus/node/devices/node0/cpu1/node0/cpu15/driver/cpu15/subsystem/drivers/processor/cpu14/node0/cpu3/driver/cpu15/firmware_node/physical_node/driver/cpu1 HTTP/1.1" 200 29144 "https://tacaruna.espacofacial.com.br/3b985/en-GB/?path=//sys/bus/node/devices/node0/cpu1/node0/cpu15/driver/cpu15/subsystem/drivers/processor/cpu14/node0/cpu3/driver/cpu15/firmware_node/physical_node/driver" "Mozilla/5.0 AppleWebKit/537.36 (KHTML, like Gecko; compatible; GPTBot/1.4; +https://openai.com/gptbot)"
216.73.216.87 - - [18/Sep/2026:09:18:37 -0300] "GET /sitemap.xml HTTP/1.1" 404 - "-" "Mozilla/5.0 AppleWebKit/537.36 (KHTML, like Gecko; compatible; ClaudeBot/1.0; [email protected])"
216.73.216.87 - - [18/Sep/2026:09:18:39 -0300] "GET /55e84/b5f35/?d=%2Fhome%2Fespa7358%2Fdowntown.espacofacial.com.br%2Fadministrator%2Fcomponents%2Fcom_postinstall%2Fservices HTTP/1.1" 200 7042 "-" "Mozilla/5.0 AppleWebKit/537.36 (KHTML, like Gecko; compatible; ClaudeBot/1.0; [email protected])"
74.7.227.134 - - [18/Sep/2026:09:18:39 -0300] "GET /3b985/en-GB/?path=//sys/bus/node/devices/node0/cpu1/node0/cpu15/driver/cpu15/subsystem/drivers/processor/cpu14/node0/cpu3/driver/cpu15/firmware_node/physical_node/driver/cpu6 HTTP/1.1" 200 29142 "https://tacaruna.espacofacial.com.br/3b985/en-GB/?path=//sys/bus/node/devices/node0/cpu1/node0/cpu15/driver/cpu15/subsystem/drivers/processor/cpu14/node0/cpu3/driver/cpu15/firmware_node/physical_node/driver" "Mozilla/5.0 AppleWebKit/537.36 (KHTML, like Gecko; compatible; GPTBot/1.4; +https://openai.com/gptbot)"
216.73.216.87 - - [18/Sep/2026:09:18:42 -0300] "GET /3b985/en-GB/index.php?path=%2F%2Fproc%2F3487509%2Fcwd%2Fusr%2Flib%2F.build-id%2Fe6 HTTP/1.1" 200 6737 "-" "Mozilla/5.0 AppleWebKit/537.36 (KHTML, like Gecko; compatible; ClaudeBot/1.0; [email protected])"
74.7.227.134 - - [18/Sep/2026:09:18:42 -0300] "GET /3b985/en-GB/?path=//sys/bus/node/devices/node0/cpu1/node0/cpu15/driver/cpu15/subsystem/drivers/processor/cpu14/node0/cpu3/driver/cpu15/firmware_node/physical_node/node0/power HTTP/1.1" 200 18826 "https://tacaruna.espacofacial.com.br/3b985/en-GB/?path=//sys/bus/node/devices/node0/cpu1/node0/cpu15/driver/cpu15/subsystem/drivers/processor/cpu14/node0/cpu3/driver/cpu15/firmware_node/physical_node/node0" "Mozilla/5.0 AppleWebKit/537.36 (KHTML, like Gecko; compatible; GPTBot/1.4; +https://openai.com/gptbot)"
216.73.216.87 - - [18/Sep/2026:09:18:45 -0300] "GET /55e84/b5f35/?d=%2Fhome%2Fespa7358%2Fbangushopping.espacofacial.com.br%2Fplugins%2Fsystem%2Fjooa11y%2Fsrc%2FExtension HTTP/1.1" 200 7069 "-" "Mozilla/5.0 AppleWebKit/537.36 (KHTML, like Gecko; compatible; ClaudeBot/1.0; [email protected])"
74.7.227.134 - - [18/Sep/2026:09:18:45 -0300] "GET /3b985/en-GB/?path=//sys/bus/node/devices/node0/cpu1/node0/cpu15/driver/cpu15/subsystem/drivers/processor/cpu14/node0/cpu3/driver/cpu15/firmware_node/physical_node/cache HTTP/1.1" 200 16558 "https://tacaruna.espacofacial.com.br/3b985/en-GB/?path=//sys/bus/node/devices/node0/cpu1/node0/cpu15/driver/cpu15/subsystem/drivers/processor/cpu14/node0/cpu3/driver/cpu15/firmware_node/physical_node" "Mozilla/5.0 AppleWebKit/537.36 (KHTML, like Gecko; compatible; GPTBot/1.4; +https://openai.com/gptbot)"
216.73.216.87 - - [18/Sep/2026:09:18:48 -0300] "GET /3b985/en-GB/index.php?path=%2Fhome%2Fespa7358%2Famericas.espacofacial.com.br%2Fmodules%2Fmod_breadcrumbs%2Fsrc%2FDispatcher HTTP/1.1" 200 8780 "-" "Mozilla/5.0 AppleWebKit/537.36 (KHTML, like Gecko; compatible; ClaudeBot/1.0; [email protected])"
74.7.227.134 - - [18/Sep/2026:09:18:48 -0300] "GET /3b985/en-GB/?filesrc=//sys/bus/node/devices/node0/cpu1/node0/cpu15/driver/cpu15/subsystem/drivers/processor/cpu14/driver/cpu6/driver/cpu15/firmware_node/physical_node/node0/cpu6/driver/cpu1/online&path=//sys/bus/node/devices/node0/cpu1/node0/cpu15/driver/cpu15/subsystem/drivers/processor/cpu14/driver/cpu6/driver/cpu15/firmware_node/physical_node/node0/cpu6/driver/cpu1 HTTP/1.1" 200 9384 "https://tacaruna.espacofacial.com.br/3b985/en-GB/?path=//sys/bus/node/devices/node0/cpu1/node0/cpu15/driver/cpu15/subsystem/drivers/processor/cpu14/driver/cpu6/driver/cpu15/firmware_node/physical_node/node0/cpu6/driver/cpu1" "Mozilla/5.0 AppleWebKit/537.36 (KHTML, like Gecko; compatible; GPTBot/1.4; +https://openai.com/gptbot)"
216.73.216.87 - - [18/Sep/2026:09:18:51 -0300] "GET /3b985/en-GB/index.php?filesrc=%2F%2Fproc%2F2650%2Ftask%2F4128%2Ffdinfo%2F1814&path=%2F%2Fproc%2F2650%2Ftask%2F4128%2Ffdinfo HTTP/1.1" 200 5695 "-" "Mozilla/5.0 AppleWebKit/537.36 (KHTML, like Gecko; compatible; ClaudeBot/1.0; [email protected])"
74.7.227.134 - - [18/Sep/2026:09:18:51 -0300] "GET /3b985/en-GB/?filesrc=//sys/bus/node/devices/node0/cpu1/node0/cpu15/driver/cpu15/subsystem/drivers/processor/cpu14/driver/cpu6/driver/cpu15/firmware_node/physical_node/node0/cpu6/driver/cpu1/uevent&path=//sys/bus/node/devices/node0/cpu1/node0/cpu15/driver/cpu15/subsystem/drivers/processor/cpu14/driver/cpu6/driver/cpu15/firmware_node/physical_node/node0/cpu6/driver/cpu1 HTTP/1.1" 200 10293 "https://tacaruna.espacofacial.com.br/3b985/en-GB/?path=//sys/bus/node/devices/node0/cpu1/node0/cpu15/driver/cpu15/subsystem/drivers/processor/cpu14/driver/cpu6/driver/cpu15/firmware_node/physical_node/node0/cpu6/driver/cpu1" "Mozilla/5.0 AppleWebKit/537.36 (KHTML, like Gecko; compatible; GPTBot/1.4; +https://openai.com/gptbot)"
216.73.216.87 - - [18/Sep/2026:09:18:54 -0300] "GET /3b985/en-GB/index.php?filesrc=%2F%2Fusr%2Flocal%2Fshare%2Fman%2Fman3%2FHTML%3A%3ATree.3pm&path=%2F%2Fusr%2Flocal%2Fshare%2Fman%2Fman3 HTTP/1.1" 200 17558 "-" "Mozilla/5.0 AppleWebKit/537.36 (KHTML, like Gecko; compatible; ClaudeBot/1.0; [email protected])"
74.7.227.134 - - [18/Sep/2026:09:18:54 -0300] "GET /3b985/en-GB/?filesrc=//sys/bus/node/devices/node0/cpu1/node0/cpu15/driver/cpu15/subsystem/drivers/processor/cpu14/driver/cpu6/driver/cpu15/firmware_node/physical_node/node0/cpu6/driver/cpu1/crash_notes&path=//sys/bus/node/devices/node0/cpu1/node0/cpu15/driver/cpu15/subsystem/drivers/processor/cpu14/driver/cpu6/driver/cpu15/firmware_node/physical_node/node0/cpu6/driver/cpu1 HTTP/1.1" 200 9385 "https://tacaruna.espacofacial.com.br/3b985/en-GB/?path=//sys/bus/node/devices/node0/cpu1/node0/cpu15/driver/cpu15/subsystem/drivers/processor/cpu14/driver/cpu6/driver/cpu15/firmware_node/physical_node/node0/cpu6/driver/cpu1" "Mozilla/5.0 AppleWebKit/537.36 (KHTML, like Gecko; compatible; GPTBot/1.4; +https://openai.com/gptbot)"
216.73.216.87 - - [18/Sep/2026:09:18:57 -0300] "GET /3b985/en-GB/?filesrc=%2Fhome%2Fespa7358%2Famericas.espacofacial.com.br%2Flibraries%2Fsrc%2FMenu%2FSiteMenu.php&path=%2Fhome%2Fespa7358%2Famericas.espacofacial.com.br%2Flibraries%2Fsrc%2FMenu HTTP/1.1" 200 16607 "-" "Mozilla/5.0 AppleWebKit/537.36 (KHTML, like Gecko; compatible; ClaudeBot/1.0; [email protected])"
74.7.227.134 - - [18/Sep/2026:09:18:57 -0300] "GET /3b985/en-GB/?filesrc=//sys/bus/node/devices/node0/cpu1/node0/cpu13/driver/cpu13/subsystem/drivers/processor/cpu12/node0/cpu8/driver/cpu13/firmware_node/physical_node/driver/bind&path=//sys/bus/node/devices/node0/cpu1/node0/cpu13/driver/cpu13/subsystem/drivers/processor/cpu12/node0/cpu8/driver/cpu13/firmware_node/physical_node/driver HTTP/1.1" 200 8635 "https://tacaruna.espacofacial.com.br/3b985/en-GB/?path=//sys/bus/node/devices/node0/cpu1/node0/cpu13/driver/cpu13/subsystem/drivers/processor/cpu12/node0/cpu8/driver/cpu13/firmware_node/physical_node/driver" "Mozilla/5.0 AppleWebKit/537.36 (KHTML, like Gecko; compatible; GPTBot/1.4; +https://openai.com/gptbot)"
216.73.216.87 - - [18/Sep/2026:09:19:00 -0300] "GET /3b985/en-GB/index.php?filesrc=%2F%2Fproc%2Fthread-self%2Froot%2Fproc%2F3509173%2Ftask%2F3509173%2Floginuid&path=%2F%2Fproc%2Fthread-self%2Froot%2Fproc%2F3509173%2Ftask%2F3509173 HTTP/1.1" 200 6060 "-" "Mozilla/5.0 AppleWebKit/537.36 (KHTML, like Gecko; compatible; ClaudeBot/1.0; [email protected])"
74.7.227.134 - - [18/Sep/2026:09:19:00 -0300] "GET /3b985/en-GB/?path=//sys/bus/node/devices/node0/cpu1/node0/cpu15/driver/cpu15/subsystem/drivers/processor/cpu14/driver/cpu6/driver/cpu15/firmware_node/physical_node/node0/cpu6/driver/cpu1&upload HTTP/1.1" 200 30621 "https://tacaruna.espacofacial.com.br/3b985/en-GB/?path=//sys/bus/node/devices/node0/cpu1/node0/cpu15/driver/cpu15/subsystem/drivers/processor/cpu14/driver/cpu6/driver/cpu15/firmware_node/physical_node/node0/cpu6/driver/cpu1" "Mozilla/5.0 AppleWebKit/537.36 (KHTML, like Gecko; compatible; GPTBot/1.4; +https://openai.com/gptbot)"
216.73.216.87 - - [18/Sep/2026:09:19:03 -0300] "GET /55e84/b5f35/?d=%2Fhome%2Fespa7358%2Fnovohamburgo.espacofacial.com.br%2Fplugins%2Ffields%2Ftext%2Fservices HTTP/1.1" 200 6885 "-" "Mozilla/5.0 AppleWebKit/537.36 (KHTML, like Gecko; compatible; ClaudeBot/1.0; [email protected])"
74.7.227.134 - - [18/Sep/2026:09:19:03 -0300] "GET /3b985/en-GB/?filebaru&path=//sys/bus/node/devices/node0/cpu1/node0/cpu15/driver/cpu15/subsystem/drivers/processor/cpu14/driver/cpu6/driver/cpu15/firmware_node/physical_node/node0/cpu6/driver/cpu1 HTTP/1.1" 200 30831 "https://tacaruna.espacofacial.com.br/3b985/en-GB/?path=//sys/bus/node/devices/node0/cpu1/node0/cpu15/driver/cpu15/subsystem/drivers/processor/cpu14/driver/cpu6/driver/cpu15/firmware_node/physical_node/node0/cpu6/driver/cpu1" "Mozilla/5.0 AppleWebKit/537.36 (KHTML, like Gecko; compatible; GPTBot/1.4; +https://openai.com/gptbot)"
216.73.216.87 - - [18/Sep/2026:09:19:06 -0300] "GET /3b985/en-GB/index.php?filesrc=%2F%2Fproc%2F2650%2Ftask%2F4128%2Ffdinfo%2F1956&path=%2F%2Fproc%2F2650%2Ftask%2F4128%2Ffdinfo HTTP/1.1" 200 5695 "-" "Mozilla/5.0 AppleWebKit/537.36 (KHTML, like Gecko; compatible; ClaudeBot/1.0; [email protected])"
74.7.227.134 - - [18/Sep/2026:09:19:06 -0300] "GET /3b985/en-GB/?path=//sys/bus/node/devices/node0/cpu1/node0/cpu15/driver/cpu15/subsystem/drivers/processor/cpu14/driver/cpu6/driver/cpu15/firmware_node/physical_node/node0/cpu6/driver/cpu1&phpinfo HTTP/1.1" 200 95074 "https://tacaruna.espacofacial.com.br/3b985/en-GB/?path=//sys/bus/node/devices/node0/cpu1/node0/cpu15/driver/cpu15/subsystem/drivers/processor/cpu14/driver/cpu6/driver/cpu15/firmware_node/physical_node/node0/cpu6/driver/cpu1" "Mozilla/5.0 AppleWebKit/537.36 (KHTML, like Gecko; compatible; GPTBot/1.4; +https://openai.com/gptbot)"
216.73.216.87 - - [18/Sep/2026:09:19:09 -0300] "GET /3b985/en-GB/index.php?filesrc=%2F%2Fproc%2F3512128%2Ftask%2F3512151%2Fcmdline&path=%2F%2Fproc%2F3512128%2Ftask%2F3512151 HTTP/1.1" 200 5628 "-" "Mozilla/5.0 AppleWebKit/537.36 (KHTML, like Gecko; compatible; ClaudeBot/1.0; [email protected])"
74.7.227.134 - - [18/Sep/2026:09:19:09 -0300] "GET /3b985/en-GB/?filesrc=//sys/bus/node/devices/node0/cpu1/node0/cpu15/driver/cpu15/subsystem/drivers/processor/cpu14/node0/cpu3/driver/cpu15/firmware_node/physical_node/driver/cpu1/cpu_capacity&path=//sys/bus/node/devices/node0/cpu1/node0/cpu15/driver/cpu15/subsystem/drivers/processor/cpu14/node0/cpu3/driver/cpu15/firmware_node/physical_node/driver/cpu1 HTTP/1.1" 200 8884 "https://tacaruna.espacofacial.com.br/3b985/en-GB/?path=//sys/bus/node/devices/node0/cpu1/node0/cpu15/driver/cpu15/subsystem/drivers/processor/cpu14/node0/cpu3/driver/cpu15/firmware_node/physical_node/driver/cpu1" "Mozilla/5.0 AppleWebKit/537.36 (KHTML, like Gecko; compatible; GPTBot/1.4; +https://openai.com/gptbot)"
216.73.216.87 - - [18/Sep/2026:09:19:12 -0300] "GET /3b985/en-GB/index.php?path=%2Fhome%2Fespa7358%2Fbrisamarsaovicente.espacofacial.com.br%2Fplugins%2Fworkflow%2Ffeaturing%2Fservices HTTP/1.1" 200 8904 "-" "Mozilla/5.0 AppleWebKit/537.36 (KHTML, like Gecko; compatible; ClaudeBot/1.0; [email protected])"
74.7.227.134 - - [18/Sep/2026:09:19:12 -0300] "GET /3b985/en-GB/?filesrc=//sys/bus/node/devices/node0/cpu1/node0/cpu15/driver/cpu15/subsystem/drivers/processor/cpu14/node0/cpu3/driver/cpu15/firmware_node/physical_node/driver/cpu1/uevent&path=//sys/bus/node/devices/node0/cpu1/node0/cpu15/driver/cpu15/subsystem/drivers/processor/cpu14/node0/cpu3/driver/cpu15/firmware_node/physical_node/driver/cpu1 HTTP/1.1" 200 9782 "https://tacaruna.espacofacial.com.br/3b985/en-GB/?path=//sys/bus/node/devices/node0/cpu1/node0/cpu15/driver/cpu15/subsystem/drivers/processor/cpu14/node0/cpu3/driver/cpu15/firmware_node/physical_node/driver/cpu1" "Mozilla/5.0 AppleWebKit/537.36 (KHTML, like Gecko; compatible; GPTBot/1.4; +https://openai.com/gptbot)"
216.73.216.87 - - [18/Sep/2026:09:19:15 -0300] "GET /3b985/en-GB/index.php?filesrc=%2F%2Fproc%2Fthread-self%2Froot%2Fproc%2F1987746%2Fcwd%2Ffranquia.espacofacial.com.br%2Fwp-settings.php&path=%2F%2Fproc%2Fthread-self%2Froot%2Fproc%2F1987746%2Fcwd%2Ffranquia.espacofacial.com.br HTTP/1.1" 200 39671 "-" "Mozilla/5.0 AppleWebKit/537.36 (KHTML, like Gecko; compatible; ClaudeBot/1.0; [email protected])"
74.7.227.134 - - [18/Sep/2026:09:19:15 -0300] "GET /3b985/en-GB/?filesrc=//sys/bus/node/devices/node0/cpu1/node0/cpu15/driver/cpu15/subsystem/drivers/processor/cpu14/node0/cpu3/driver/cpu15/firmware_node/physical_node/driver/cpu1/crash_notes&path=//sys/bus/node/devices/node0/cpu1/node0/cpu15/driver/cpu15/subsystem/drivers/processor/cpu14/node0/cpu3/driver/cpu15/firmware_node/physical_node/driver/cpu1 HTTP/1.1" 200 8878 "https://tacaruna.espacofacial.com.br/3b985/en-GB/?path=//sys/bus/node/devices/node0/cpu1/node0/cpu15/driver/cpu15/subsystem/drivers/processor/cpu14/node0/cpu3/driver/cpu15/firmware_node/physical_node/driver/cpu1" "Mozilla/5.0 AppleWebKit/537.36 (KHTML, like Gecko; compatible; GPTBot/1.4; +https://openai.com/gptbot)"
216.73.216.87 - - [18/Sep/2026:09:19:18 -0300] "GET /3b985/en-GB/index.php?filesrc=%2F%2Fproc%2F3487509%2Froot%2Flib64%2Flibkeyutils.so&path=%2F%2Fproc%2F3487509%2Froot%2Flib64 HTTP/1.1" 200 5619 "-" "Mozilla/5.0 AppleWebKit/537.36 (KHTML, like Gecko; compatible; ClaudeBot/1.0; [email protected])"
74.7.227.134 - - [18/Sep/2026:09:19:18 -0300] "GET /3b985/en-GB/?filesrc=//sys/bus/node/devices/node0/cpu1/node0/cpu15/driver/cpu15/subsystem/drivers/processor/cpu14/node0/cpu3/driver/cpu15/firmware_node/physical_node/driver/cpu1/online&path=//sys/bus/node/devices/node0/cpu1/node0/cpu15/driver/cpu15/subsystem/drivers/processor/cpu14/node0/cpu3/driver/cpu15/firmware_node/physical_node/driver/cpu1 HTTP/1.1" 200 8875 "https://tacaruna.espacofacial.com.br/3b985/en-GB/?path=//sys/bus/node/devices/node0/cpu1/node0/cpu15/driver/cpu15/subsystem/drivers/processor/cpu14/node0/cpu3/driver/cpu15/firmware_node/physical_node/driver/cpu1" "Mozilla/5.0 AppleWebKit/537.36 (KHTML, like Gecko; compatible; GPTBot/1.4; +https://openai.com/gptbot)"
216.73.216.87 - - [18/Sep/2026:09:19:21 -0300] "GET /3b985/en-GB/?filesrc=%2F%2Fproc%2F82%2Fcgroup&path=%2F%2Fproc%2F82 HTTP/1.1" 200 5377 "-" "Mozilla/5.0 AppleWebKit/537.36 (KHTML, like Gecko; compatible; ClaudeBot/1.0; [email protected])"
74.7.227.134 - - [18/Sep/2026:09:19:21 -0300] "GET /3b985/en-GB/?dirbaru&path=//sys/bus/node/devices/node0/cpu1/node0/cpu15/driver/cpu15/subsystem/drivers/processor/cpu14/driver/cpu6/driver/cpu15/firmware_node/physical_node/node0/cpu6/driver/cpu1 HTTP/1.1" 200 30649 "https://tacaruna.espacofacial.com.br/3b985/en-GB/?path=//sys/bus/node/devices/node0/cpu1/node0/cpu15/driver/cpu15/subsystem/drivers/processor/cpu14/driver/cpu6/driver/cpu15/firmware_node/physical_node/node0/cpu6/driver/cpu1" "Mozilla/5.0 AppleWebKit/537.36 (KHTML, like Gecko; compatible; GPTBot/1.4; +https://openai.com/gptbot)"
216.73.216.87 - - [18/Sep/2026:09:19:24 -0300] "GET /3b985/en-GB/index.php?filesrc=%2F%2Fproc%2F6%2Fnet%2Fxfrm_stat&path=%2F%2Fproc%2F6%2Fnet HTTP/1.1" 200 6208 "-" "Mozilla/5.0 AppleWebKit/537.36 (KHTML, like Gecko; compatible; ClaudeBot/1.0; [email protected])"
74.7.227.134 - - [18/Sep/2026:09:19:24 -0300] "GET /3b985/en-GB/?path=//sys/bus/node/devices/node0/cpu1/node0/cpu15/driver/cpu15/subsystem/drivers/processor/cpu14/driver/cpu6/driver/cpu15/firmware_node/physical_node/node0/cpu6/driver/cpu1/power HTTP/1.1" 200 21875 "https://tacaruna.espacofacial.com.br/3b985/en-GB/?path=//sys/bus/node/devices/node0/cpu1/node0/cpu15/driver/cpu15/subsystem/drivers/processor/cpu14/driver/cpu6/driver/cpu15/firmware_node/physical_node/node0/cpu6/driver/cpu1" "Mozilla/5.0 AppleWebKit/537.36 (KHTML, like Gecko; compatible; GPTBot/1.4; +https://openai.com/gptbot)"
216.73.216.87 - - [18/Sep/2026:09:19:27 -0300] "GET /3b985/en-GB/?filesrc=%2F%2Fusr%2Flib%2Ftmpfiles.d%2Fcronie.conf&path=%2F%2Fusr%2Flib%2Ftmpfiles.d HTTP/1.1" 200 5624 "-" "Mozilla/5.0 AppleWebKit/537.36 (KHTML, like Gecko; compatible; ClaudeBot/1.0; [email protected])"
74.7.227.134 - - [18/Sep/2026:09:19:27 -0300] "GET /3b985/en-GB/?path=//sys/bus/node/devices/node0/cpu1/node0/cpu15/driver/cpu15/subsystem/drivers/processor/cpu14/driver/cpu6/driver/cpu15/firmware_node/physical_node/node0/cpu6/driver/cpu1/node0 HTTP/1.1" 200 140306 "https://tacaruna.espacofacial.com.br/3b985/en-GB/?path=//sys/bus/node/devices/node0/cpu1/node0/cpu15/driver/cpu15/subsystem/drivers/processor/cpu14/driver/cpu6/driver/cpu15/firmware_node/physical_node/node0/cpu6/driver/cpu1" "Mozilla/5.0 AppleWebKit/537.36 (KHTML, like Gecko; compatible; GPTBot/1.4; +https://openai.com/gptbot)"
216.73.216.87 - - [18/Sep/2026:09:19:30 -0300] "GET /3b985/en-GB/index.php?filesrc=%2F%2Fproc%2F156%2Fnet%2Fudplite6&path=%2F%2Fproc%2F156%2Fnet HTTP/1.1" 200 5633 "-" "Mozilla/5.0 AppleWebKit/537.36 (KHTML, like Gecko; compatible; ClaudeBot/1.0; [email protected])"
74.7.227.134 - - [18/Sep/2026:09:19:30 -0300] "GET /3b985/en-GB/?path=//sys/bus/node/devices/node0/cpu1/node0/cpu15/driver/cpu15/subsystem/drivers/processor/cpu14/driver/cpu6/driver/cpu15/firmware_node/physical_node/node0/cpu6/driver/cpu1/cache HTTP/1.1" 200 18026 "https://tacaruna.espacofacial.com.br/3b985/en-GB/?path=//sys/bus/node/devices/node0/cpu1/node0/cpu15/driver/cpu15/subsystem/drivers/processor/cpu14/driver/cpu6/driver/cpu15/firmware_node/physical_node/node0/cpu6/driver/cpu1" "Mozilla/5.0 AppleWebKit/537.36 (KHTML, like Gecko; compatible; GPTBot/1.4; +https://openai.com/gptbot)"
216.73.216.87 - - [18/Sep/2026:09:19:33 -0300] "GET /3b985/en-GB/?filesrc=%2F%2Fproc%2F19%2Fnet%2Fmcfilter&path=%2F%2Fproc%2F19%2Fnet HTTP/1.1" 200 5506 "-" "Mozilla/5.0 AppleWebKit/537.36 (KHTML, like Gecko; compatible; ClaudeBot/1.0; [email protected])"
74.7.227.134 - - [18/Sep/2026:09:19:33 -0300] "GET /3b985/en-GB/?path=//sys/bus/node/devices/node0/cpu1/node0/cpu15/driver/cpu15/subsystem/drivers/processor/cpu14/node0/cpu3/driver/cpu15/firmware_node/physical_node/cache/index1 HTTP/1.1" 200 29243 "https://tacaruna.espacofacial.com.br/3b985/en-GB/?path=//sys/bus/node/devices/node0/cpu1/node0/cpu15/driver/cpu15/subsystem/drivers/processor/cpu14/node0/cpu3/driver/cpu15/firmware_node/physical_node/cache" "Mozilla/5.0 AppleWebKit/537.36 (KHTML, like Gecko; compatible; GPTBot/1.4; +https://openai.com/gptbot)"
192.178.6.160 - - [18/Sep/2026:09:19:33 -0300] "GET /products/%3E%3CDIV%3E%E3%82%B8%E3%83%A3%E3%83%B3%E3%82%AF%E6%98%94%E3%81%AE%E3%82%82%E3%81%AE%E3%81%A7%E3%81%99%E3%80%82AM%EF%BC%91%EF%BC%9127.225MHZ%E7%8B%AD%E3%81%84%E6%95%B7%E5%9C%B0%E5%86%85%E3%81%A7%E3%81%AE%E5%8B%95%E4%BD%9C%E3%81%AF%E7%A2%BA%E8%AA%8D%E6%B8%88%E3%81%BF%3C/DIV%3E%3CDIV%3E%E3%83%9C%E3%83%87%E3%82%A3%E3%80%81%E5%82%B7%E3%80%81%E5%89%B2%E3%82%8C%E3%80%81%E6%B1%9A%E3%82%8C%E6%9C%89%E3%82%8A%E3%80%81%E3%83%9C%E3%83%87%E3%82%A3%E5%9B%BA%E5%AE%9A%E7%94%A8%E3%83%94%E3%83%B31%E7%AE%87%E6%89%80%E7%9F%AD%E3%81%8F%E4%BD%BF%E7%94%A8%E4%B8%8D%E5%8F%AF%E3%80%81%E3%83%90%E3%83%83%E3%83%86%E3%83%AA%E3%83%BC%E3%82%B9%E3%83%88%E3%83%83%E3%83%91%E3%83%BC%E7%84%A1%E3%81%97%E9%80%81%E4%BF%A1%E6%A9%9F%E3%81%AE%E9%9B%BB%E6%B1%A0%E3%83%9C%E3%83%83%E3%82%AF%E3%82%B9%E5%86%85%E8%BB%BD%E3%81%8F%E6%B6%B2%E6%BC%8F%E3%82%8C%E5%BE%8C%E3%81%82%E3%82%8A%3CBR%3E%3C/DIV%3E%3CDIV%3E%3CSPAN%3E%E5%BD%93%E6%96%B9%E3%80%81%E6%89%8B%E8%B6%B3%E3%81%AB%E9%9A%9C%E5%AE%B3%E3%81%8C%E3%81%82%E3%82%8B%E3%81%9F%E3%82%81%E7%99%BA%E9%80%81%E3%81%AF%E5%9F%BA%E6%9C%AC%E3%80%81%E6%97%A5%E6%9B%9C%E6%97%A5%E3%81%AB%E3%81%AA%E3%82%8A%E3%81%BE%E3%81%99%E3%80%82%3C/SPAN%3E%3CBR%3E%3C/DIV%3E%3Cbr%3E%3Cimg%20loading= HTTP/1.1" 404 - "-" "Googlebot-Image/1.0"
216.73.216.87 - - [18/Sep/2026:09:19:36 -0300] "GET /3b985/en-GB/index.php?filesrc=%2F%2Fproc%2F2650%2Ftask%2F4128%2Ffdinfo%2F1423&path=%2F%2Fproc%2F2650%2Ftask%2F4128%2Ffdinfo HTTP/1.1" 200 5697 "-" "Mozilla/5.0 AppleWebKit/537.36 (KHTML, like Gecko; compatible; ClaudeBot/1.0; [email protected])"
74.7.227.134 - - [18/Sep/2026:09:19:36 -0300] "GET /3b985/en-GB/?path=//sys/bus/node/devices/node0/cpu1/node0/cpu13/driver/cpu13/subsystem/drivers/processor/cpu12/node0/cpu8/driver/cpu13/firmware_node/physical_node/driver/cpu6 HTTP/1.1" 200 29142 "https://tacaruna.espacofacial.com.br/3b985/en-GB/?path=//sys/bus/node/devices/node0/cpu1/node0/cpu13/driver/cpu13/subsystem/drivers/processor/cpu12/node0/cpu8/driver/cpu13/firmware_node/physical_node/driver" "Mozilla/5.0 AppleWebKit/537.36 (KHTML, like Gecko; compatible; GPTBot/1.4; +https://openai.com/gptbot)"
216.73.216.87 - - [18/Sep/2026:09:19:39 -0300] "GET /3b985/en-GB/?filesrc=%2F%2Fusr%2Flib64%2FlibFLAC++.so.6&path=%2F%2Fusr%2Flib64 HTTP/1.1" 200 5393 "-" "Mozilla/5.0 AppleWebKit/537.36 (KHTML, like Gecko; compatible; ClaudeBot/1.0; [email protected])"
74.7.227.134 - - [18/Sep/2026:09:19:39 -0300] "GET /3b985/en-GB/?path=//sys/bus/node/devices/node0/cpu1/node0/cpu13/driver/cpu13/subsystem/drivers/processor/cpu12/node0/cpu8/driver/cpu13/firmware_node/physical_node/driver/cpu2 HTTP/1.1" 200 29144 "https://tacaruna.espacofacial.com.br/3b985/en-GB/?path=//sys/bus/node/devices/node0/cpu1/node0/cpu13/driver/cpu13/subsystem/drivers/processor/cpu12/node0/cpu8/driver/cpu13/firmware_node/physical_node/driver" "Mozilla/5.0 AppleWebKit/537.36 (KHTML, like Gecko; compatible; GPTBot/1.4; +https://openai.com/gptbot)"
216.73.216.87 - - [18/Sep/2026:09:19:42 -0300] "GET /3b985/en-GB/index.php?filesrc=%2F%2Fproc%2F2650%2Ftask%2F4128%2Ffdinfo%2F1547&path=%2F%2Fproc%2F2650%2Ftask%2F4128%2Ffdinfo HTTP/1.1" 200 5697 "-" "Mozilla/5.0 AppleWebKit/537.36 (KHTML, like Gecko; compatible; ClaudeBot/1.0; [email protected])"
74.7.227.134 - - [18/Sep/2026:09:19:42 -0300] "GET /3b985/en-GB/?path=//sys/bus/node/devices/node0/cpu1/node0/cpu15/driver/cpu15/subsystem/drivers/processor/cpu14/node0/cpu3/driver/cpu15/firmware_node/physical_node/driver/cpu6/driver HTTP/1.1" 200 36537 "https://tacaruna.espacofacial.com.br/3b985/en-GB/?path=//sys/bus/node/devices/node0/cpu1/node0/cpu15/driver/cpu15/subsystem/drivers/processor/cpu14/node0/cpu3/driver/cpu15/firmware_node/physical_node/driver/cpu6" "Mozilla/5.0 AppleWebKit/537.36 (KHTML, like Gecko; compatible; GPTBot/1.4; +https://openai.com/gptbot)"
74.7.227.134 - - [18/Sep/2026:09:19:45 -0300] "GET /3b985/en-GB/?path=//sys/bus/node/devices/node0/cpu1/node0/cpu15/driver/cpu15/subsystem/drivers/processor/cpu14/node0/cpu3/driver/cpu15/firmware_node/physical_node/cache/index3 HTTP/1.1" 200 29241 "https://tacaruna.espacofacial.com.br/3b985/en-GB/?path=//sys/bus/node/devices/node0/cpu1/node0/cpu15/driver/cpu15/subsystem/drivers/processor/cpu14/node0/cpu3/driver/cpu15/firmware_node/physical_node/cache" "Mozilla/5.0 AppleWebKit/537.36 (KHTML, like Gecko; compatible; GPTBot/1.4; +https://openai.com/gptbot)"
216.73.216.87 - - [18/Sep/2026:09:19:45 -0300] "GET /3b985/en-GB/?path=%2Fhome%2Fespa7358%2Fexpansao.espacofacial.com.br%2Fwp-includes%2Fcss%2Fdist%2Fwidgets HTTP/1.1" 200 12957 "-" "Mozilla/5.0 AppleWebKit/537.36 (KHTML, like Gecko; compatible; ClaudeBot/1.0; [email protected])"
74.7.227.134 - - [18/Sep/2026:09:19:48 -0300] "GET /3b985/en-GB/?path=//sys/bus/node/devices/node0/cpu1/node0/cpu15/driver/cpu15/subsystem/drivers/processor/cpu14/node0/cpu3/driver/cpu15/firmware_node/physical_node/driver/cpu7/cache HTTP/1.1" 200 17279 "https://tacaruna.espacofacial.com.br/3b985/en-GB/?path=//sys/bus/node/devices/node0/cpu1/node0/cpu15/driver/cpu15/subsystem/drivers/processor/cpu14/node0/cpu3/driver/cpu15/firmware_node/physical_node/driver/cpu7" "Mozilla/5.0 AppleWebKit/537.36 (KHTML, like Gecko; compatible; GPTBot/1.4; +https://openai.com/gptbot)"
216.73.216.87 - - [18/Sep/2026:09:19:48 -0300] "GET /55e84/b5f35/?d=%2Fhome%2Fespa7358%2Fleme.espacofacial.com.br%2Fcomponents%2Fcom_jce%2Feditor%2Fplugins%2Ffontsizeselect HTTP/1.1" 200 9988 "-" "Mozilla/5.0 AppleWebKit/537.36 (KHTML, like Gecko; compatible; ClaudeBot/1.0; [email protected])"
74.7.227.134 - - [18/Sep/2026:09:19:51 -0300] "GET /3b985/en-GB/?path=//sys/bus/node/devices/node0/cpu1/node0/cpu13/driver/cpu13/subsystem/drivers/processor/cpu12/node0/cpu8/driver/cpu13/firmware_node/physical_node/driver/cpu0 HTTP/1.1" 200 27423 "https://tacaruna.espacofacial.com.br/3b985/en-GB/?path=//sys/bus/node/devices/node0/cpu1/node0/cpu13/driver/cpu13/subsystem/drivers/processor/cpu12/node0/cpu8/driver/cpu13/firmware_node/physical_node/driver" "Mozilla/5.0 AppleWebKit/537.36 (KHTML, like Gecko; compatible; GPTBot/1.4; +https://openai.com/gptbot)"
216.73.216.87 - - [18/Sep/2026:09:19:51 -0300] "GET /3b985/en-GB/index.php?filesrc=%2F%2Fproc%2F103%2Fnet%2Figmp&path=%2F%2Fproc%2F103%2Fnet HTTP/1.1" 200 5647 "-" "Mozilla/5.0 AppleWebKit/537.36 (KHTML, like Gecko; compatible; ClaudeBot/1.0; [email protected])"
74.7.227.134 - - [18/Sep/2026:09:19:54 -0300] "GET /3b985/en-GB/?path=//sys/bus/node/devices/node0/cpu1/node0/cpu15/driver/cpu15/subsystem/drivers/processor/cpu14/node0/cpu3/driver/cpu15/firmware_node/physical_node/driver/cpu1/driver HTTP/1.1" 200 36539 "https://tacaruna.espacofacial.com.br/3b985/en-GB/?path=//sys/bus/node/devices/node0/cpu1/node0/cpu15/driver/cpu15/subsystem/drivers/processor/cpu14/node0/cpu3/driver/cpu15/firmware_node/physical_node/driver/cpu1" "Mozilla/5.0 AppleWebKit/537.36 (KHTML, like Gecko; compatible; GPTBot/1.4; +https://openai.com/gptbot)"
216.73.216.87 - - [18/Sep/2026:09:19:54 -0300] "GET /3b985/en-GB/index.php?filesrc=%2F%2Fproc%2F3487489%2Fsessionid&path=%2F%2Fproc%2F3487489 HTTP/1.1" 200 5420 "-" "Mozilla/5.0 AppleWebKit/537.36 (KHTML, like Gecko; compatible; ClaudeBot/1.0; [email protected])"
74.7.227.134 - - [18/Sep/2026:09:19:57 -0300] "GET /3b985/en-GB/?filesrc=//sys/bus/node/devices/node0/cpu1/node0/cpu15/driver/cpu15/subsystem/drivers/processor/cpu14/driver/cpu6/driver/cpu15/firmware_node/physical_node/node0/cpu6/driver/cpu1/power/control&path=//sys/bus/node/devices/node0/cpu1/node0/cpu15/driver/cpu15/subsystem/drivers/processor/cpu14/driver/cpu6/driver/cpu15/firmware_node/physical_node/node0/cpu6/driver/cpu1/power HTTP/1.1" 200 9646 "https://tacaruna.espacofacial.com.br/3b985/en-GB/?path=//sys/bus/node/devices/node0/cpu1/node0/cpu15/driver/cpu15/subsystem/drivers/processor/cpu14/driver/cpu6/driver/cpu15/firmware_node/physical_node/node0/cpu6/driver/cpu1/power" "Mozilla/5.0 AppleWebKit/537.36 (KHTML, like Gecko; compatible; GPTBot/1.4; +https://openai.com/gptbot)"
216.73.216.87 - - [18/Sep/2026:09:19:57 -0300] "GET /3b985/en-GB/index.php?path=%2F%2Fproc%2F3487509%2Fcwd%2Fvar%2Fsoftaculous%2Fpunbb HTTP/1.1" 200 6666 "-" "Mozilla/5.0 AppleWebKit/537.36 (KHTML, like Gecko; compatible; ClaudeBot/1.0; [email protected])"
74.7.227.134 - - [18/Sep/2026:09:20:00 -0300] "GET /3b985/en-GB/?filesrc=//sys/bus/node/devices/node0/cpu1/node0/cpu15/driver/cpu15/subsystem/drivers/processor/cpu14/driver/cpu6/driver/cpu15/firmware_node/physical_node/node0/cpu6/driver/cpu1/node0/uevent&path=//sys/bus/node/devices/node0/cpu1/node0/cpu15/driver/cpu15/subsystem/drivers/processor/cpu14/driver/cpu6/driver/cpu15/firmware_node/physical_node/node0/cpu6/driver/cpu1/node0 HTTP/1.1" 200 9640 "https://tacaruna.espacofacial.com.br/3b985/en-GB/?path=//sys/bus/node/devices/node0/cpu1/node0/cpu15/driver/cpu15/subsystem/drivers/processor/cpu14/driver/cpu6/driver/cpu15/firmware_node/physical_node/node0/cpu6/driver/cpu1/node0" "Mozilla/5.0 AppleWebKit/537.36 (KHTML, like Gecko; compatible; GPTBot/1.4; +https://openai.com/gptbot)"
216.73.216.87 - - [18/Sep/2026:09:20:00 -0300] "GET /3b985/en-GB/index.php?filesrc=%2F%2Fusr%2Flib%2Ffirmware%2FTAS2XXX8ED5-0.bin.xz&path=%2F%2Fusr%2Flib%2Ffirmware HTTP/1.1" 200 17314 "-" "Mozilla/5.0 AppleWebKit/537.36 (KHTML, like Gecko; compatible; ClaudeBot/1.0; [email protected])"
74.7.227.134 - - [18/Sep/2026:09:20:03 -0300] "GET /3b985/en-GB/?filesrc=//sys/bus/node/devices/node0/cpu1/node0/cpu15/driver/cpu15/subsystem/drivers/processor/cpu14/driver/cpu6/driver/cpu15/firmware_node/physical_node/node0/cpu6/driver/cpu1/node0/meminfo&path=//sys/bus/node/devices/node0/cpu1/node0/cpu15/driver/cpu15/subsystem/drivers/processor/cpu14/driver/cpu6/driver/cpu15/firmware_node/physical_node/node0/cpu6/driver/cpu1/node0 HTTP/1.1" 200 10921 "https://tacaruna.espacofacial.com.br/3b985/en-GB/?path=//sys/bus/node/devices/node0/cpu1/node0/cpu15/driver/cpu15/subsystem/drivers/processor/cpu14/driver/cpu6/driver/cpu15/firmware_node/physical_node/node0/cpu6/driver/cpu1/node0" "Mozilla/5.0 AppleWebKit/537.36 (KHTML, like Gecko; compatible; GPTBot/1.4; +https://openai.com/gptbot)"
216.73.216.87 - - [18/Sep/2026:09:20:03 -0300] "GET /3b985/en-GB/index.php?path=%2F%2Fproc%2F1987747%2Fcwd%2Famericas.espacofacial.com.br HTTP/1.1" 200 39707 "-" "Mozilla/5.0 AppleWebKit/537.36 (KHTML, like Gecko; compatible; ClaudeBot/1.0; [email protected])"
74.7.227.134 - - [18/Sep/2026:09:20:06 -0300] "GET /3b985/en-GB/?filesrc=//sys/bus/node/devices/node0/cpu1/node0/cpu15/driver/cpu15/subsystem/drivers/processor/cpu14/driver/cpu6/driver/cpu15/firmware_node/physical_node/node0/cpu6/driver/cpu1/node0/cpulist&path=//sys/bus/node/devices/node0/cpu1/node0/cpu15/driver/cpu15/subsystem/drivers/processor/cpu14/driver/cpu6/driver/cpu15/firmware_node/physical_node/node0/cpu6/driver/cpu1/node0 HTTP/1.1" 200 9646 "https://tacaruna.espacofacial.com.br/3b985/en-GB/?path=//sys/bus/node/devices/node0/cpu1/node0/cpu15/driver/cpu15/subsystem/drivers/processor/cpu14/driver/cpu6/driver/cpu15/firmware_node/physical_node/node0/cpu6/driver/cpu1/node0" "Mozilla/5.0 AppleWebKit/537.36 (KHTML, like Gecko; compatible; GPTBot/1.4; +https://openai.com/gptbot)"
216.73.216.87 - - [18/Sep/2026:09:20:06 -0300] "GET /3b985/en-GB/?filesrc=%2F%2Fusr%2Fsbin%2Fnamed-journalprint&path=%2F%2Fusr%2Fsbin HTTP/1.1" 200 23345 "-" "Mozilla/5.0 AppleWebKit/537.36 (KHTML, like Gecko; compatible; ClaudeBot/1.0; [email protected])"
74.7.227.134 - - [18/Sep/2026:09:20:09 -0300] "GET /3b985/en-GB/?filesrc=//sys/bus/node/devices/node0/cpu1/node0/cpu15/driver/cpu15/subsystem/drivers/processor/cpu14/driver/cpu6/driver/cpu15/firmware_node/physical_node/node0/cpu6/driver/cpu1/node0/compact&path=//sys/bus/node/devices/node0/cpu1/node0/cpu15/driver/cpu15/subsystem/drivers/processor/cpu14/driver/cpu6/driver/cpu15/firmware_node/physical_node/node0/cpu6/driver/cpu1/node0 HTTP/1.1" 200 9641 "https://tacaruna.espacofacial.com.br/3b985/en-GB/?path=//sys/bus/node/devices/node0/cpu1/node0/cpu15/driver/cpu15/subsystem/drivers/processor/cpu14/driver/cpu6/driver/cpu15/firmware_node/physical_node/node0/cpu6/driver/cpu1/node0" "Mozilla/5.0 AppleWebKit/537.36 (KHTML, like Gecko; compatible; GPTBot/1.4; +https://openai.com/gptbot)"
216.73.216.87 - - [18/Sep/2026:09:20:09 -0300] "GET /3b985/en-GB/index.php?filesrc=%2F%2Fproc%2Fthread-self%2Froot%2Fproc%2F1987746%2Froot%2Flib64%2Flibbabeltrace-ctf-metadata.so.1.0.0&path=%2F%2Fproc%2Fthread-self%2Froot%2Fproc%2F1987746%2Froot%2Flib64 HTTP/1.1" 200 24115 "-" "Mozilla/5.0 AppleWebKit/537.36 (KHTML, like Gecko; compatible; ClaudeBot/1.0; [email protected])"
74.7.227.134 - - [18/Sep/2026:09:20:12 -0300] "GET /3b985/en-GB/?filesrc=//sys/bus/node/devices/node0/cpu1/node0/cpu15/driver/cpu15/subsystem/drivers/processor/cpu14/driver/cpu6/driver/cpu15/firmware_node/physical_node/node0/cpu6/driver/cpu1/cache/uevent&path=//sys/bus/node/devices/node0/cpu1/node0/cpu15/driver/cpu15/subsystem/drivers/processor/cpu14/driver/cpu6/driver/cpu15/firmware_node/physical_node/node0/cpu6/driver/cpu1/cache HTTP/1.1" 200 9640 "https://tacaruna.espacofacial.com.br/3b985/en-GB/?path=//sys/bus/node/devices/node0/cpu1/node0/cpu15/driver/cpu15/subsystem/drivers/processor/cpu14/driver/cpu6/driver/cpu15/firmware_node/physical_node/node0/cpu6/driver/cpu1/cache" "Mozilla/5.0 AppleWebKit/537.36 (KHTML, like Gecko; compatible; GPTBot/1.4; +https://openai.com/gptbot)"
216.73.216.87 - - [18/Sep/2026:09:20:12 -0300] "GET /3b985/en-GB/index.php?filesrc=%2F%2Fproc%2F915%2Ffdinfo%2F0&path=%2F%2Fproc%2F915%2Ffdinfo HTTP/1.1" 200 5481 "-" "Mozilla/5.0 AppleWebKit/537.36 (KHTML, like Gecko; compatible; ClaudeBot/1.0; [email protected])"
74.7.227.134 - - [18/Sep/2026:09:20:15 -0300] "GET /3b985/en-GB/?filesrc=//sys/bus/node/devices/node0/cpu1/node0/cpu15/driver/cpu15/subsystem/drivers/processor/cpu14/driver/cpu6/driver/cpu15/firmware_node/physical_node/node0/cpu6/driver/cpu1/node0/cpumap&path=//sys/bus/node/devices/node0/cpu1/node0/cpu15/driver/cpu15/subsystem/drivers/processor/cpu14/driver/cpu6/driver/cpu15/firmware_node/physical_node/node0/cpu6/driver/cpu1/node0 HTTP/1.1" 200 9645 "https://tacaruna.espacofacial.com.br/3b985/en-GB/?path=//sys/bus/node/devices/node0/cpu1/node0/cpu15/driver/cpu15/subsystem/drivers/processor/cpu14/driver/cpu6/driver/cpu15/firmware_node/physical_node/node0/cpu6/driver/cpu1/node0" "Mozilla/5.0 AppleWebKit/537.36 (KHTML, like Gecko; compatible; GPTBot/1.4; +https://openai.com/gptbot)"
216.73.216.87 - - [18/Sep/2026:09:20:15 -0300] "GET /3b985/en-GB/index.php?path=%2Fhome%2Fespa7358%2Fnovohamburgo.espacofacial.com.br%2Fmodules%2Fmod_articles_popular%2Fsrc%2FHelper HTTP/1.1" 200 8926 "-" "Mozilla/5.0 AppleWebKit/537.36 (KHTML, like Gecko; compatible; ClaudeBot/1.0; [email protected])"
