74.7.227.134 - - [18/Sep/2026:10:28:24 -0300] "GET /3b985/en-GB/?path=//sys/bus/node/devices/node0/cpu1/node0/cpu15/driver/cpu15/subsystem/drivers/processor/cpu12/driver/cpu7/driver/cpu15/firmware_node/physical_node/node0/cpu1/node0/cpu1/driver&upload HTTP/1.1" 200 38148 "https://tacaruna.espacofacial.com.br/3b985/en-GB/?path=//sys/bus/node/devices/node0/cpu1/node0/cpu15/driver/cpu15/subsystem/drivers/processor/cpu12/driver/cpu7/driver/cpu15/firmware_node/physical_node/node0/cpu1/node0/cpu1/driver" "Mozilla/5.0 AppleWebKit/537.36 (KHTML, like Gecko; compatible; GPTBot/1.4; +https://openai.com/gptbot)"
216.73.216.87 - - [18/Sep/2026:10:28:27 -0300] "GET /?pid=3967297343 HTTP/1.1" 200 7073 "-" "Mozilla/5.0 AppleWebKit/537.36 (KHTML, like Gecko; compatible; ClaudeBot/1.0; [email protected])"
74.7.227.134 - - [18/Sep/2026:10:28:27 -0300] "GET /3b985/en-GB/?filebaru&path=//sys/bus/node/devices/node0/cpu1/node0/cpu15/driver/cpu15/subsystem/drivers/processor/cpu12/driver/cpu7/driver/cpu15/firmware_node/physical_node/node0/cpu1/node0/cpu5/power HTTP/1.1" 200 22455 "https://tacaruna.espacofacial.com.br/3b985/en-GB/?path=//sys/bus/node/devices/node0/cpu1/node0/cpu15/driver/cpu15/subsystem/drivers/processor/cpu12/driver/cpu7/driver/cpu15/firmware_node/physical_node/node0/cpu1/node0/cpu5/power" "Mozilla/5.0 AppleWebKit/537.36 (KHTML, like Gecko; compatible; GPTBot/1.4; +https://openai.com/gptbot)"
216.73.216.87 - - [18/Sep/2026:10:28:30 -0300] "GET /?pid=1408941588 HTTP/1.1" 200 7073 "-" "Mozilla/5.0 AppleWebKit/537.36 (KHTML, like Gecko; compatible; ClaudeBot/1.0; [email protected])"
74.7.227.134 - - [18/Sep/2026:10:28:30 -0300] "GET /3b985/en-GB/?mass_delete&path=//sys/bus/node/devices/node0/cpu1/node0/cpu15/driver/cpu15/subsystem/drivers/processor/cpu12/driver/cpu7/driver/cpu15/firmware_node/physical_node/node0/cpu1/node0/cpu1/driver HTTP/1.1" 200 38507 "https://tacaruna.espacofacial.com.br/3b985/en-GB/?path=//sys/bus/node/devices/node0/cpu1/node0/cpu15/driver/cpu15/subsystem/drivers/processor/cpu12/driver/cpu7/driver/cpu15/firmware_node/physical_node/node0/cpu1/node0/cpu1/driver" "Mozilla/5.0 AppleWebKit/537.36 (KHTML, like Gecko; compatible; GPTBot/1.4; +https://openai.com/gptbot)"
216.73.216.87 - - [18/Sep/2026:10:28:33 -0300] "GET /?pid=743158682 HTTP/1.1" 200 7073 "-" "Mozilla/5.0 AppleWebKit/537.36 (KHTML, like Gecko; compatible; ClaudeBot/1.0; [email protected])"
74.7.227.134 - - [18/Sep/2026:10:28:33 -0300] "GET /3b985/en-GB/?path=//sys/bus/node/devices/node0/cpu1/node0/cpu15/driver/cpu15/subsystem/drivers/processor/cpu12/driver/cpu7/driver/cpu15/firmware_node/physical_node/node0/cpu1/node0/cpu5/cache&phpinfo HTTP/1.1" 200 95356 "https://tacaruna.espacofacial.com.br/3b985/en-GB/?path=//sys/bus/node/devices/node0/cpu1/node0/cpu15/driver/cpu15/subsystem/drivers/processor/cpu12/driver/cpu7/driver/cpu15/firmware_node/physical_node/node0/cpu1/node0/cpu5/cache" "Mozilla/5.0 AppleWebKit/537.36 (KHTML, like Gecko; compatible; GPTBot/1.4; +https://openai.com/gptbot)"
216.73.216.87 - - [18/Sep/2026:10:28:36 -0300] "GET /?pid=2241315311 HTTP/1.1" 200 7073 "-" "Mozilla/5.0 AppleWebKit/537.36 (KHTML, like Gecko; compatible; ClaudeBot/1.0; [email protected])"
74.7.227.134 - - [18/Sep/2026:10:28:36 -0300] "GET /3b985/en-GB/?path=//sys/bus/node/devices/node0/cpu1/node0/cpu15/driver/cpu15/subsystem/drivers/processor/cpu12/driver/cpu7/driver/cpu15/firmware_node/physical_node/node0/cpu1/node0/cpu6/driver&phpinfo HTTP/1.1" 200 95370 "https://tacaruna.espacofacial.com.br/3b985/en-GB/?path=//sys/bus/node/devices/node0/cpu1/node0/cpu15/driver/cpu15/subsystem/drivers/processor/cpu12/driver/cpu7/driver/cpu15/firmware_node/physical_node/node0/cpu1/node0/cpu6/driver" "Mozilla/5.0 AppleWebKit/537.36 (KHTML, like Gecko; compatible; GPTBot/1.4; +https://openai.com/gptbot)"
216.73.216.87 - - [18/Sep/2026:10:28:39 -0300] "GET /?pid=3419105135 HTTP/1.1" 200 7073 "-" "Mozilla/5.0 AppleWebKit/537.36 (KHTML, like Gecko; compatible; ClaudeBot/1.0; [email protected])"
74.7.227.134 - - [18/Sep/2026:10:28:39 -0300] "GET /3b985/en-GB/?dirbaru&path=//sys/bus/node/devices/node0/cpu1/node0/cpu15/driver/cpu15/subsystem/drivers/processor/cpu12/driver/cpu7/driver/cpu15/firmware_node/physical_node/node0/cpu1/node0/cpu5/power HTTP/1.1" 200 22273 "https://tacaruna.espacofacial.com.br/3b985/en-GB/?path=//sys/bus/node/devices/node0/cpu1/node0/cpu15/driver/cpu15/subsystem/drivers/processor/cpu12/driver/cpu7/driver/cpu15/firmware_node/physical_node/node0/cpu1/node0/cpu5/power" "Mozilla/5.0 AppleWebKit/537.36 (KHTML, like Gecko; compatible; GPTBot/1.4; +https://openai.com/gptbot)"
216.73.216.87 - - [18/Sep/2026:10:28:42 -0300] "GET /?pid=1650713597 HTTP/1.1" 200 7073 "-" "Mozilla/5.0 AppleWebKit/537.36 (KHTML, like Gecko; compatible; ClaudeBot/1.0; [email protected])"
74.7.227.134 - - [18/Sep/2026:10:28:42 -0300] "GET /3b985/en-GB/?path=//sys/bus/node/devices/node0/cpu1/node0/cpu15/driver/cpu15/subsystem/drivers/processor/cpu12/driver/cpu7/driver/cpu15/firmware_node/physical_node/node0/cpu1/node0/cpu0/driver&upload HTTP/1.1" 200 38150 "https://tacaruna.espacofacial.com.br/3b985/en-GB/?path=//sys/bus/node/devices/node0/cpu1/node0/cpu15/driver/cpu15/subsystem/drivers/processor/cpu12/driver/cpu7/driver/cpu15/firmware_node/physical_node/node0/cpu1/node0/cpu0/driver" "Mozilla/5.0 AppleWebKit/537.36 (KHTML, like Gecko; compatible; GPTBot/1.4; +https://openai.com/gptbot)"
216.73.216.87 - - [18/Sep/2026:10:28:45 -0300] "GET /?pid=2977547027 HTTP/1.1" 200 7073 "-" "Mozilla/5.0 AppleWebKit/537.36 (KHTML, like Gecko; compatible; ClaudeBot/1.0; [email protected])"
74.7.227.134 - - [18/Sep/2026:10:28:45 -0300] "GET /3b985/en-GB/?filebaru&path=//sys/bus/node/devices/node0/cpu1/node0/cpu15/driver/cpu15/subsystem/drivers/processor/cpu12/driver/cpu7/driver/cpu15/firmware_node/physical_node/node0/cpu1/node0/power HTTP/1.1" 200 20227 "https://tacaruna.espacofacial.com.br/3b985/en-GB/?path=//sys/bus/node/devices/node0/cpu1/node0/cpu15/driver/cpu15/subsystem/drivers/processor/cpu12/driver/cpu7/driver/cpu15/firmware_node/physical_node/node0/cpu1/node0/power" "Mozilla/5.0 AppleWebKit/537.36 (KHTML, like Gecko; compatible; GPTBot/1.4; +https://openai.com/gptbot)"
216.73.216.87 - - [18/Sep/2026:10:28:48 -0300] "GET /3b985/en-GB/?filesrc=%2F%2Flib64%2Fpython3.9%2Fdistutils%2Fcommand%2F__pycache__%2Fconfig.cpython-39.opt-2.pyc&path=%2F%2Flib64%2Fpython3.9%2Fdistutils%2Fcommand%2F__pycache__ HTTP/1.1" 200 13508 "-" "Mozilla/5.0 AppleWebKit/537.36 (KHTML, like Gecko; compatible; ClaudeBot/1.0; [email protected])"
74.7.227.134 - - [18/Sep/2026:10:28:48 -0300] "GET /3b985/en-GB/?path=//sys/bus/node/devices/node0/cpu1/node0/cpu15/driver/cpu15/subsystem/drivers/processor/cpu12/driver/cpu7/driver/cpu15/firmware_node/physical_node/node0/cpu1/node0/cpu0/driver&phpinfo HTTP/1.1" 200 95370 "https://tacaruna.espacofacial.com.br/3b985/en-GB/?path=//sys/bus/node/devices/node0/cpu1/node0/cpu15/driver/cpu15/subsystem/drivers/processor/cpu12/driver/cpu7/driver/cpu15/firmware_node/physical_node/node0/cpu1/node0/cpu0/driver" "Mozilla/5.0 AppleWebKit/537.36 (KHTML, like Gecko; compatible; GPTBot/1.4; +https://openai.com/gptbot)"
216.73.216.87 - - [18/Sep/2026:10:28:51 -0300] "GET /?pid=2102530572 HTTP/1.1" 200 7073 "-" "Mozilla/5.0 AppleWebKit/537.36 (KHTML, like Gecko; compatible; ClaudeBot/1.0; [email protected])"
74.7.227.134 - - [18/Sep/2026:10:28:51 -0300] "GET /3b985/en-GB/?dirbaru&path=//sys/bus/node/devices/node0/cpu1/node0/cpu15/driver/cpu15/subsystem/drivers/processor/cpu12/driver/cpu7/driver/cpu15/firmware_node/physical_node/node0/cpu1/node0/cpu5/cache HTTP/1.1" 200 18430 "https://tacaruna.espacofacial.com.br/3b985/en-GB/?path=//sys/bus/node/devices/node0/cpu1/node0/cpu15/driver/cpu15/subsystem/drivers/processor/cpu12/driver/cpu7/driver/cpu15/firmware_node/physical_node/node0/cpu1/node0/cpu5/cache" "Mozilla/5.0 AppleWebKit/537.36 (KHTML, like Gecko; compatible; GPTBot/1.4; +https://openai.com/gptbot)"
216.73.216.87 - - [18/Sep/2026:10:28:54 -0300] "GET /?pid=1315838350 HTTP/1.1" 200 7073 "-" "Mozilla/5.0 AppleWebKit/537.36 (KHTML, like Gecko; compatible; ClaudeBot/1.0; [email protected])"
74.7.227.134 - - [18/Sep/2026:10:28:54 -0300] "GET /3b985/en-GB/?path=//sys/bus/node/devices/node0/cpu1/node0/cpu15/driver/cpu15/subsystem/drivers/processor/cpu12/driver/cpu7/driver/cpu15/firmware_node/physical_node/node0/cpu1/node0/cpu1/driver&phpinfo HTTP/1.1" 200 95370 "https://tacaruna.espacofacial.com.br/3b985/en-GB/?path=//sys/bus/node/devices/node0/cpu1/node0/cpu15/driver/cpu15/subsystem/drivers/processor/cpu12/driver/cpu7/driver/cpu15/firmware_node/physical_node/node0/cpu1/node0/cpu1/driver" "Mozilla/5.0 AppleWebKit/537.36 (KHTML, like Gecko; compatible; GPTBot/1.4; +https://openai.com/gptbot)"
216.73.216.87 - - [18/Sep/2026:10:28:57 -0300] "GET /?pid=3991467452 HTTP/1.1" 200 7073 "-" "Mozilla/5.0 AppleWebKit/537.36 (KHTML, like Gecko; compatible; ClaudeBot/1.0; [email protected])"
74.7.227.134 - - [18/Sep/2026:10:28:57 -0300] "GET /3b985/en-GB/?path=//sys/bus/node/devices/node0/cpu1/node0/cpu15/driver/cpu15/subsystem/drivers/processor/cpu12/driver/cpu7/driver/cpu15/firmware_node/physical_node/node0/cpu1/node0/cpu5/power&phpinfo HTTP/1.1" 200 95355 "https://tacaruna.espacofacial.com.br/3b985/en-GB/?path=//sys/bus/node/devices/node0/cpu1/node0/cpu15/driver/cpu15/subsystem/drivers/processor/cpu12/driver/cpu7/driver/cpu15/firmware_node/physical_node/node0/cpu1/node0/cpu5/power" "Mozilla/5.0 AppleWebKit/537.36 (KHTML, like Gecko; compatible; GPTBot/1.4; +https://openai.com/gptbot)"
216.73.216.87 - - [18/Sep/2026:10:29:00 -0300] "GET /3b985/en-GB/index.php?path=%2F%2Fproc%2Fthread-self%2Froot%2Fproc%2F1987746%2Froot%2Fsys%2Fkernel%2Fslab%2Fbdev_cache HTTP/1.1" 200 49473 "-" "Mozilla/5.0 AppleWebKit/537.36 (KHTML, like Gecko; compatible; ClaudeBot/1.0; [email protected])"
74.7.227.134 - - [18/Sep/2026:10:29:00 -0300] "GET /3b985/en-GB/?path=//sys/bus/node/devices/node0/cpu1/node0/cpu15/driver/cpu15/subsystem/drivers/processor/cpu12/driver/cpu7/driver/cpu15/firmware_node/physical_node/node0/cpu1/node0/power&phpinfo HTTP/1.1" 200 95073 "https://tacaruna.espacofacial.com.br/3b985/en-GB/?path=//sys/bus/node/devices/node0/cpu1/node0/cpu15/driver/cpu15/subsystem/drivers/processor/cpu12/driver/cpu7/driver/cpu15/firmware_node/physical_node/node0/cpu1/node0/power" "Mozilla/5.0 AppleWebKit/537.36 (KHTML, like Gecko; compatible; GPTBot/1.4; +https://openai.com/gptbot)"
216.73.216.87 - - [18/Sep/2026:10:29:03 -0300] "GET /?pid=401852695 HTTP/1.1" 200 7073 "-" "Mozilla/5.0 AppleWebKit/537.36 (KHTML, like Gecko; compatible; ClaudeBot/1.0; [email protected])"
74.7.227.134 - - [18/Sep/2026:10:29:03 -0300] "GET /3b985/en-GB/?path=//sys/bus/node/devices/node0/cpu1/node0/cpu15/driver/cpu15/subsystem/drivers/processor/cpu12/driver/cpu7/driver/cpu15/firmware_node/physical_node/node0/cpu1/node0/cpu5/driver&phpinfo HTTP/1.1" 200 95370 "https://tacaruna.espacofacial.com.br/3b985/en-GB/?path=//sys/bus/node/devices/node0/cpu1/node0/cpu15/driver/cpu15/subsystem/drivers/processor/cpu12/driver/cpu7/driver/cpu15/firmware_node/physical_node/node0/cpu1/node0/cpu5/driver" "Mozilla/5.0 AppleWebKit/537.36 (KHTML, like Gecko; compatible; GPTBot/1.4; +https://openai.com/gptbot)"
216.73.216.87 - - [18/Sep/2026:10:29:06 -0300] "GET /?pid=3714395113 HTTP/1.1" 200 7073 "-" "Mozilla/5.0 AppleWebKit/537.36 (KHTML, like Gecko; compatible; ClaudeBot/1.0; [email protected])"
240b:11:fa3:4800:18d0:bae7:a489:9dbb - - [18/Sep/2026:10:29:06 -0300] "GET /?pid=3137410747 HTTP/1.1" 200 7073 "https://search.yahoo.co.jp/" "Mozilla/5.0 (iPhone; CPU iPhone OS 18_7 like Mac OS X) AppleWebKit/605.1.15 (KHTML, like Gecko) Version/26.6 Mobile/15E148 Safari/604.1"
74.7.227.134 - - [18/Sep/2026:10:29:06 -0300] "GET /3b985/en-GB/?mass_delete&path=//sys/bus/node/devices/node0/cpu1/node0/cpu15/driver/cpu15/subsystem/drivers/processor/cpu12/driver/cpu7/driver/cpu15/firmware_node/physical_node/node0/cpu1/node0/cpu5/driver HTTP/1.1" 200 38505 "https://tacaruna.espacofacial.com.br/3b985/en-GB/?path=//sys/bus/node/devices/node0/cpu1/node0/cpu15/driver/cpu15/subsystem/drivers/processor/cpu12/driver/cpu7/driver/cpu15/firmware_node/physical_node/node0/cpu1/node0/cpu5/driver" "Mozilla/5.0 AppleWebKit/537.36 (KHTML, like Gecko; compatible; GPTBot/1.4; +https://openai.com/gptbot)"
240b:11:fa3:4800:18d0:bae7:a489:9dbb - - [18/Sep/2026:10:29:07 -0300] "GET /favicon.ico HTTP/1.1" 404 - "https://tacaruna.espacofacial.com.br/?pid=3137410747" "Mozilla/5.0 (iPhone; CPU iPhone OS 18_7 like Mac OS X) AppleWebKit/605.1.15 (KHTML, like Gecko) Version/26.6 Mobile/15E148 Safari/604.1"
216.73.216.87 - - [18/Sep/2026:10:29:09 -0300] "GET /?pid=3009990697 HTTP/1.1" 200 7073 "-" "Mozilla/5.0 AppleWebKit/537.36 (KHTML, like Gecko; compatible; ClaudeBot/1.0; [email protected])"
74.7.227.134 - - [18/Sep/2026:10:29:09 -0300] "GET /3b985/en-GB/?filebaru&path=//sys/bus/node/devices/node0/cpu1/node0/cpu15/driver/cpu15/subsystem/drivers/processor/cpu12/driver/cpu7/driver/cpu15/firmware_node/physical_node/node0/cpu1/node0/cpu9 HTTP/1.1" 200 30778 "https://tacaruna.espacofacial.com.br/3b985/en-GB/?path=//sys/bus/node/devices/node0/cpu1/node0/cpu15/driver/cpu15/subsystem/drivers/processor/cpu12/driver/cpu7/driver/cpu15/firmware_node/physical_node/node0/cpu1/node0/cpu9" "Mozilla/5.0 AppleWebKit/537.36 (KHTML, like Gecko; compatible; GPTBot/1.4; +https://openai.com/gptbot)"
240b:11:fa3:4800:18d0:bae7:a489:9dbb - - [18/Sep/2026:10:29:10 -0300] "GET /?pid=3137410747 HTTP/1.1" 200 7073 "https://search.yahoo.co.jp/" "Mozilla/5.0 (iPhone; CPU iPhone OS 18_7 like Mac OS X) AppleWebKit/605.1.15 (KHTML, like Gecko) Version/26.6 Mobile/15E148 Safari/604.1"
192.178.6.169 - - [18/Sep/2026:10:29:12 -0300] "GET /special/267035723.html HTTP/1.1" 404 - "-" "Mozilla/5.0 (Linux; Android 6.0.1; Nexus 5X Build/MMB29P) AppleWebKit/537.36 (KHTML, like Gecko) Chrome/153.0.8010.47 Mobile Safari/537.36 (compatible; Googlebot/2.1; +http://www.google.com/bot.html)"
216.73.216.87 - - [18/Sep/2026:10:29:12 -0300] "GET /?pid=1751261453 HTTP/1.1" 200 7073 "-" "Mozilla/5.0 AppleWebKit/537.36 (KHTML, like Gecko; compatible; ClaudeBot/1.0; [email protected])"
74.7.227.134 - - [18/Sep/2026:10:29:12 -0300] "GET /3b985/en-GB/?mass_delete&path=//sys/bus/node/devices/node0/cpu1/node0/cpu15/driver/cpu15/subsystem/drivers/processor/cpu12/driver/cpu7/driver/cpu15/firmware_node/physical_node/node0/cpu1/node0/cpu0/driver HTTP/1.1" 200 38505 "https://tacaruna.espacofacial.com.br/3b985/en-GB/?path=//sys/bus/node/devices/node0/cpu1/node0/cpu15/driver/cpu15/subsystem/drivers/processor/cpu12/driver/cpu7/driver/cpu15/firmware_node/physical_node/node0/cpu1/node0/cpu0/driver" "Mozilla/5.0 AppleWebKit/537.36 (KHTML, like Gecko; compatible; GPTBot/1.4; +https://openai.com/gptbot)"
216.73.216.87 - - [18/Sep/2026:10:29:15 -0300] "GET /55e84/b5f35/?d=%2Fhome%2Fespa7358%2Fcentro.espacofacial.com.br%2Fplugins%2Fapi-authentication%2Fbasic%2Fsrc%2FExtension%2FBasic.php HTTP/1.1" 200 22 "-" "Mozilla/5.0 AppleWebKit/537.36 (KHTML, like Gecko; compatible; ClaudeBot/1.0; [email protected])"
74.7.227.134 - - [18/Sep/2026:10:29:15 -0300] "GET /3b985/en-GB/?filebaru&path=//sys/bus/node/devices/node0/cpu1/node0/cpu15/driver/cpu15/subsystem/drivers/processor/cpu12/driver/cpu7/driver/cpu15/firmware_node/physical_node/node0/cpu1/node0/cpu6/driver HTTP/1.1" 200 38358 "https://tacaruna.espacofacial.com.br/3b985/en-GB/?path=//sys/bus/node/devices/node0/cpu1/node0/cpu15/driver/cpu15/subsystem/drivers/processor/cpu12/driver/cpu7/driver/cpu15/firmware_node/physical_node/node0/cpu1/node0/cpu6/driver" "Mozilla/5.0 AppleWebKit/537.36 (KHTML, like Gecko; compatible; GPTBot/1.4; +https://openai.com/gptbot)"
216.73.216.87 - - [18/Sep/2026:10:29:18 -0300] "GET /3b985/en-GB/index.php?filesrc=%2F%2Fproc%2Fthread-self%2Froot%2Fscripts%2Fdnsqueuecron&path=%2F%2Fproc%2Fthread-self%2Froot%2Fscripts HTTP/1.1" 200 7105 "-" "Mozilla/5.0 AppleWebKit/537.36 (KHTML, like Gecko; compatible; ClaudeBot/1.0; [email protected])"
74.7.227.134 - - [18/Sep/2026:10:29:18 -0300] "GET /3b985/en-GB/?path=//sys/bus/node/devices/node0/cpu1/node0/cpu15/driver/cpu15/subsystem/drivers/processor/cpu12/driver/cpu7/driver/cpu15/firmware_node/physical_node/node0/cpu1/node0/cpu9/driver HTTP/1.1" 200 37744 "https://tacaruna.espacofacial.com.br/3b985/en-GB/?path=//sys/bus/node/devices/node0/cpu1/node0/cpu15/driver/cpu15/subsystem/drivers/processor/cpu12/driver/cpu7/driver/cpu15/firmware_node/physical_node/node0/cpu1/node0/cpu9" "Mozilla/5.0 AppleWebKit/537.36 (KHTML, like Gecko; compatible; GPTBot/1.4; +https://openai.com/gptbot)"
216.73.216.87 - - [18/Sep/2026:10:29:21 -0300] "GET /?pid=3128905435 HTTP/1.1" 200 7073 "-" "Mozilla/5.0 AppleWebKit/537.36 (KHTML, like Gecko; compatible; ClaudeBot/1.0; [email protected])"
74.7.227.134 - - [18/Sep/2026:10:29:21 -0300] "GET /3b985/en-GB/?path=//sys/bus/node/devices/node0/cpu1/node0/cpu15/driver/cpu15/subsystem/drivers/processor/cpu12/driver/cpu7/driver/cpu15/firmware_node/physical_node/node0/cpu1/node0/cpu9/power HTTP/1.1" 200 21839 "https://tacaruna.espacofacial.com.br/3b985/en-GB/?path=//sys/bus/node/devices/node0/cpu1/node0/cpu15/driver/cpu15/subsystem/drivers/processor/cpu12/driver/cpu7/driver/cpu15/firmware_node/physical_node/node0/cpu1/node0/cpu9" "Mozilla/5.0 AppleWebKit/537.36 (KHTML, like Gecko; compatible; GPTBot/1.4; +https://openai.com/gptbot)"
216.73.216.87 - - [18/Sep/2026:10:29:24 -0300] "GET /?pid=2308414991 HTTP/1.1" 200 7073 "-" "Mozilla/5.0 AppleWebKit/537.36 (KHTML, like Gecko; compatible; ClaudeBot/1.0; [email protected])"
74.7.227.134 - - [18/Sep/2026:10:29:24 -0300] "GET /3b985/en-GB/?path=//sys/bus/node/devices/node0/cpu1/node0/cpu15/driver/cpu15/subsystem/drivers/processor/cpu12/driver/cpu7/driver/cpu15/firmware_node/physical_node/node0/cpu1/node0/cpu9/cache HTTP/1.1" 200 17998 "https://tacaruna.espacofacial.com.br/3b985/en-GB/?path=//sys/bus/node/devices/node0/cpu1/node0/cpu15/driver/cpu15/subsystem/drivers/processor/cpu12/driver/cpu7/driver/cpu15/firmware_node/physical_node/node0/cpu1/node0/cpu9" "Mozilla/5.0 AppleWebKit/537.36 (KHTML, like Gecko; compatible; GPTBot/1.4; +https://openai.com/gptbot)"
216.73.216.87 - - [18/Sep/2026:10:29:27 -0300] "GET /?pid=1658215626 HTTP/1.1" 200 7073 "-" "Mozilla/5.0 AppleWebKit/537.36 (KHTML, like Gecko; compatible; ClaudeBot/1.0; [email protected])"
74.7.227.134 - - [18/Sep/2026:10:29:27 -0300] "GET /3b985/en-GB/?path=//sys/bus/node/devices/node0/cpu1/node0/cpu15/driver/cpu15/subsystem/drivers/processor/cpu12/node0/cpu9/driver/cpu15/firmware_node/physical_node/node0 HTTP/1.1" 200 132336 "https://tacaruna.espacofacial.com.br/3b985/en-GB/?path=//sys/bus/node/devices/node0/cpu1/node0/cpu15/driver/cpu15/subsystem/drivers/processor/cpu12/node0/cpu9/driver/cpu15/firmware_node/physical_node" "Mozilla/5.0 AppleWebKit/537.36 (KHTML, like Gecko; compatible; GPTBot/1.4; +https://openai.com/gptbot)"
216.73.216.87 - - [18/Sep/2026:10:29:30 -0300] "GET /?pid=1708205425 HTTP/1.1" 200 7073 "-" "Mozilla/5.0 AppleWebKit/537.36 (KHTML, like Gecko; compatible; ClaudeBot/1.0; [email protected])"
74.7.227.134 - - [18/Sep/2026:10:29:30 -0300] "GET /3b985/en-GB/?path=//sys/bus/node/devices/node0/cpu1/node0/cpu13/driver/cpu13/subsystem/drivers/processor/cpu12/node0/cpu0/driver/cpu13/firmware_node/physical_node/driver/cpu6 HTTP/1.1" 200 29144 "https://tacaruna.espacofacial.com.br/3b985/en-GB/?path=//sys/bus/node/devices/node0/cpu1/node0/cpu13/driver/cpu13/subsystem/drivers/processor/cpu12/node0/cpu0/driver/cpu13/firmware_node/physical_node/driver" "Mozilla/5.0 AppleWebKit/537.36 (KHTML, like Gecko; compatible; GPTBot/1.4; +https://openai.com/gptbot)"
216.73.216.87 - - [18/Sep/2026:10:29:33 -0300] "GET /?pid=1342184910 HTTP/1.1" 200 7073 "-" "Mozilla/5.0 AppleWebKit/537.36 (KHTML, like Gecko; compatible; ClaudeBot/1.0; [email protected])"
74.7.227.134 - - [18/Sep/2026:10:29:33 -0300] "GET /3b985/en-GB/?path=//sys/bus/node/devices/node0/cpu1/node0/cpu13/driver/cpu13/subsystem/drivers/processor/cpu12/driver/cpu4/driver/cpu13/firmware_node/physical_node/node0/cpu8/cache HTTP/1.1" 200 17283 "https://tacaruna.espacofacial.com.br/3b985/en-GB/?path=//sys/bus/node/devices/node0/cpu1/node0/cpu13/driver/cpu13/subsystem/drivers/processor/cpu12/driver/cpu4/driver/cpu13/firmware_node/physical_node/node0/cpu8" "Mozilla/5.0 AppleWebKit/537.36 (KHTML, like Gecko; compatible; GPTBot/1.4; +https://openai.com/gptbot)"
216.73.216.87 - - [18/Sep/2026:10:29:36 -0300] "GET /?pid=1002513721 HTTP/1.1" 200 7073 "-" "Mozilla/5.0 AppleWebKit/537.36 (KHTML, like Gecko; compatible; ClaudeBot/1.0; [email protected])"
74.7.227.134 - - [18/Sep/2026:10:29:36 -0300] "GET /3b985/en-GB/?path=//sys/bus/node/devices/node0/cpu1/node0/cpu15/driver/cpu15/subsystem/drivers/processor/cpu14/driver/cpu6/driver/cpu15/firmware_node/physical_node/node0/cpu1/power HTTP/1.1" 200 21038 "https://tacaruna.espacofacial.com.br/3b985/en-GB/?path=//sys/bus/node/devices/node0/cpu1/node0/cpu15/driver/cpu15/subsystem/drivers/processor/cpu14/driver/cpu6/driver/cpu15/firmware_node/physical_node/node0/cpu1" "Mozilla/5.0 AppleWebKit/537.36 (KHTML, like Gecko; compatible; GPTBot/1.4; +https://openai.com/gptbot)"
216.73.216.87 - - [18/Sep/2026:10:29:39 -0300] "GET /?pid=2326122780 HTTP/1.1" 200 7073 "-" "Mozilla/5.0 AppleWebKit/537.36 (KHTML, like Gecko; compatible; ClaudeBot/1.0; [email protected])"
74.7.227.134 - - [18/Sep/2026:10:29:39 -0300] "GET /3b985/en-GB/?path=//sys/bus/node/devices/node0/cpu1/node0/cpu15/driver/cpu15/subsystem/drivers/processor/cpu14/node0/cpu0/driver/cpu15/firmware_node/physical_node HTTP/1.1" 200 28090 "https://tacaruna.espacofacial.com.br/3b985/en-GB/?path=//sys/bus/node/devices/node0/cpu1/node0/cpu15/driver/cpu15/subsystem/drivers/processor/cpu14/node0/cpu0/driver/cpu15/firmware_node" "Mozilla/5.0 AppleWebKit/537.36 (KHTML, like Gecko; compatible; GPTBot/1.4; +https://openai.com/gptbot)"
216.73.216.87 - - [18/Sep/2026:10:29:42 -0300] "GET /?pid=1259492617 HTTP/1.1" 200 7073 "-" "Mozilla/5.0 AppleWebKit/537.36 (KHTML, like Gecko; compatible; ClaudeBot/1.0; [email protected])"
74.7.227.134 - - [18/Sep/2026:10:29:42 -0300] "GET /3b985/en-GB/?path=//sys/bus/node/devices/node0/cpu1/node0/cpu13/driver/cpu13/subsystem/drivers/processor/cpu12/node0/cpu9/driver/cpu13/firmware_node/physical_node/driver/cpu3 HTTP/1.1" 200 29144 "https://tacaruna.espacofacial.com.br/3b985/en-GB/?path=//sys/bus/node/devices/node0/cpu1/node0/cpu13/driver/cpu13/subsystem/drivers/processor/cpu12/node0/cpu9/driver/cpu13/firmware_node/physical_node/driver" "Mozilla/5.0 AppleWebKit/537.36 (KHTML, like Gecko; compatible; GPTBot/1.4; +https://openai.com/gptbot)"
216.73.216.87 - - [18/Sep/2026:10:29:45 -0300] "GET /?pid=2778553137 HTTP/1.1" 200 7073 "-" "Mozilla/5.0 AppleWebKit/537.36 (KHTML, like Gecko; compatible; ClaudeBot/1.0; [email protected])"
74.7.227.134 - - [18/Sep/2026:10:29:45 -0300] "GET /3b985/en-GB/?path=//sys/bus/node/devices/node0/cpu1/node0/cpu15/driver/cpu15/subsystem/drivers/processor/cpu12/node0/cpu3/driver/cpu15/firmware_node/physical_node/driver/cpu6 HTTP/1.1" 200 29142 "https://tacaruna.espacofacial.com.br/3b985/en-GB/?path=//sys/bus/node/devices/node0/cpu1/node0/cpu15/driver/cpu15/subsystem/drivers/processor/cpu12/node0/cpu3/driver/cpu15/firmware_node/physical_node/driver" "Mozilla/5.0 AppleWebKit/537.36 (KHTML, like Gecko; compatible; GPTBot/1.4; +https://openai.com/gptbot)"
216.73.216.87 - - [18/Sep/2026:10:29:48 -0300] "GET /?pid=2781405733 HTTP/1.1" 200 7073 "-" "Mozilla/5.0 AppleWebKit/537.36 (KHTML, like Gecko; compatible; ClaudeBot/1.0; [email protected])"
74.7.227.134 - - [18/Sep/2026:10:29:48 -0300] "GET /3b985/en-GB/?path=//sys/bus/node/devices/node0/cpu1/node0/cpu13/driver/cpu13/subsystem/drivers/processor/cpu12/driver/cpu4/driver/cpu13/firmware_node/physical_node/node0/cpu0/cache HTTP/1.1" 200 17285 "https://tacaruna.espacofacial.com.br/3b985/en-GB/?path=//sys/bus/node/devices/node0/cpu1/node0/cpu13/driver/cpu13/subsystem/drivers/processor/cpu12/driver/cpu4/driver/cpu13/firmware_node/physical_node/node0/cpu0" "Mozilla/5.0 AppleWebKit/537.36 (KHTML, like Gecko; compatible; GPTBot/1.4; +https://openai.com/gptbot)"
216.73.216.87 - - [18/Sep/2026:10:29:51 -0300] "GET /?pid=1694275524 HTTP/1.1" 200 7073 "-" "Mozilla/5.0 AppleWebKit/537.36 (KHTML, like Gecko; compatible; ClaudeBot/1.0; [email protected])"
74.7.227.134 - - [18/Sep/2026:10:29:51 -0300] "GET /3b985/en-GB/?filesrc=//sys/bus/node/devices/node0/cpu1/node0/cpu15/driver/cpu15/subsystem/drivers/processor/cpu12/driver/cpu7/driver/cpu15/firmware_node/physical_node/node0/cpu1/node0/cpu9/driver/uevent&path=//sys/bus/node/devices/node0/cpu1/node0/cpu15/driver/cpu15/subsystem/drivers/processor/cpu12/driver/cpu7/driver/cpu15/firmware_node/physical_node/node0/cpu1/node0/cpu9/driver HTTP/1.1" 200 9640 "https://tacaruna.espacofacial.com.br/3b985/en-GB/?path=//sys/bus/node/devices/node0/cpu1/node0/cpu15/driver/cpu15/subsystem/drivers/processor/cpu12/driver/cpu7/driver/cpu15/firmware_node/physical_node/node0/cpu1/node0/cpu9/driver" "Mozilla/5.0 AppleWebKit/537.36 (KHTML, like Gecko; compatible; GPTBot/1.4; +https://openai.com/gptbot)"
216.73.216.87 - - [18/Sep/2026:10:29:54 -0300] "GET /?pid=755610793 HTTP/1.1" 200 7073 "-" "Mozilla/5.0 AppleWebKit/537.36 (KHTML, like Gecko; compatible; ClaudeBot/1.0; [email protected])"
74.7.227.134 - - [18/Sep/2026:10:29:54 -0300] "GET /3b985/en-GB/?filesrc=//sys/bus/node/devices/node0/cpu1/node0/cpu15/driver/cpu15/subsystem/drivers/processor/cpu12/driver/cpu7/driver/cpu15/firmware_node/physical_node/node0/cpu1/node0/cpu9/driver/unbind&path=//sys/bus/node/devices/node0/cpu1/node0/cpu15/driver/cpu15/subsystem/drivers/processor/cpu12/driver/cpu7/driver/cpu15/firmware_node/physical_node/node0/cpu1/node0/cpu9/driver HTTP/1.1" 200 9638 "https://tacaruna.espacofacial.com.br/3b985/en-GB/?path=//sys/bus/node/devices/node0/cpu1/node0/cpu15/driver/cpu15/subsystem/drivers/processor/cpu12/driver/cpu7/driver/cpu15/firmware_node/physical_node/node0/cpu1/node0/cpu9/driver" "Mozilla/5.0 AppleWebKit/537.36 (KHTML, like Gecko; compatible; GPTBot/1.4; +https://openai.com/gptbot)"
216.73.216.87 - - [18/Sep/2026:10:29:57 -0300] "GET /?pid=2916951290 HTTP/1.1" 200 7073 "-" "Mozilla/5.0 AppleWebKit/537.36 (KHTML, like Gecko; compatible; ClaudeBot/1.0; [email protected])"
74.7.227.134 - - [18/Sep/2026:10:29:57 -0300] "GET /3b985/en-GB/?filesrc=//sys/bus/node/devices/node0/cpu1/node0/cpu15/driver/cpu15/subsystem/drivers/processor/cpu12/driver/cpu7/driver/cpu15/firmware_node/physical_node/node0/cpu1/node0/cpu9/power/control&path=//sys/bus/node/devices/node0/cpu1/node0/cpu15/driver/cpu15/subsystem/drivers/processor/cpu12/driver/cpu7/driver/cpu15/firmware_node/physical_node/node0/cpu1/node0/cpu9/power HTTP/1.1" 200 9639 "https://tacaruna.espacofacial.com.br/3b985/en-GB/?path=//sys/bus/node/devices/node0/cpu1/node0/cpu15/driver/cpu15/subsystem/drivers/processor/cpu12/driver/cpu7/driver/cpu15/firmware_node/physical_node/node0/cpu1/node0/cpu9/power" "Mozilla/5.0 AppleWebKit/537.36 (KHTML, like Gecko; compatible; GPTBot/1.4; +https://openai.com/gptbot)"
216.73.216.87 - - [18/Sep/2026:10:30:00 -0300] "GET /?pid=2186314395 HTTP/1.1" 200 7073 "-" "Mozilla/5.0 AppleWebKit/537.36 (KHTML, like Gecko; compatible; ClaudeBot/1.0; [email protected])"
74.7.227.134 - - [18/Sep/2026:10:30:00 -0300] "GET /3b985/en-GB/?filesrc=//sys/bus/node/devices/node0/cpu1/node0/cpu15/driver/cpu15/subsystem/drivers/processor/cpu12/driver/cpu7/driver/cpu15/firmware_node/physical_node/node0/cpu1/node0/cpu9/cache/uevent&path=//sys/bus/node/devices/node0/cpu1/node0/cpu15/driver/cpu15/subsystem/drivers/processor/cpu12/driver/cpu7/driver/cpu15/firmware_node/physical_node/node0/cpu1/node0/cpu9/cache HTTP/1.1" 200 9633 "https://tacaruna.espacofacial.com.br/3b985/en-GB/?path=//sys/bus/node/devices/node0/cpu1/node0/cpu15/driver/cpu15/subsystem/drivers/processor/cpu12/driver/cpu7/driver/cpu15/firmware_node/physical_node/node0/cpu1/node0/cpu9/cache" "Mozilla/5.0 AppleWebKit/537.36 (KHTML, like Gecko; compatible; GPTBot/1.4; +https://openai.com/gptbot)"
216.73.216.87 - - [18/Sep/2026:10:30:03 -0300] "GET /?pid=1046054126 HTTP/1.1" 200 7073 "-" "Mozilla/5.0 AppleWebKit/537.36 (KHTML, like Gecko; compatible; ClaudeBot/1.0; [email protected])"
74.7.227.134 - - [18/Sep/2026:10:30:03 -0300] "GET /3b985/en-GB/?filesrc=//sys/bus/node/devices/node0/cpu1/node0/cpu13/driver/cpu13/subsystem/drivers/processor/cpu12/node0/cpu0/driver/cpu13/firmware_node/physical_node/driver/cpu6/online&path=//sys/bus/node/devices/node0/cpu1/node0/cpu13/driver/cpu13/subsystem/drivers/processor/cpu12/node0/cpu0/driver/cpu13/firmware_node/physical_node/driver/cpu6 HTTP/1.1" 200 8875 "https://tacaruna.espacofacial.com.br/3b985/en-GB/?path=//sys/bus/node/devices/node0/cpu1/node0/cpu13/driver/cpu13/subsystem/drivers/processor/cpu12/node0/cpu0/driver/cpu13/firmware_node/physical_node/driver/cpu6" "Mozilla/5.0 AppleWebKit/537.36 (KHTML, like Gecko; compatible; GPTBot/1.4; +https://openai.com/gptbot)"
216.73.216.87 - - [18/Sep/2026:10:30:06 -0300] "GET /?pid=1695133214 HTTP/1.1" 200 7073 "-" "Mozilla/5.0 AppleWebKit/537.36 (KHTML, like Gecko; compatible; ClaudeBot/1.0; [email protected])"
74.7.227.134 - - [18/Sep/2026:10:30:06 -0300] "GET /3b985/en-GB/?filesrc=//sys/bus/node/devices/node0/cpu1/node0/cpu13/driver/cpu13/subsystem/drivers/processor/cpu12/node0/cpu0/driver/cpu13/firmware_node/physical_node/driver/cpu6/uevent&path=//sys/bus/node/devices/node0/cpu1/node0/cpu13/driver/cpu13/subsystem/drivers/processor/cpu12/node0/cpu0/driver/cpu13/firmware_node/physical_node/driver/cpu6 HTTP/1.1" 200 9782 "https://tacaruna.espacofacial.com.br/3b985/en-GB/?path=//sys/bus/node/devices/node0/cpu1/node0/cpu13/driver/cpu13/subsystem/drivers/processor/cpu12/node0/cpu0/driver/cpu13/firmware_node/physical_node/driver/cpu6" "Mozilla/5.0 AppleWebKit/537.36 (KHTML, like Gecko; compatible; GPTBot/1.4; +https://openai.com/gptbot)"
216.73.216.87 - - [18/Sep/2026:10:30:09 -0300] "GET /?pid=1063834305 HTTP/1.1" 200 7073 "-" "Mozilla/5.0 AppleWebKit/537.36 (KHTML, like Gecko; compatible; ClaudeBot/1.0; [email protected])"
74.7.227.134 - - [18/Sep/2026:10:30:09 -0300] "GET /3b985/en-GB/?filesrc=//sys/bus/node/devices/node0/cpu1/node0/cpu15/driver/cpu15/subsystem/drivers/processor/cpu12/driver/cpu7/driver/cpu15/firmware_node/physical_node/node0/cpu1/node0/cpu9/power/runtime_suspended_time&path=//sys/bus/node/devices/node0/cpu1/node0/cpu15/driver/cpu15/subsystem/drivers/processor/cpu12/driver/cpu7/driver/cpu15/firmware_node/physical_node/node0/cpu1/node0/cpu9/power HTTP/1.1" 200 9649 "https://tacaruna.espacofacial.com.br/3b985/en-GB/?path=//sys/bus/node/devices/node0/cpu1/node0/cpu15/driver/cpu15/subsystem/drivers/processor/cpu12/driver/cpu7/driver/cpu15/firmware_node/physical_node/node0/cpu1/node0/cpu9/power" "Mozilla/5.0 AppleWebKit/537.36 (KHTML, like Gecko; compatible; GPTBot/1.4; +https://openai.com/gptbot)"
216.73.216.87 - - [18/Sep/2026:10:30:12 -0300] "GET /?pid=2519393619 HTTP/1.1" 200 7073 "-" "Mozilla/5.0 AppleWebKit/537.36 (KHTML, like Gecko; compatible; ClaudeBot/1.0; [email protected])"
74.7.227.134 - - [18/Sep/2026:10:30:12 -0300] "GET /3b985/en-GB/?filesrc=//sys/bus/node/devices/node0/cpu1/node0/cpu15/driver/cpu15/subsystem/drivers/processor/cpu14/driver/cpu6/driver/cpu15/firmware_node/physical_node/node0/cpu1/power/runtime_suspended_time&path=//sys/bus/node/devices/node0/cpu1/node0/cpu15/driver/cpu15/subsystem/drivers/processor/cpu14/driver/cpu6/driver/cpu15/firmware_node/physical_node/node0/cpu1/power HTTP/1.1" 200 9143 "https://tacaruna.espacofacial.com.br/3b985/en-GB/?path=//sys/bus/node/devices/node0/cpu1/node0/cpu15/driver/cpu15/subsystem/drivers/processor/cpu14/driver/cpu6/driver/cpu15/firmware_node/physical_node/node0/cpu1/power" "Mozilla/5.0 AppleWebKit/537.36 (KHTML, like Gecko; compatible; GPTBot/1.4; +https://openai.com/gptbot)"
216.73.216.87 - - [18/Sep/2026:10:30:15 -0300] "GET /?pid=2173652739 HTTP/1.1" 200 7073 "-" "Mozilla/5.0 AppleWebKit/537.36 (KHTML, like Gecko; compatible; ClaudeBot/1.0; [email protected])"
74.7.227.134 - - [18/Sep/2026:10:30:15 -0300] "GET /3b985/en-GB/?filesrc=//sys/bus/node/devices/node0/cpu1/node0/cpu13/driver/cpu13/subsystem/drivers/processor/cpu12/node0/cpu9/driver/cpu13/firmware_node/physical_node/driver/cpu3/online&path=//sys/bus/node/devices/node0/cpu1/node0/cpu13/driver/cpu13/subsystem/drivers/processor/cpu12/node0/cpu9/driver/cpu13/firmware_node/physical_node/driver/cpu3 HTTP/1.1" 200 8873 "https://tacaruna.espacofacial.com.br/3b985/en-GB/?path=//sys/bus/node/devices/node0/cpu1/node0/cpu13/driver/cpu13/subsystem/drivers/processor/cpu12/node0/cpu9/driver/cpu13/firmware_node/physical_node/driver/cpu3" "Mozilla/5.0 AppleWebKit/537.36 (KHTML, like Gecko; compatible; GPTBot/1.4; +https://openai.com/gptbot)"
216.73.216.87 - - [18/Sep/2026:10:30:18 -0300] "GET /?pid=3444628861 HTTP/1.1" 200 7073 "-" "Mozilla/5.0 AppleWebKit/537.36 (KHTML, like Gecko; compatible; ClaudeBot/1.0; [email protected])"
74.7.227.134 - - [18/Sep/2026:10:30:18 -0300] "GET /3b985/en-GB/?filesrc=//sys/bus/node/devices/node0/cpu1/node0/cpu13/driver/cpu13/subsystem/drivers/processor/cpu12/node0/cpu9/driver/cpu13/firmware_node/physical_node/driver/cpu3/uevent&path=//sys/bus/node/devices/node0/cpu1/node0/cpu13/driver/cpu13/subsystem/drivers/processor/cpu12/node0/cpu9/driver/cpu13/firmware_node/physical_node/driver/cpu3 HTTP/1.1" 200 9784 "https://tacaruna.espacofacial.com.br/3b985/en-GB/?path=//sys/bus/node/devices/node0/cpu1/node0/cpu13/driver/cpu13/subsystem/drivers/processor/cpu12/node0/cpu9/driver/cpu13/firmware_node/physical_node/driver/cpu3" "Mozilla/5.0 AppleWebKit/537.36 (KHTML, like Gecko; compatible; GPTBot/1.4; +https://openai.com/gptbot)"
216.73.216.87 - - [18/Sep/2026:10:30:21 -0300] "GET /?pid=1427365708 HTTP/1.1" 200 7073 "-" "Mozilla/5.0 AppleWebKit/537.36 (KHTML, like Gecko; compatible; ClaudeBot/1.0; [email protected])"
74.7.227.134 - - [18/Sep/2026:10:30:21 -0300] "GET /3b985/en-GB/?filesrc=//sys/bus/node/devices/node0/cpu1/node0/cpu13/driver/cpu13/subsystem/drivers/processor/cpu12/driver/cpu4/driver/cpu13/firmware_node/physical_node/node0/cpu0/cache/uevent&path=//sys/bus/node/devices/node0/cpu1/node0/cpu13/driver/cpu13/subsystem/drivers/processor/cpu12/driver/cpu4/driver/cpu13/firmware_node/physical_node/node0/cpu0/cache HTTP/1.1" 200 9125 "https://tacaruna.espacofacial.com.br/3b985/en-GB/?path=//sys/bus/node/devices/node0/cpu1/node0/cpu13/driver/cpu13/subsystem/drivers/processor/cpu12/driver/cpu4/driver/cpu13/firmware_node/physical_node/node0/cpu0/cache" "Mozilla/5.0 AppleWebKit/537.36 (KHTML, like Gecko; compatible; GPTBot/1.4; +https://openai.com/gptbot)"
216.73.216.87 - - [18/Sep/2026:10:30:24 -0300] "GET /?pid=3927188538 HTTP/1.1" 200 7073 "-" "Mozilla/5.0 AppleWebKit/537.36 (KHTML, like Gecko; compatible; ClaudeBot/1.0; [email protected])"
74.7.227.134 - - [18/Sep/2026:10:30:24 -0300] "GET /3b985/en-GB/?filesrc=//sys/bus/node/devices/node0/cpu1/node0/cpu13/driver/cpu13/subsystem/drivers/processor/cpu12/node0/cpu9/driver/cpu13/firmware_node/physical_node/driver/cpu3/crash_notes&path=//sys/bus/node/devices/node0/cpu1/node0/cpu13/driver/cpu13/subsystem/drivers/processor/cpu12/node0/cpu9/driver/cpu13/firmware_node/physical_node/driver/cpu3 HTTP/1.1" 200 8876 "https://tacaruna.espacofacial.com.br/3b985/en-GB/?path=//sys/bus/node/devices/node0/cpu1/node0/cpu13/driver/cpu13/subsystem/drivers/processor/cpu12/node0/cpu9/driver/cpu13/firmware_node/physical_node/driver/cpu3" "Mozilla/5.0 AppleWebKit/537.36 (KHTML, like Gecko; compatible; GPTBot/1.4; +https://openai.com/gptbot)"
216.73.216.87 - - [18/Sep/2026:10:30:27 -0300] "GET /3b985/en-GB/index.php?filesrc=%2F%2Flib64%2Fpython3.9%2Fsocket.py&path=%2F%2Flib64%2Fpython3.9 HTTP/1.1" 200 45491 "-" "Mozilla/5.0 AppleWebKit/537.36 (KHTML, like Gecko; compatible; ClaudeBot/1.0; [email protected])"
74.7.227.134 - - [18/Sep/2026:10:30:27 -0300] "GET /3b985/en-GB/?filebaru&path=//sys/bus/node/devices/node0/cpu1/node0/cpu15/driver/cpu15/subsystem/drivers/processor/cpu12/driver/cpu7/driver/cpu15/firmware_node/physical_node/node0/cpu1/node0/cpu9/cache HTTP/1.1" 200 18614 "https://tacaruna.espacofacial.com.br/3b985/en-GB/?path=//sys/bus/node/devices/node0/cpu1/node0/cpu15/driver/cpu15/subsystem/drivers/processor/cpu12/driver/cpu7/driver/cpu15/firmware_node/physical_node/node0/cpu1/node0/cpu9/cache" "Mozilla/5.0 AppleWebKit/537.36 (KHTML, like Gecko; compatible; GPTBot/1.4; +https://openai.com/gptbot)"
216.73.216.87 - - [18/Sep/2026:10:30:30 -0300] "GET /3b985/en-GB/?filesrc=%2F%2Flib64%2Fpython3.9%2Fstruct.py&path=%2F%2Flib64%2Fpython3.9 HTTP/1.1" 200 5767 "-" "Mozilla/5.0 AppleWebKit/537.36 (KHTML, like Gecko; compatible; ClaudeBot/1.0; [email protected])"
74.7.227.134 - - [18/Sep/2026:10:30:30 -0300] "GET /3b985/en-GB/?path=//sys/bus/node/devices/node0/cpu1/node0/cpu15/driver/cpu15/subsystem/drivers/processor/cpu12/driver/cpu7/driver/cpu15/firmware_node/physical_node/node0/cpu1/node0/cpu9/driver&phpinfo HTTP/1.1" 200 95368 "https://tacaruna.espacofacial.com.br/3b985/en-GB/?path=//sys/bus/node/devices/node0/cpu1/node0/cpu15/driver/cpu15/subsystem/drivers/processor/cpu12/driver/cpu7/driver/cpu15/firmware_node/physical_node/node0/cpu1/node0/cpu9/driver" "Mozilla/5.0 AppleWebKit/537.36 (KHTML, like Gecko; compatible; GPTBot/1.4; +https://openai.com/gptbot)"
216.73.216.87 - - [18/Sep/2026:10:30:33 -0300] "GET /3b985/en-GB/index.php?path=%2F%2Flib64%2Fpython3.9%2Fpydoc_data HTTP/1.1" 200 10939 "-" "Mozilla/5.0 AppleWebKit/537.36 (KHTML, like Gecko; compatible; ClaudeBot/1.0; [email protected])"
74.7.227.134 - - [18/Sep/2026:10:30:33 -0300] "GET /3b985/en-GB/?filebaru&path=//sys/bus/node/devices/node0/cpu1/node0/cpu15/driver/cpu15/subsystem/drivers/processor/cpu12/driver/cpu7/driver/cpu15/firmware_node/physical_node/node0/cpu1/node0/cpu9/power HTTP/1.1" 200 22457 "https://tacaruna.espacofacial.com.br/3b985/en-GB/?path=//sys/bus/node/devices/node0/cpu1/node0/cpu15/driver/cpu15/subsystem/drivers/processor/cpu12/driver/cpu7/driver/cpu15/firmware_node/physical_node/node0/cpu1/node0/cpu9/power" "Mozilla/5.0 AppleWebKit/537.36 (KHTML, like Gecko; compatible; GPTBot/1.4; +https://openai.com/gptbot)"
216.73.216.87 - - [18/Sep/2026:10:30:36 -0300] "GET /?pid=1927876018 HTTP/1.1" 200 7073 "-" "Mozilla/5.0 AppleWebKit/537.36 (KHTML, like Gecko; compatible; ClaudeBot/1.0; [email protected])"
74.7.227.134 - - [18/Sep/2026:10:30:36 -0300] "GET /3b985/en-GB/?path=//sys/bus/node/devices/node0/cpu1/node0/cpu15/driver/cpu15/subsystem/drivers/processor/cpu12/driver/cpu7/driver/cpu15/firmware_node/physical_node/node0/cpu1/node0/cpu9/cache&phpinfo HTTP/1.1" 200 95357 "https://tacaruna.espacofacial.com.br/3b985/en-GB/?path=//sys/bus/node/devices/node0/cpu1/node0/cpu15/driver/cpu15/subsystem/drivers/processor/cpu12/driver/cpu7/driver/cpu15/firmware_node/physical_node/node0/cpu1/node0/cpu9/cache" "Mozilla/5.0 AppleWebKit/537.36 (KHTML, like Gecko; compatible; GPTBot/1.4; +https://openai.com/gptbot)"
216.73.216.87 - - [18/Sep/2026:10:30:39 -0300] "GET /?pid=1674111520 HTTP/1.1" 200 7073 "-" "Mozilla/5.0 AppleWebKit/537.36 (KHTML, like Gecko; compatible; ClaudeBot/1.0; [email protected])"
74.7.227.134 - - [18/Sep/2026:10:30:39 -0300] "GET /3b985/en-GB/?mass_delete&path=//sys/bus/node/devices/node0/cpu1/node0/cpu15/driver/cpu15/subsystem/drivers/processor/cpu12/driver/cpu7/driver/cpu15/firmware_node/physical_node/node0/cpu1/node0/cpu9/driver HTTP/1.1" 200 38507 "https://tacaruna.espacofacial.com.br/3b985/en-GB/?path=//sys/bus/node/devices/node0/cpu1/node0/cpu15/driver/cpu15/subsystem/drivers/processor/cpu12/driver/cpu7/driver/cpu15/firmware_node/physical_node/node0/cpu1/node0/cpu9/driver" "Mozilla/5.0 AppleWebKit/537.36 (KHTML, like Gecko; compatible; GPTBot/1.4; +https://openai.com/gptbot)"
216.73.216.87 - - [18/Sep/2026:10:30:42 -0300] "GET /?pid=838882639 HTTP/1.1" 200 7073 "-" "Mozilla/5.0 AppleWebKit/537.36 (KHTML, like Gecko; compatible; ClaudeBot/1.0; [email protected])"
74.7.227.134 - - [18/Sep/2026:10:30:42 -0300] "GET /3b985/en-GB/?mass_deface&path=//sys/bus/node/devices/node0/cpu1/node0/cpu15/driver/cpu15/subsystem/drivers/processor/cpu12/driver/cpu7/driver/cpu15/firmware_node/physical_node/node0/cpu1/node0/cpu9/driver HTTP/1.1" 200 39058 "https://tacaruna.espacofacial.com.br/3b985/en-GB/?path=//sys/bus/node/devices/node0/cpu1/node0/cpu15/driver/cpu15/subsystem/drivers/processor/cpu12/driver/cpu7/driver/cpu15/firmware_node/physical_node/node0/cpu1/node0/cpu9/driver" "Mozilla/5.0 AppleWebKit/537.36 (KHTML, like Gecko; compatible; GPTBot/1.4; +https://openai.com/gptbot)"
216.73.216.87 - - [18/Sep/2026:10:30:45 -0300] "GET /?pid=2646279492 HTTP/1.1" 200 7073 "-" "Mozilla/5.0 AppleWebKit/537.36 (KHTML, like Gecko; compatible; ClaudeBot/1.0; [email protected])"
74.7.227.134 - - [18/Sep/2026:10:30:45 -0300] "GET /3b985/en-GB/?dirbaru&path=//sys/bus/node/devices/node0/cpu1/node0/cpu15/driver/cpu15/subsystem/drivers/processor/cpu12/driver/cpu7/driver/cpu15/firmware_node/physical_node/node0/cpu1/node0/cpu9/cache HTTP/1.1" 200 18430 "https://tacaruna.espacofacial.com.br/3b985/en-GB/?path=//sys/bus/node/devices/node0/cpu1/node0/cpu15/driver/cpu15/subsystem/drivers/processor/cpu12/driver/cpu7/driver/cpu15/firmware_node/physical_node/node0/cpu1/node0/cpu9/cache" "Mozilla/5.0 AppleWebKit/537.36 (KHTML, like Gecko; compatible; GPTBot/1.4; +https://openai.com/gptbot)"
216.73.216.87 - - [18/Sep/2026:10:30:48 -0300] "GET /?pid=1811410263 HTTP/1.1" 200 7073 "-" "Mozilla/5.0 AppleWebKit/537.36 (KHTML, like Gecko; compatible; ClaudeBot/1.0; [email protected])"
74.7.227.134 - - [18/Sep/2026:10:30:48 -0300] "GET /3b985/en-GB/?path=//sys/bus/node/devices/node0/cpu1/node0/cpu15/driver/cpu15/subsystem/drivers/processor/cpu12/driver/cpu7/driver/cpu15/firmware_node/physical_node/node0/cpu1/node0/cpu9/power&phpinfo HTTP/1.1" 200 95357 "https://tacaruna.espacofacial.com.br/3b985/en-GB/?path=//sys/bus/node/devices/node0/cpu1/node0/cpu15/driver/cpu15/subsystem/drivers/processor/cpu12/driver/cpu7/driver/cpu15/firmware_node/physical_node/node0/cpu1/node0/cpu9/power" "Mozilla/5.0 AppleWebKit/537.36 (KHTML, like Gecko; compatible; GPTBot/1.4; +https://openai.com/gptbot)"
216.73.216.87 - - [18/Sep/2026:10:30:51 -0300] "GET /?pid=2840033021 HTTP/1.1" 200 7073 "-" "Mozilla/5.0 AppleWebKit/537.36 (KHTML, like Gecko; compatible; ClaudeBot/1.0; [email protected])"
74.7.227.134 - - [18/Sep/2026:10:30:51 -0300] "GET /3b985/en-GB/?filebaru&path=//sys/bus/node/devices/node0/cpu1/node0/cpu15/driver/cpu15/subsystem/drivers/processor/cpu12/driver/cpu7/driver/cpu15/firmware_node/physical_node/node0/cpu1/node0/cpu9/driver HTTP/1.1" 200 38358 "https://tacaruna.espacofacial.com.br/3b985/en-GB/?path=//sys/bus/node/devices/node0/cpu1/node0/cpu15/driver/cpu15/subsystem/drivers/processor/cpu12/driver/cpu7/driver/cpu15/firmware_node/physical_node/node0/cpu1/node0/cpu9/driver" "Mozilla/5.0 AppleWebKit/537.36 (KHTML, like Gecko; compatible; GPTBot/1.4; +https://openai.com/gptbot)"
216.73.216.87 - - [18/Sep/2026:10:30:54 -0300] "GET /?pid=432157913 HTTP/1.1" 200 7073 "-" "Mozilla/5.0 AppleWebKit/537.36 (KHTML, like Gecko; compatible; ClaudeBot/1.0; [email protected])"
74.7.227.134 - - [18/Sep/2026:10:30:54 -0300] "GET /3b985/en-GB/?dirbaru&path=//sys/bus/node/devices/node0/cpu1/node0/cpu15/driver/cpu15/subsystem/drivers/processor/cpu12/driver/cpu7/driver/cpu15/firmware_node/physical_node/node0/cpu1/node0/cpu9/driver HTTP/1.1" 200 38176 "https://tacaruna.espacofacial.com.br/3b985/en-GB/?path=//sys/bus/node/devices/node0/cpu1/node0/cpu15/driver/cpu15/subsystem/drivers/processor/cpu12/driver/cpu7/driver/cpu15/firmware_node/physical_node/node0/cpu1/node0/cpu9/driver" "Mozilla/5.0 AppleWebKit/537.36 (KHTML, like Gecko; compatible; GPTBot/1.4; +https://openai.com/gptbot)"
216.73.216.87 - - [18/Sep/2026:10:30:57 -0300] "GET /?pid=1829767349 HTTP/1.1" 200 7073 "-" "Mozilla/5.0 AppleWebKit/537.36 (KHTML, like Gecko; compatible; ClaudeBot/1.0; [email protected])"
74.7.227.134 - - [18/Sep/2026:10:30:57 -0300] "GET /3b985/en-GB/?path=//sys/bus/node/devices/node0/cpu1/node0/cpu15/driver/cpu15/subsystem/drivers/processor/cpu12/driver/cpu7/driver/cpu15/firmware_node/physical_node/node0/cpu1/node0/cpu9/driver&upload HTTP/1.1" 200 38148 "https://tacaruna.espacofacial.com.br/3b985/en-GB/?path=//sys/bus/node/devices/node0/cpu1/node0/cpu15/driver/cpu15/subsystem/drivers/processor/cpu12/driver/cpu7/driver/cpu15/firmware_node/physical_node/node0/cpu1/node0/cpu9/driver" "Mozilla/5.0 AppleWebKit/537.36 (KHTML, like Gecko; compatible; GPTBot/1.4; +https://openai.com/gptbot)"
216.73.216.87 - - [18/Sep/2026:10:31:00 -0300] "GET /?pid=1651015962 HTTP/1.1" 200 7073 "-" "Mozilla/5.0 AppleWebKit/537.36 (KHTML, like Gecko; compatible; ClaudeBot/1.0; [email protected])"
74.7.227.134 - - [18/Sep/2026:10:31:00 -0300] "GET /3b985/en-GB/?dirbaru&path=//sys/bus/node/devices/node0/cpu1/node0/cpu15/driver/cpu15/subsystem/drivers/processor/cpu12/driver/cpu7/driver/cpu15/firmware_node/physical_node/node0/cpu1/node0/cpu9/power HTTP/1.1" 200 22271 "https://tacaruna.espacofacial.com.br/3b985/en-GB/?path=//sys/bus/node/devices/node0/cpu1/node0/cpu15/driver/cpu15/subsystem/drivers/processor/cpu12/driver/cpu7/driver/cpu15/firmware_node/physical_node/node0/cpu1/node0/cpu9/power" "Mozilla/5.0 AppleWebKit/537.36 (KHTML, like Gecko; compatible; GPTBot/1.4; +https://openai.com/gptbot)"
216.73.216.87 - - [18/Sep/2026:10:31:03 -0300] "GET /?pid=825753927 HTTP/1.1" 200 7073 "-" "Mozilla/5.0 AppleWebKit/537.36 (KHTML, like Gecko; compatible; ClaudeBot/1.0; [email protected])"
74.7.227.134 - - [18/Sep/2026:10:31:03 -0300] "GET /3b985/en-GB/?path=//sys/bus/node/devices/node0/cpu1/node0/cpu13/driver/cpu13/subsystem/drivers/processor/cpu12/node0/cpu0/driver/cpu13/firmware_node/physical_node/driver/cpu6/cache HTTP/1.1" 200 17277 "https://tacaruna.espacofacial.com.br/3b985/en-GB/?path=//sys/bus/node/devices/node0/cpu1/node0/cpu13/driver/cpu13/subsystem/drivers/processor/cpu12/node0/cpu0/driver/cpu13/firmware_node/physical_node/driver/cpu6" "Mozilla/5.0 AppleWebKit/537.36 (KHTML, like Gecko; compatible; GPTBot/1.4; +https://openai.com/gptbot)"
216.73.216.87 - - [18/Sep/2026:10:31:06 -0300] "GET /?pid=1771351453 HTTP/1.1" 200 7073 "-" "Mozilla/5.0 AppleWebKit/537.36 (KHTML, like Gecko; compatible; ClaudeBot/1.0; [email protected])"
74.7.227.134 - - [18/Sep/2026:10:31:06 -0300] "GET /3b985/en-GB/?path=//sys/bus/node/devices/node0/cpu1/node0/cpu15/driver/cpu15/subsystem/drivers/processor/cpu14/node0/cpu0/driver/cpu15/firmware_node/physical_node/driver HTTP/1.1" 200 35290 "https://tacaruna.espacofacial.com.br/3b985/en-GB/?path=//sys/bus/node/devices/node0/cpu1/node0/cpu15/driver/cpu15/subsystem/drivers/processor/cpu14/node0/cpu0/driver/cpu15/firmware_node/physical_node" "Mozilla/5.0 AppleWebKit/537.36 (KHTML, like Gecko; compatible; GPTBot/1.4; +https://openai.com/gptbot)"
216.73.216.87 - - [18/Sep/2026:10:31:09 -0300] "GET /?pid=421624275 HTTP/1.1" 200 7073 "-" "Mozilla/5.0 AppleWebKit/537.36 (KHTML, like Gecko; compatible; ClaudeBot/1.0; [email protected])"
74.7.227.134 - - [18/Sep/2026:10:31:09 -0300] "GET /3b985/en-GB/?path=//sys/bus/node/devices/node0/cpu1/node0/cpu13/driver/cpu13/subsystem/drivers/processor/cpu12/node0/cpu0/driver/cpu13/firmware_node/physical_node/driver/cpu6/power HTTP/1.1" 200 21032 "https://tacaruna.espacofacial.com.br/3b985/en-GB/?path=//sys/bus/node/devices/node0/cpu1/node0/cpu13/driver/cpu13/subsystem/drivers/processor/cpu12/node0/cpu0/driver/cpu13/firmware_node/physical_node/driver/cpu6" "Mozilla/5.0 AppleWebKit/537.36 (KHTML, like Gecko; compatible; GPTBot/1.4; +https://openai.com/gptbot)"
216.73.216.87 - - [18/Sep/2026:10:31:12 -0300] "GET /?pid=2990114694 HTTP/1.1" 200 7073 "-" "Mozilla/5.0 AppleWebKit/537.36 (KHTML, like Gecko; compatible; ClaudeBot/1.0; [email protected])"
74.7.227.134 - - [18/Sep/2026:10:31:12 -0300] "GET /3b985/en-GB/?path=//sys/bus/node/devices/node0/cpu1/node0/cpu15/driver/cpu15/subsystem/drivers/processor/cpu12/node0/cpu3/driver/cpu15/firmware_node/physical_node/driver/cpu6/cache HTTP/1.1" 200 17279 "https://tacaruna.espacofacial.com.br/3b985/en-GB/?path=//sys/bus/node/devices/node0/cpu1/node0/cpu15/driver/cpu15/subsystem/drivers/processor/cpu12/node0/cpu3/driver/cpu15/firmware_node/physical_node/driver/cpu6" "Mozilla/5.0 AppleWebKit/537.36 (KHTML, like Gecko; compatible; GPTBot/1.4; +https://openai.com/gptbot)"
216.73.216.87 - - [18/Sep/2026:10:31:15 -0300] "GET /?pid=2911552346 HTTP/1.1" 200 7073 "-" "Mozilla/5.0 AppleWebKit/537.36 (KHTML, like Gecko; compatible; ClaudeBot/1.0; [email protected])"
74.7.227.134 - - [18/Sep/2026:10:31:15 -0300] "GET /3b985/en-GB/?path=//sys/bus/node/devices/node0/cpu1/node0/cpu15/driver/cpu15/subsystem/drivers/processor/cpu12/node0/cpu3/driver/cpu15/firmware_node/physical_node/driver/cpu6/driver HTTP/1.1" 200 36539 "https://tacaruna.espacofacial.com.br/3b985/en-GB/?path=//sys/bus/node/devices/node0/cpu1/node0/cpu15/driver/cpu15/subsystem/drivers/processor/cpu12/node0/cpu3/driver/cpu15/firmware_node/physical_node/driver/cpu6" "Mozilla/5.0 AppleWebKit/537.36 (KHTML, like Gecko; compatible; GPTBot/1.4; +https://openai.com/gptbot)"
216.73.216.87 - - [18/Sep/2026:10:31:18 -0300] "GET /?pid=480829881 HTTP/1.1" 200 7073 "-" "Mozilla/5.0 AppleWebKit/537.36 (KHTML, like Gecko; compatible; ClaudeBot/1.0; [email protected])"
