74.7.227.134 - - [18/Sep/2026:09:37:42 -0300] "GET /3b985/en-GB/?path=//sys/bus/node/devices/node0/cpu1/node0/cpu15/driver/cpu15/subsystem/drivers/processor/cpu14/node0/cpu3/driver/cpu15/firmware_node/physical_node/driver/cpu8/driver HTTP/1.1" 200 36537 "https://tacaruna.espacofacial.com.br/3b985/en-GB/?path=//sys/bus/node/devices/node0/cpu1/node0/cpu15/driver/cpu15/subsystem/drivers/processor/cpu14/node0/cpu3/driver/cpu15/firmware_node/physical_node/driver/cpu8" "Mozilla/5.0 AppleWebKit/537.36 (KHTML, like Gecko; compatible; GPTBot/1.4; +https://openai.com/gptbot)"
216.73.216.87 - - [18/Sep/2026:09:37:43 -0300] "GET /3b985/en-GB/index.php?path=%2F%2Fproc%2F1987746%2Froot%2Fproc%2F19%2Ftask HTTP/1.1" 200 7496 "-" "Mozilla/5.0 AppleWebKit/537.36 (KHTML, like Gecko; compatible; ClaudeBot/1.0; [email protected])"
157.55.39.59 - - [18/Sep/2026:09:37:44 -0300] "GET /?pid=1877998312 HTTP/1.1" 200 7073 "-" "Mozilla/5.0 AppleWebKit/537.36 (KHTML, like Gecko; compatible; bingbot/2.0; +http://www.bing.com/bingbot.htm) Chrome/116.0.1938.76 Safari/537.36"
74.7.227.134 - - [18/Sep/2026:09:37:45 -0300] "GET /3b985/en-GB/?path=//sys/bus/node/devices/node0/cpu1/node0/cpu15/driver/cpu15/subsystem/drivers/processor/cpu12/node0/cpu9/driver/cpu15/firmware_node/physical_node/driver/cpu2/cache HTTP/1.1" 200 17277 "https://tacaruna.espacofacial.com.br/3b985/en-GB/?path=//sys/bus/node/devices/node0/cpu1/node0/cpu15/driver/cpu15/subsystem/drivers/processor/cpu12/node0/cpu9/driver/cpu15/firmware_node/physical_node/driver/cpu2" "Mozilla/5.0 AppleWebKit/537.36 (KHTML, like Gecko; compatible; GPTBot/1.4; +https://openai.com/gptbot)"
216.73.216.87 - - [18/Sep/2026:09:37:46 -0300] "GET /3b985/en-GB/index.php?path=%2F%2Fproc%2F1987746%2Froot%2Fproc%2F67%2Ftask HTTP/1.1" 200 7496 "-" "Mozilla/5.0 AppleWebKit/537.36 (KHTML, like Gecko; compatible; ClaudeBot/1.0; [email protected])"
74.7.227.134 - - [18/Sep/2026:09:37:48 -0300] "GET /3b985/en-GB/?path=//sys/bus/node/devices/node0/cpu1/node0/cpu15/driver/cpu15/subsystem/drivers/processor/cpu12/node0/cpu2/driver/cpu15/firmware_node/physical_node/driver/cpu6/cache HTTP/1.1" 200 17279 "https://tacaruna.espacofacial.com.br/3b985/en-GB/?path=//sys/bus/node/devices/node0/cpu1/node0/cpu15/driver/cpu15/subsystem/drivers/processor/cpu12/node0/cpu2/driver/cpu15/firmware_node/physical_node/driver/cpu6" "Mozilla/5.0 AppleWebKit/537.36 (KHTML, like Gecko; compatible; GPTBot/1.4; +https://openai.com/gptbot)"
157.55.39.59 - - [18/Sep/2026:09:37:48 -0300] "GET /?pid=1024823557 HTTP/1.1" 200 7073 "-" "Mozilla/5.0 AppleWebKit/537.36 (KHTML, like Gecko; compatible; bingbot/2.0; +http://www.bing.com/bingbot.htm) Chrome/116.0.1938.76 Safari/537.36"
216.73.216.87 - - [18/Sep/2026:09:37:49 -0300] "GET /3b985/en-GB/?path=%2F%2Fproc%2F165%2Ftask HTTP/1.1" 200 7055 "-" "Mozilla/5.0 AppleWebKit/537.36 (KHTML, like Gecko; compatible; ClaudeBot/1.0; [email protected])"
74.7.227.134 - - [18/Sep/2026:09:37:51 -0300] "GET /3b985/en-GB/?path=//sys/bus/node/devices/node0/cpu1/node0/cpu15/driver/cpu15/subsystem/drivers/processor/cpu12/node0/cpu3/driver/cpu15/firmware_node/physical_node/driver/cpu3/driver HTTP/1.1" 200 36539 "https://tacaruna.espacofacial.com.br/3b985/en-GB/?path=//sys/bus/node/devices/node0/cpu1/node0/cpu15/driver/cpu15/subsystem/drivers/processor/cpu12/node0/cpu3/driver/cpu15/firmware_node/physical_node/driver/cpu3" "Mozilla/5.0 AppleWebKit/537.36 (KHTML, like Gecko; compatible; GPTBot/1.4; +https://openai.com/gptbot)"
216.73.216.87 - - [18/Sep/2026:09:37:52 -0300] "GET /3b985/en-GB/index.php?path=%2F%2Fproc%2F1987746%2Froot%2Fproc%2F103%2Ftask HTTP/1.1" 200 7512 "-" "Mozilla/5.0 AppleWebKit/537.36 (KHTML, like Gecko; compatible; ClaudeBot/1.0; [email protected])"
74.7.227.134 - - [18/Sep/2026:09:37:54 -0300] "GET /3b985/en-GB/?path=//sys/bus/node/devices/node0/cpu1/node0/cpu15/driver/cpu15/subsystem/drivers/processor/cpu12/node0/cpu8/driver/cpu15/firmware_node/physical_node/driver/cpu3/power HTTP/1.1" 200 21032 "https://tacaruna.espacofacial.com.br/3b985/en-GB/?path=//sys/bus/node/devices/node0/cpu1/node0/cpu15/driver/cpu15/subsystem/drivers/processor/cpu12/node0/cpu8/driver/cpu15/firmware_node/physical_node/driver/cpu3" "Mozilla/5.0 AppleWebKit/537.36 (KHTML, like Gecko; compatible; GPTBot/1.4; +https://openai.com/gptbot)"
216.73.216.87 - - [18/Sep/2026:09:37:55 -0300] "GET /55e84/b5f35/?d=%2Fhome%2Fespa7358%2Fexpansao.espacofacial.com.br%2Fwp-admin%2Fcss%2Fcode-editor-rtl.css HTTP/1.1" 200 22 "-" "Mozilla/5.0 AppleWebKit/537.36 (KHTML, like Gecko; compatible; ClaudeBot/1.0; [email protected])"
74.7.227.134 - - [18/Sep/2026:09:37:57 -0300] "GET /3b985/en-GB/?filesrc=//sys/bus/node/devices/node0/cpu1/node0/cpu13/driver/cpu13/subsystem/drivers/processor/cpu12/driver/cpu6/driver/cpu13/firmware_node/physical_node/node0/cpu6/driver/cpu1/online&path=//sys/bus/node/devices/node0/cpu1/node0/cpu13/driver/cpu13/subsystem/drivers/processor/cpu12/driver/cpu6/driver/cpu13/firmware_node/physical_node/node0/cpu6/driver/cpu1 HTTP/1.1" 200 9382 "https://tacaruna.espacofacial.com.br/3b985/en-GB/?path=//sys/bus/node/devices/node0/cpu1/node0/cpu13/driver/cpu13/subsystem/drivers/processor/cpu12/driver/cpu6/driver/cpu13/firmware_node/physical_node/node0/cpu6/driver/cpu1" "Mozilla/5.0 AppleWebKit/537.36 (KHTML, like Gecko; compatible; GPTBot/1.4; +https://openai.com/gptbot)"
216.73.216.87 - - [18/Sep/2026:09:37:58 -0300] "GET /55e84/b5f35/?d=%2Fhome%2Fespa7358%2Fbotafogo.espacofacial.com.br%2Fplugins%2Fsystem%2Flanguagecode HTTP/1.1" 200 9407 "-" "Mozilla/5.0 AppleWebKit/537.36 (KHTML, like Gecko; compatible; ClaudeBot/1.0; [email protected])"
74.7.227.134 - - [18/Sep/2026:09:38:00 -0300] "GET /3b985/en-GB/?filesrc=//sys/bus/node/devices/node0/cpu1/node0/cpu13/driver/cpu13/subsystem/drivers/processor/cpu12/driver/cpu6/driver/cpu13/firmware_node/physical_node/node0/cpu6/driver/cpu1/uevent&path=//sys/bus/node/devices/node0/cpu1/node0/cpu13/driver/cpu13/subsystem/drivers/processor/cpu12/driver/cpu6/driver/cpu13/firmware_node/physical_node/node0/cpu6/driver/cpu1 HTTP/1.1" 200 10293 "https://tacaruna.espacofacial.com.br/3b985/en-GB/?path=//sys/bus/node/devices/node0/cpu1/node0/cpu13/driver/cpu13/subsystem/drivers/processor/cpu12/driver/cpu6/driver/cpu13/firmware_node/physical_node/node0/cpu6/driver/cpu1" "Mozilla/5.0 AppleWebKit/537.36 (KHTML, like Gecko; compatible; GPTBot/1.4; +https://openai.com/gptbot)"
216.73.216.87 - - [18/Sep/2026:09:38:01 -0300] "GET /55e84/b5f35/?d=%2Fhome%2Fespa7358%2Fbangushopping.espacofacial.com.br%2Flibraries%2Fsrc%2FWebAsset%2FWebAssetItemInterface.php HTTP/1.1" 200 22 "-" "Mozilla/5.0 AppleWebKit/537.36 (KHTML, like Gecko; compatible; ClaudeBot/1.0; [email protected])"
74.7.227.134 - - [18/Sep/2026:09:38:03 -0300] "GET /3b985/en-GB/?filesrc=//sys/bus/node/devices/node0/cpu1/node0/cpu13/driver/cpu13/subsystem/drivers/processor/cpu12/driver/cpu6/driver/cpu13/firmware_node/physical_node/node0/cpu6/driver/cpu1/crash_notes&path=//sys/bus/node/devices/node0/cpu1/node0/cpu13/driver/cpu13/subsystem/drivers/processor/cpu12/driver/cpu6/driver/cpu13/firmware_node/physical_node/node0/cpu6/driver/cpu1 HTTP/1.1" 200 9387 "https://tacaruna.espacofacial.com.br/3b985/en-GB/?path=//sys/bus/node/devices/node0/cpu1/node0/cpu13/driver/cpu13/subsystem/drivers/processor/cpu12/driver/cpu6/driver/cpu13/firmware_node/physical_node/node0/cpu6/driver/cpu1" "Mozilla/5.0 AppleWebKit/537.36 (KHTML, like Gecko; compatible; GPTBot/1.4; +https://openai.com/gptbot)"
216.73.216.87 - - [18/Sep/2026:09:38:04 -0300] "GET /55e84/b5f35/?d=%2Fhome%2Fespa7358%2Fbangushopping.espacofacial.com.br%2Flibraries%2Fsrc%2FWebAsset%2FWebAssetManager.php HTTP/1.1" 200 22 "-" "Mozilla/5.0 AppleWebKit/537.36 (KHTML, like Gecko; compatible; ClaudeBot/1.0; [email protected])"
74.7.227.134 - - [18/Sep/2026:09:38:06 -0300] "GET /3b985/en-GB/?filesrc=//sys/bus/node/devices/node0/cpu1/node0/cpu15/driver/cpu15/subsystem/drivers/processor/cpu12/node0/cpu3/driver/cpu15/firmware_node/physical_node/driver/cpu3/power/runtime_suspended_time&path=//sys/bus/node/devices/node0/cpu1/node0/cpu15/driver/cpu15/subsystem/drivers/processor/cpu12/node0/cpu3/driver/cpu15/firmware_node/physical_node/driver/cpu3/power HTTP/1.1" 200 9137 "https://tacaruna.espacofacial.com.br/3b985/en-GB/?path=//sys/bus/node/devices/node0/cpu1/node0/cpu15/driver/cpu15/subsystem/drivers/processor/cpu12/node0/cpu3/driver/cpu15/firmware_node/physical_node/driver/cpu3/power" "Mozilla/5.0 AppleWebKit/537.36 (KHTML, like Gecko; compatible; GPTBot/1.4; +https://openai.com/gptbot)"
216.73.216.87 - - [18/Sep/2026:09:38:07 -0300] "GET /3b985/en-GB/index.php?filesrc=%2F%2Fproc%2F55%2Ftask%2F55%2Fattr%2Fcurrent&path=%2F%2Fproc%2F55%2Ftask%2F55%2Fattr HTTP/1.1" 200 5654 "-" "Mozilla/5.0 AppleWebKit/537.36 (KHTML, like Gecko; compatible; ClaudeBot/1.0; [email protected])"
74.7.227.134 - - [18/Sep/2026:09:38:09 -0300] "GET /3b985/en-GB/?filesrc=//sys/bus/node/devices/node0/cpu1/node0/cpu15/driver/cpu15/subsystem/drivers/processor/cpu12/node0/cpu9/driver/cpu15/firmware_node/physical_node/driver/cpu2/power/runtime_suspended_time&path=//sys/bus/node/devices/node0/cpu1/node0/cpu15/driver/cpu15/subsystem/drivers/processor/cpu12/node0/cpu9/driver/cpu15/firmware_node/physical_node/driver/cpu2/power HTTP/1.1" 200 9139 "https://tacaruna.espacofacial.com.br/3b985/en-GB/?path=//sys/bus/node/devices/node0/cpu1/node0/cpu15/driver/cpu15/subsystem/drivers/processor/cpu12/node0/cpu9/driver/cpu15/firmware_node/physical_node/driver/cpu2/power" "Mozilla/5.0 AppleWebKit/537.36 (KHTML, like Gecko; compatible; GPTBot/1.4; +https://openai.com/gptbot)"
216.73.216.87 - - [18/Sep/2026:09:38:09 -0300] "GET /3b985/en-GB/index.php?filesrc=%2F%2Fproc%2F3487509%2Fcwd%2Fusr%2Finclude%2Flinux%2Facrn.h&path=%2F%2Fproc%2F3487509%2Fcwd%2Fusr%2Finclude%2Flinux HTTP/1.1" 200 5839 "-" "Mozilla/5.0 AppleWebKit/537.36 (KHTML, like Gecko; compatible; ClaudeBot/1.0; [email protected])"
74.7.227.134 - - [18/Sep/2026:09:38:12 -0300] "GET /3b985/en-GB/?filesrc=//sys/bus/node/devices/node0/cpu1/node0/cpu15/driver/cpu15/subsystem/drivers/processor/cpu12/node0/cpu8/driver/cpu15/firmware_node/physical_node/driver/cpu3/cache/uevent&path=//sys/bus/node/devices/node0/cpu1/node0/cpu15/driver/cpu15/subsystem/drivers/processor/cpu12/node0/cpu8/driver/cpu15/firmware_node/physical_node/driver/cpu3/cache HTTP/1.1" 200 9121 "https://tacaruna.espacofacial.com.br/3b985/en-GB/?path=//sys/bus/node/devices/node0/cpu1/node0/cpu15/driver/cpu15/subsystem/drivers/processor/cpu12/node0/cpu8/driver/cpu15/firmware_node/physical_node/driver/cpu3/cache" "Mozilla/5.0 AppleWebKit/537.36 (KHTML, like Gecko; compatible; GPTBot/1.4; +https://openai.com/gptbot)"
216.73.216.87 - - [18/Sep/2026:09:38:12 -0300] "GET /3b985/en-GB/index.php?filesrc=%2F%2Fproc%2F80%2Fnet%2Fstat%2Fndisc_cache&path=%2F%2Fproc%2F80%2Fnet%2Fstat HTTP/1.1" 200 7676 "-" "Mozilla/5.0 AppleWebKit/537.36 (KHTML, like Gecko; compatible; ClaudeBot/1.0; [email protected])"
74.7.227.134 - - [18/Sep/2026:09:38:15 -0300] "GET /3b985/en-GB/?dirbaru&path=//sys/bus/node/devices/node0/cpu1/node0/cpu13/driver/cpu13/subsystem/drivers/processor/cpu12/driver/cpu6/driver/cpu13/firmware_node/physical_node/node0/cpu6/driver/cpu1 HTTP/1.1" 200 30647 "https://tacaruna.espacofacial.com.br/3b985/en-GB/?path=//sys/bus/node/devices/node0/cpu1/node0/cpu13/driver/cpu13/subsystem/drivers/processor/cpu12/driver/cpu6/driver/cpu13/firmware_node/physical_node/node0/cpu6/driver/cpu1" "Mozilla/5.0 AppleWebKit/537.36 (KHTML, like Gecko; compatible; GPTBot/1.4; +https://openai.com/gptbot)"
192.178.6.164 - - [18/Sep/2026:09:38:15 -0300] "GET /products/299025624 HTTP/1.1" 404 - "-" "Mozilla/5.0 (Linux; Android 6.0.1; Nexus 5X Build/MMB29P) AppleWebKit/537.36 (KHTML, like Gecko) Chrome/153.0.8010.47 Mobile Safari/537.36 (compatible; Googlebot/2.1; +http://www.google.com/bot.html)"
216.73.216.87 - - [18/Sep/2026:09:38:15 -0300] "GET /55e84/b5f35/?d=%2Fhome%2Fespa7358%2Fmadureirashopping.espacofacial.com.br%2Flibraries%2Fsrc%2FMicrodata HTTP/1.1" 200 8191 "-" "Mozilla/5.0 AppleWebKit/537.36 (KHTML, like Gecko; compatible; ClaudeBot/1.0; [email protected])"
74.7.227.134 - - [18/Sep/2026:09:38:18 -0300] "GET /3b985/en-GB/?filesrc=//sys/bus/node/devices/node0/cpu1/node0/cpu15/driver/cpu15/subsystem/drivers/processor/cpu12/node0/cpu9/driver/cpu15/firmware_node/physical_node/driver/cpu2/cache/uevent&path=//sys/bus/node/devices/node0/cpu1/node0/cpu15/driver/cpu15/subsystem/drivers/processor/cpu12/node0/cpu9/driver/cpu15/firmware_node/physical_node/driver/cpu2/cache HTTP/1.1" 200 9121 "https://tacaruna.espacofacial.com.br/3b985/en-GB/?path=//sys/bus/node/devices/node0/cpu1/node0/cpu15/driver/cpu15/subsystem/drivers/processor/cpu12/node0/cpu9/driver/cpu15/firmware_node/physical_node/driver/cpu2/cache" "Mozilla/5.0 AppleWebKit/537.36 (KHTML, like Gecko; compatible; GPTBot/1.4; +https://openai.com/gptbot)"
216.73.216.87 - - [18/Sep/2026:09:38:18 -0300] "GET /3b985/en-GB/index.php?filesrc=%2F%2Fvar%2Fsoftaculous%2Fsnipeit%2Fphp81%2Finstall.php&path=%2F%2Fvar%2Fsoftaculous%2Fsnipeit%2Fphp81 HTTP/1.1" 200 11044 "-" "Mozilla/5.0 AppleWebKit/537.36 (KHTML, like Gecko; compatible; ClaudeBot/1.0; [email protected])"
74.7.227.134 - - [18/Sep/2026:09:38:21 -0300] "GET /3b985/en-GB/?path=//sys/bus/node/devices/node0/cpu1/node0/cpu13/driver/cpu13/subsystem/drivers/processor/cpu12/driver/cpu6/driver/cpu13/firmware_node/physical_node/node0/cpu6/driver/cpu1&phpinfo HTTP/1.1" 200 95073 "https://tacaruna.espacofacial.com.br/3b985/en-GB/?path=//sys/bus/node/devices/node0/cpu1/node0/cpu13/driver/cpu13/subsystem/drivers/processor/cpu12/driver/cpu6/driver/cpu13/firmware_node/physical_node/node0/cpu6/driver/cpu1" "Mozilla/5.0 AppleWebKit/537.36 (KHTML, like Gecko; compatible; GPTBot/1.4; +https://openai.com/gptbot)"
216.73.216.87 - - [18/Sep/2026:09:38:22 -0300] "GET /3b985/en-GB/index.php?filesrc=%2F%2Fproc%2Fthread-self%2Froot%2Fproc%2F1987746%2Froot%2Flib64%2Flibmvec.so.1&path=%2F%2Fproc%2Fthread-self%2Froot%2Fproc%2F1987746%2Froot%2Flib64 HTTP/1.1" 200 302731 "-" "Mozilla/5.0 AppleWebKit/537.36 (KHTML, like Gecko; compatible; ClaudeBot/1.0; [email protected])"
74.7.227.134 - - [18/Sep/2026:09:38:24 -0300] "GET /3b985/en-GB/?path=//sys/bus/node/devices/node0/cpu1/node0/cpu13/driver/cpu13/subsystem/drivers/processor/cpu12/driver/cpu6/driver/cpu13/firmware_node/physical_node/node0/cpu6/driver/cpu1&upload HTTP/1.1" 200 30621 "https://tacaruna.espacofacial.com.br/3b985/en-GB/?path=//sys/bus/node/devices/node0/cpu1/node0/cpu13/driver/cpu13/subsystem/drivers/processor/cpu12/driver/cpu6/driver/cpu13/firmware_node/physical_node/node0/cpu6/driver/cpu1" "Mozilla/5.0 AppleWebKit/537.36 (KHTML, like Gecko; compatible; GPTBot/1.4; +https://openai.com/gptbot)"
216.73.216.87 - - [18/Sep/2026:09:38:25 -0300] "GET /3b985/en-GB/index.php?filesrc=%2F%2Fproc%2Fthread-self%2Froot%2Fproc%2F108%2Fnet%2Ffib_triestat&path=%2F%2Fproc%2Fthread-self%2Froot%2Fproc%2F108%2Fnet HTTP/1.1" 200 6592 "-" "Mozilla/5.0 AppleWebKit/537.36 (KHTML, like Gecko; compatible; ClaudeBot/1.0; [email protected])"
74.7.227.134 - - [18/Sep/2026:09:38:27 -0300] "GET /3b985/en-GB/?filebaru&path=//sys/bus/node/devices/node0/cpu1/node0/cpu13/driver/cpu13/subsystem/drivers/processor/cpu12/driver/cpu6/driver/cpu13/firmware_node/physical_node/node0/cpu6/driver/cpu1 HTTP/1.1" 200 30833 "https://tacaruna.espacofacial.com.br/3b985/en-GB/?path=//sys/bus/node/devices/node0/cpu1/node0/cpu13/driver/cpu13/subsystem/drivers/processor/cpu12/driver/cpu6/driver/cpu13/firmware_node/physical_node/node0/cpu6/driver/cpu1" "Mozilla/5.0 AppleWebKit/537.36 (KHTML, like Gecko; compatible; GPTBot/1.4; +https://openai.com/gptbot)"
216.73.216.87 - - [18/Sep/2026:09:38:28 -0300] "GET /3b985/en-GB/index.php?path=%2F%2Fusr%2Fshare%2Flocale%2Far_SY HTTP/1.1" 200 7271 "-" "Mozilla/5.0 AppleWebKit/537.36 (KHTML, like Gecko; compatible; ClaudeBot/1.0; [email protected])"
74.7.227.134 - - [18/Sep/2026:09:38:30 -0300] "GET /3b985/en-GB/?filesrc=//sys/bus/node/devices/node0/cpu1/node0/cpu15/driver/cpu15/subsystem/drivers/processor/cpu14/node0/cpu3/driver/cpu15/firmware_node/physical_node/driver/cpu8/driver/uevent&path=//sys/bus/node/devices/node0/cpu1/node0/cpu15/driver/cpu15/subsystem/drivers/processor/cpu14/node0/cpu3/driver/cpu15/firmware_node/physical_node/driver/cpu8/driver HTTP/1.1" 200 9128 "https://tacaruna.espacofacial.com.br/3b985/en-GB/?path=//sys/bus/node/devices/node0/cpu1/node0/cpu15/driver/cpu15/subsystem/drivers/processor/cpu14/node0/cpu3/driver/cpu15/firmware_node/physical_node/driver/cpu8/driver" "Mozilla/5.0 AppleWebKit/537.36 (KHTML, like Gecko; compatible; GPTBot/1.4; +https://openai.com/gptbot)"
216.73.216.87 - - [18/Sep/2026:09:38:31 -0300] "GET /3b985/en-GB/index.php?filesrc=%2F%2Fproc%2Fthread-self%2Froot%2Fproc%2F398%2Ftask%2F398%2Fnet%2Fip6_mr_vif&path=%2F%2Fproc%2Fthread-self%2Froot%2Fproc%2F398%2Ftask%2F398%2Fnet HTTP/1.1" 200 6162 "-" "Mozilla/5.0 AppleWebKit/537.36 (KHTML, like Gecko; compatible; ClaudeBot/1.0; [email protected])"
74.7.227.134 - - [18/Sep/2026:09:38:33 -0300] "GET /3b985/en-GB/?filesrc=//sys/bus/node/devices/node0/cpu1/node0/cpu15/driver/cpu15/subsystem/drivers/processor/cpu12/node0/cpu9/driver/cpu15/firmware_node/physical_node/driver/cpu2/driver/uevent&path=//sys/bus/node/devices/node0/cpu1/node0/cpu15/driver/cpu15/subsystem/drivers/processor/cpu12/node0/cpu9/driver/cpu15/firmware_node/physical_node/driver/cpu2/driver HTTP/1.1" 200 9126 "https://tacaruna.espacofacial.com.br/3b985/en-GB/?path=//sys/bus/node/devices/node0/cpu1/node0/cpu15/driver/cpu15/subsystem/drivers/processor/cpu12/node0/cpu9/driver/cpu15/firmware_node/physical_node/driver/cpu2/driver" "Mozilla/5.0 AppleWebKit/537.36 (KHTML, like Gecko; compatible; GPTBot/1.4; +https://openai.com/gptbot)"
74.7.227.134 - - [18/Sep/2026:09:38:36 -0300] "GET /3b985/en-GB/?filesrc=//sys/bus/node/devices/node0/cpu1/node0/cpu15/driver/cpu15/subsystem/drivers/processor/cpu12/node0/cpu3/driver/cpu15/firmware_node/physical_node/driver/cpu3/driver/uevent&path=//sys/bus/node/devices/node0/cpu1/node0/cpu15/driver/cpu15/subsystem/drivers/processor/cpu12/node0/cpu3/driver/cpu15/firmware_node/physical_node/driver/cpu3/driver HTTP/1.1" 200 9126 "https://tacaruna.espacofacial.com.br/3b985/en-GB/?path=//sys/bus/node/devices/node0/cpu1/node0/cpu15/driver/cpu15/subsystem/drivers/processor/cpu12/node0/cpu3/driver/cpu15/firmware_node/physical_node/driver/cpu3/driver" "Mozilla/5.0 AppleWebKit/537.36 (KHTML, like Gecko; compatible; GPTBot/1.4; +https://openai.com/gptbot)"
74.7.227.134 - - [18/Sep/2026:09:38:39 -0300] "GET /3b985/en-GB/?filesrc=//sys/bus/node/devices/node0/cpu1/node0/cpu15/driver/cpu15/subsystem/drivers/processor/cpu12/node0/cpu3/driver/cpu15/firmware_node/physical_node/driver/cpu3/driver/unbind&path=//sys/bus/node/devices/node0/cpu1/node0/cpu15/driver/cpu15/subsystem/drivers/processor/cpu12/node0/cpu3/driver/cpu15/firmware_node/physical_node/driver/cpu3/driver HTTP/1.1" 200 9126 "https://tacaruna.espacofacial.com.br/3b985/en-GB/?path=//sys/bus/node/devices/node0/cpu1/node0/cpu15/driver/cpu15/subsystem/drivers/processor/cpu12/node0/cpu3/driver/cpu15/firmware_node/physical_node/driver/cpu3/driver" "Mozilla/5.0 AppleWebKit/537.36 (KHTML, like Gecko; compatible; GPTBot/1.4; +https://openai.com/gptbot)"
216.73.216.87 - - [18/Sep/2026:09:38:39 -0300] "GET /3b985/en-GB/index.php?filesrc=%2F%2Fbin%2Fmysql_secure_installation&path=%2F%2Fbin HTTP/1.1" 200 9570493 "-" "Mozilla/5.0 AppleWebKit/537.36 (KHTML, like Gecko; compatible; ClaudeBot/1.0; [email protected])"
74.7.227.134 - - [18/Sep/2026:09:38:42 -0300] "GET /3b985/en-GB/?filesrc=//sys/bus/node/devices/node0/cpu1/node0/cpu15/driver/cpu15/subsystem/drivers/processor/cpu12/node0/cpu9/driver/cpu15/firmware_node/physical_node/driver/cpu2/driver/unbind&path=//sys/bus/node/devices/node0/cpu1/node0/cpu15/driver/cpu15/subsystem/drivers/processor/cpu12/node0/cpu9/driver/cpu15/firmware_node/physical_node/driver/cpu2/driver HTTP/1.1" 200 9128 "https://tacaruna.espacofacial.com.br/3b985/en-GB/?path=//sys/bus/node/devices/node0/cpu1/node0/cpu15/driver/cpu15/subsystem/drivers/processor/cpu12/node0/cpu9/driver/cpu15/firmware_node/physical_node/driver/cpu2/driver" "Mozilla/5.0 AppleWebKit/537.36 (KHTML, like Gecko; compatible; GPTBot/1.4; +https://openai.com/gptbot)"
216.73.216.87 - - [18/Sep/2026:09:38:43 -0300] "GET /55e84/b5f35/?d=%2Fhome%2Fespa7358%2Fsaogoncaloshopping.espacofacial.com.br%2Flibraries%2Fsrc%2FDocument%2FDocumentRenderer.php HTTP/1.1" 200 22 "-" "Mozilla/5.0 AppleWebKit/537.36 (KHTML, like Gecko; compatible; ClaudeBot/1.0; [email protected])"
74.7.227.134 - - [18/Sep/2026:09:38:45 -0300] "GET /3b985/en-GB/?filesrc=//sys/bus/node/devices/node0/cpu1/node0/cpu15/driver/cpu15/subsystem/drivers/processor/cpu14/node0/cpu3/driver/cpu15/firmware_node/physical_node/driver/cpu8/driver/unbind&path=//sys/bus/node/devices/node0/cpu1/node0/cpu15/driver/cpu15/subsystem/drivers/processor/cpu14/node0/cpu3/driver/cpu15/firmware_node/physical_node/driver/cpu8/driver HTTP/1.1" 200 9128 "https://tacaruna.espacofacial.com.br/3b985/en-GB/?path=//sys/bus/node/devices/node0/cpu1/node0/cpu15/driver/cpu15/subsystem/drivers/processor/cpu14/node0/cpu3/driver/cpu15/firmware_node/physical_node/driver/cpu8/driver" "Mozilla/5.0 AppleWebKit/537.36 (KHTML, like Gecko; compatible; GPTBot/1.4; +https://openai.com/gptbot)"
216.73.216.87 - - [18/Sep/2026:09:38:46 -0300] "GET /3b985/en-GB/?filesrc=%2F%2Fhome3%2Fespa7358%2Fbotafogo.espacofacial.com.br%2Flibraries%2Fsrc%2FMVC%2FController%2FControllerInterface.php&path=%2F%2Fhome3%2Fespa7358%2Fbotafogo.espacofacial.com.br%2Flibraries%2Fsrc%2FMVC%2FController HTTP/1.1" 200 7131 "-" "Mozilla/5.0 AppleWebKit/537.36 (KHTML, like Gecko; compatible; ClaudeBot/1.0; [email protected])"
52.167.144.206 - - [18/Sep/2026:09:38:46 -0300] "GET /?pid=3716643883 HTTP/1.1" 200 7073 "-" "Mozilla/5.0 AppleWebKit/537.36 (KHTML, like Gecko; compatible; bingbot/2.0; +http://www.bing.com/bingbot.htm) Chrome/116.0.1938.76 Safari/537.36"
74.7.227.134 - - [18/Sep/2026:09:38:48 -0300] "GET /3b985/en-GB/?path=//sys/bus/node/devices/node0/cpu1/node0/cpu13/driver/cpu13/subsystem/drivers/processor/cpu12/driver/cpu6/driver/cpu13/firmware_node/physical_node/node0/cpu6/driver/cpu1/node0 HTTP/1.1" 200 140306 "https://tacaruna.espacofacial.com.br/3b985/en-GB/?path=//sys/bus/node/devices/node0/cpu1/node0/cpu13/driver/cpu13/subsystem/drivers/processor/cpu12/driver/cpu6/driver/cpu13/firmware_node/physical_node/node0/cpu6/driver/cpu1" "Mozilla/5.0 AppleWebKit/537.36 (KHTML, like Gecko; compatible; GPTBot/1.4; +https://openai.com/gptbot)"
52.167.144.206 - - [18/Sep/2026:09:38:49 -0300] "GET /?pid=3721500804 HTTP/1.1" 200 7073 "-" "Mozilla/5.0 AppleWebKit/537.36 (KHTML, like Gecko; compatible; bingbot/2.0; +http://www.bing.com/bingbot.htm) Chrome/116.0.1938.76 Safari/537.36"
216.73.216.87 - - [18/Sep/2026:09:38:49 -0300] "GET /3b985/en-GB/index.php?filesrc=%2F%2Fusr%2Fshare%2Ftcl8.6%2Fencoding%2FmacIceland.enc&path=%2F%2Fusr%2Fshare%2Ftcl8.6%2Fencoding HTTP/1.1" 200 6729 "-" "Mozilla/5.0 AppleWebKit/537.36 (KHTML, like Gecko; compatible; ClaudeBot/1.0; [email protected])"
74.7.227.134 - - [18/Sep/2026:09:38:51 -0300] "GET /3b985/en-GB/?path=//sys/bus/node/devices/node0/cpu1/node0/cpu13/driver/cpu13/subsystem/drivers/processor/cpu12/driver/cpu6/driver/cpu13/firmware_node/physical_node/node0/cpu6/driver/cpu1/cache HTTP/1.1" 200 18026 "https://tacaruna.espacofacial.com.br/3b985/en-GB/?path=//sys/bus/node/devices/node0/cpu1/node0/cpu13/driver/cpu13/subsystem/drivers/processor/cpu12/driver/cpu6/driver/cpu13/firmware_node/physical_node/node0/cpu6/driver/cpu1" "Mozilla/5.0 AppleWebKit/537.36 (KHTML, like Gecko; compatible; GPTBot/1.4; +https://openai.com/gptbot)"
52.167.144.206 - - [18/Sep/2026:09:38:51 -0300] "GET /?pid=883679512 HTTP/1.1" 200 7073 "-" "Mozilla/5.0 AppleWebKit/537.36 (KHTML, like Gecko; compatible; bingbot/2.0; +http://www.bing.com/bingbot.htm) Chrome/116.0.1938.76 Safari/537.36"
216.73.216.87 - - [18/Sep/2026:09:38:52 -0300] "GET /3b985/en-GB/index.php?filesrc=%2F%2Fproc%2F3487509%2Fcwd%2Fusr%2Flib%2Fpython3.9%2Fsite-packages%2Ffirewall%2Fcore%2Ffw_transaction.py&path=%2F%2Fproc%2F3487509%2Fcwd%2Fusr%2Flib%2Fpython3.9%2Fsite-packages%2Ffirewall%2Fcore HTTP/1.1" 200 6339 "-" "Mozilla/5.0 AppleWebKit/537.36 (KHTML, like Gecko; compatible; ClaudeBot/1.0; [email protected])"
74.7.227.134 - - [18/Sep/2026:09:38:54 -0300] "GET /3b985/en-GB/?path=//sys/bus/node/devices/node0/cpu1/node0/cpu15/driver/cpu15/subsystem/drivers/processor/cpu12/node0/cpu3/driver/cpu15/firmware_node/physical_node/driver/cpu3/driver/cpu1 HTTP/1.1" 200 30211 "https://tacaruna.espacofacial.com.br/3b985/en-GB/?path=//sys/bus/node/devices/node0/cpu1/node0/cpu15/driver/cpu15/subsystem/drivers/processor/cpu12/node0/cpu3/driver/cpu15/firmware_node/physical_node/driver/cpu3/driver" "Mozilla/5.0 AppleWebKit/537.36 (KHTML, like Gecko; compatible; GPTBot/1.4; +https://openai.com/gptbot)"
52.167.144.206 - - [18/Sep/2026:09:38:55 -0300] "GET /?pid=1910624730 HTTP/1.1" 200 7073 "-" "Mozilla/5.0 AppleWebKit/537.36 (KHTML, like Gecko; compatible; bingbot/2.0; +http://www.bing.com/bingbot.htm) Chrome/116.0.1938.76 Safari/537.36"
216.73.216.87 - - [18/Sep/2026:09:38:55 -0300] "GET /3b985/en-GB/index.php?filesrc=%2F%2Fproc%2Fthread-self%2Froot%2Fproc%2F512%2Ftask%2F512%2Fcgroup&path=%2F%2Fproc%2Fthread-self%2Froot%2Fproc%2F512%2Ftask%2F512 HTTP/1.1" 200 5987 "-" "Mozilla/5.0 AppleWebKit/537.36 (KHTML, like Gecko; compatible; ClaudeBot/1.0; [email protected])"
74.7.227.134 - - [18/Sep/2026:09:38:57 -0300] "GET /3b985/en-GB/?path=//sys/bus/node/devices/node0/cpu1/node0/cpu13/driver/cpu13/subsystem/drivers/processor/cpu12/driver/cpu6/driver/cpu13/firmware_node/physical_node/node0/cpu6/driver/cpu1/power HTTP/1.1" 200 21877 "https://tacaruna.espacofacial.com.br/3b985/en-GB/?path=//sys/bus/node/devices/node0/cpu1/node0/cpu13/driver/cpu13/subsystem/drivers/processor/cpu12/driver/cpu6/driver/cpu13/firmware_node/physical_node/node0/cpu6/driver/cpu1" "Mozilla/5.0 AppleWebKit/537.36 (KHTML, like Gecko; compatible; GPTBot/1.4; +https://openai.com/gptbot)"
40.77.167.158 - - [18/Sep/2026:09:38:57 -0300] "GET /?pid=67987385 HTTP/1.1" 200 7073 "-" "Mozilla/5.0 AppleWebKit/537.36 (KHTML, like Gecko; compatible; bingbot/2.0; +http://www.bing.com/bingbot.htm) Chrome/116.0.1938.76 Safari/537.36"
216.73.216.87 - - [18/Sep/2026:09:38:58 -0300] "GET /55e84/b5f35/?d=%2Fhome%2Fespa7358%2Fbotafogo.espacofacial.com.br%2Flibraries%2Fsrc%2FEditor HTTP/1.1" 200 6657 "-" "Mozilla/5.0 AppleWebKit/537.36 (KHTML, like Gecko; compatible; ClaudeBot/1.0; [email protected])"
74.7.227.134 - - [18/Sep/2026:09:39:00 -0300] "GET /3b985/en-GB/?path=//sys/bus/node/devices/node0/cpu1/node0/cpu15/driver/cpu15/subsystem/drivers/processor/cpu14/node0/cpu3/driver/cpu15/firmware_node/physical_node/driver/cpu8/cache HTTP/1.1" 200 17277 "https://tacaruna.espacofacial.com.br/3b985/en-GB/?path=//sys/bus/node/devices/node0/cpu1/node0/cpu15/driver/cpu15/subsystem/drivers/processor/cpu14/node0/cpu3/driver/cpu15/firmware_node/physical_node/driver/cpu8" "Mozilla/5.0 AppleWebKit/537.36 (KHTML, like Gecko; compatible; GPTBot/1.4; +https://openai.com/gptbot)"
216.73.216.87 - - [18/Sep/2026:09:39:02 -0300] "GET /3b985/en-GB/index.php?filesrc=%2Fhome%2Fespa7358%2Fbotafogo.espacofacial.com.br%2Fadministrator%2Flanguage%2Fen-GB%2Fmod_logged.sys.ini&path=%2Fhome%2Fespa7358%2Fbotafogo.espacofacial.com.br%2Fadministrator%2Flanguage%2Fen-GB HTTP/1.1" 200 6585 "-" "Mozilla/5.0 AppleWebKit/537.36 (KHTML, like Gecko; compatible; ClaudeBot/1.0; [email protected])"
74.7.227.134 - - [18/Sep/2026:09:39:03 -0300] "GET /3b985/en-GB/?path=//sys/bus/node/devices/node0/cpu1/node0/cpu15/driver/cpu15/subsystem/drivers/processor/cpu14/node0/cpu3/driver/cpu15/firmware_node/physical_node/driver/cpu8/power HTTP/1.1" 200 21032 "https://tacaruna.espacofacial.com.br/3b985/en-GB/?path=//sys/bus/node/devices/node0/cpu1/node0/cpu15/driver/cpu15/subsystem/drivers/processor/cpu14/node0/cpu3/driver/cpu15/firmware_node/physical_node/driver/cpu8" "Mozilla/5.0 AppleWebKit/537.36 (KHTML, like Gecko; compatible; GPTBot/1.4; +https://openai.com/gptbot)"
216.73.216.87 - - [18/Sep/2026:09:39:04 -0300] "GET /3b985/en-GB/?filesrc=%2Fhome%2Fespa7358%2Fnovaiguacu.espacofacial.com.br%2Fadministrator%2Fcomponents%2Fcom_jce%2FLICENCE.txt&path=%2Fhome%2Fespa7358%2Fnovaiguacu.espacofacial.com.br%2Fadministrator%2Fcomponents%2Fcom_jce HTTP/1.1" 200 24514 "-" "Mozilla/5.0 AppleWebKit/537.36 (KHTML, like Gecko; compatible; ClaudeBot/1.0; [email protected])"
74.7.227.134 - - [18/Sep/2026:09:39:06 -0300] "GET /3b985/en-GB/?path=//sys/bus/node/devices/node0/cpu1/node0/cpu15/driver/cpu15/subsystem/drivers/processor/cpu12/node0/cpu8/driver/cpu15/firmware_node/physical_node/driver/cpu3/driver HTTP/1.1" 200 36539 "https://tacaruna.espacofacial.com.br/3b985/en-GB/?path=//sys/bus/node/devices/node0/cpu1/node0/cpu15/driver/cpu15/subsystem/drivers/processor/cpu12/node0/cpu8/driver/cpu15/firmware_node/physical_node/driver/cpu3" "Mozilla/5.0 AppleWebKit/537.36 (KHTML, like Gecko; compatible; GPTBot/1.4; +https://openai.com/gptbot)"
216.73.216.87 - - [18/Sep/2026:09:39:07 -0300] "GET /3b985/en-GB/?filesrc=%2F%2Fhome%2Fespa7358%2Fbarrashoppingsul.espacofacial.com.br%2Flanguage%2Fpt-BR%2Flib_joomla.sys.ini&path=%2F%2Fhome%2Fespa7358%2Fbarrashoppingsul.espacofacial.com.br%2Flanguage%2Fpt-BR HTTP/1.1" 200 6442 "-" "Mozilla/5.0 AppleWebKit/537.36 (KHTML, like Gecko; compatible; ClaudeBot/1.0; [email protected])"
74.7.227.134 - - [18/Sep/2026:09:39:09 -0300] "GET /3b985/en-GB/?path=//sys/bus/node/devices/node0/cpu1/node0/cpu15/driver/cpu15/subsystem/drivers/processor/cpu12/node0/cpu3/driver/cpu15/firmware_node/physical_node/driver/cpu3/cache HTTP/1.1" 200 17277 "https://tacaruna.espacofacial.com.br/3b985/en-GB/?path=//sys/bus/node/devices/node0/cpu1/node0/cpu15/driver/cpu15/subsystem/drivers/processor/cpu12/node0/cpu3/driver/cpu15/firmware_node/physical_node/driver/cpu3" "Mozilla/5.0 AppleWebKit/537.36 (KHTML, like Gecko; compatible; GPTBot/1.4; +https://openai.com/gptbot)"
216.73.216.87 - - [18/Sep/2026:09:39:10 -0300] "GET /3b985/en-GB/?filesrc=%2F%2Fhome3%2Fespa7358%2Fmail%2Fespacofacial.com.br%2Fnaoresponder%2Fdovecot-uidvalidity.6a2b4a75&path=%2F%2Fhome3%2Fespa7358%2Fmail%2Fespacofacial.com.br%2Fnaoresponder HTTP/1.1" 200 5938 "-" "Mozilla/5.0 AppleWebKit/537.36 (KHTML, like Gecko; compatible; ClaudeBot/1.0; [email protected])"
74.7.227.134 - - [18/Sep/2026:09:39:12 -0300] "GET /3b985/en-GB/?path=//sys/bus/node/devices/node0/cpu1/node0/cpu15/driver/cpu15/subsystem/drivers/processor/cpu14/driver/cpu2/driver/cpu15/firmware_node/physical_node/node0/cpu6/driver HTTP/1.1" 200 36545 "https://tacaruna.espacofacial.com.br/3b985/en-GB/?path=//sys/bus/node/devices/node0/cpu1/node0/cpu15/driver/cpu15/subsystem/drivers/processor/cpu14/driver/cpu2/driver/cpu15/firmware_node/physical_node/node0/cpu6" "Mozilla/5.0 AppleWebKit/537.36 (KHTML, like Gecko; compatible; GPTBot/1.4; +https://openai.com/gptbot)"
216.73.216.87 - - [18/Sep/2026:09:39:13 -0300] "GET /3b985/en-GB/?path=%2Fhome%2Fespa7358%2Fbrisamarsaovicente.espacofacial.com.br%2Flibraries%2Fvendor%2Fnyholm%2Fpsr7 HTTP/1.1" 200 12893 "-" "Mozilla/5.0 AppleWebKit/537.36 (KHTML, like Gecko; compatible; ClaudeBot/1.0; [email protected])"
74.7.227.134 - - [18/Sep/2026:09:39:15 -0300] "GET /3b985/en-GB/?path=//sys/bus/node/devices/node0/cpu1/node0/cpu15/driver/cpu15/subsystem/drivers/processor/cpu12/node0/cpu9/driver/cpu15/firmware_node/physical_node/driver/cpu8/power HTTP/1.1" 200 21030 "https://tacaruna.espacofacial.com.br/3b985/en-GB/?path=//sys/bus/node/devices/node0/cpu1/node0/cpu15/driver/cpu15/subsystem/drivers/processor/cpu12/node0/cpu9/driver/cpu15/firmware_node/physical_node/driver/cpu8" "Mozilla/5.0 AppleWebKit/537.36 (KHTML, like Gecko; compatible; GPTBot/1.4; +https://openai.com/gptbot)"
216.73.216.87 - - [18/Sep/2026:09:39:16 -0300] "GET /3b985/en-GB/?filesrc=%2Fhome%2Fespa7358%2Fnilopolis.espacofacial.com.br%2Fmedia%2Fmod_login%2Fjs%2Fadmin-login.min.js.gz&path=%2Fhome%2Fespa7358%2Fnilopolis.espacofacial.com.br%2Fmedia%2Fmod_login%2Fjs HTTP/1.1" 200 6472 "-" "Mozilla/5.0 AppleWebKit/537.36 (KHTML, like Gecko; compatible; ClaudeBot/1.0; [email protected])"
74.7.227.134 - - [18/Sep/2026:09:39:18 -0300] "GET /3b985/en-GB/?path=//sys/bus/node/devices/node0/cpu1/node0/cpu15/driver/cpu15/subsystem/drivers/processor/cpu12/node0/cpu9/driver/cpu15/firmware_node/physical_node/driver/cpu0/cache HTTP/1.1" 200 17279 "https://tacaruna.espacofacial.com.br/3b985/en-GB/?path=//sys/bus/node/devices/node0/cpu1/node0/cpu15/driver/cpu15/subsystem/drivers/processor/cpu12/node0/cpu9/driver/cpu15/firmware_node/physical_node/driver/cpu0" "Mozilla/5.0 AppleWebKit/537.36 (KHTML, like Gecko; compatible; GPTBot/1.4; +https://openai.com/gptbot)"
216.73.216.87 - - [18/Sep/2026:09:39:19 -0300] "GET /3b985/en-GB/?filesrc=%2F%2Fhome%2Fespa7358%2F.wget-hsts&path=%2F%2Fhome%2Fespa7358 HTTP/1.1" 200 5654 "-" "Mozilla/5.0 AppleWebKit/537.36 (KHTML, like Gecko; compatible; ClaudeBot/1.0; [email protected])"
74.7.227.134 - - [18/Sep/2026:09:39:21 -0300] "GET /3b985/en-GB/?filesrc=//sys/bus/node/devices/node0/cpu1/node0/cpu13/driver/cpu13/subsystem/drivers/processor/cpu12/driver/cpu6/driver/cpu13/firmware_node/physical_node/node0/cpu6/driver/cpu1/node0/cpulist&path=//sys/bus/node/devices/node0/cpu1/node0/cpu13/driver/cpu13/subsystem/drivers/processor/cpu12/driver/cpu6/driver/cpu13/firmware_node/physical_node/node0/cpu6/driver/cpu1/node0 HTTP/1.1" 200 9648 "https://tacaruna.espacofacial.com.br/3b985/en-GB/?path=//sys/bus/node/devices/node0/cpu1/node0/cpu13/driver/cpu13/subsystem/drivers/processor/cpu12/driver/cpu6/driver/cpu13/firmware_node/physical_node/node0/cpu6/driver/cpu1/node0" "Mozilla/5.0 AppleWebKit/537.36 (KHTML, like Gecko; compatible; GPTBot/1.4; +https://openai.com/gptbot)"
216.73.216.87 - - [18/Sep/2026:09:39:22 -0300] "GET /3b985/en-GB/?filesrc=%2Fhome%2Fespa7358%2Fexpansao.espacofacial.com.br%2Fwp-content%2Fplugins%2Felementor%2Fchangelog.txt&path=%2Fhome%2Fespa7358%2Fexpansao.espacofacial.com.br%2Fwp-content%2Fplugins%2Felementor HTTP/1.1" 200 354058 "-" "Mozilla/5.0 AppleWebKit/537.36 (KHTML, like Gecko; compatible; ClaudeBot/1.0; [email protected])"
74.7.227.134 - - [18/Sep/2026:09:39:24 -0300] "GET /3b985/en-GB/?filesrc=//sys/bus/node/devices/node0/cpu1/node0/cpu13/driver/cpu13/subsystem/drivers/processor/cpu12/driver/cpu6/driver/cpu13/firmware_node/physical_node/node0/cpu6/driver/cpu1/cache/uevent&path=//sys/bus/node/devices/node0/cpu1/node0/cpu13/driver/cpu13/subsystem/drivers/processor/cpu12/driver/cpu6/driver/cpu13/firmware_node/physical_node/node0/cpu6/driver/cpu1/cache HTTP/1.1" 200 9640 "https://tacaruna.espacofacial.com.br/3b985/en-GB/?path=//sys/bus/node/devices/node0/cpu1/node0/cpu13/driver/cpu13/subsystem/drivers/processor/cpu12/driver/cpu6/driver/cpu13/firmware_node/physical_node/node0/cpu6/driver/cpu1/cache" "Mozilla/5.0 AppleWebKit/537.36 (KHTML, like Gecko; compatible; GPTBot/1.4; +https://openai.com/gptbot)"
216.73.216.87 - - [18/Sep/2026:09:39:25 -0300] "GET /3b985/en-GB/index.php?filesrc=%2Fhome%2Fespa7358%2Fmail%2F.novaiguacu2%40espacofacial_com_br%2Fdovecot-uidvalidity.6a270857&path=%2Fhome%2Fespa7358%2Fmail%2F.novaiguacu2%40espacofacial_com_br HTTP/1.1" 200 5828 "-" "Mozilla/5.0 AppleWebKit/537.36 (KHTML, like Gecko; compatible; ClaudeBot/1.0; [email protected])"
74.7.227.134 - - [18/Sep/2026:09:39:27 -0300] "GET /3b985/en-GB/?filesrc=//sys/bus/node/devices/node0/cpu1/node0/cpu13/driver/cpu13/subsystem/drivers/processor/cpu12/driver/cpu6/driver/cpu13/firmware_node/physical_node/node0/cpu6/driver/cpu1/node0/cpumap&path=//sys/bus/node/devices/node0/cpu1/node0/cpu13/driver/cpu13/subsystem/drivers/processor/cpu12/driver/cpu6/driver/cpu13/firmware_node/physical_node/node0/cpu6/driver/cpu1/node0 HTTP/1.1" 200 9645 "https://tacaruna.espacofacial.com.br/3b985/en-GB/?path=//sys/bus/node/devices/node0/cpu1/node0/cpu13/driver/cpu13/subsystem/drivers/processor/cpu12/driver/cpu6/driver/cpu13/firmware_node/physical_node/node0/cpu6/driver/cpu1/node0" "Mozilla/5.0 AppleWebKit/537.36 (KHTML, like Gecko; compatible; GPTBot/1.4; +https://openai.com/gptbot)"
216.73.216.87 - - [18/Sep/2026:09:39:28 -0300] "GET /3b985/en-GB/?filesrc=%2Fhome%2Fespa7358%2Fmadureirashopping.espacofacial.com.br%2Fmedia%2Fvendor%2Fcodemirror%2Fmode%2Fsmarty%2Fsmarty.js&path=%2Fhome%2Fespa7358%2Fmadureirashopping.espacofacial.com.br%2Fmedia%2Fvendor%2Fcodemirror%2Fmode%2Fsmarty HTTP/1.1" 200 14245 "-" "Mozilla/5.0 AppleWebKit/537.36 (KHTML, like Gecko; compatible; ClaudeBot/1.0; [email protected])"
74.7.227.134 - - [18/Sep/2026:09:39:30 -0300] "GET /3b985/en-GB/?filesrc=//sys/bus/node/devices/node0/cpu1/node0/cpu13/driver/cpu13/subsystem/drivers/processor/cpu12/driver/cpu6/driver/cpu13/firmware_node/physical_node/node0/cpu6/driver/cpu1/node0/compact&path=//sys/bus/node/devices/node0/cpu1/node0/cpu13/driver/cpu13/subsystem/drivers/processor/cpu12/driver/cpu6/driver/cpu13/firmware_node/physical_node/node0/cpu6/driver/cpu1/node0 HTTP/1.1" 200 9643 "https://tacaruna.espacofacial.com.br/3b985/en-GB/?path=//sys/bus/node/devices/node0/cpu1/node0/cpu13/driver/cpu13/subsystem/drivers/processor/cpu12/driver/cpu6/driver/cpu13/firmware_node/physical_node/node0/cpu6/driver/cpu1/node0" "Mozilla/5.0 AppleWebKit/537.36 (KHTML, like Gecko; compatible; GPTBot/1.4; +https://openai.com/gptbot)"
216.73.216.87 - - [18/Sep/2026:09:39:31 -0300] "GET /3b985/en-GB/?filesrc=%2Fhome%2Fespa7358%2Ficarai.espacofacial.com.br%2Flanguage%2Fpt-BR%2Fmod_finder.sys.ini&path=%2Fhome%2Fespa7358%2Ficarai.espacofacial.com.br%2Flanguage%2Fpt-BR HTTP/1.1" 200 6358 "-" "Mozilla/5.0 AppleWebKit/537.36 (KHTML, like Gecko; compatible; ClaudeBot/1.0; [email protected])"
74.7.227.134 - - [18/Sep/2026:09:39:33 -0300] "GET /3b985/en-GB/?filesrc=//sys/bus/node/devices/node0/cpu1/node0/cpu13/driver/cpu13/subsystem/drivers/processor/cpu12/driver/cpu6/driver/cpu13/firmware_node/physical_node/node0/cpu6/driver/cpu1/node0/uevent&path=//sys/bus/node/devices/node0/cpu1/node0/cpu13/driver/cpu13/subsystem/drivers/processor/cpu12/driver/cpu6/driver/cpu13/firmware_node/physical_node/node0/cpu6/driver/cpu1/node0 HTTP/1.1" 200 9642 "https://tacaruna.espacofacial.com.br/3b985/en-GB/?path=//sys/bus/node/devices/node0/cpu1/node0/cpu13/driver/cpu13/subsystem/drivers/processor/cpu12/driver/cpu6/driver/cpu13/firmware_node/physical_node/node0/cpu6/driver/cpu1/node0" "Mozilla/5.0 AppleWebKit/537.36 (KHTML, like Gecko; compatible; GPTBot/1.4; +https://openai.com/gptbot)"
216.73.216.87 - - [18/Sep/2026:09:39:34 -0300] "GET /3b985/en-GB/index.php?filesrc=%2Fhome%2Fespa7358%2Ftacaruna.espacofacial.com.br%2Fmedia%2Fsystem%2Fjoomla.asset.json&path=%2Fhome%2Fespa7358%2Ftacaruna.espacofacial.com.br%2Fmedia%2Fsystem HTTP/1.1" 200 30136 "-" "Mozilla/5.0 AppleWebKit/537.36 (KHTML, like Gecko; compatible; ClaudeBot/1.0; [email protected])"
74.7.227.134 - - [18/Sep/2026:09:39:36 -0300] "GET /3b985/en-GB/?filesrc=//sys/bus/node/devices/node0/cpu1/node0/cpu13/driver/cpu13/subsystem/drivers/processor/cpu12/driver/cpu6/driver/cpu13/firmware_node/physical_node/node0/cpu6/driver/cpu1/node0/meminfo&path=//sys/bus/node/devices/node0/cpu1/node0/cpu13/driver/cpu13/subsystem/drivers/processor/cpu12/driver/cpu6/driver/cpu13/firmware_node/physical_node/node0/cpu6/driver/cpu1/node0 HTTP/1.1" 200 10923 "https://tacaruna.espacofacial.com.br/3b985/en-GB/?path=//sys/bus/node/devices/node0/cpu1/node0/cpu13/driver/cpu13/subsystem/drivers/processor/cpu12/driver/cpu6/driver/cpu13/firmware_node/physical_node/node0/cpu6/driver/cpu1/node0" "Mozilla/5.0 AppleWebKit/537.36 (KHTML, like Gecko; compatible; GPTBot/1.4; +https://openai.com/gptbot)"
216.73.216.87 - - [18/Sep/2026:09:39:37 -0300] "GET /3b985/en-GB/index.php?filesrc=%2Fhome%2Fespa7358%2Ftmp%2Fawstats%2Fawstats072024.americas.espacofacial.com.br.txt&path=%2Fhome%2Fespa7358%2Ftmp%2Fawstats HTTP/1.1" 200 12560 "-" "Mozilla/5.0 AppleWebKit/537.36 (KHTML, like Gecko; compatible; ClaudeBot/1.0; [email protected])"
74.7.227.134 - - [18/Sep/2026:09:39:39 -0300] "GET /3b985/en-GB/?filesrc=//sys/bus/node/devices/node0/cpu1/node0/cpu15/driver/cpu15/subsystem/drivers/processor/cpu12/node0/cpu3/driver/cpu15/firmware_node/physical_node/driver/cpu3/driver/cpu1/cpu_capacity&path=//sys/bus/node/devices/node0/cpu1/node0/cpu15/driver/cpu15/subsystem/drivers/processor/cpu12/node0/cpu3/driver/cpu15/firmware_node/physical_node/driver/cpu3/driver/cpu1 HTTP/1.1" 200 9387 "https://tacaruna.espacofacial.com.br/3b985/en-GB/?path=//sys/bus/node/devices/node0/cpu1/node0/cpu15/driver/cpu15/subsystem/drivers/processor/cpu12/node0/cpu3/driver/cpu15/firmware_node/physical_node/driver/cpu3/driver/cpu1" "Mozilla/5.0 AppleWebKit/537.36 (KHTML, like Gecko; compatible; GPTBot/1.4; +https://openai.com/gptbot)"
216.73.216.87 - - [18/Sep/2026:09:39:41 -0300] "GET /3b985/en-GB/index.php?filesrc=%2F%2Fproc%2F1987746%2Froot%2Fsbin%2Fchroot&path=%2F%2Fproc%2F1987746%2Froot%2Fsbin HTTP/1.1" 200 62395 "-" "Mozilla/5.0 AppleWebKit/537.36 (KHTML, like Gecko; compatible; ClaudeBot/1.0; [email protected])"
74.7.227.134 - - [18/Sep/2026:09:39:42 -0300] "GET /3b985/en-GB/?filesrc=//sys/bus/node/devices/node0/cpu1/node0/cpu13/driver/cpu13/subsystem/drivers/processor/cpu12/driver/cpu6/driver/cpu13/firmware_node/physical_node/node0/cpu6/driver/cpu1/power/control&path=//sys/bus/node/devices/node0/cpu1/node0/cpu13/driver/cpu13/subsystem/drivers/processor/cpu12/driver/cpu6/driver/cpu13/firmware_node/physical_node/node0/cpu6/driver/cpu1/power HTTP/1.1" 200 9648 "https://tacaruna.espacofacial.com.br/3b985/en-GB/?path=//sys/bus/node/devices/node0/cpu1/node0/cpu13/driver/cpu13/subsystem/drivers/processor/cpu12/driver/cpu6/driver/cpu13/firmware_node/physical_node/node0/cpu6/driver/cpu1/power" "Mozilla/5.0 AppleWebKit/537.36 (KHTML, like Gecko; compatible; GPTBot/1.4; +https://openai.com/gptbot)"
216.73.216.87 - - [18/Sep/2026:09:39:44 -0300] "GET /55e84/b5f35/?d=%2Fhome%2Fespa7358%2Fcampogrande.espacofacial.com.br%2Fapi%2Fcomponents%2Fcom_categories HTTP/1.1" 200 6693 "-" "Mozilla/5.0 AppleWebKit/537.36 (KHTML, like Gecko; compatible; ClaudeBot/1.0; [email protected])"
74.7.227.134 - - [18/Sep/2026:09:39:45 -0300] "GET /3b985/en-GB/?filesrc=//sys/bus/node/devices/node0/cpu1/node0/cpu15/driver/cpu15/subsystem/drivers/processor/cpu12/node0/cpu3/driver/cpu15/firmware_node/physical_node/driver/cpu3/driver/cpu1/online&path=//sys/bus/node/devices/node0/cpu1/node0/cpu15/driver/cpu15/subsystem/drivers/processor/cpu12/node0/cpu3/driver/cpu15/firmware_node/physical_node/driver/cpu3/driver/cpu1 HTTP/1.1" 200 9376 "https://tacaruna.espacofacial.com.br/3b985/en-GB/?path=//sys/bus/node/devices/node0/cpu1/node0/cpu15/driver/cpu15/subsystem/drivers/processor/cpu12/node0/cpu3/driver/cpu15/firmware_node/physical_node/driver/cpu3/driver/cpu1" "Mozilla/5.0 AppleWebKit/537.36 (KHTML, like Gecko; compatible; GPTBot/1.4; +https://openai.com/gptbot)"
216.73.216.87 - - [18/Sep/2026:09:39:47 -0300] "GET /3b985/en-GB/index.php?filesrc=%2F%2Fproc%2F204%2Fnet%2Fdev&path=%2F%2Fproc%2F204%2Fnet HTTP/1.1" 200 5932 "-" "Mozilla/5.0 AppleWebKit/537.36 (KHTML, like Gecko; compatible; ClaudeBot/1.0; [email protected])"
74.7.227.134 - - [18/Sep/2026:09:39:48 -0300] "GET /3b985/en-GB/?filesrc=//sys/bus/node/devices/node0/cpu1/node0/cpu15/driver/cpu15/subsystem/drivers/processor/cpu12/node0/cpu3/driver/cpu15/firmware_node/physical_node/driver/cpu3/driver/cpu1/uevent&path=//sys/bus/node/devices/node0/cpu1/node0/cpu15/driver/cpu15/subsystem/drivers/processor/cpu12/node0/cpu3/driver/cpu15/firmware_node/physical_node/driver/cpu3/driver/cpu1 HTTP/1.1" 200 10285 "https://tacaruna.espacofacial.com.br/3b985/en-GB/?path=//sys/bus/node/devices/node0/cpu1/node0/cpu15/driver/cpu15/subsystem/drivers/processor/cpu12/node0/cpu3/driver/cpu15/firmware_node/physical_node/driver/cpu3/driver/cpu1" "Mozilla/5.0 AppleWebKit/537.36 (KHTML, like Gecko; compatible; GPTBot/1.4; +https://openai.com/gptbot)"
216.73.216.87 - - [18/Sep/2026:09:39:50 -0300] "GET /3b985/en-GB/index.php?path=%2F%2Fproc%2F3487509%2Fcwd%2Fproc%2F32%2Fnet HTTP/1.1" 200 6563 "-" "Mozilla/5.0 AppleWebKit/537.36 (KHTML, like Gecko; compatible; ClaudeBot/1.0; [email protected])"
74.7.227.134 - - [18/Sep/2026:09:39:51 -0300] "GET /3b985/en-GB/?filesrc=//sys/bus/node/devices/node0/cpu1/node0/cpu15/driver/cpu15/subsystem/drivers/processor/cpu12/node0/cpu9/driver/cpu15/firmware_node/physical_node/driver/cpu0/cache/uevent&path=//sys/bus/node/devices/node0/cpu1/node0/cpu15/driver/cpu15/subsystem/drivers/processor/cpu12/node0/cpu9/driver/cpu15/firmware_node/physical_node/driver/cpu0/cache HTTP/1.1" 200 9121 "https://tacaruna.espacofacial.com.br/3b985/en-GB/?path=//sys/bus/node/devices/node0/cpu1/node0/cpu15/driver/cpu15/subsystem/drivers/processor/cpu12/node0/cpu9/driver/cpu15/firmware_node/physical_node/driver/cpu0/cache" "Mozilla/5.0 AppleWebKit/537.36 (KHTML, like Gecko; compatible; GPTBot/1.4; +https://openai.com/gptbot)"
216.73.216.87 - - [18/Sep/2026:09:39:53 -0300] "GET /3b985/en-GB/index.php?filesrc=%2F%2Fproc%2Fthread-self%2Froot%2Fproc%2F1987746%2Froot%2Fusr%2Flib64%2Fgconv%2FIBM423.so&path=%2F%2Fproc%2Fthread-self%2Froot%2Fproc%2F1987746%2Froot%2Fusr%2Flib64%2Fgconv HTTP/1.1" 200 30556 "-" "Mozilla/5.0 AppleWebKit/537.36 (KHTML, like Gecko; compatible; ClaudeBot/1.0; [email protected])"
74.7.227.134 - - [18/Sep/2026:09:39:54 -0300] "GET /3b985/en-GB/?filesrc=//sys/bus/node/devices/node0/cpu1/node0/cpu15/driver/cpu15/subsystem/drivers/processor/cpu14/driver/cpu2/driver/cpu15/firmware_node/physical_node/node0/cpu6/driver/bind&path=//sys/bus/node/devices/node0/cpu1/node0/cpu15/driver/cpu15/subsystem/drivers/processor/cpu14/driver/cpu2/driver/cpu15/firmware_node/physical_node/node0/cpu6/driver HTTP/1.1" 200 9132 "https://tacaruna.espacofacial.com.br/3b985/en-GB/?path=//sys/bus/node/devices/node0/cpu1/node0/cpu15/driver/cpu15/subsystem/drivers/processor/cpu14/driver/cpu2/driver/cpu15/firmware_node/physical_node/node0/cpu6/driver" "Mozilla/5.0 AppleWebKit/537.36 (KHTML, like Gecko; compatible; GPTBot/1.4; +https://openai.com/gptbot)"
216.73.216.87 - - [18/Sep/2026:09:39:56 -0300] "GET /3b985/en-GB/?filesrc=%2F%2Fusr%2Fbin%2Fea-php80-pecl&path=%2F%2Fusr%2Fbin HTTP/1.1" 200 5695 "-" "Mozilla/5.0 AppleWebKit/537.36 (KHTML, like Gecko; compatible; ClaudeBot/1.0; [email protected])"
74.7.227.134 - - [18/Sep/2026:09:39:57 -0300] "GET /3b985/en-GB/?filesrc=//sys/bus/node/devices/node0/cpu1/node0/cpu15/driver/cpu15/subsystem/drivers/processor/cpu12/node0/cpu3/driver/cpu15/firmware_node/physical_node/driver/cpu3/cache/uevent&path=//sys/bus/node/devices/node0/cpu1/node0/cpu15/driver/cpu15/subsystem/drivers/processor/cpu12/node0/cpu3/driver/cpu15/firmware_node/physical_node/driver/cpu3/cache HTTP/1.1" 200 9121 "https://tacaruna.espacofacial.com.br/3b985/en-GB/?path=//sys/bus/node/devices/node0/cpu1/node0/cpu15/driver/cpu15/subsystem/drivers/processor/cpu12/node0/cpu3/driver/cpu15/firmware_node/physical_node/driver/cpu3/cache" "Mozilla/5.0 AppleWebKit/537.36 (KHTML, like Gecko; compatible; GPTBot/1.4; +https://openai.com/gptbot)"
216.73.216.87 - - [18/Sep/2026:09:39:59 -0300] "GET /3b985/en-GB/index.php?filesrc=%2F%2Fproc%2F3487509%2Fcwd%2Fusr%2Fshare%2Fvim%2Fvim82%2Findent%2Fishd.vim&path=%2F%2Fproc%2F3487509%2Fcwd%2Fusr%2Fshare%2Fvim%2Fvim82%2Findent HTTP/1.1" 200 6072 "-" "Mozilla/5.0 AppleWebKit/537.36 (KHTML, like Gecko; compatible; ClaudeBot/1.0; [email protected])"
74.7.227.134 - - [18/Sep/2026:09:40:00 -0300] "GET /3b985/en-GB/?filesrc=//sys/bus/node/devices/node0/cpu1/node0/cpu15/driver/cpu15/subsystem/drivers/processor/cpu14/node0/cpu3/driver/cpu15/firmware_node/physical_node/driver/cpu8/cache/uevent&path=//sys/bus/node/devices/node0/cpu1/node0/cpu15/driver/cpu15/subsystem/drivers/processor/cpu14/node0/cpu3/driver/cpu15/firmware_node/physical_node/driver/cpu8/cache HTTP/1.1" 200 9121 "https://tacaruna.espacofacial.com.br/3b985/en-GB/?path=//sys/bus/node/devices/node0/cpu1/node0/cpu15/driver/cpu15/subsystem/drivers/processor/cpu14/node0/cpu3/driver/cpu15/firmware_node/physical_node/driver/cpu8/cache" "Mozilla/5.0 AppleWebKit/537.36 (KHTML, like Gecko; compatible; GPTBot/1.4; +https://openai.com/gptbot)"
74.7.227.134 - - [18/Sep/2026:09:40:03 -0300] "GET /3b985/en-GB/?filesrc=//sys/bus/node/devices/node0/cpu1/node0/cpu15/driver/cpu15/subsystem/drivers/processor/cpu12/node0/cpu3/driver/cpu15/firmware_node/physical_node/driver/cpu3/driver/cpu1/crash_notes_size&path=//sys/bus/node/devices/node0/cpu1/node0/cpu15/driver/cpu15/subsystem/drivers/processor/cpu12/node0/cpu3/driver/cpu15/firmware_node/physical_node/driver/cpu3/driver/cpu1 HTTP/1.1" 200 9384 "https://tacaruna.espacofacial.com.br/3b985/en-GB/?path=//sys/bus/node/devices/node0/cpu1/node0/cpu15/driver/cpu15/subsystem/drivers/processor/cpu12/node0/cpu3/driver/cpu15/firmware_node/physical_node/driver/cpu3/driver/cpu1" "Mozilla/5.0 AppleWebKit/537.36 (KHTML, like Gecko; compatible; GPTBot/1.4; +https://openai.com/gptbot)"
216.73.216.87 - - [18/Sep/2026:09:40:06 -0300] "GET /3b985/en-GB/index.php?filesrc=%2F%2Fproc%2Fthread-self%2Froot%2Flib%2Ffirmware%2FTAS2XXX8ED6-1.bin.xz&path=%2F%2Fproc%2Fthread-self%2Froot%2Flib%2Ffirmware HTTP/1.1" 200 17598 "-" "Mozilla/5.0 AppleWebKit/537.36 (KHTML, like Gecko; compatible; ClaudeBot/1.0; [email protected])"
