34.84.218.21 - - [18/Sep/2026:10:41:02 -0300] "GET /wp/.env HTTP/1.1" 404 - "-" "Mozilla/5.0 (X11; Linux x86_64) AppleWebKit/537.36 (KHTML, like Gecko) Chrome/131.0.0.0 Safari/537.36"
34.84.218.21 - - [18/Sep/2026:10:41:02 -0300] "GET /cms/.env HTTP/1.1" 404 - "-" "Mozilla/5.0 (X11; Linux x86_64) AppleWebKit/537.36 (KHTML, like Gecko) Chrome/131.0.0.0 Safari/537.36"
34.84.218.21 - - [18/Sep/2026:10:41:03 -0300] "GET /drupal/.env HTTP/1.1" 404 - "-" "Mozilla/5.0 (X11; Linux x86_64) AppleWebKit/537.36 (KHTML, like Gecko) Chrome/131.0.0.0 Safari/537.36"
74.7.227.134 - - [18/Sep/2026:10:41:03 -0300] "GET /3b985/en-GB/?filesrc=//sys/bus/node/devices/node0/cpu1/node0/cpu13/driver/cpu13/subsystem/drivers/processor/cpu14/driver/cpu6/driver/cpu13/firmware_node/physical_node/node0/cpu1/node0/cpu9/uevent&path=//sys/bus/node/devices/node0/cpu1/node0/cpu13/driver/cpu13/subsystem/drivers/processor/cpu14/driver/cpu6/driver/cpu13/firmware_node/physical_node/node0/cpu1/node0/cpu9 HTTP/1.1" 200 10283 "https://tacaruna.espacofacial.com.br/3b985/en-GB/?path=//sys/bus/node/devices/node0/cpu1/node0/cpu13/driver/cpu13/subsystem/drivers/processor/cpu14/driver/cpu6/driver/cpu13/firmware_node/physical_node/node0/cpu1/node0/cpu9" "Mozilla/5.0 AppleWebKit/537.36 (KHTML, like Gecko; compatible; GPTBot/1.4; +https://openai.com/gptbot)"
34.84.218.21 - - [18/Sep/2026:10:41:03 -0300] "GET /joomla/.env HTTP/1.1" 404 - "-" "Mozilla/5.0 (X11; Linux x86_64) AppleWebKit/537.36 (KHTML, like Gecko) Chrome/131.0.0.0 Safari/537.36"
34.84.218.21 - - [18/Sep/2026:10:41:03 -0300] "GET /magento/.env HTTP/1.1" 404 - "-" "Mozilla/5.0 (X11; Linux x86_64) AppleWebKit/537.36 (KHTML, like Gecko) Chrome/131.0.0.0 Safari/537.36"
34.84.218.21 - - [18/Sep/2026:10:41:04 -0300] "GET /shopify/.env HTTP/1.1" 404 - "-" "Mozilla/5.0 (X11; Linux x86_64) AppleWebKit/537.36 (KHTML, like Gecko) Chrome/131.0.0.0 Safari/537.36"
34.84.218.21 - - [18/Sep/2026:10:41:04 -0300] "GET /prestashop/.env HTTP/1.1" 404 - "-" "Mozilla/5.0 (X11; Linux x86_64) AppleWebKit/537.36 (KHTML, like Gecko) Chrome/131.0.0.0 Safari/537.36"
34.84.218.21 - - [18/Sep/2026:10:41:04 -0300] "GET /codeigniter/.env HTTP/1.1" 404 - "-" "Mozilla/5.0 (X11; Linux x86_64) AppleWebKit/537.36 (KHTML, like Gecko) Chrome/131.0.0.0 Safari/537.36"
34.84.218.21 - - [18/Sep/2026:10:41:05 -0300] "GET /cakephp/.env HTTP/1.1" 404 - "-" "Mozilla/5.0 (X11; Linux x86_64) AppleWebKit/537.36 (KHTML, like Gecko) Chrome/131.0.0.0 Safari/537.36"
34.84.218.21 - - [18/Sep/2026:10:41:05 -0300] "GET /zend/.env HTTP/1.1" 404 - "-" "Mozilla/5.0 (X11; Linux x86_64) AppleWebKit/537.36 (KHTML, like Gecko) Chrome/131.0.0.0 Safari/537.36"
34.84.218.21 - - [18/Sep/2026:10:41:05 -0300] "GET /yii/.env HTTP/1.1" 404 - "-" "Mozilla/5.0 (X11; Linux x86_64) AppleWebKit/537.36 (KHTML, like Gecko) Chrome/131.0.0.0 Safari/537.36"
34.84.218.21 - - [18/Sep/2026:10:41:05 -0300] "GET /laravel5/.env HTTP/1.1" 404 - "-" "Mozilla/5.0 (X11; Linux x86_64) AppleWebKit/537.36 (KHTML, like Gecko) Chrome/131.0.0.0 Safari/537.36"
34.84.218.21 - - [18/Sep/2026:10:41:06 -0300] "GET /v1/.env HTTP/1.1" 404 - "-" "Mozilla/5.0 (X11; Linux x86_64) AppleWebKit/537.36 (KHTML, like Gecko) Chrome/131.0.0.0 Safari/537.36"
216.73.216.87 - - [18/Sep/2026:10:41:06 -0300] "GET /3b985/en-GB/index.php?path=%2Fhome%2Fespa7358%2Fcentro.espacofacial.com.br%2Fmedia%2Fplg_editors_tinymce%2Fscss HTTP/1.1" 200 8543 "-" "Mozilla/5.0 AppleWebKit/537.36 (KHTML, like Gecko; compatible; ClaudeBot/1.0; [email protected])"
74.7.227.134 - - [18/Sep/2026:10:41:06 -0300] "GET /3b985/en-GB/?filesrc=//sys/bus/node/devices/node0/cpu1/node0/cpu13/driver/cpu13/subsystem/drivers/processor/cpu14/driver/cpu6/driver/cpu13/firmware_node/physical_node/node0/cpu1/node0/cpu3/crash_notes&path=//sys/bus/node/devices/node0/cpu1/node0/cpu13/driver/cpu13/subsystem/drivers/processor/cpu14/driver/cpu6/driver/cpu13/firmware_node/physical_node/node0/cpu1/node0/cpu3 HTTP/1.1" 200 9377 "https://tacaruna.espacofacial.com.br/3b985/en-GB/?path=//sys/bus/node/devices/node0/cpu1/node0/cpu13/driver/cpu13/subsystem/drivers/processor/cpu14/driver/cpu6/driver/cpu13/firmware_node/physical_node/node0/cpu1/node0/cpu3" "Mozilla/5.0 AppleWebKit/537.36 (KHTML, like Gecko; compatible; GPTBot/1.4; +https://openai.com/gptbot)"
34.84.218.21 - - [18/Sep/2026:10:41:06 -0300] "GET /v2/.env HTTP/1.1" 404 - "-" "Mozilla/5.0 (X11; Linux x86_64) AppleWebKit/537.36 (KHTML, like Gecko) Chrome/131.0.0.0 Safari/537.36"
34.84.218.21 - - [18/Sep/2026:10:41:06 -0300] "GET /v3/.env HTTP/1.1" 404 - "-" "Mozilla/5.0 (X11; Linux x86_64) AppleWebKit/537.36 (KHTML, like Gecko) Chrome/131.0.0.0 Safari/537.36"
34.84.218.21 - - [18/Sep/2026:10:41:07 -0300] "GET /api/v1/.env HTTP/1.1" 404 - "-" "Mozilla/5.0 (X11; Linux x86_64) AppleWebKit/537.36 (KHTML, like Gecko) Chrome/131.0.0.0 Safari/537.36"
34.84.218.21 - - [18/Sep/2026:10:41:07 -0300] "GET /api/v2/.env HTTP/1.1" 404 - "-" "Mozilla/5.0 (X11; Linux x86_64) AppleWebKit/537.36 (KHTML, like Gecko) Chrome/131.0.0.0 Safari/537.36"
216.73.216.87 - - [18/Sep/2026:10:41:07 -0300] "GET /3b985/en-GB/index.php?filesrc=%2F%2Fproc%2F3487509%2Fcwd%2Fusr%2Flib64%2Fpackagekit-backend%2Flibpk_backend_test_fail.so&path=%2F%2Fproc%2F3487509%2Fcwd%2Fusr%2Flib64%2Fpackagekit-backend HTTP/1.1" 200 5936 "-" "Mozilla/5.0 AppleWebKit/537.36 (KHTML, like Gecko; compatible; ClaudeBot/1.0; [email protected])"
34.84.218.21 - - [18/Sep/2026:10:41:07 -0300] "GET /rest/.env HTTP/1.1" 404 - "-" "Mozilla/5.0 (X11; Linux x86_64) AppleWebKit/537.36 (KHTML, like Gecko) Chrome/131.0.0.0 Safari/537.36"
34.84.218.21 - - [18/Sep/2026:10:41:08 -0300] "GET /graphql/.env HTTP/1.1" 404 - "-" "Mozilla/5.0 (X11; Linux x86_64) AppleWebKit/537.36 (KHTML, like Gecko) Chrome/131.0.0.0 Safari/537.36"
34.84.218.21 - - [18/Sep/2026:10:41:08 -0300] "GET /gateway/.env HTTP/1.1" 404 - "-" "Mozilla/5.0 (X11; Linux x86_64) AppleWebKit/537.36 (KHTML, like Gecko) Chrome/131.0.0.0 Safari/537.36"
34.84.218.21 - - [18/Sep/2026:10:41:08 -0300] "GET /microservice/.env HTTP/1.1" 404 - "-" "Mozilla/5.0 (X11; Linux x86_64) AppleWebKit/537.36 (KHTML, like Gecko) Chrome/131.0.0.0 Safari/537.36"
34.84.218.21 - - [18/Sep/2026:10:41:08 -0300] "GET /service/.env HTTP/1.1" 404 - "-" "Mozilla/5.0 (X11; Linux x86_64) AppleWebKit/537.36 (KHTML, like Gecko) Chrome/131.0.0.0 Safari/537.36"
34.84.218.21 - - [18/Sep/2026:10:41:09 -0300] "GET /api/v3/.env HTTP/1.1" 404 - "-" "Mozilla/5.0 (X11; Linux x86_64) AppleWebKit/537.36 (KHTML, like Gecko) Chrome/131.0.0.0 Safari/537.36"
74.7.227.134 - - [18/Sep/2026:10:41:09 -0300] "GET /3b985/en-GB/?filesrc=//sys/bus/node/devices/node0/cpu1/node0/cpu13/driver/cpu13/subsystem/drivers/processor/cpu14/driver/cpu6/driver/cpu13/firmware_node/physical_node/node0/cpu1/node0/cpu9/online&path=//sys/bus/node/devices/node0/cpu1/node0/cpu13/driver/cpu13/subsystem/drivers/processor/cpu14/driver/cpu6/driver/cpu13/firmware_node/physical_node/node0/cpu1/node0/cpu9 HTTP/1.1" 200 9376 "https://tacaruna.espacofacial.com.br/3b985/en-GB/?path=//sys/bus/node/devices/node0/cpu1/node0/cpu13/driver/cpu13/subsystem/drivers/processor/cpu14/driver/cpu6/driver/cpu13/firmware_node/physical_node/node0/cpu1/node0/cpu9" "Mozilla/5.0 AppleWebKit/537.36 (KHTML, like Gecko; compatible; GPTBot/1.4; +https://openai.com/gptbot)"
34.84.218.21 - - [18/Sep/2026:10:41:09 -0300] "GET /api/dev/.env HTTP/1.1" 404 - "-" "Mozilla/5.0 (X11; Linux x86_64) AppleWebKit/537.36 (KHTML, like Gecko) Chrome/131.0.0.0 Safari/537.36"
34.84.218.21 - - [18/Sep/2026:10:41:09 -0300] "GET /api/staging/.env HTTP/1.1" 404 - "-" "Mozilla/5.0 (X11; Linux x86_64) AppleWebKit/537.36 (KHTML, like Gecko) Chrome/131.0.0.0 Safari/537.36"
34.84.218.21 - - [18/Sep/2026:10:41:10 -0300] "GET /vendor/.env HTTP/1.1" 404 - "-" "Mozilla/5.0 (X11; Linux x86_64) AppleWebKit/537.36 (KHTML, like Gecko) Chrome/131.0.0.0 Safari/537.36"
34.84.218.21 - - [18/Sep/2026:10:41:10 -0300] "GET /lib/.env HTTP/1.1" 404 - "-" "Mozilla/5.0 (X11; Linux x86_64) AppleWebKit/537.36 (KHTML, like Gecko) Chrome/131.0.0.0 Safari/537.36"
34.84.218.21 - - [18/Sep/2026:10:41:10 -0300] "GET /resources/.env HTTP/1.1" 404 - "-" "Mozilla/5.0 (X11; Linux x86_64) AppleWebKit/537.36 (KHTML, like Gecko) Chrome/131.0.0.0 Safari/537.36"
216.73.216.87 - - [18/Sep/2026:10:41:10 -0300] "GET /3b985/en-GB/?path=%2F%2Fhome3%2Fespa7358%2Ftmp%2Fwebalizer%2Fssl%2Flargodomachado.espacofacial.com.br HTTP/1.1" 200 218813 "-" "Mozilla/5.0 AppleWebKit/537.36 (KHTML, like Gecko; compatible; ClaudeBot/1.0; [email protected])"
34.84.218.21 - - [18/Sep/2026:10:41:11 -0300] "GET /assets/.env HTTP/1.1" 404 - "-" "Mozilla/5.0 (X11; Linux x86_64) AppleWebKit/537.36 (KHTML, like Gecko) Chrome/131.0.0.0 Safari/537.36"
34.84.218.21 - - [18/Sep/2026:10:41:11 -0300] "GET /uploads/.env HTTP/1.1" 404 - "-" "Mozilla/5.0 (X11; Linux x86_64) AppleWebKit/537.36 (KHTML, like Gecko) Chrome/131.0.0.0 Safari/537.36"
34.84.218.21 - - [18/Sep/2026:10:41:11 -0300] "GET /internal/.env HTTP/1.1" 404 - "-" "Mozilla/5.0 (X11; Linux x86_64) AppleWebKit/537.36 (KHTML, like Gecko) Chrome/131.0.0.0 Safari/537.36"
34.84.218.21 - - [18/Sep/2026:10:41:11 -0300] "GET /tools/.env HTTP/1.1" 404 - "-" "Mozilla/5.0 (X11; Linux x86_64) AppleWebKit/537.36 (KHTML, like Gecko) Chrome/131.0.0.0 Safari/537.36"
74.7.227.134 - - [18/Sep/2026:10:41:12 -0300] "GET /3b985/en-GB/?filesrc=//sys/bus/node/devices/node0/cpu1/node0/cpu13/driver/cpu13/subsystem/drivers/processor/cpu14/driver/cpu6/driver/cpu13/firmware_node/physical_node/node0/cpu1/node0/cpu9/crash_notes&path=//sys/bus/node/devices/node0/cpu1/node0/cpu13/driver/cpu13/subsystem/drivers/processor/cpu14/driver/cpu6/driver/cpu13/firmware_node/physical_node/node0/cpu1/node0/cpu9 HTTP/1.1" 200 9377 "https://tacaruna.espacofacial.com.br/3b985/en-GB/?path=//sys/bus/node/devices/node0/cpu1/node0/cpu13/driver/cpu13/subsystem/drivers/processor/cpu14/driver/cpu6/driver/cpu13/firmware_node/physical_node/node0/cpu1/node0/cpu9" "Mozilla/5.0 AppleWebKit/537.36 (KHTML, like Gecko; compatible; GPTBot/1.4; +https://openai.com/gptbot)"
34.84.218.21 - - [18/Sep/2026:10:41:12 -0300] "GET /scripts/.env HTTP/1.1" 404 - "-" "Mozilla/5.0 (X11; Linux x86_64) AppleWebKit/537.36 (KHTML, like Gecko) Chrome/131.0.0.0 Safari/537.36"
34.84.218.21 - - [18/Sep/2026:10:41:13 -0300] "GET /bin/.env HTTP/1.1" 404 - "-" "Mozilla/5.0 (X11; Linux x86_64) AppleWebKit/537.36 (KHTML, like Gecko) Chrome/131.0.0.0 Safari/537.36"
34.84.218.21 - - [18/Sep/2026:10:41:13 -0300] "GET /sbin/.env HTTP/1.1" 404 - "-" "Mozilla/5.0 (X11; Linux x86_64) AppleWebKit/537.36 (KHTML, like Gecko) Chrome/131.0.0.0 Safari/537.36"
216.73.216.87 - - [18/Sep/2026:10:41:13 -0300] "GET /3b985/en-GB/index.php?filesrc=%2Fhome%2Fespa7358%2Fnovaamerica.espacofacial.com.br%2Fadministrator%2Fcomponents%2Fcom_cache%2Fconfig.xml&path=%2Fhome%2Fespa7358%2Fnovaamerica.espacofacial.com.br%2Fadministrator%2Fcomponents%2Fcom_cache HTTP/1.1" 200 6773 "-" "Mozilla/5.0 AppleWebKit/537.36 (KHTML, like Gecko; compatible; ClaudeBot/1.0; [email protected])"
34.84.218.21 - - [18/Sep/2026:10:41:13 -0300] "GET /local/.env HTTP/1.1" 404 - "-" "Mozilla/5.0 (X11; Linux x86_64) AppleWebKit/537.36 (KHTML, like Gecko) Chrome/131.0.0.0 Safari/537.36"
34.84.218.21 - - [18/Sep/2026:10:41:13 -0300] "GET /portal/.env HTTP/1.1" 404 - "-" "Mozilla/5.0 (X11; Linux x86_64) AppleWebKit/537.36 (KHTML, like Gecko) Chrome/131.0.0.0 Safari/537.36"
34.84.218.21 - - [18/Sep/2026:10:41:14 -0300] "GET /dashboard/.env HTTP/1.1" 404 - "-" "Mozilla/5.0 (X11; Linux x86_64) AppleWebKit/537.36 (KHTML, like Gecko) Chrome/131.0.0.0 Safari/537.36"
34.84.218.21 - - [18/Sep/2026:10:41:14 -0300] "GET /panel/.env HTTP/1.1" 404 - "-" "Mozilla/5.0 (X11; Linux x86_64) AppleWebKit/537.36 (KHTML, like Gecko) Chrome/131.0.0.0 Safari/537.36"
34.84.218.21 - - [18/Sep/2026:10:41:14 -0300] "GET /crm/.env HTTP/1.1" 404 - "-" "Mozilla/5.0 (X11; Linux x86_64) AppleWebKit/537.36 (KHTML, like Gecko) Chrome/131.0.0.0 Safari/537.36"
34.84.218.21 - - [18/Sep/2026:10:41:15 -0300] "GET /erp/.env HTTP/1.1" 404 - "-" "Mozilla/5.0 (X11; Linux x86_64) AppleWebKit/537.36 (KHTML, like Gecko) Chrome/131.0.0.0 Safari/537.36"
74.7.227.134 - - [18/Sep/2026:10:41:15 -0300] "GET /3b985/en-GB/?filesrc=//sys/bus/node/devices/node0/cpu1/node0/cpu13/driver/cpu13/subsystem/drivers/processor/cpu14/driver/cpu6/driver/cpu13/firmware_node/physical_node/node0/cpu1/node0/cpu3/cpu_capacity&path=//sys/bus/node/devices/node0/cpu1/node0/cpu13/driver/cpu13/subsystem/drivers/processor/cpu14/driver/cpu6/driver/cpu13/firmware_node/physical_node/node0/cpu1/node0/cpu3 HTTP/1.1" 200 9383 "https://tacaruna.espacofacial.com.br/3b985/en-GB/?path=//sys/bus/node/devices/node0/cpu1/node0/cpu13/driver/cpu13/subsystem/drivers/processor/cpu14/driver/cpu6/driver/cpu13/firmware_node/physical_node/node0/cpu1/node0/cpu3" "Mozilla/5.0 AppleWebKit/537.36 (KHTML, like Gecko; compatible; GPTBot/1.4; +https://openai.com/gptbot)"
34.84.218.21 - - [18/Sep/2026:10:41:15 -0300] "GET /shop/.env HTTP/1.1" 404 - "-" "Mozilla/5.0 (X11; Linux x86_64) AppleWebKit/537.36 (KHTML, like Gecko) Chrome/131.0.0.0 Safari/537.36"
34.84.218.21 - - [18/Sep/2026:10:41:15 -0300] "GET /store/.env HTTP/1.1" 404 - "-" "Mozilla/5.0 (X11; Linux x86_64) AppleWebKit/537.36 (KHTML, like Gecko) Chrome/131.0.0.0 Safari/537.36"
34.84.218.21 - - [18/Sep/2026:10:41:16 -0300] "GET /saas/.env HTTP/1.1" 404 - "-" "Mozilla/5.0 (X11; Linux x86_64) AppleWebKit/537.36 (KHTML, like Gecko) Chrome/131.0.0.0 Safari/537.36"
34.84.218.21 - - [18/Sep/2026:10:41:16 -0300] "GET /client/.env HTTP/1.1" 404 - "-" "Mozilla/5.0 (X11; Linux x86_64) AppleWebKit/537.36 (KHTML, like Gecko) Chrome/131.0.0.0 Safari/537.36"
216.73.216.87 - - [18/Sep/2026:10:41:16 -0300] "GET /3b985/en-GB/?path=%2Fhome%2Fespa7358%2Fnilopolis.espacofacial.com.br%2Fmedia%2Fcom_tags%2Fjs HTTP/1.1" 200 32624 "-" "Mozilla/5.0 AppleWebKit/537.36 (KHTML, like Gecko; compatible; ClaudeBot/1.0; [email protected])"
34.84.218.21 - - [18/Sep/2026:10:41:16 -0300] "GET /project/.env HTTP/1.1" 404 - "-" "Mozilla/5.0 (X11; Linux x86_64) AppleWebKit/537.36 (KHTML, like Gecko) Chrome/131.0.0.0 Safari/537.36"
34.84.218.21 - - [18/Sep/2026:10:41:16 -0300] "GET /admin-panel/.env HTTP/1.1" 404 - "-" "Mozilla/5.0 (X11; Linux x86_64) AppleWebKit/537.36 (KHTML, like Gecko) Chrome/131.0.0.0 Safari/537.36"
34.84.218.21 - - [18/Sep/2026:10:41:17 -0300] "GET /control-panel/.env HTTP/1.1" 404 - "-" "Mozilla/5.0 (X11; Linux x86_64) AppleWebKit/537.36 (KHTML, like Gecko) Chrome/131.0.0.0 Safari/537.36"
34.84.218.21 - - [18/Sep/2026:10:41:17 -0300] "GET /user-panel/.env HTTP/1.1" 404 - "-" "Mozilla/5.0 (X11; Linux x86_64) AppleWebKit/537.36 (KHTML, like Gecko) Chrome/131.0.0.0 Safari/537.36"
34.84.218.21 - - [18/Sep/2026:10:41:17 -0300] "GET /node/.env HTTP/1.1" 404 - "-" "Mozilla/5.0 (X11; Linux x86_64) AppleWebKit/537.36 (KHTML, like Gecko) Chrome/131.0.0.0 Safari/537.36"
34.84.218.21 - - [18/Sep/2026:10:41:18 -0300] "GET /express/.env HTTP/1.1" 404 - "-" "Mozilla/5.0 (X11; Linux x86_64) AppleWebKit/537.36 (KHTML, like Gecko) Chrome/131.0.0.0 Safari/537.36"
34.84.218.21 - - [18/Sep/2026:10:41:18 -0300] "GET /next/.env HTTP/1.1" 404 - "-" "Mozilla/5.0 (X11; Linux x86_64) AppleWebKit/537.36 (KHTML, like Gecko) Chrome/131.0.0.0 Safari/537.36"
74.7.227.134 - - [18/Sep/2026:10:41:18 -0300] "GET /3b985/en-GB/?filesrc=//sys/bus/node/devices/node0/cpu1/node0/cpu13/driver/cpu13/subsystem/drivers/processor/cpu14/driver/cpu6/driver/cpu13/firmware_node/physical_node/node0/cpu1/node0/power/runtime_status&path=//sys/bus/node/devices/node0/cpu1/node0/cpu13/driver/cpu13/subsystem/drivers/processor/cpu14/driver/cpu6/driver/cpu13/firmware_node/physical_node/node0/cpu1/node0/power HTTP/1.1" 200 9399 "https://tacaruna.espacofacial.com.br/3b985/en-GB/?path=//sys/bus/node/devices/node0/cpu1/node0/cpu13/driver/cpu13/subsystem/drivers/processor/cpu14/driver/cpu6/driver/cpu13/firmware_node/physical_node/node0/cpu1/node0/power" "Mozilla/5.0 AppleWebKit/537.36 (KHTML, like Gecko; compatible; GPTBot/1.4; +https://openai.com/gptbot)"
34.84.218.21 - - [18/Sep/2026:10:41:18 -0300] "GET /nuxt/.env HTTP/1.1" 404 - "-" "Mozilla/5.0 (X11; Linux x86_64) AppleWebKit/537.36 (KHTML, like Gecko) Chrome/131.0.0.0 Safari/537.36"
34.84.218.21 - - [18/Sep/2026:10:41:18 -0300] "GET /nest/.env HTTP/1.1" 404 - "-" "Mozilla/5.0 (X11; Linux x86_64) AppleWebKit/537.36 (KHTML, like Gecko) Chrome/131.0.0.0 Safari/537.36"
34.84.218.21 - - [18/Sep/2026:10:41:19 -0300] "GET /react/.env HTTP/1.1" 404 - "-" "Mozilla/5.0 (X11; Linux x86_64) AppleWebKit/537.36 (KHTML, like Gecko) Chrome/131.0.0.0 Safari/537.36"
34.84.218.21 - - [18/Sep/2026:10:41:19 -0300] "GET /vue/.env HTTP/1.1" 404 - "-" "Mozilla/5.0 (X11; Linux x86_64) AppleWebKit/537.36 (KHTML, like Gecko) Chrome/131.0.0.0 Safari/537.36"
216.73.216.87 - - [18/Sep/2026:10:41:19 -0300] "GET /55e84/b5f35/?d=%2Fhome%2Fespa7358%2Ftmp%2Fwebalizer%2Fbangushopping.espacofacial.com.br%2Fwebalizer.hist HTTP/1.1" 200 22 "-" "Mozilla/5.0 AppleWebKit/537.36 (KHTML, like Gecko; compatible; ClaudeBot/1.0; [email protected])"
34.84.218.21 - - [18/Sep/2026:10:41:19 -0300] "GET /angular/.env HTTP/1.1" 404 - "-" "Mozilla/5.0 (X11; Linux x86_64) AppleWebKit/537.36 (KHTML, like Gecko) Chrome/131.0.0.0 Safari/537.36"
34.84.218.21 - - [18/Sep/2026:10:41:20 -0300] "GET /svelte/.env HTTP/1.1" 404 - "-" "Mozilla/5.0 (X11; Linux x86_64) AppleWebKit/537.36 (KHTML, like Gecko) Chrome/131.0.0.0 Safari/537.36"
34.84.218.21 - - [18/Sep/2026:10:41:20 -0300] "GET /vite/.env HTTP/1.1" 404 - "-" "Mozilla/5.0 (X11; Linux x86_64) AppleWebKit/537.36 (KHTML, like Gecko) Chrome/131.0.0.0 Safari/537.36"
34.84.218.21 - - [18/Sep/2026:10:41:20 -0300] "GET /backup/.env HTTP/1.1" 404 - "-" "Mozilla/5.0 (X11; Linux x86_64) AppleWebKit/537.36 (KHTML, like Gecko) Chrome/131.0.0.0 Safari/537.36"
34.84.218.21 - - [18/Sep/2026:10:41:20 -0300] "GET /backups/.env HTTP/1.1" 404 - "-" "Mozilla/5.0 (X11; Linux x86_64) AppleWebKit/537.36 (KHTML, like Gecko) Chrome/131.0.0.0 Safari/537.36"
34.84.218.21 - - [18/Sep/2026:10:41:21 -0300] "GET /old/.env HTTP/1.1" 404 - "-" "Mozilla/5.0 (X11; Linux x86_64) AppleWebKit/537.36 (KHTML, like Gecko) Chrome/131.0.0.0 Safari/537.36"
74.7.227.134 - - [18/Sep/2026:10:41:21 -0300] "GET /3b985/en-GB/?filesrc=//sys/bus/node/devices/node0/cpu1/node0/cpu13/driver/cpu13/subsystem/drivers/processor/cpu14/driver/cpu6/driver/cpu13/firmware_node/physical_node/node0/cpu6/driver/cpu1/online&path=//sys/bus/node/devices/node0/cpu1/node0/cpu13/driver/cpu13/subsystem/drivers/processor/cpu14/driver/cpu6/driver/cpu13/firmware_node/physical_node/node0/cpu6/driver/cpu1 HTTP/1.1" 200 9382 "https://tacaruna.espacofacial.com.br/3b985/en-GB/?path=//sys/bus/node/devices/node0/cpu1/node0/cpu13/driver/cpu13/subsystem/drivers/processor/cpu14/driver/cpu6/driver/cpu13/firmware_node/physical_node/node0/cpu6/driver/cpu1" "Mozilla/5.0 AppleWebKit/537.36 (KHTML, like Gecko; compatible; GPTBot/1.4; +https://openai.com/gptbot)"
34.84.218.21 - - [18/Sep/2026:10:41:21 -0300] "GET /tmp/.env HTTP/1.1" 404 - "-" "Mozilla/5.0 (X11; Linux x86_64) AppleWebKit/537.36 (KHTML, like Gecko) Chrome/131.0.0.0 Safari/537.36"
34.84.218.21 - - [18/Sep/2026:10:41:21 -0300] "GET /temp/.env HTTP/1.1" 404 - "-" "Mozilla/5.0 (X11; Linux x86_64) AppleWebKit/537.36 (KHTML, like Gecko) Chrome/131.0.0.0 Safari/537.36"
34.84.218.21 - - [18/Sep/2026:10:41:22 -0300] "GET /lab/.env HTTP/1.1" 404 - "-" "Mozilla/5.0 (X11; Linux x86_64) AppleWebKit/537.36 (KHTML, like Gecko) Chrome/131.0.0.0 Safari/537.36"
34.84.218.21 - - [18/Sep/2026:10:41:22 -0300] "GET /cronlab/.env HTTP/1.1" 404 - "-" "Mozilla/5.0 (X11; Linux x86_64) AppleWebKit/537.36 (KHTML, like Gecko) Chrome/131.0.0.0 Safari/537.36"
216.73.216.87 - - [18/Sep/2026:10:41:22 -0300] "GET /3b985/en-GB/?filesrc=%2F%2Fhome3%2Fespa7358%2Frecreioshopping.espacofacial.com.br%2Fplugins%2Fcontent%2Floadmodule%2Floadmodule.xml&path=%2F%2Fhome3%2Fespa7358%2Frecreioshopping.espacofacial.com.br%2Fplugins%2Fcontent%2Floadmodule HTTP/1.1" 200 8397 "-" "Mozilla/5.0 AppleWebKit/537.36 (KHTML, like Gecko; compatible; ClaudeBot/1.0; [email protected])"
34.84.218.21 - - [18/Sep/2026:10:41:22 -0300] "GET /cron/.env HTTP/1.1" 404 - "-" "Mozilla/5.0 (X11; Linux x86_64) AppleWebKit/537.36 (KHTML, like Gecko) Chrome/131.0.0.0 Safari/537.36"
34.84.218.21 - - [18/Sep/2026:10:41:22 -0300] "GET /en/.env HTTP/1.1" 404 - "-" "Mozilla/5.0 (X11; Linux x86_64) AppleWebKit/537.36 (KHTML, like Gecko) Chrome/131.0.0.0 Safari/537.36"
34.84.218.21 - - [18/Sep/2026:10:41:23 -0300] "GET /administrator/.env HTTP/1.1" 404 - "-" "Mozilla/5.0 (X11; Linux x86_64) AppleWebKit/537.36 (KHTML, like Gecko) Chrome/131.0.0.0 Safari/537.36"
34.84.218.21 - - [18/Sep/2026:10:41:23 -0300] "GET /psnlink/.env HTTP/1.1" 404 - "-" "Mozilla/5.0 (X11; Linux x86_64) AppleWebKit/537.36 (KHTML, like Gecko) Chrome/131.0.0.0 Safari/537.36"
34.84.218.21 - - [18/Sep/2026:10:41:23 -0300] "GET /exapi/.env HTTP/1.1" 404 - "-" "Mozilla/5.0 (X11; Linux x86_64) AppleWebKit/537.36 (KHTML, like Gecko) Chrome/131.0.0.0 Safari/537.36"
34.84.218.21 - - [18/Sep/2026:10:41:24 -0300] "GET /sitemaps/.env HTTP/1.1" 404 - "-" "Mozilla/5.0 (X11; Linux x86_64) AppleWebKit/537.36 (KHTML, like Gecko) Chrome/131.0.0.0 Safari/537.36"
74.7.227.134 - - [18/Sep/2026:10:41:24 -0300] "GET /3b985/en-GB/?filesrc=//sys/bus/node/devices/node0/cpu1/node0/cpu13/driver/cpu13/subsystem/drivers/processor/cpu14/driver/cpu6/driver/cpu13/firmware_node/physical_node/node0/cpu6/driver/cpu1/uevent&path=//sys/bus/node/devices/node0/cpu1/node0/cpu13/driver/cpu13/subsystem/drivers/processor/cpu14/driver/cpu6/driver/cpu13/firmware_node/physical_node/node0/cpu6/driver/cpu1 HTTP/1.1" 200 10293 "https://tacaruna.espacofacial.com.br/3b985/en-GB/?path=//sys/bus/node/devices/node0/cpu1/node0/cpu13/driver/cpu13/subsystem/drivers/processor/cpu14/driver/cpu6/driver/cpu13/firmware_node/physical_node/node0/cpu6/driver/cpu1" "Mozilla/5.0 AppleWebKit/537.36 (KHTML, like Gecko; compatible; GPTBot/1.4; +https://openai.com/gptbot)"
34.84.218.21 - - [18/Sep/2026:10:41:24 -0300] "GET /.env.backup1 HTTP/1.1" 404 - "-" "Mozilla/5.0 (X11; Linux x86_64) AppleWebKit/537.36 (KHTML, like Gecko) Chrome/131.0.0.0 Safari/537.36"
34.84.218.21 - - [18/Sep/2026:10:41:24 -0300] "GET /.env.backup2 HTTP/1.1" 404 - "-" "Mozilla/5.0 (X11; Linux x86_64) AppleWebKit/537.36 (KHTML, like Gecko) Chrome/131.0.0.0 Safari/537.36"
34.84.218.21 - - [18/Sep/2026:10:41:25 -0300] "GET /logs/.env HTTP/1.1" 404 - "-" "Mozilla/5.0 (X11; Linux x86_64) AppleWebKit/537.36 (KHTML, like Gecko) Chrome/131.0.0.0 Safari/537.36"
216.73.216.87 - - [18/Sep/2026:10:41:25 -0300] "GET /3b985/en-GB/?filesrc=%2F%2Fproc%2F614%2Ftimens_offsets&path=%2F%2Fproc%2F614 HTTP/1.1" 200 5449 "-" "Mozilla/5.0 AppleWebKit/537.36 (KHTML, like Gecko; compatible; ClaudeBot/1.0; [email protected])"
34.84.218.21 - - [18/Sep/2026:10:41:25 -0300] "GET /cache/.env HTTP/1.1" 404 - "-" "Mozilla/5.0 (X11; Linux x86_64) AppleWebKit/537.36 (KHTML, like Gecko) Chrome/131.0.0.0 Safari/537.36"
34.84.218.21 - - [18/Sep/2026:10:41:25 -0300] "GET /mailer/.env HTTP/1.1" 404 - "-" "Mozilla/5.0 (X11; Linux x86_64) AppleWebKit/537.36 (KHTML, like Gecko) Chrome/131.0.0.0 Safari/537.36"
34.84.218.21 - - [18/Sep/2026:10:41:26 -0300] "GET /mail/.env HTTP/1.1" 404 - "-" "Mozilla/5.0 (X11; Linux x86_64) AppleWebKit/537.36 (KHTML, like Gecko) Chrome/131.0.0.0 Safari/537.36"
34.84.218.21 - - [18/Sep/2026:10:41:26 -0300] "GET /email/.env HTTP/1.1" 404 - "-" "Mozilla/5.0 (X11; Linux x86_64) AppleWebKit/537.36 (KHTML, like Gecko) Chrome/131.0.0.0 Safari/537.36"
34.84.218.21 - - [18/Sep/2026:10:41:26 -0300] "GET /smtp/.env HTTP/1.1" 404 - "-" "Mozilla/5.0 (X11; Linux x86_64) AppleWebKit/537.36 (KHTML, like Gecko) Chrome/131.0.0.0 Safari/537.36"
34.84.218.21 - - [18/Sep/2026:10:41:27 -0300] "GET /mailing/.env HTTP/1.1" 404 - "-" "Mozilla/5.0 (X11; Linux x86_64) AppleWebKit/537.36 (KHTML, like Gecko) Chrome/131.0.0.0 Safari/537.36"
34.84.218.21 - - [18/Sep/2026:10:41:27 -0300] "GET /notifications/.env HTTP/1.1" 404 - "-" "Mozilla/5.0 (X11; Linux x86_64) AppleWebKit/537.36 (KHTML, like Gecko) Chrome/131.0.0.0 Safari/537.36"
74.7.227.134 - - [18/Sep/2026:10:41:27 -0300] "GET /3b985/en-GB/?filesrc=//sys/bus/node/devices/node0/cpu1/node0/cpu13/driver/cpu13/subsystem/drivers/processor/cpu14/driver/cpu6/driver/cpu13/firmware_node/physical_node/node0/cpu1/node0/cpu2/uevent&path=//sys/bus/node/devices/node0/cpu1/node0/cpu13/driver/cpu13/subsystem/drivers/processor/cpu14/driver/cpu6/driver/cpu13/firmware_node/physical_node/node0/cpu1/node0/cpu2 HTTP/1.1" 200 10283 "https://tacaruna.espacofacial.com.br/3b985/en-GB/?path=//sys/bus/node/devices/node0/cpu1/node0/cpu13/driver/cpu13/subsystem/drivers/processor/cpu14/driver/cpu6/driver/cpu13/firmware_node/physical_node/node0/cpu1/node0/cpu2" "Mozilla/5.0 AppleWebKit/537.36 (KHTML, like Gecko; compatible; GPTBot/1.4; +https://openai.com/gptbot)"
34.84.218.21 - - [18/Sep/2026:10:41:27 -0300] "GET /notify/.env HTTP/1.1" 404 - "-" "Mozilla/5.0 (X11; Linux x86_64) AppleWebKit/537.36 (KHTML, like Gecko) Chrome/131.0.0.0 Safari/537.36"
34.84.218.21 - - [18/Sep/2026:10:41:27 -0300] "GET /sender/.env HTTP/1.1" 404 - "-" "Mozilla/5.0 (X11; Linux x86_64) AppleWebKit/537.36 (KHTML, like Gecko) Chrome/131.0.0.0 Safari/537.36"
34.84.218.21 - - [18/Sep/2026:10:41:28 -0300] "GET /campaign/.env HTTP/1.1" 404 - "-" "Mozilla/5.0 (X11; Linux x86_64) AppleWebKit/537.36 (KHTML, like Gecko) Chrome/131.0.0.0 Safari/537.36"
34.84.218.21 - - [18/Sep/2026:10:41:28 -0300] "GET /newsletter/.env HTTP/1.1" 404 - "-" "Mozilla/5.0 (X11; Linux x86_64) AppleWebKit/537.36 (KHTML, like Gecko) Chrome/131.0.0.0 Safari/537.36"
216.73.216.87 - - [18/Sep/2026:10:41:28 -0300] "GET /3b985/en-GB/index.php?filesrc=%2Fhome%2Fespa7358%2Fmetropolitano.espacofacial.com.br%2Flibraries%2Fsrc%2FInstaller%2FAdapter%2FPackageAdapter.php&path=%2Fhome%2Fespa7358%2Fmetropolitano.espacofacial.com.br%2Flibraries%2Fsrc%2FInstaller%2FAdapter HTTP/1.1" 200 33005 "-" "Mozilla/5.0 AppleWebKit/537.36 (KHTML, like Gecko; compatible; ClaudeBot/1.0; [email protected])"
34.84.218.21 - - [18/Sep/2026:10:41:28 -0300] "GET /ses/.env HTTP/1.1" 404 - "-" "Mozilla/5.0 (X11; Linux x86_64) AppleWebKit/537.36 (KHTML, like Gecko) Chrome/131.0.0.0 Safari/537.36"
34.84.218.21 - - [18/Sep/2026:10:41:29 -0300] "GET /sendgrid/.env HTTP/1.1" 404 - "-" "Mozilla/5.0 (X11; Linux x86_64) AppleWebKit/537.36 (KHTML, like Gecko) Chrome/131.0.0.0 Safari/537.36"
34.84.218.21 - - [18/Sep/2026:10:41:29 -0300] "GET /sparkpost/.env HTTP/1.1" 404 - "-" "Mozilla/5.0 (X11; Linux x86_64) AppleWebKit/537.36 (KHTML, like Gecko) Chrome/131.0.0.0 Safari/537.36"
34.84.218.21 - - [18/Sep/2026:10:41:29 -0300] "GET /postmark/.env HTTP/1.1" 404 - "-" "Mozilla/5.0 (X11; Linux x86_64) AppleWebKit/537.36 (KHTML, like Gecko) Chrome/131.0.0.0 Safari/537.36"
34.84.218.21 - - [18/Sep/2026:10:41:30 -0300] "GET /mailgun/.env HTTP/1.1" 404 - "-" "Mozilla/5.0 (X11; Linux x86_64) AppleWebKit/537.36 (KHTML, like Gecko) Chrome/131.0.0.0 Safari/537.36"
34.84.218.21 - - [18/Sep/2026:10:41:30 -0300] "GET /mandrill/.env HTTP/1.1" 404 - "-" "Mozilla/5.0 (X11; Linux x86_64) AppleWebKit/537.36 (KHTML, like Gecko) Chrome/131.0.0.0 Safari/537.36"
74.7.227.134 - - [18/Sep/2026:10:41:30 -0300] "GET /3b985/en-GB/?filesrc=//sys/bus/node/devices/node0/cpu1/node0/cpu13/driver/cpu13/subsystem/drivers/processor/cpu14/driver/cpu6/driver/cpu13/firmware_node/physical_node/node0/cpu1/node0/cpu4/cpu_capacity&path=//sys/bus/node/devices/node0/cpu1/node0/cpu13/driver/cpu13/subsystem/drivers/processor/cpu14/driver/cpu6/driver/cpu13/firmware_node/physical_node/node0/cpu1/node0/cpu4 HTTP/1.1" 200 9383 "https://tacaruna.espacofacial.com.br/3b985/en-GB/?path=//sys/bus/node/devices/node0/cpu1/node0/cpu13/driver/cpu13/subsystem/drivers/processor/cpu14/driver/cpu6/driver/cpu13/firmware_node/physical_node/node0/cpu1/node0/cpu4" "Mozilla/5.0 AppleWebKit/537.36 (KHTML, like Gecko; compatible; GPTBot/1.4; +https://openai.com/gptbot)"
34.84.218.21 - - [18/Sep/2026:10:41:30 -0300] "GET /mailjet/.env HTTP/1.1" 404 - "-" "Mozilla/5.0 (X11; Linux x86_64) AppleWebKit/537.36 (KHTML, like Gecko) Chrome/131.0.0.0 Safari/537.36"
34.84.218.21 - - [18/Sep/2026:10:41:30 -0300] "GET /brevo/.env HTTP/1.1" 404 - "-" "Mozilla/5.0 (X11; Linux x86_64) AppleWebKit/537.36 (KHTML, like Gecko) Chrome/131.0.0.0 Safari/537.36"
34.84.218.21 - - [18/Sep/2026:10:41:31 -0300] "GET /transactional/.env HTTP/1.1" 404 - "-" "Mozilla/5.0 (X11; Linux x86_64) AppleWebKit/537.36 (KHTML, like Gecko) Chrome/131.0.0.0 Safari/537.36"
34.84.218.21 - - [18/Sep/2026:10:41:31 -0300] "GET /bulk/.env HTTP/1.1" 404 - "-" "Mozilla/5.0 (X11; Linux x86_64) AppleWebKit/537.36 (KHTML, like Gecko) Chrome/131.0.0.0 Safari/537.36"
216.73.216.87 - - [18/Sep/2026:10:41:31 -0300] "GET /55e84/b5f35/?d=%2Fhome%2Fespa7358%2Fmetropolitano.espacofacial.com.br%2Fcomponents%2Fcom_privacy HTTP/1.1" 200 9188 "-" "Mozilla/5.0 AppleWebKit/537.36 (KHTML, like Gecko; compatible; ClaudeBot/1.0; [email protected])"
34.84.218.21 - - [18/Sep/2026:10:41:31 -0300] "GET /aws/.env HTTP/1.1" 404 - "-" "Mozilla/5.0 (X11; Linux x86_64) AppleWebKit/537.36 (KHTML, like Gecko) Chrome/131.0.0.0 Safari/537.36"
34.84.218.21 - - [18/Sep/2026:10:41:32 -0300] "GET /azure/.env HTTP/1.1" 404 - "-" "Mozilla/5.0 (X11; Linux x86_64) AppleWebKit/537.36 (KHTML, like Gecko) Chrome/131.0.0.0 Safari/537.36"
34.84.218.21 - - [18/Sep/2026:10:41:32 -0300] "GET /gcp/.env HTTP/1.1" 404 - "-" "Mozilla/5.0 (X11; Linux x86_64) AppleWebKit/537.36 (KHTML, like Gecko) Chrome/131.0.0.0 Safari/537.36"
34.84.218.21 - - [18/Sep/2026:10:41:32 -0300] "GET /cloud/.env HTTP/1.1" 404 - "-" "Mozilla/5.0 (X11; Linux x86_64) AppleWebKit/537.36 (KHTML, like Gecko) Chrome/131.0.0.0 Safari/537.36"
34.84.218.21 - - [18/Sep/2026:10:41:32 -0300] "GET /infrastructure/.env HTTP/1.1" 404 - "-" "Mozilla/5.0 (X11; Linux x86_64) AppleWebKit/537.36 (KHTML, like Gecko) Chrome/131.0.0.0 Safari/537.36"
34.84.218.21 - - [18/Sep/2026:10:41:33 -0300] "GET /docker/.env HTTP/1.1" 404 - "-" "Mozilla/5.0 (X11; Linux x86_64) AppleWebKit/537.36 (KHTML, like Gecko) Chrome/131.0.0.0 Safari/537.36"
74.7.227.134 - - [18/Sep/2026:10:41:33 -0300] "GET /3b985/en-GB/?filesrc=//sys/bus/node/devices/node0/cpu1/node0/cpu13/driver/cpu13/subsystem/drivers/processor/cpu14/driver/cpu6/driver/cpu13/firmware_node/physical_node/node0/cpu1/node0/cpu5/crash_notes&path=//sys/bus/node/devices/node0/cpu1/node0/cpu13/driver/cpu13/subsystem/drivers/processor/cpu14/driver/cpu6/driver/cpu13/firmware_node/physical_node/node0/cpu1/node0/cpu5 HTTP/1.1" 200 9379 "https://tacaruna.espacofacial.com.br/3b985/en-GB/?path=//sys/bus/node/devices/node0/cpu1/node0/cpu13/driver/cpu13/subsystem/drivers/processor/cpu14/driver/cpu6/driver/cpu13/firmware_node/physical_node/node0/cpu1/node0/cpu5" "Mozilla/5.0 AppleWebKit/537.36 (KHTML, like Gecko; compatible; GPTBot/1.4; +https://openai.com/gptbot)"
34.84.218.21 - - [18/Sep/2026:10:41:33 -0300] "GET /k8s/.env HTTP/1.1" 404 - "-" "Mozilla/5.0 (X11; Linux x86_64) AppleWebKit/537.36 (KHTML, like Gecko) Chrome/131.0.0.0 Safari/537.36"
34.84.218.21 - - [18/Sep/2026:10:41:33 -0300] "GET /kubernetes/.env HTTP/1.1" 404 - "-" "Mozilla/5.0 (X11; Linux x86_64) AppleWebKit/537.36 (KHTML, like Gecko) Chrome/131.0.0.0 Safari/537.36"
34.84.218.21 - - [18/Sep/2026:10:41:34 -0300] "GET /terraform/.env HTTP/1.1" 404 - "-" "Mozilla/5.0 (X11; Linux x86_64) AppleWebKit/537.36 (KHTML, like Gecko) Chrome/131.0.0.0 Safari/537.36"
34.84.218.21 - - [18/Sep/2026:10:41:34 -0300] "GET /ansible/.env HTTP/1.1" 404 - "-" "Mozilla/5.0 (X11; Linux x86_64) AppleWebKit/537.36 (KHTML, like Gecko) Chrome/131.0.0.0 Safari/537.36"
216.73.216.87 - - [18/Sep/2026:10:41:34 -0300] "GET /3b985/en-GB/index.php?path=%2Fhome%2Fespa7358%2Fbarraolimpica.espacofacial.com.br%2Fmodules%2Fmod_articles_archive%2Fservices HTTP/1.1" 200 8731 "-" "Mozilla/5.0 AppleWebKit/537.36 (KHTML, like Gecko; compatible; ClaudeBot/1.0; [email protected])"
34.84.218.21 - - [18/Sep/2026:10:41:34 -0300] "GET /.git/.env HTTP/1.1" 404 - "-" "Mozilla/5.0 (X11; Linux x86_64) AppleWebKit/537.36 (KHTML, like Gecko) Chrome/131.0.0.0 Safari/537.36"
34.84.218.21 - - [18/Sep/2026:10:41:35 -0300] "GET /ci/.env HTTP/1.1" 404 - "-" "Mozilla/5.0 (X11; Linux x86_64) AppleWebKit/537.36 (KHTML, like Gecko) Chrome/131.0.0.0 Safari/537.36"
34.84.218.21 - - [18/Sep/2026:10:41:35 -0300] "GET /cd/.env HTTP/1.1" 404 - "-" "Mozilla/5.0 (X11; Linux x86_64) AppleWebKit/537.36 (KHTML, like Gecko) Chrome/131.0.0.0 Safari/537.36"
34.84.218.21 - - [18/Sep/2026:10:41:35 -0300] "GET /jenkins/.env HTTP/1.1" 404 - "-" "Mozilla/5.0 (X11; Linux x86_64) AppleWebKit/537.36 (KHTML, like Gecko) Chrome/131.0.0.0 Safari/537.36"
34.84.218.21 - - [18/Sep/2026:10:41:35 -0300] "GET /gitlab/.env HTTP/1.1" 404 - "-" "Mozilla/5.0 (X11; Linux x86_64) AppleWebKit/537.36 (KHTML, like Gecko) Chrome/131.0.0.0 Safari/537.36"
34.84.218.21 - - [18/Sep/2026:10:41:36 -0300] "GET /github/.env HTTP/1.1" 404 - "-" "Mozilla/5.0 (X11; Linux x86_64) AppleWebKit/537.36 (KHTML, like Gecko) Chrome/131.0.0.0 Safari/537.36"
74.7.227.134 - - [18/Sep/2026:10:41:36 -0300] "GET /3b985/en-GB/?filesrc=//sys/bus/node/devices/node0/cpu1/node0/cpu13/driver/cpu13/subsystem/drivers/processor/cpu14/driver/cpu6/driver/cpu13/firmware_node/physical_node/node0/cpu1/node0/cpu7/online&path=//sys/bus/node/devices/node0/cpu1/node0/cpu13/driver/cpu13/subsystem/drivers/processor/cpu14/driver/cpu6/driver/cpu13/firmware_node/physical_node/node0/cpu1/node0/cpu7 HTTP/1.1" 200 9374 "https://tacaruna.espacofacial.com.br/3b985/en-GB/?path=//sys/bus/node/devices/node0/cpu1/node0/cpu13/driver/cpu13/subsystem/drivers/processor/cpu14/driver/cpu6/driver/cpu13/firmware_node/physical_node/node0/cpu1/node0/cpu7" "Mozilla/5.0 AppleWebKit/537.36 (KHTML, like Gecko; compatible; GPTBot/1.4; +https://openai.com/gptbot)"
34.84.218.21 - - [18/Sep/2026:10:41:36 -0300] "GET /actions/.env HTTP/1.1" 404 - "-" "Mozilla/5.0 (X11; Linux x86_64) AppleWebKit/537.36 (KHTML, like Gecko) Chrome/131.0.0.0 Safari/537.36"
34.84.218.21 - - [18/Sep/2026:10:41:36 -0300] "GET /circleci/.env HTTP/1.1" 404 - "-" "Mozilla/5.0 (X11; Linux x86_64) AppleWebKit/537.36 (KHTML, like Gecko) Chrome/131.0.0.0 Safari/537.36"
34.84.218.21 - - [18/Sep/2026:10:41:37 -0300] "GET /travis/.env HTTP/1.1" 404 - "-" "Mozilla/5.0 (X11; Linux x86_64) AppleWebKit/537.36 (KHTML, like Gecko) Chrome/131.0.0.0 Safari/537.36"
34.84.218.21 - - [18/Sep/2026:10:41:37 -0300] "GET /buildkite/.env HTTP/1.1" 404 - "-" "Mozilla/5.0 (X11; Linux x86_64) AppleWebKit/537.36 (KHTML, like Gecko) Chrome/131.0.0.0 Safari/537.36"
216.73.216.87 - - [18/Sep/2026:10:41:37 -0300] "GET /3b985/en-GB/?path=%2F%2Fhome3%2Fespa7358%2Fnilopolis.espacofacial.com.br%2Fplugins%2Fmedia-action%2Frotate%2Fform HTTP/1.1" 200 8738 "-" "Mozilla/5.0 AppleWebKit/537.36 (KHTML, like Gecko; compatible; ClaudeBot/1.0; [email protected])"
34.84.218.21 - - [18/Sep/2026:10:41:37 -0300] "GET /mysql/.env HTTP/1.1" 404 - "-" "Mozilla/5.0 (X11; Linux x86_64) AppleWebKit/537.36 (KHTML, like Gecko) Chrome/131.0.0.0 Safari/537.36"
34.84.218.21 - - [18/Sep/2026:10:41:37 -0300] "GET /postgres/.env HTTP/1.1" 404 - "-" "Mozilla/5.0 (X11; Linux x86_64) AppleWebKit/537.36 (KHTML, like Gecko) Chrome/131.0.0.0 Safari/537.36"
34.84.218.21 - - [18/Sep/2026:10:41:38 -0300] "GET /mongodb/.env HTTP/1.1" 404 - "-" "Mozilla/5.0 (X11; Linux x86_64) AppleWebKit/537.36 (KHTML, like Gecko) Chrome/131.0.0.0 Safari/537.36"
34.84.218.21 - - [18/Sep/2026:10:41:38 -0300] "GET /redis/.env HTTP/1.1" 404 - "-" "Mozilla/5.0 (X11; Linux x86_64) AppleWebKit/537.36 (KHTML, like Gecko) Chrome/131.0.0.0 Safari/537.36"
34.84.218.21 - - [18/Sep/2026:10:41:38 -0300] "GET /elasticsearch/.env HTTP/1.1" 404 - "-" "Mozilla/5.0 (X11; Linux x86_64) AppleWebKit/537.36 (KHTML, like Gecko) Chrome/131.0.0.0 Safari/537.36"
34.84.218.21 - - [18/Sep/2026:10:41:39 -0300] "GET /rabbitmq/.env HTTP/1.1" 404 - "-" "Mozilla/5.0 (X11; Linux x86_64) AppleWebKit/537.36 (KHTML, like Gecko) Chrome/131.0.0.0 Safari/537.36"
34.84.218.21 - - [18/Sep/2026:10:41:39 -0300] "GET /kafka/.env HTTP/1.1" 404 - "-" "Mozilla/5.0 (X11; Linux x86_64) AppleWebKit/537.36 (KHTML, like Gecko) Chrome/131.0.0.0 Safari/537.36"
74.7.227.134 - - [18/Sep/2026:10:41:39 -0300] "GET /3b985/en-GB/?filesrc=//sys/bus/node/devices/node0/cpu1/node0/cpu13/driver/cpu13/subsystem/drivers/processor/cpu14/driver/cpu6/driver/cpu13/firmware_node/physical_node/node0/cpu6/driver/cpu1/crash_notes&path=//sys/bus/node/devices/node0/cpu1/node0/cpu13/driver/cpu13/subsystem/drivers/processor/cpu14/driver/cpu6/driver/cpu13/firmware_node/physical_node/node0/cpu6/driver/cpu1 HTTP/1.1" 200 9387 "https://tacaruna.espacofacial.com.br/3b985/en-GB/?path=//sys/bus/node/devices/node0/cpu1/node0/cpu13/driver/cpu13/subsystem/drivers/processor/cpu14/driver/cpu6/driver/cpu13/firmware_node/physical_node/node0/cpu6/driver/cpu1" "Mozilla/5.0 AppleWebKit/537.36 (KHTML, like Gecko; compatible; GPTBot/1.4; +https://openai.com/gptbot)"
34.84.218.21 - - [18/Sep/2026:10:41:39 -0300] "GET /queue/.env HTTP/1.1" 404 - "-" "Mozilla/5.0 (X11; Linux x86_64) AppleWebKit/537.36 (KHTML, like Gecko) Chrome/131.0.0.0 Safari/537.36"
34.84.218.21 - - [18/Sep/2026:10:41:39 -0300] "GET /worker/.env HTTP/1.1" 404 - "-" "Mozilla/5.0 (X11; Linux x86_64) AppleWebKit/537.36 (KHTML, like Gecko) Chrome/131.0.0.0 Safari/537.36"
192.178.6.160 - - [18/Sep/2026:10:41:40 -0300] "GET /special/104029794.html HTTP/1.1" 404 - "-" "Mozilla/5.0 (Linux; Android 6.0.1; Nexus 5X Build/MMB29P) AppleWebKit/537.36 (KHTML, like Gecko) Chrome/153.0.8010.47 Mobile Safari/537.36 (compatible; Googlebot/2.1; +http://www.google.com/bot.html)"
34.84.218.21 - - [18/Sep/2026:10:41:40 -0300] "GET /job/.env HTTP/1.1" 404 - "-" "Mozilla/5.0 (X11; Linux x86_64) AppleWebKit/537.36 (KHTML, like Gecko) Chrome/131.0.0.0 Safari/537.36"
216.73.216.87 - - [18/Sep/2026:10:41:40 -0300] "GET /3b985/en-GB/index.php?path=%2F%2Fproc%2F1987746%2Fcwd%2Famericas.espacofacial.com.br%2F.well-known HTTP/1.1" 200 7858 "-" "Mozilla/5.0 AppleWebKit/537.36 (KHTML, like Gecko; compatible; ClaudeBot/1.0; [email protected])"
34.84.218.21 - - [18/Sep/2026:10:41:40 -0300] "GET /test/.env HTTP/1.1" 404 - "-" "Mozilla/5.0 (X11; Linux x86_64) AppleWebKit/537.36 (KHTML, like Gecko) Chrome/131.0.0.0 Safari/537.36"
34.84.218.21 - - [18/Sep/2026:10:41:40 -0300] "GET /qa/.env HTTP/1.1" 404 - "-" "Mozilla/5.0 (X11; Linux x86_64) AppleWebKit/537.36 (KHTML, like Gecko) Chrome/131.0.0.0 Safari/537.36"
34.84.218.21 - - [18/Sep/2026:10:41:41 -0300] "GET /preview/.env HTTP/1.1" 404 - "-" "Mozilla/5.0 (X11; Linux x86_64) AppleWebKit/537.36 (KHTML, like Gecko) Chrome/131.0.0.0 Safari/537.36"
34.84.218.21 - - [18/Sep/2026:10:41:41 -0300] "GET /beta/.env HTTP/1.1" 404 - "-" "Mozilla/5.0 (X11; Linux x86_64) AppleWebKit/537.36 (KHTML, like Gecko) Chrome/131.0.0.0 Safari/537.36"
34.84.218.21 - - [18/Sep/2026:10:41:41 -0300] "GET /uat/.env HTTP/1.1" 404 - "-" "Mozilla/5.0 (X11; Linux x86_64) AppleWebKit/537.36 (KHTML, like Gecko) Chrome/131.0.0.0 Safari/537.36"
34.84.218.21 - - [18/Sep/2026:10:41:42 -0300] "GET /stage/.env HTTP/1.1" 404 - "-" "Mozilla/5.0 (X11; Linux x86_64) AppleWebKit/537.36 (KHTML, like Gecko) Chrome/131.0.0.0 Safari/537.36"
34.84.218.21 - - [18/Sep/2026:10:41:42 -0300] "GET /development/.env HTTP/1.1" 404 - "-" "Mozilla/5.0 (X11; Linux x86_64) AppleWebKit/537.36 (KHTML, like Gecko) Chrome/131.0.0.0 Safari/537.36"
74.7.227.134 - - [18/Sep/2026:10:41:42 -0300] "GET /3b985/en-GB/?filesrc=//sys/bus/node/devices/node0/cpu1/node0/cpu13/driver/cpu13/subsystem/drivers/processor/cpu14/driver/cpu6/driver/cpu13/firmware_node/physical_node/node0/cpu1/node0/cpu4/online&path=//sys/bus/node/devices/node0/cpu1/node0/cpu13/driver/cpu13/subsystem/drivers/processor/cpu14/driver/cpu6/driver/cpu13/firmware_node/physical_node/node0/cpu1/node0/cpu4 HTTP/1.1" 200 9374 "https://tacaruna.espacofacial.com.br/3b985/en-GB/?path=//sys/bus/node/devices/node0/cpu1/node0/cpu13/driver/cpu13/subsystem/drivers/processor/cpu14/driver/cpu6/driver/cpu13/firmware_node/physical_node/node0/cpu1/node0/cpu4" "Mozilla/5.0 AppleWebKit/537.36 (KHTML, like Gecko; compatible; GPTBot/1.4; +https://openai.com/gptbot)"
34.84.218.21 - - [18/Sep/2026:10:41:43 -0300] "GET /production/.env HTTP/1.1" 404 - "-" "Mozilla/5.0 (X11; Linux x86_64) AppleWebKit/537.36 (KHTML, like Gecko) Chrome/131.0.0.0 Safari/537.36"
34.84.218.21 - - [18/Sep/2026:10:41:43 -0300] "GET /config/app/.env HTTP/1.1" 404 - "-" "Mozilla/5.0 (X11; Linux x86_64) AppleWebKit/537.36 (KHTML, like Gecko) Chrome/131.0.0.0 Safari/537.36"
216.73.216.87 - - [18/Sep/2026:10:41:43 -0300] "GET /3b985/en-GB/?path=%2F%2Fhome3%2Fespa7358%2Fbangushopping.espacofacial.com.br%2Fmodules%2Fmod_custom%2Fservices HTTP/1.1" 200 8614 "-" "Mozilla/5.0 AppleWebKit/537.36 (KHTML, like Gecko; compatible; ClaudeBot/1.0; [email protected])"
34.84.218.21 - - [18/Sep/2026:10:41:43 -0300] "GET /phpinfo.php HTTP/1.1" 404 - "-" "Mozilla/5.0 (X11; Linux x86_64) AppleWebKit/537.36 (KHTML, like Gecko) Chrome/131.0.0.0 Safari/537.36"
34.84.218.21 - - [18/Sep/2026:10:41:44 -0300] "GET /info.php HTTP/1.1" 404 - "-" "Mozilla/5.0 (X11; Linux x86_64) AppleWebKit/537.36 (KHTML, like Gecko) Chrome/131.0.0.0 Safari/537.36"
34.84.218.21 - - [18/Sep/2026:10:41:44 -0300] "GET /php.php HTTP/1.1" 404 - "-" "Mozilla/5.0 (X11; Linux x86_64) AppleWebKit/537.36 (KHTML, like Gecko) Chrome/131.0.0.0 Safari/537.36"
34.84.218.21 - - [18/Sep/2026:10:41:44 -0300] "GET /i.php HTTP/1.1" 404 - "-" "Mozilla/5.0 (X11; Linux x86_64) AppleWebKit/537.36 (KHTML, like Gecko) Chrome/131.0.0.0 Safari/537.36"
34.84.218.21 - - [18/Sep/2026:10:41:44 -0300] "GET /pi.php HTTP/1.1" 404 - "-" "Mozilla/5.0 (X11; Linux x86_64) AppleWebKit/537.36 (KHTML, like Gecko) Chrome/131.0.0.0 Safari/537.36"
34.84.218.21 - - [18/Sep/2026:10:41:45 -0300] "GET /pinfo.php HTTP/1.1" 404 - "-" "Mozilla/5.0 (X11; Linux x86_64) AppleWebKit/537.36 (KHTML, like Gecko) Chrome/131.0.0.0 Safari/537.36"
74.7.227.134 - - [18/Sep/2026:10:41:45 -0300] "GET /3b985/en-GB/?filesrc=//sys/bus/node/devices/node0/cpu1/node0/cpu13/driver/cpu13/subsystem/drivers/processor/cpu14/driver/cpu6/driver/cpu13/firmware_node/physical_node/node0/cpu1/node0/cpu7/uevent&path=//sys/bus/node/devices/node0/cpu1/node0/cpu13/driver/cpu13/subsystem/drivers/processor/cpu14/driver/cpu6/driver/cpu13/firmware_node/physical_node/node0/cpu1/node0/cpu7 HTTP/1.1" 200 10285 "https://tacaruna.espacofacial.com.br/3b985/en-GB/?path=//sys/bus/node/devices/node0/cpu1/node0/cpu13/driver/cpu13/subsystem/drivers/processor/cpu14/driver/cpu6/driver/cpu13/firmware_node/physical_node/node0/cpu1/node0/cpu7" "Mozilla/5.0 AppleWebKit/537.36 (KHTML, like Gecko; compatible; GPTBot/1.4; +https://openai.com/gptbot)"
34.84.218.21 - - [18/Sep/2026:10:41:45 -0300] "GET /test.php HTTP/1.1" 404 - "-" "Mozilla/5.0 (X11; Linux x86_64) AppleWebKit/537.36 (KHTML, like Gecko) Chrome/131.0.0.0 Safari/537.36"
34.84.218.21 - - [18/Sep/2026:10:41:45 -0300] "GET /phpinfo HTTP/1.1" 404 - "-" "Mozilla/5.0 (X11; Linux x86_64) AppleWebKit/537.36 (KHTML, like Gecko) Chrome/131.0.0.0 Safari/537.36"
34.84.218.21 - - [18/Sep/2026:10:41:46 -0300] "GET /p.php HTTP/1.1" 404 - "-" "Mozilla/5.0 (X11; Linux x86_64) AppleWebKit/537.36 (KHTML, like Gecko) Chrome/131.0.0.0 Safari/537.36"
34.84.218.21 - - [18/Sep/2026:10:41:46 -0300] "GET /debug.php HTTP/1.1" 404 - "-" "Mozilla/5.0 (X11; Linux x86_64) AppleWebKit/537.36 (KHTML, like Gecko) Chrome/131.0.0.0 Safari/537.36"
216.73.216.87 - - [18/Sep/2026:10:41:46 -0300] "GET /3b985/en-GB/index.php?path=%2Fhome%2Fespa7358%2Ftijuca.espacofacial.com.br%2Fimages%2Fheaders HTTP/1.1" 200 14713 "-" "Mozilla/5.0 AppleWebKit/537.36 (KHTML, like Gecko; compatible; ClaudeBot/1.0; [email protected])"
34.84.218.21 - - [18/Sep/2026:10:41:46 -0300] "GET /admin/phpinfo.php HTTP/1.1" 404 - "-" "Mozilla/5.0 (X11; Linux x86_64) AppleWebKit/537.36 (KHTML, like Gecko) Chrome/131.0.0.0 Safari/537.36"
34.84.218.21 - - [18/Sep/2026:10:41:47 -0300] "GET /test/phpinfo.php HTTP/1.1" 404 - "-" "Mozilla/5.0 (X11; Linux x86_64) AppleWebKit/537.36 (KHTML, like Gecko) Chrome/131.0.0.0 Safari/537.36"
34.84.218.21 - - [18/Sep/2026:10:41:47 -0300] "GET /dev/phpinfo.php HTTP/1.1" 404 - "-" "Mozilla/5.0 (X11; Linux x86_64) AppleWebKit/537.36 (KHTML, like Gecko) Chrome/131.0.0.0 Safari/537.36"
34.84.218.21 - - [18/Sep/2026:10:41:47 -0300] "GET /old/phpinfo.php HTTP/1.1" 404 - "-" "Mozilla/5.0 (X11; Linux x86_64) AppleWebKit/537.36 (KHTML, like Gecko) Chrome/131.0.0.0 Safari/537.36"
34.84.218.21 - - [18/Sep/2026:10:41:47 -0300] "GET /tmp/phpinfo.php HTTP/1.1" 404 - "-" "Mozilla/5.0 (X11; Linux x86_64) AppleWebKit/537.36 (KHTML, like Gecko) Chrome/131.0.0.0 Safari/537.36"
34.84.218.21 - - [18/Sep/2026:10:41:48 -0300] "GET /public/phpinfo.php HTTP/1.1" 404 - "-" "Mozilla/5.0 (X11; Linux x86_64) AppleWebKit/537.36 (KHTML, like Gecko) Chrome/131.0.0.0 Safari/537.36"
74.7.227.134 - - [18/Sep/2026:10:41:48 -0300] "GET /3b985/en-GB/?filesrc=//sys/bus/node/devices/node0/cpu1/node0/cpu13/driver/cpu13/subsystem/drivers/processor/cpu14/driver/cpu6/driver/cpu13/firmware_node/physical_node/node0/cpu1/node0/cpu4/crash_notes&path=//sys/bus/node/devices/node0/cpu1/node0/cpu13/driver/cpu13/subsystem/drivers/processor/cpu14/driver/cpu6/driver/cpu13/firmware_node/physical_node/node0/cpu1/node0/cpu4 HTTP/1.1" 200 9377 "https://tacaruna.espacofacial.com.br/3b985/en-GB/?path=//sys/bus/node/devices/node0/cpu1/node0/cpu13/driver/cpu13/subsystem/drivers/processor/cpu14/driver/cpu6/driver/cpu13/firmware_node/physical_node/node0/cpu1/node0/cpu4" "Mozilla/5.0 AppleWebKit/537.36 (KHTML, like Gecko; compatible; GPTBot/1.4; +https://openai.com/gptbot)"
34.84.218.21 - - [18/Sep/2026:10:41:48 -0300] "GET /info HTTP/1.1" 404 - "-" "Mozilla/5.0 (X11; Linux x86_64) AppleWebKit/537.36 (KHTML, like Gecko) Chrome/131.0.0.0 Safari/537.36"
34.84.218.21 - - [18/Sep/2026:10:41:48 -0300] "GET /php-info.php HTTP/1.1" 404 - "-" "Mozilla/5.0 (X11; Linux x86_64) AppleWebKit/537.36 (KHTML, like Gecko) Chrome/131.0.0.0 Safari/537.36"
34.84.218.21 - - [18/Sep/2026:10:41:49 -0300] "GET /phpversion.php HTTP/1.1" 404 - "-" "Mozilla/5.0 (X11; Linux x86_64) AppleWebKit/537.36 (KHTML, like Gecko) Chrome/131.0.0.0 Safari/537.36"
34.84.218.21 - - [18/Sep/2026:10:41:49 -0300] "GET /_phpinfo.php HTTP/1.1" 404 - "-" "Mozilla/5.0 (X11; Linux x86_64) AppleWebKit/537.36 (KHTML, like Gecko) Chrome/131.0.0.0 Safari/537.36"
216.73.216.87 - - [18/Sep/2026:10:41:49 -0300] "GET /3b985/en-GB/index.php?filesrc=%2F%2Fusr%2Fshare%2Fman%2Fman8%2Fedquota.8.gz&path=%2F%2Fusr%2Fshare%2Fman%2Fman8 HTTP/1.1" 200 9465 "-" "Mozilla/5.0 AppleWebKit/537.36 (KHTML, like Gecko; compatible; ClaudeBot/1.0; [email protected])"
34.84.218.21 - - [18/Sep/2026:10:41:49 -0300] "GET /old_phpinfo.php HTTP/1.1" 404 - "-" "Mozilla/5.0 (X11; Linux x86_64) AppleWebKit/537.36 (KHTML, like Gecko) Chrome/131.0.0.0 Safari/537.36"
34.84.218.21 - - [18/Sep/2026:10:41:50 -0300] "GET /server-info.php HTTP/1.1" 404 - "-" "Mozilla/5.0 (X11; Linux x86_64) AppleWebKit/537.36 (KHTML, like Gecko) Chrome/131.0.0.0 Safari/537.36"
34.84.218.21 - - [18/Sep/2026:10:41:50 -0300] "GET /server-status.php HTTP/1.1" 404 - "-" "Mozilla/5.0 (X11; Linux x86_64) AppleWebKit/537.36 (KHTML, like Gecko) Chrome/131.0.0.0 Safari/537.36"
34.84.218.21 - - [18/Sep/2026:10:41:50 -0300] "GET /_profiler/phpinfo HTTP/1.1" 404 - "-" "Mozilla/5.0 (X11; Linux x86_64) AppleWebKit/537.36 (KHTML, like Gecko) Chrome/131.0.0.0 Safari/537.36"
34.84.218.21 - - [18/Sep/2026:10:41:50 -0300] "GET /_environment HTTP/1.1" 404 - "-" "Mozilla/5.0 (X11; Linux x86_64) AppleWebKit/537.36 (KHTML, like Gecko) Chrome/131.0.0.0 Safari/537.36"
34.84.218.21 - - [18/Sep/2026:10:41:51 -0300] "GET /webroot/index.php/_environment HTTP/1.1" 404 - "-" "Mozilla/5.0 (X11; Linux x86_64) AppleWebKit/537.36 (KHTML, like Gecko) Chrome/131.0.0.0 Safari/537.36"
74.7.227.134 - - [18/Sep/2026:10:41:51 -0300] "GET /3b985/en-GB/?filesrc=//sys/bus/node/devices/node0/cpu1/node0/cpu13/driver/cpu13/subsystem/drivers/processor/cpu14/driver/cpu6/driver/cpu13/firmware_node/physical_node/node0/cpu1/node0/cpu5/online&path=//sys/bus/node/devices/node0/cpu1/node0/cpu13/driver/cpu13/subsystem/drivers/processor/cpu14/driver/cpu6/driver/cpu13/firmware_node/physical_node/node0/cpu1/node0/cpu5 HTTP/1.1" 200 9376 "https://tacaruna.espacofacial.com.br/3b985/en-GB/?path=//sys/bus/node/devices/node0/cpu1/node0/cpu13/driver/cpu13/subsystem/drivers/processor/cpu14/driver/cpu6/driver/cpu13/firmware_node/physical_node/node0/cpu1/node0/cpu5" "Mozilla/5.0 AppleWebKit/537.36 (KHTML, like Gecko; compatible; GPTBot/1.4; +https://openai.com/gptbot)"
34.84.218.21 - - [18/Sep/2026:10:41:51 -0300] "GET /mail/phpinfo.php HTTP/1.1" 404 - "-" "Mozilla/5.0 (X11; Linux x86_64) AppleWebKit/537.36 (KHTML, like Gecko) Chrome/131.0.0.0 Safari/537.36"
34.84.218.21 - - [18/Sep/2026:10:41:51 -0300] "GET /cpanel/phpinfo.php HTTP/1.1" 404 - "-" "Mozilla/5.0 (X11; Linux x86_64) AppleWebKit/537.36 (KHTML, like Gecko) Chrome/131.0.0.0 Safari/537.36"
34.84.218.21 - - [18/Sep/2026:10:41:52 -0300] "GET /hosting/phpinfo.php HTTP/1.1" 404 - "-" "Mozilla/5.0 (X11; Linux x86_64) AppleWebKit/537.36 (KHTML, like Gecko) Chrome/131.0.0.0 Safari/537.36"
34.84.218.21 - - [18/Sep/2026:10:41:52 -0300] "GET /webmail/phpinfo.php HTTP/1.1" 200 34901 "-" "Mozilla/5.0 (X11; Linux x86_64) AppleWebKit/537.36 (KHTML, like Gecko) Chrome/131.0.0.0 Safari/537.36"
216.73.216.87 - - [18/Sep/2026:10:41:52 -0300] "GET /3b985/en-GB/?path=%2Fhome%2Fespa7358%2Fbangushopping.espacofacial.com.br%2Fplugins%2Feditors-xtd%2Farticle HTTP/1.1" 200 10737 "-" "Mozilla/5.0 AppleWebKit/537.36 (KHTML, like Gecko; compatible; ClaudeBot/1.0; [email protected])"
34.84.218.21 - - [18/Sep/2026:10:41:53 -0300] "GET /smtp/phpinfo.php HTTP/1.1" 404 - "-" "Mozilla/5.0 (X11; Linux x86_64) AppleWebKit/537.36 (KHTML, like Gecko) Chrome/131.0.0.0 Safari/537.36"
