177.132.81.164 - - [17/Sep/2026:11:24:34 -0300] "GET /tim.php?src=uploads/unidades/2023/08/sao-vicente-sp.jpg&w=1600&h=800 HTTP/1.1" 200 297833 "https://espacofacial.com.br/" "Mozilla/5.0 (iPhone; CPU iPhone OS 26_7_0 like Mac OS X) AppleWebKit/605.1.15 (KHTML, like Gecko) GSA/437.4.973319807 Mobile/15E148 Safari/604.1"
177.132.81.164 - - [17/Sep/2026:11:24:34 -0300] "GET /tim.php?src=uploads/unidades/2023/08/shopping-millenium-barra-rj.jpg&w=1600&h=800 HTTP/1.1" 200 203551 "https://espacofacial.com.br/" "Mozilla/5.0 (iPhone; CPU iPhone OS 26_7_0 like Mac OS X) AppleWebKit/605.1.15 (KHTML, like Gecko) GSA/437.4.973319807 Mobile/15E148 Safari/604.1"
177.132.81.164 - - [17/Sep/2026:11:24:35 -0300] "GET /tim.php?src=uploads/unidades/2024/03/nova-iguacu.jpg&w=1600&h=800 HTTP/1.1" 200 280187 "https://espacofacial.com.br/" "Mozilla/5.0 (iPhone; CPU iPhone OS 26_7_0 like Mac OS X) AppleWebKit/605.1.15 (KHTML, like Gecko) GSA/437.4.973319807 Mobile/15E148 Safari/604.1"
177.132.81.164 - - [17/Sep/2026:11:24:35 -0300] "GET /tim.php?src=uploads/unidades/2023/08/americas-shopping-recreio-dos-bandeirantes-rj.jpg&w=1600&h=800 HTTP/1.1" 200 195924 "https://espacofacial.com.br/" "Mozilla/5.0 (iPhone; CPU iPhone OS 26_7_0 like Mac OS X) AppleWebKit/605.1.15 (KHTML, like Gecko) GSA/437.4.973319807 Mobile/15E148 Safari/604.1"
177.132.81.164 - - [17/Sep/2026:11:24:35 -0300] "GET /tim.php?src=uploads/unidades/2023/08/shopping-nova-america-rj.jpg&w=1600&h=800 HTTP/1.1" 200 243285 "https://espacofacial.com.br/" "Mozilla/5.0 (iPhone; CPU iPhone OS 26_7_0 like Mac OS X) AppleWebKit/605.1.15 (KHTML, like Gecko) GSA/437.4.973319807 Mobile/15E148 Safari/604.1"
177.132.81.164 - - [17/Sep/2026:11:24:35 -0300] "GET /tim.php?src=uploads/unidades/2023/08/novo-hamburgo.jpg&w=1600&h=800 HTTP/1.1" 200 132442 "https://espacofacial.com.br/" "Mozilla/5.0 (iPhone; CPU iPhone OS 26_7_0 like Mac OS X) AppleWebKit/605.1.15 (KHTML, like Gecko) GSA/437.4.973319807 Mobile/15E148 Safari/604.1"
177.132.81.164 - - [17/Sep/2026:11:24:35 -0300] "GET /tim.php?src=uploads/unidades/2025/12/Park-Jacarepagua.jpeg&w=1600&h=800 HTTP/1.1" 400 275 "https://espacofacial.com.br/" "Mozilla/5.0 (iPhone; CPU iPhone OS 26_7_0 like Mac OS X) AppleWebKit/605.1.15 (KHTML, like Gecko) GSA/437.4.973319807 Mobile/15E148 Safari/604.1"
177.132.81.164 - - [17/Sep/2026:11:24:35 -0300] "GET /tim.php?src=uploads/unidades/2025/06/Shopping-Metropolitano.jpg&w=1600&h=800 HTTP/1.1" 200 347227 "https://espacofacial.com.br/" "Mozilla/5.0 (iPhone; CPU iPhone OS 26_7_0 like Mac OS X) AppleWebKit/605.1.15 (KHTML, like Gecko) GSA/437.4.973319807 Mobile/15E148 Safari/604.1"
177.132.81.164 - - [17/Sep/2026:11:24:35 -0300] "GET /tim.php?src=uploads/unidades/2026/01/cabo-frio.jpeg&w=1600&h=800 HTTP/1.1" 200 248236 "https://espacofacial.com.br/" "Mozilla/5.0 (iPhone; CPU iPhone OS 26_7_0 like Mac OS X) AppleWebKit/605.1.15 (KHTML, like Gecko) GSA/437.4.973319807 Mobile/15E148 Safari/604.1"
177.132.81.164 - - [17/Sep/2026:11:24:35 -0300] "GET /tim.php?src=uploads/unidades/2025/03/meier-rj.png&w=1600&h=800 HTTP/1.1" 200 412349 "https://espacofacial.com.br/" "Mozilla/5.0 (iPhone; CPU iPhone OS 26_7_0 like Mac OS X) AppleWebKit/605.1.15 (KHTML, like Gecko) GSA/437.4.973319807 Mobile/15E148 Safari/604.1"
177.132.81.164 - - [17/Sep/2026:11:24:35 -0300] "GET /tim.php?src=uploads/unidades/2023/08/novo-hamburgo-rs.jpeg&w=1600&h=800 HTTP/1.1" 200 347368 "https://espacofacial.com.br/" "Mozilla/5.0 (iPhone; CPU iPhone OS 26_7_0 like Mac OS X) AppleWebKit/605.1.15 (KHTML, like Gecko) GSA/437.4.973319807 Mobile/15E148 Safari/604.1"
177.132.81.164 - - [17/Sep/2026:11:24:35 -0300] "GET /tim.php?src=uploads/images/2023/08/artigo-de-exemplo-03-1691705790.jpeg&w=1600&h=800 HTTP/1.1" 200 123977 "https://espacofacial.com.br/" "Mozilla/5.0 (iPhone; CPU iPhone OS 26_7_0 like Mac OS X) AppleWebKit/605.1.15 (KHTML, like Gecko) GSA/437.4.973319807 Mobile/15E148 Safari/604.1"
177.132.81.164 - - [17/Sep/2026:11:24:35 -0300] "GET /tim.php?src=uploads/unidades/2023/07/botafogo.png&w=1600&h=800 HTTP/1.1" 200 1072374 "https://espacofacial.com.br/" "Mozilla/5.0 (iPhone; CPU iPhone OS 26_7_0 like Mac OS X) AppleWebKit/605.1.15 (KHTML, like Gecko) GSA/437.4.973319807 Mobile/15E148 Safari/604.1"
177.132.81.164 - - [17/Sep/2026:11:24:35 -0300] "GET /tim.php?src=uploads/images/2023/08/descubra-sculptra-o-queridinho-das-famosas-para-um-visual-deslumbrante-1691705557.jpeg&w=1600&h=800 HTTP/1.1" 200 166897 "https://espacofacial.com.br/" "Mozilla/5.0 (iPhone; CPU iPhone OS 26_7_0 like Mac OS X) AppleWebKit/605.1.15 (KHTML, like Gecko) GSA/437.4.973319807 Mobile/15E148 Safari/604.1"
177.132.81.164 - - [17/Sep/2026:11:24:35 -0300] "GET /tim.php?src=uploads/unidades/2026/05/Sulacap.jpeg&w=1600&h=800 HTTP/1.1" 200 250675 "https://espacofacial.com.br/" "Mozilla/5.0 (iPhone; CPU iPhone OS 26_7_0 like Mac OS X) AppleWebKit/605.1.15 (KHTML, like Gecko) GSA/437.4.973319807 Mobile/15E148 Safari/604.1"
177.132.81.164 - - [17/Sep/2026:11:24:35 -0300] "GET /tim.php?src=uploads/unidades/2023/08/bangu-shopping.jpg&w=1600&h=800 HTTP/1.1" 200 184642 "https://espacofacial.com.br/" "Mozilla/5.0 (iPhone; CPU iPhone OS 26_7_0 like Mac OS X) AppleWebKit/605.1.15 (KHTML, like Gecko) GSA/437.4.973319807 Mobile/15E148 Safari/604.1"
177.132.81.164 - - [17/Sep/2026:11:24:35 -0300] "GET /tim.php?src=uploads/unidades/2026/05/Shopping-Boulevard-RJ.jpeg&w=1600&h=800 HTTP/1.1" 200 182629 "https://espacofacial.com.br/" "Mozilla/5.0 (iPhone; CPU iPhone OS 26_7_0 like Mac OS X) AppleWebKit/605.1.15 (KHTML, like Gecko) GSA/437.4.973319807 Mobile/15E148 Safari/604.1"
177.132.81.164 - - [17/Sep/2026:11:24:35 -0300] "GET /tim.php?src=uploads/unidades/2025/03/leme-rj.png&w=1600&h=800 HTTP/1.1" 200 565985 "https://espacofacial.com.br/" "Mozilla/5.0 (iPhone; CPU iPhone OS 26_7_0 like Mac OS X) AppleWebKit/605.1.15 (KHTML, like Gecko) GSA/437.4.973319807 Mobile/15E148 Safari/604.1"
177.132.81.164 - - [17/Sep/2026:11:24:35 -0300] "GET /tim.php?src=uploads/unidades/2026/05/Rio-das-Ostras.jpeg&w=1600&h=800 HTTP/1.1" 200 290767 "https://espacofacial.com.br/" "Mozilla/5.0 (iPhone; CPU iPhone OS 26_7_0 like Mac OS X) AppleWebKit/605.1.15 (KHTML, like Gecko) GSA/437.4.973319807 Mobile/15E148 Safari/604.1"
177.132.81.164 - - [17/Sep/2026:11:24:35 -0300] "GET /tim.php?src=uploads/unidades/2023/07/nilopolis.png&w=1600&h=800 HTTP/1.1" 200 848873 "https://espacofacial.com.br/" "Mozilla/5.0 (iPhone; CPU iPhone OS 26_7_0 like Mac OS X) AppleWebKit/605.1.15 (KHTML, like Gecko) GSA/437.4.973319807 Mobile/15E148 Safari/604.1"
177.132.81.164 - - [17/Sep/2026:11:24:35 -0300] "GET /tim.php?src=uploads/unidades/2023/08/shopping-tacaruna-rj.jpg&w=1600&h=800 HTTP/1.1" 200 227466 "https://espacofacial.com.br/" "Mozilla/5.0 (iPhone; CPU iPhone OS 26_7_0 like Mac OS X) AppleWebKit/605.1.15 (KHTML, like Gecko) GSA/437.4.973319807 Mobile/15E148 Safari/604.1"
177.132.81.164 - - [17/Sep/2026:11:24:35 -0300] "GET /tim.php?src=uploads/unidades/2023/08/shopping-icarai-rj.jpeg&w=1600&h=800 HTTP/1.1" 200 225247 "https://espacofacial.com.br/" "Mozilla/5.0 (iPhone; CPU iPhone OS 26_7_0 like Mac OS X) AppleWebKit/605.1.15 (KHTML, like Gecko) GSA/437.4.973319807 Mobile/15E148 Safari/604.1"
177.132.81.164 - - [17/Sep/2026:11:24:35 -0300] "GET /tim.php?src=uploads/unidades/2026/01/vila-velha.jpeg&w=1600&h=800 HTTP/1.1" 200 258003 "https://espacofacial.com.br/" "Mozilla/5.0 (iPhone; CPU iPhone OS 26_7_0 like Mac OS X) AppleWebKit/605.1.15 (KHTML, like Gecko) GSA/437.4.973319807 Mobile/15E148 Safari/604.1"
177.132.81.164 - - [17/Sep/2026:11:24:35 -0300] "GET /tim.php?src=uploads/images/2023/08/a-crescente-importancia-da-harmonizacao-facial-na-era-da-longevidade-e-mentalidade-jovem-1692812254.jpeg&w=1600&h=800 HTTP/1.1" 200 88060 "https://espacofacial.com.br/" "Mozilla/5.0 (iPhone; CPU iPhone OS 26_7_0 like Mac OS X) AppleWebKit/605.1.15 (KHTML, like Gecko) GSA/437.4.973319807 Mobile/15E148 Safari/604.1"
177.132.81.164 - - [17/Sep/2026:11:24:35 -0300] "GET /tim.php?src=uploads/unidades/2024/11/EF-Petroopolis.jpg&w=1600&h=800 HTTP/1.1" 400 272 "https://espacofacial.com.br/" "Mozilla/5.0 (iPhone; CPU iPhone OS 26_7_0 like Mac OS X) AppleWebKit/605.1.15 (KHTML, like Gecko) GSA/437.4.973319807 Mobile/15E148 Safari/604.1"
177.132.81.164 - - [17/Sep/2026:11:24:35 -0300] "GET /tim.php?src=uploads/unidades/2025/06/ilha-do-governador.jpg&w=1600&h=800 HTTP/1.1" 200 277566 "https://espacofacial.com.br/" "Mozilla/5.0 (iPhone; CPU iPhone OS 26_7_0 like Mac OS X) AppleWebKit/605.1.15 (KHTML, like Gecko) GSA/437.4.973319807 Mobile/15E148 Safari/604.1"
177.132.81.164 - - [17/Sep/2026:11:24:35 -0300] "GET /tim.php?src=uploads/unidades/2026/05/Shopping-Nova-Iguacu.jpeg&w=1600&h=800 HTTP/1.1" 200 260538 "https://espacofacial.com.br/" "Mozilla/5.0 (iPhone; CPU iPhone OS 26_7_0 like Mac OS X) AppleWebKit/605.1.15 (KHTML, like Gecko) GSA/437.4.973319807 Mobile/15E148 Safari/604.1"
177.132.81.164 - - [17/Sep/2026:11:24:35 -0300] "GET /tim.php?src=uploads/unidades/2023/08/galeria-344-tijuca-rj.jpg&w=1600&h=800 HTTP/1.1" 200 260960 "https://espacofacial.com.br/" "Mozilla/5.0 (iPhone; CPU iPhone OS 26_7_0 like Mac OS X) AppleWebKit/605.1.15 (KHTML, like Gecko) GSA/437.4.973319807 Mobile/15E148 Safari/604.1"
177.132.81.164 - - [17/Sep/2026:11:24:35 -0300] "GET /tim.php?src=uploads/unidades/2024/12/barra-olimpica.png&w=1600&h=800 HTTP/1.1" 200 458449 "https://espacofacial.com.br/" "Mozilla/5.0 (iPhone; CPU iPhone OS 26_7_0 like Mac OS X) AppleWebKit/605.1.15 (KHTML, like Gecko) GSA/437.4.973319807 Mobile/15E148 Safari/604.1"
177.132.81.164 - - [17/Sep/2026:11:24:35 -0300] "GET /tim.php?src=uploads/unidades/2026/05/Shopping-Partage-Campos-RJ.jpeg&w=1600&h=800 HTTP/1.1" 200 260538 "https://espacofacial.com.br/" "Mozilla/5.0 (iPhone; CPU iPhone OS 26_7_0 like Mac OS X) AppleWebKit/605.1.15 (KHTML, like Gecko) GSA/437.4.973319807 Mobile/15E148 Safari/604.1"
177.132.81.164 - - [17/Sep/2026:11:24:35 -0300] "GET /tim.php?src=uploads/unidades/2024/11/alcantara%20.jpeg&w=1600&h=800 HTTP/1.1" 400 271 "https://espacofacial.com.br/" "Mozilla/5.0 (iPhone; CPU iPhone OS 26_7_0 like Mac OS X) AppleWebKit/605.1.15 (KHTML, like Gecko) GSA/437.4.973319807 Mobile/15E148 Safari/604.1"
177.132.81.164 - - [17/Sep/2026:11:24:35 -0300] "GET /tim.php?src=uploads/unidades/2025/12/Volta-Redonda.jpeg&w=1600&h=800 HTTP/1.1" 400 272 "https://espacofacial.com.br/" "Mozilla/5.0 (iPhone; CPU iPhone OS 26_7_0 like Mac OS X) AppleWebKit/605.1.15 (KHTML, like Gecko) GSA/437.4.973319807 Mobile/15E148 Safari/604.1"
177.132.81.164 - - [17/Sep/2026:11:24:35 -0300] "GET /tim.php?src=uploads/unidades/2025/12/Calcadao-de-Caxias.jpeg&w=1600&h=800 HTTP/1.1" 400 277 "https://espacofacial.com.br/" "Mozilla/5.0 (iPhone; CPU iPhone OS 26_7_0 like Mac OS X) AppleWebKit/605.1.15 (KHTML, like Gecko) GSA/437.4.973319807 Mobile/15E148 Safari/604.1"
177.132.81.164 - - [17/Sep/2026:11:24:35 -0300] "GET /tim.php?src=uploads/unidades/2026/01/campo-grande.jpeg&w=1600&h=800 HTTP/1.1" 200 226150 "https://espacofacial.com.br/" "Mozilla/5.0 (iPhone; CPU iPhone OS 26_7_0 like Mac OS X) AppleWebKit/605.1.15 (KHTML, like Gecko) GSA/437.4.973319807 Mobile/15E148 Safari/604.1"
177.132.81.164 - - [17/Sep/2026:11:24:35 -0300] "GET /tim.php?src=uploads/unidades/2026/01/plaza-niteroi.jpeg&w=1600&h=800 HTTP/1.1" 200 189961 "https://espacofacial.com.br/" "Mozilla/5.0 (iPhone; CPU iPhone OS 26_7_0 like Mac OS X) AppleWebKit/605.1.15 (KHTML, like Gecko) GSA/437.4.973319807 Mobile/15E148 Safari/604.1"
177.132.81.164 - - [17/Sep/2026:11:24:35 -0300] "GET /tim.php?src=uploads/unidades/2026/05/Teresopolis-Shopping.jpeg&w=1600&h=800 HTTP/1.1" 200 186356 "https://espacofacial.com.br/" "Mozilla/5.0 (iPhone; CPU iPhone OS 26_7_0 like Mac OS X) AppleWebKit/605.1.15 (KHTML, like Gecko) GSA/437.4.973319807 Mobile/15E148 Safari/604.1"
177.132.81.164 - - [17/Sep/2026:11:24:35 -0300] "GET /tim.php?src=uploads/unidades/2026/05/macae.jpeg&w=1600&h=800 HTTP/1.1" 200 311429 "https://espacofacial.com.br/" "Mozilla/5.0 (iPhone; CPU iPhone OS 26_7_0 like Mac OS X) AppleWebKit/605.1.15 (KHTML, like Gecko) GSA/437.4.973319807 Mobile/15E148 Safari/604.1"
177.132.81.164 - - [17/Sep/2026:11:24:35 -0300] "GET /tim.php?src=uploads/unidades/2026/01/shopping-grande-rio.jpeg&w=1600&h=800 HTTP/1.1" 200 253924 "https://espacofacial.com.br/" "Mozilla/5.0 (iPhone; CPU iPhone OS 26_7_0 like Mac OS X) AppleWebKit/605.1.15 (KHTML, like Gecko) GSA/437.4.973319807 Mobile/15E148 Safari/604.1"
177.132.81.164 - - [17/Sep/2026:11:24:35 -0300] "GET /tim.php?src=uploads/unidades/2023/08/madureira-shopping-rj.jpg&w=1600&h=800 HTTP/1.1" 200 196351 "https://espacofacial.com.br/" "Mozilla/5.0 (iPhone; CPU iPhone OS 26_7_0 like Mac OS X) AppleWebKit/605.1.15 (KHTML, like Gecko) GSA/437.4.973319807 Mobile/15E148 Safari/604.1"
177.132.81.164 - - [17/Sep/2026:11:24:35 -0300] "GET /tim.php?src=uploads/unidades/2026/05/cuiaba-mt.jpeg&w=1600&h=800 HTTP/1.1" 200 182013 "https://espacofacial.com.br/" "Mozilla/5.0 (iPhone; CPU iPhone OS 26_7_0 like Mac OS X) AppleWebKit/605.1.15 (KHTML, like Gecko) GSA/437.4.973319807 Mobile/15E148 Safari/604.1"
177.132.81.164 - - [17/Sep/2026:11:24:35 -0300] "GET /tim.php?src=uploads/unidades/2026/01/copacabana.jpeg&w=1600&h=800 HTTP/1.1" 200 251853 "https://espacofacial.com.br/" "Mozilla/5.0 (iPhone; CPU iPhone OS 26_7_0 like Mac OS X) AppleWebKit/605.1.15 (KHTML, like Gecko) GSA/437.4.973319807 Mobile/15E148 Safari/604.1"
177.132.81.164 - - [17/Sep/2026:11:24:35 -0300] "GET /tim.php?src=uploads/unidades/2026/01/shopping-barra-sul.jpeg&w=1600&h=800 HTTP/1.1" 200 250383 "https://espacofacial.com.br/" "Mozilla/5.0 (iPhone; CPU iPhone OS 26_7_0 like Mac OS X) AppleWebKit/605.1.15 (KHTML, like Gecko) GSA/437.4.973319807 Mobile/15E148 Safari/604.1"
177.132.81.164 - - [17/Sep/2026:11:24:35 -0300] "GET /tim.php?src=uploads/unidades/2023/08/recreio-shopping-rj.jpg&w=1600&h=800 HTTP/1.1" 200 220658 "https://espacofacial.com.br/" "Mozilla/5.0 (iPhone; CPU iPhone OS 26_7_0 like Mac OS X) AppleWebKit/605.1.15 (KHTML, like Gecko) GSA/437.4.973319807 Mobile/15E148 Safari/604.1"
177.132.81.164 - - [17/Sep/2026:11:24:35 -0300] "GET /tim.php?src=uploads/unidades/2026/05/Shopping-Taubate.jpeg&w=1600&h=800 HTTP/1.1" 200 299753 "https://espacofacial.com.br/" "Mozilla/5.0 (iPhone; CPU iPhone OS 26_7_0 like Mac OS X) AppleWebKit/605.1.15 (KHTML, like Gecko) GSA/437.4.973319807 Mobile/15E148 Safari/604.1"
177.132.81.164 - - [17/Sep/2026:11:24:35 -0300] "GET /tim.php?src=uploads/images/2023/08/artigo-de-exemplo-1691704956.jpeg&w=1600&h=800 HTTP/1.1" 200 89759 "https://espacofacial.com.br/" "Mozilla/5.0 (iPhone; CPU iPhone OS 26_7_0 like Mac OS X) AppleWebKit/605.1.15 (KHTML, like Gecko) GSA/437.4.973319807 Mobile/15E148 Safari/604.1"
177.132.81.164 - - [17/Sep/2026:11:24:35 -0300] "GET /tim.php?src=uploads/unidades/2023/08/caxias-shopping-rj.jpg&w=1600&h=800 HTTP/1.1" 200 188346 "https://espacofacial.com.br/" "Mozilla/5.0 (iPhone; CPU iPhone OS 26_7_0 like Mac OS X) AppleWebKit/605.1.15 (KHTML, like Gecko) GSA/437.4.973319807 Mobile/15E148 Safari/604.1"
177.132.81.164 - - [17/Sep/2026:11:24:35 -0300] "GET /tim.php?src=uploads/unidades/2025/06/jardim-botanico-rj.jpg&w=1600&h=800 HTTP/1.1" 200 204122 "https://espacofacial.com.br/" "Mozilla/5.0 (iPhone; CPU iPhone OS 26_7_0 like Mac OS X) AppleWebKit/605.1.15 (KHTML, like Gecko) GSA/437.4.973319807 Mobile/15E148 Safari/604.1"
177.132.81.164 - - [17/Sep/2026:11:24:35 -0300] "GET /tim.php?src=uploads/unidades/2023/08/independencia-shopping-juiz-de-fora-mg.jpg&w=1600&h=800 HTTP/1.1" 200 183562 "https://espacofacial.com.br/" "Mozilla/5.0 (iPhone; CPU iPhone OS 26_7_0 like Mac OS X) AppleWebKit/605.1.15 (KHTML, like Gecko) GSA/437.4.973319807 Mobile/15E148 Safari/604.1"
177.132.81.164 - - [17/Sep/2026:11:24:35 -0300] "GET /tim.php?src=uploads/unidades/2023/07/norte-shopping.png&w=1600&h=800 HTTP/1.1" 200 886723 "https://espacofacial.com.br/" "Mozilla/5.0 (iPhone; CPU iPhone OS 26_7_0 like Mac OS X) AppleWebKit/605.1.15 (KHTML, like Gecko) GSA/437.4.973319807 Mobile/15E148 Safari/604.1"
177.132.81.164 - - [17/Sep/2026:11:24:35 -0300] "GET /tim.php?src=uploads/unidades/2023/07/sao-goncalo.png&w=1600&h=800 HTTP/1.1" 200 777324 "https://espacofacial.com.br/" "Mozilla/5.0 (iPhone; CPU iPhone OS 26_7_0 like Mac OS X) AppleWebKit/605.1.15 (KHTML, like Gecko) GSA/437.4.973319807 Mobile/15E148 Safari/604.1"
177.132.81.164 - - [17/Sep/2026:11:24:35 -0300] "GET /tim.php?src=uploads/unidades/2023/07/downtown.png&w=1600&h=800 HTTP/1.1" 200 1038012 "https://espacofacial.com.br/" "Mozilla/5.0 (iPhone; CPU iPhone OS 26_7_0 like Mac OS X) AppleWebKit/605.1.15 (KHTML, like Gecko) GSA/437.4.973319807 Mobile/15E148 Safari/604.1"
177.132.81.164 - - [17/Sep/2026:11:24:47 -0300] "GET / HTTP/1.1" 200 143830 "-" "Mozilla/5.0 (iPhone; CPU iPhone OS 26_7_0 like Mac OS X) AppleWebKit/605.1.15 (KHTML, like Gecko) GSA/437.4.973319807 Mobile/15E148 Safari/604.1"
177.132.81.164 - - [17/Sep/2026:11:24:47 -0300] "GET /tim.php?src=uploads/unidades/2025/12/Calcadao-de-Caxias.jpeg&w=1600&h=800 HTTP/1.1" 400 277 "https://espacofacial.com.br/" "Mozilla/5.0 (iPhone; CPU iPhone OS 26_7_0 like Mac OS X) AppleWebKit/605.1.15 (KHTML, like Gecko) GSA/437.4.973319807 Mobile/15E148 Safari/604.1"
177.132.81.164 - - [17/Sep/2026:11:24:47 -0300] "GET /tim.php?src=uploads/unidades/2024/11/alcantara%20.jpeg&w=1600&h=800 HTTP/1.1" 400 271 "https://espacofacial.com.br/" "Mozilla/5.0 (iPhone; CPU iPhone OS 26_7_0 like Mac OS X) AppleWebKit/605.1.15 (KHTML, like Gecko) GSA/437.4.973319807 Mobile/15E148 Safari/604.1"
177.132.81.164 - - [17/Sep/2026:11:24:47 -0300] "GET /tim.php?src=uploads/unidades/2025/12/Park-Jacarepagua.jpeg&w=1600&h=800 HTTP/1.1" 400 275 "https://espacofacial.com.br/" "Mozilla/5.0 (iPhone; CPU iPhone OS 26_7_0 like Mac OS X) AppleWebKit/605.1.15 (KHTML, like Gecko) GSA/437.4.973319807 Mobile/15E148 Safari/604.1"
177.132.81.164 - - [17/Sep/2026:11:24:47 -0300] "GET /tim.php?src=uploads/unidades/2024/11/EF-Petroopolis.jpg&w=1600&h=800 HTTP/1.1" 400 272 "https://espacofacial.com.br/" "Mozilla/5.0 (iPhone; CPU iPhone OS 26_7_0 like Mac OS X) AppleWebKit/605.1.15 (KHTML, like Gecko) GSA/437.4.973319807 Mobile/15E148 Safari/604.1"
177.132.81.164 - - [17/Sep/2026:11:24:47 -0300] "GET /tim.php?src=uploads/unidades/2025/12/Volta-Redonda.jpeg&w=1600&h=800 HTTP/1.1" 400 272 "https://espacofacial.com.br/" "Mozilla/5.0 (iPhone; CPU iPhone OS 26_7_0 like Mac OS X) AppleWebKit/605.1.15 (KHTML, like Gecko) GSA/437.4.973319807 Mobile/15E148 Safari/604.1"
177.132.81.164 - - [17/Sep/2026:11:24:47 -0300] "GET /themes/wc_default/video/Verao_Espaco_Facial.mp4 HTTP/1.1" 200 21064 "https://espacofacial.com.br/" "Mozilla/5.0 (iPhone; CPU iPhone OS 26_7_0 like Mac OS X) AppleWebKit/605.1.15 (KHTML, like Gecko) GSA/437.4.973319807 Mobile/15E148 Safari/604.1"
186.205.10.91 - - [17/Sep/2026:11:24:57 -0300] "POST /cpsess9876102582/3rdparty/roundcube/?_task=mail&_action=refresh HTTP/1.1" 308 152 "https://webmail.espacofacial.com.br/cpsess9876102582/3rdparty/roundcube/?_task=mail&_mbox=INBOX" "Mozilla/5.0 (Macintosh; Intel Mac OS X 10_15_7) AppleWebKit/537.36 (KHTML, like Gecko) Chrome/152.0.0.0 Safari/537.36"
186.205.10.91 - - [17/Sep/2026:11:24:57 -0300] "POST /cpsess9876102582/3rdparty/roundcube/?_task=mail&_action=refresh HTTP/1.1" 200 1387 "https://webmail.espacofacial.com.br/cpsess9876102582/3rdparty/roundcube/?_task=mail&_mbox=INBOX" "Mozilla/5.0 (Macintosh; Intel Mac OS X 10_15_7) AppleWebKit/537.36 (KHTML, like Gecko) Chrome/152.0.0.0 Safari/537.36"
37.19.221.225 - - [17/Sep/2026:11:25:01 -0300] "POST /cpsess7211416590/3rdparty/roundcube/?_task=mail&_action=refresh HTTP/1.1" 308 152 "https://webmail.espacofacial.com.br/cpsess7211416590/3rdparty/roundcube/?_task=mail&_mbox=INBOX" "Mozilla/5.0 (Windows NT 10.0; Win64; x64) AppleWebKit/537.36 (KHTML, like Gecko) Chrome/152.0.0.0 Safari/537.36"
37.19.221.225 - - [17/Sep/2026:11:25:02 -0300] "POST /cpsess7211416590/3rdparty/roundcube/?_task=mail&_action=refresh HTTP/1.1" 200 1387 "https://webmail.espacofacial.com.br/cpsess7211416590/3rdparty/roundcube/?_task=mail&_mbox=INBOX" "Mozilla/5.0 (Windows NT 10.0; Win64; x64) AppleWebKit/537.36 (KHTML, like Gecko) Chrome/152.0.0.0 Safari/537.36"
186.205.10.91 - - [17/Sep/2026:11:25:03 -0300] "POST /cpsess1240618111/3rdparty/roundcube/?_task=mail&_action=refresh HTTP/1.1" 308 152 "https://webmail.espacofacial.com.br/cpsess1240618111/3rdparty/roundcube/?_task=mail&_mbox=INBOX" "Mozilla/5.0 (Windows NT 10.0; Win64; x64) AppleWebKit/537.36 (KHTML, like Gecko) Chrome/152.0.0.0 Safari/537.36"
186.205.10.91 - - [17/Sep/2026:11:25:04 -0300] "POST /cpsess1240618111/3rdparty/roundcube/?_task=mail&_action=refresh HTTP/1.1" 200 1387 "https://webmail.espacofacial.com.br/cpsess1240618111/3rdparty/roundcube/?_task=mail&_mbox=INBOX" "Mozilla/5.0 (Windows NT 10.0; Win64; x64) AppleWebKit/537.36 (KHTML, like Gecko) Chrome/152.0.0.0 Safari/537.36"
2804:40a8:135:b500:f986:e61d:4c32:a5ea - - [17/Sep/2026:11:25:17 -0300] "GET /skunk/carrosel/carrosel.html HTTP/1.1" 200 36626 "https://www.skunk.com.br/" "Mozilla/5.0 (iPhone; CPU iPhone OS 15_6 like Mac OS X) AppleWebKit/605.1.15 (KHTML, like Gecko) Version/15.6 Mobile/15E148 Safari/604.1"
2804:40a8:135:b500:f986:e61d:4c32:a5ea - - [17/Sep/2026:11:25:17 -0300] "GET /skunk/home/banner_brincipal_M.mp4 HTTP/1.1" 200 2748657 "https://www.skunk.com.br/" "Mozilla/5.0 (iPhone; CPU iPhone OS 15_6 like Mac OS X) AppleWebKit/605.1.15 (KHTML, like Gecko) Version/15.6 Mobile/15E148 Safari/604.1"
2804:40a8:135:b500:f986:e61d:4c32:a5ea - - [17/Sep/2026:11:25:17 -0300] "GET /skunk/home/destaque_Home.mp4 HTTP/1.1" 200 17243980 "https://www.skunk.com.br/" "Mozilla/5.0 (iPhone; CPU iPhone OS 15_6 like Mac OS X) AppleWebKit/605.1.15 (KHTML, like Gecko) Version/15.6 Mobile/15E148 Safari/604.1"
200.214.45.18 - - [17/Sep/2026:11:25:28 -0300] "POST /cpsess8770996163/3rdparty/roundcube/?_task=mail&_action=refresh HTTP/1.1" 200 1387 "https://webmail.espacofacial.com.br/cpsess8770996163/3rdparty/roundcube/?_task=mail&_mbox=INBOX.spam" "Mozilla/5.0 (Windows NT 10.0; Win64; x64) AppleWebKit/537.36 (KHTML, like Gecko) Chrome/152.0.0.0 Safari/537.36"
2804:40a8:135:b500:f986:e61d:4c32:a5ea - - [17/Sep/2026:11:25:18 -0300] "GET /skunk/home/SHOP-NOW-1-VIDEO.mp4 HTTP/1.1" 200 1968070 "https://www.skunk.com.br/" "Mozilla/5.0 (iPhone; CPU iPhone OS 15_6 like Mac OS X) AppleWebKit/605.1.15 (KHTML, like Gecko) Version/15.6 Mobile/15E148 Safari/604.1"
186.205.10.91 - - [17/Sep/2026:11:25:56 -0300] "GET /cpsess1240618111/3rdparty/roundcube/?_task=mail&_mbox=INBOX&_action=compose&_extwin=1 HTTP/1.1" 308 182 "https://webmail.espacofacial.com.br/cpsess1240618111/3rdparty/roundcube/?_task=mail&_mbox=INBOX" "Mozilla/5.0 (Windows NT 10.0; Win64; x64) AppleWebKit/537.36 (KHTML, like Gecko) Chrome/152.0.0.0 Safari/537.36"
186.205.10.91 - - [17/Sep/2026:11:25:56 -0300] "GET /cpsess1240618111/3rdparty/roundcube/?_task=mail&_mbox=INBOX&_action=compose&_extwin=1 HTTP/1.1" 302 - "https://webmail.espacofacial.com.br/cpsess1240618111/3rdparty/roundcube/?_task=mail&_mbox=INBOX" "Mozilla/5.0 (Windows NT 10.0; Win64; x64) AppleWebKit/537.36 (KHTML, like Gecko) Chrome/152.0.0.0 Safari/537.36"
186.205.10.91 - - [17/Sep/2026:11:25:56 -0300] "GET /cpsess1240618111/3rdparty/roundcube/?_task=mail&_action=compose&_id=294227616aabf874904eb&_extwin=1 HTTP/1.1" 200 22265 "https://webmail.espacofacial.com.br/cpsess1240618111/3rdparty/roundcube/?_task=mail&_mbox=INBOX" "Mozilla/5.0 (Windows NT 10.0; Win64; x64) AppleWebKit/537.36 (KHTML, like Gecko) Chrome/152.0.0.0 Safari/537.36"
186.205.10.91 - - [17/Sep/2026:11:25:57 -0300] "POST /cpsess9876102582/3rdparty/roundcube/?_task=mail&_action=refresh HTTP/1.1" 308 152 "https://webmail.espacofacial.com.br/cpsess9876102582/3rdparty/roundcube/?_task=mail&_mbox=INBOX" "Mozilla/5.0 (Macintosh; Intel Mac OS X 10_15_7) AppleWebKit/537.36 (KHTML, like Gecko) Chrome/152.0.0.0 Safari/537.36"
186.205.10.91 - - [17/Sep/2026:11:25:57 -0300] "POST /cpsess9876102582/3rdparty/roundcube/?_task=mail&_action=refresh HTTP/1.1" 200 1388 "https://webmail.espacofacial.com.br/cpsess9876102582/3rdparty/roundcube/?_task=mail&_mbox=INBOX" "Mozilla/5.0 (Macintosh; Intel Mac OS X 10_15_7) AppleWebKit/537.36 (KHTML, like Gecko) Chrome/152.0.0.0 Safari/537.36"
186.205.10.91 - - [17/Sep/2026:11:25:59 -0300] "POST /cpsess1240618111/3rdparty/roundcube/?_task=mail&_action=autocomplete HTTP/1.1" 200 1461 "https://webmail.espacofacial.com.br/cpsess1240618111/3rdparty/roundcube/?_task=mail&_action=compose&_id=294227616aabf874904eb&_extwin=1" "Mozilla/5.0 (Windows NT 10.0; Win64; x64) AppleWebKit/537.36 (KHTML, like Gecko) Chrome/152.0.0.0 Safari/537.36"
186.205.10.91 - - [17/Sep/2026:11:26:00 -0300] "POST /cpsess1240618111/3rdparty/roundcube/?_task=mail&_action=refresh HTTP/1.1" 200 1387 "https://webmail.espacofacial.com.br/cpsess1240618111/3rdparty/roundcube/?_task=mail&_mbox=INBOX" "Mozilla/5.0 (Windows NT 10.0; Win64; x64) AppleWebKit/537.36 (KHTML, like Gecko) Chrome/152.0.0.0 Safari/537.36"
186.205.10.91 - - [17/Sep/2026:11:26:01 -0300] "POST /cpsess1240618111/3rdparty/roundcube/?_task=mail&_action=autocomplete HTTP/1.1" 200 1540 "https://webmail.espacofacial.com.br/cpsess1240618111/3rdparty/roundcube/?_task=mail&_action=compose&_id=294227616aabf874904eb&_extwin=1" "Mozilla/5.0 (Windows NT 10.0; Win64; x64) AppleWebKit/537.36 (KHTML, like Gecko) Chrome/152.0.0.0 Safari/537.36"
186.205.10.91 - - [17/Sep/2026:11:26:02 -0300] "POST /cpsess1240618111/3rdparty/roundcube/?_task=mail&_action=autocomplete HTTP/1.1" 200 1474 "https://webmail.espacofacial.com.br/cpsess1240618111/3rdparty/roundcube/?_task=mail&_action=compose&_id=294227616aabf874904eb&_extwin=1" "Mozilla/5.0 (Windows NT 10.0; Win64; x64) AppleWebKit/537.36 (KHTML, like Gecko) Chrome/152.0.0.0 Safari/537.36"
37.19.221.225 - - [17/Sep/2026:11:26:02 -0300] "POST /cpsess7211416590/3rdparty/roundcube/?_task=mail&_action=refresh HTTP/1.1" 308 152 "https://webmail.espacofacial.com.br/cpsess7211416590/3rdparty/roundcube/?_task=mail&_mbox=INBOX" "Mozilla/5.0 (Windows NT 10.0; Win64; x64) AppleWebKit/537.36 (KHTML, like Gecko) Chrome/152.0.0.0 Safari/537.36"
37.19.221.225 - - [17/Sep/2026:11:26:03 -0300] "POST /cpsess7211416590/3rdparty/roundcube/?_task=mail&_action=refresh HTTP/1.1" 200 1387 "https://webmail.espacofacial.com.br/cpsess7211416590/3rdparty/roundcube/?_task=mail&_mbox=INBOX" "Mozilla/5.0 (Windows NT 10.0; Win64; x64) AppleWebKit/537.36 (KHTML, like Gecko) Chrome/152.0.0.0 Safari/537.36"
186.205.10.91 - - [17/Sep/2026:11:26:05 -0300] "POST /cpsess1240618111/3rdparty/roundcube/?_task=mail&_action=autocomplete HTTP/1.1" 308 157 "https://webmail.espacofacial.com.br/cpsess1240618111/3rdparty/roundcube/?_task=mail&_action=compose&_id=294227616aabf874904eb&_extwin=1" "Mozilla/5.0 (Windows NT 10.0; Win64; x64) AppleWebKit/537.36 (KHTML, like Gecko) Chrome/152.0.0.0 Safari/537.36"
186.205.10.91 - - [17/Sep/2026:11:26:05 -0300] "POST /cpsess1240618111/3rdparty/roundcube/?_task=mail&_action=autocomplete HTTP/1.1" 200 1501 "https://webmail.espacofacial.com.br/cpsess1240618111/3rdparty/roundcube/?_task=mail&_action=compose&_id=294227616aabf874904eb&_extwin=1" "Mozilla/5.0 (Windows NT 10.0; Win64; x64) AppleWebKit/537.36 (KHTML, like Gecko) Chrome/152.0.0.0 Safari/537.36"
186.205.10.91 - - [17/Sep/2026:11:26:05 -0300] "POST /cpsess1240618111/3rdparty/roundcube/?_task=mail&_action=autocomplete HTTP/1.1" 200 1459 "https://webmail.espacofacial.com.br/cpsess1240618111/3rdparty/roundcube/?_task=mail&_action=compose&_id=294227616aabf874904eb&_extwin=1" "Mozilla/5.0 (Windows NT 10.0; Win64; x64) AppleWebKit/537.36 (KHTML, like Gecko) Chrome/152.0.0.0 Safari/537.36"
186.205.10.91 - - [17/Sep/2026:11:26:07 -0300] "POST /cpsess1240618111/3rdparty/roundcube/?_task=mail&_action=autocomplete HTTP/1.1" 200 1585 "https://webmail.espacofacial.com.br/cpsess1240618111/3rdparty/roundcube/?_task=mail&_action=compose&_id=294227616aabf874904eb&_extwin=1" "Mozilla/5.0 (Windows NT 10.0; Win64; x64) AppleWebKit/537.36 (KHTML, like Gecko) Chrome/152.0.0.0 Safari/537.36"
186.205.10.91 - - [17/Sep/2026:11:26:07 -0300] "POST /cpsess1240618111/3rdparty/roundcube/?_task=mail&_action=autocomplete HTTP/1.1" 200 1541 "https://webmail.espacofacial.com.br/cpsess1240618111/3rdparty/roundcube/?_task=mail&_action=compose&_id=294227616aabf874904eb&_extwin=1" "Mozilla/5.0 (Windows NT 10.0; Win64; x64) AppleWebKit/537.36 (KHTML, like Gecko) Chrome/152.0.0.0 Safari/537.36"
186.205.10.91 - - [17/Sep/2026:11:26:08 -0300] "POST /cpsess1240618111/3rdparty/roundcube/?_task=mail&_action=autocomplete HTTP/1.1" 200 1477 "https://webmail.espacofacial.com.br/cpsess1240618111/3rdparty/roundcube/?_task=mail&_action=compose&_id=294227616aabf874904eb&_extwin=1" "Mozilla/5.0 (Windows NT 10.0; Win64; x64) AppleWebKit/537.36 (KHTML, like Gecko) Chrome/152.0.0.0 Safari/537.36"
2804:7f1:e224:99b:d480:3fb8:fdd:74ec - - [17/Sep/2026:11:26:22 -0300] "GET /skunk/home/SHOP-NOW-1-VIDEO.mp4 HTTP/1.1" 304 - "https://www.skunk.com.br/" "Mozilla/5.0 (Windows NT 10.0; Win64; x64) AppleWebKit/537.36 (KHTML, like Gecko) Chrome/152.0.0.0 Safari/537.36"
2804:7f1:e224:99b:d480:3fb8:fdd:74ec - - [17/Sep/2026:11:26:22 -0300] "GET /skunk/carrosel/carrosel.html HTTP/1.1" 200 36626 "https://www.skunk.com.br/" "Mozilla/5.0 (Windows NT 10.0; Win64; x64) AppleWebKit/537.36 (KHTML, like Gecko) Chrome/152.0.0.0 Safari/537.36"
179.49.205.248 - - [17/Sep/2026:11:26:28 -0300] "POST /cpsess8770996163/3rdparty/roundcube/?_task=mail&_action=refresh HTTP/1.1" 308 152 "https://webmail.espacofacial.com.br/cpsess8770996163/3rdparty/roundcube/?_task=mail&_mbox=INBOX.spam" "Mozilla/5.0 (Windows NT 10.0; Win64; x64) AppleWebKit/537.36 (KHTML, like Gecko) Chrome/152.0.0.0 Safari/537.36"
179.49.205.248 - - [17/Sep/2026:11:26:28 -0300] "POST /cpsess8770996163/3rdparty/roundcube/?_task=mail&_action=refresh HTTP/1.1" 200 1388 "https://webmail.espacofacial.com.br/cpsess8770996163/3rdparty/roundcube/?_task=mail&_mbox=INBOX.spam" "Mozilla/5.0 (Windows NT 10.0; Win64; x64) AppleWebKit/537.36 (KHTML, like Gecko) Chrome/152.0.0.0 Safari/537.36"
186.205.10.91 - - [17/Sep/2026:11:26:30 -0300] "POST /cpsess1240618111/3rdparty/roundcube/?_task=utils&_action=text2html HTTP/1.1" 200 35 "https://webmail.espacofacial.com.br/cpsess1240618111/3rdparty/roundcube/?_task=mail&_action=compose&_id=294227616aabf874904eb&_extwin=1" "Mozilla/5.0 (Windows NT 10.0; Win64; x64) AppleWebKit/537.36 (KHTML, like Gecko) Chrome/152.0.0.0 Safari/537.36"
186.205.10.91 - - [17/Sep/2026:11:26:32 -0300] "GET /cpsess1240618111/3rdparty/roundcube/?_task=settings&_action=response-get&_id=1&_is_html=1&_remote=1&_unlock=loading1789655191911&_=1789655156695 HTTP/1.1" 200 1641 "https://webmail.espacofacial.com.br/cpsess1240618111/3rdparty/roundcube/?_task=mail&_action=compose&_id=294227616aabf874904eb&_extwin=1" "Mozilla/5.0 (Windows NT 10.0; Win64; x64) AppleWebKit/537.36 (KHTML, like Gecko) Chrome/152.0.0.0 Safari/537.36"
186.205.10.91 - - [17/Sep/2026:11:27:00 -0300] "POST /cpsess1240618111/3rdparty/roundcube/?_task=mail&_action=refresh HTTP/1.1" 200 1388 "https://webmail.espacofacial.com.br/cpsess1240618111/3rdparty/roundcube/?_task=mail&_mbox=INBOX" "Mozilla/5.0 (Windows NT 10.0; Win64; x64) AppleWebKit/537.36 (KHTML, like Gecko) Chrome/152.0.0.0 Safari/537.36"
37.19.221.225 - - [17/Sep/2026:11:27:04 -0300] "POST /cpsess7211416590/3rdparty/roundcube/?_task=mail&_action=refresh HTTP/1.1" 308 152 "https://webmail.espacofacial.com.br/cpsess7211416590/3rdparty/roundcube/?_task=mail&_mbox=INBOX" "Mozilla/5.0 (Windows NT 10.0; Win64; x64) AppleWebKit/537.36 (KHTML, like Gecko) Chrome/152.0.0.0 Safari/537.36"
37.19.221.225 - - [17/Sep/2026:11:27:04 -0300] "POST /cpsess7211416590/3rdparty/roundcube/?_task=mail&_action=refresh HTTP/1.1" 200 1387 "https://webmail.espacofacial.com.br/cpsess7211416590/3rdparty/roundcube/?_task=mail&_mbox=INBOX" "Mozilla/5.0 (Windows NT 10.0; Win64; x64) AppleWebKit/537.36 (KHTML, like Gecko) Chrome/152.0.0.0 Safari/537.36"
200.195.112.243 - - [17/Sep/2026:11:27:15 -0300] "POST /cpsess1974799990/3rdparty/roundcube/?_task=mail&_action=refresh HTTP/1.1" 308 152 "https://webmail.espacofacial.com.br/cpsess1974799990/3rdparty/roundcube/?_task=mail&_mbox=INBOX" "Mozilla/5.0 (Windows NT 10.0; Win64; x64) AppleWebKit/537.36 (KHTML, like Gecko) Chrome/153.0.0.0 Safari/537.36"
200.195.112.243 - - [17/Sep/2026:11:27:15 -0300] "POST /cpsess1974799990/3rdparty/roundcube/?_task=mail&_action=refresh HTTP/1.1" 200 1413 "https://webmail.espacofacial.com.br/cpsess1974799990/3rdparty/roundcube/?_task=mail&_mbox=INBOX" "Mozilla/5.0 (Windows NT 10.0; Win64; x64) AppleWebKit/537.36 (KHTML, like Gecko) Chrome/153.0.0.0 Safari/537.36"
200.195.112.243 - - [17/Sep/2026:11:27:16 -0300] "GET /cpsess1974799990/3rdparty/roundcube/?_task=mail HTTP/1.1" 200 14214 "https://webmail.espacofacial.com.br/cpsess1974799990/3rdparty/roundcube/?_task=mail&_mbox=INBOX" "Mozilla/5.0 (Windows NT 10.0; Win64; x64) AppleWebKit/537.36 (KHTML, like Gecko) Chrome/153.0.0.0 Safari/537.36"
200.195.112.243 - - [17/Sep/2026:11:27:16 -0300] "GET /cpsess1974799990/3rdparty/roundcube/skins/elastic/watermark.html HTTP/1.1" 200 494 "https://webmail.espacofacial.com.br/cpsess1974799990/3rdparty/roundcube/?_task=mail" "Mozilla/5.0 (Windows NT 10.0; Win64; x64) AppleWebKit/537.36 (KHTML, like Gecko) Chrome/153.0.0.0 Safari/537.36"
200.195.112.243 - - [17/Sep/2026:11:27:16 -0300] "GET /cpsess1974799990/3rdparty/roundcube/?_task=mail&_action=list&_refresh=1&_layout=widescreen&_mbox=INBOX&_page=&_remote=1&_unlock=loading1789655236387&_=1789655236252 HTTP/1.1" 200 4448 "https://webmail.espacofacial.com.br/cpsess1974799990/3rdparty/roundcube/?_task=mail" "Mozilla/5.0 (Windows NT 10.0; Win64; x64) AppleWebKit/537.36 (KHTML, like Gecko) Chrome/153.0.0.0 Safari/537.36"
200.195.112.243 - - [17/Sep/2026:11:27:16 -0300] "GET /cpsess1974799990/3rdparty/roundcube/?_task=mail&_action=getunread&_page=1&_remote=1&_unlock=0&_=1789655236253 HTTP/1.1" 200 1393 "https://webmail.espacofacial.com.br/cpsess1974799990/3rdparty/roundcube/?_task=mail&_mbox=INBOX" "Mozilla/5.0 (Windows NT 10.0; Win64; x64) AppleWebKit/537.36 (KHTML, like Gecko) Chrome/153.0.0.0 Safari/537.36"
200.167.89.98 - - [17/Sep/2026:11:27:28 -0300] "POST /cpsess8770996163/3rdparty/roundcube/?_task=mail&_action=refresh HTTP/1.1" 200 1388 "https://webmail.espacofacial.com.br/cpsess8770996163/3rdparty/roundcube/?_task=mail&_mbox=INBOX.spam" "Mozilla/5.0 (Windows NT 10.0; Win64; x64) AppleWebKit/537.36 (KHTML, like Gecko) Chrome/152.0.0.0 Safari/537.36"
186.205.10.91 - - [17/Sep/2026:11:27:39 -0300] "POST /cpsess1240618111/3rdparty/roundcube/?_task=mail&_remote=1&_from=compose&_id=294227616aabf874904eb&_uploadid=upload1789655259447&_action=upload HTTP/1.1" 308 247 "https://webmail.espacofacial.com.br/cpsess1240618111/3rdparty/roundcube/?_task=mail&_action=compose&_id=294227616aabf874904eb&_extwin=1" "Mozilla/5.0 (Windows NT 10.0; Win64; x64) AppleWebKit/537.36 (KHTML, like Gecko) Chrome/152.0.0.0 Safari/537.36"
186.205.10.91 - - [17/Sep/2026:11:27:39 -0300] "POST /cpsess1240618111/3rdparty/roundcube/?_task=mail&_remote=1&_from=compose&_id=294227616aabf874904eb&_uploadid=upload1789655259447&_action=upload HTTP/1.1" 200 419 "https://webmail.espacofacial.com.br/cpsess1240618111/3rdparty/roundcube/?_task=mail&_action=compose&_id=294227616aabf874904eb&_extwin=1" "Mozilla/5.0 (Windows NT 10.0; Win64; x64) AppleWebKit/537.36 (KHTML, like Gecko) Chrome/152.0.0.0 Safari/537.36"
186.205.10.91 - - [17/Sep/2026:11:27:41 -0300] "POST /cpsess1240618111/3rdparty/roundcube/?_task=mail&_unlock=loading1789655261069&_framed=1 HTTP/1.1" 200 344 "https://webmail.espacofacial.com.br/cpsess1240618111/3rdparty/roundcube/?_task=mail&_action=compose&_id=294227616aabf874904eb&_extwin=1" "Mozilla/5.0 (Windows NT 10.0; Win64; x64) AppleWebKit/537.36 (KHTML, like Gecko) Chrome/152.0.0.0 Safari/537.36"
64.181.216.111 - - [17/Sep/2026:11:27:44 -0300] "GET / HTTP/1.1" 200 143821 "http://espacofacial.com.br/" "Go-http-client/1.1"
64.181.216.111 - - [17/Sep/2026:11:27:46 -0300] "GET /wp-includes/css/buttons.css HTTP/1.1" 200 21030 "http://espacofacial.com.br/wp-includes/css/buttons.css" "Go-http-client/1.1"
64.181.216.111 - - [17/Sep/2026:11:27:46 -0300] "GET /media/system/js/core.js HTTP/1.1" 200 21018 "http://espacofacial.com.br/media/system/js/core.js" "Go-http-client/1.1"
37.19.221.225 - - [17/Sep/2026:11:28:04 -0300] "POST /cpsess7211416590/3rdparty/roundcube/?_task=mail&_action=refresh HTTP/1.1" 200 1388 "https://webmail.espacofacial.com.br/cpsess7211416590/3rdparty/roundcube/?_task=mail&_mbox=INBOX" "Mozilla/5.0 (Windows NT 10.0; Win64; x64) AppleWebKit/537.36 (KHTML, like Gecko) Chrome/152.0.0.0 Safari/537.36"
186.205.10.91 - - [17/Sep/2026:11:28:04 -0300] "POST /cpsess1240618111/3rdparty/roundcube/?_task=mail&_action=refresh HTTP/1.1" 200 1388 "https://webmail.espacofacial.com.br/cpsess1240618111/3rdparty/roundcube/?_task=mail&_mbox=INBOX" "Mozilla/5.0 (Windows NT 10.0; Win64; x64) AppleWebKit/537.36 (KHTML, like Gecko) Chrome/152.0.0.0 Safari/537.36"
2001:4860:7:1203::cb - - [17/Sep/2026:11:28:07 -0300] "GET / HTTP/1.1" 200 143853 "https://www.google.com/" "Mozilla/5.0 (Linux; Android 10; K) AppleWebKit/537.36 (KHTML, like Gecko) Chrome/153.0.0.0 Mobile Safari/537.36"
200.195.112.243 - - [17/Sep/2026:11:28:16 -0300] "POST /cpsess1974799990/3rdparty/roundcube/?_task=mail&_action=refresh HTTP/1.1" 308 152 "https://webmail.espacofacial.com.br/cpsess1974799990/3rdparty/roundcube/?_task=mail&_mbox=INBOX" "Mozilla/5.0 (Windows NT 10.0; Win64; x64) AppleWebKit/537.36 (KHTML, like Gecko) Chrome/153.0.0.0 Safari/537.36"
200.195.112.243 - - [17/Sep/2026:11:28:16 -0300] "POST /cpsess1974799990/3rdparty/roundcube/?_task=mail&_action=refresh HTTP/1.1" 200 1390 "https://webmail.espacofacial.com.br/cpsess1974799990/3rdparty/roundcube/?_task=mail&_mbox=INBOX" "Mozilla/5.0 (Windows NT 10.0; Win64; x64) AppleWebKit/537.36 (KHTML, like Gecko) Chrome/153.0.0.0 Safari/537.36"
200.167.89.98 - - [17/Sep/2026:11:28:28 -0300] "POST /cpsess8770996163/3rdparty/roundcube/?_task=mail&_action=refresh HTTP/1.1" 308 152 "https://webmail.espacofacial.com.br/cpsess8770996163/3rdparty/roundcube/?_task=mail&_mbox=INBOX.spam" "Mozilla/5.0 (Windows NT 10.0; Win64; x64) AppleWebKit/537.36 (KHTML, like Gecko) Chrome/152.0.0.0 Safari/537.36"
200.167.89.98 - - [17/Sep/2026:11:28:28 -0300] "POST /cpsess8770996163/3rdparty/roundcube/?_task=mail&_action=refresh HTTP/1.1" 200 1388 "https://webmail.espacofacial.com.br/cpsess8770996163/3rdparty/roundcube/?_task=mail&_mbox=INBOX.spam" "Mozilla/5.0 (Windows NT 10.0; Win64; x64) AppleWebKit/537.36 (KHTML, like Gecko) Chrome/152.0.0.0 Safari/537.36"
2001:4860:7:f03::f7 - - [17/Sep/2026:11:28:40 -0300] "GET / HTTP/1.1" 200 143835 "https://www.google.com/" "Mozilla/5.0 (Linux; Android 10; K) AppleWebKit/537.36 (KHTML, like Gecko) Chrome/153.0.0.0 Mobile Safari/537.36"
37.19.221.225 - - [17/Sep/2026:11:29:05 -0300] "POST /cpsess7211416590/3rdparty/roundcube/?_task=mail&_action=refresh HTTP/1.1" 308 152 "https://webmail.espacofacial.com.br/cpsess7211416590/3rdparty/roundcube/?_task=mail&_mbox=INBOX" "Mozilla/5.0 (Windows NT 10.0; Win64; x64) AppleWebKit/537.36 (KHTML, like Gecko) Chrome/152.0.0.0 Safari/537.36"
186.205.10.91 - - [17/Sep/2026:11:29:05 -0300] "POST /cpsess1240618111/3rdparty/roundcube/?_task=mail&_action=refresh HTTP/1.1" 200 1388 "https://webmail.espacofacial.com.br/cpsess1240618111/3rdparty/roundcube/?_task=mail&_mbox=INBOX" "Mozilla/5.0 (Windows NT 10.0; Win64; x64) AppleWebKit/537.36 (KHTML, like Gecko) Chrome/152.0.0.0 Safari/537.36"
37.19.221.225 - - [17/Sep/2026:11:29:06 -0300] "POST /cpsess7211416590/3rdparty/roundcube/?_task=mail&_action=refresh HTTP/1.1" 200 1387 "https://webmail.espacofacial.com.br/cpsess7211416590/3rdparty/roundcube/?_task=mail&_mbox=INBOX" "Mozilla/5.0 (Windows NT 10.0; Win64; x64) AppleWebKit/537.36 (KHTML, like Gecko) Chrome/152.0.0.0 Safari/537.36"
200.195.112.243 - - [17/Sep/2026:11:29:16 -0300] "POST /cpsess1974799990/3rdparty/roundcube/?_task=mail&_action=refresh HTTP/1.1" 308 152 "https://webmail.espacofacial.com.br/cpsess1974799990/3rdparty/roundcube/?_task=mail&_mbox=INBOX" "Mozilla/5.0 (Windows NT 10.0; Win64; x64) AppleWebKit/537.36 (KHTML, like Gecko) Chrome/153.0.0.0 Safari/537.36"
200.195.112.243 - - [17/Sep/2026:11:29:16 -0300] "POST /cpsess1974799990/3rdparty/roundcube/?_task=mail&_action=refresh HTTP/1.1" 200 1390 "https://webmail.espacofacial.com.br/cpsess1974799990/3rdparty/roundcube/?_task=mail&_mbox=INBOX" "Mozilla/5.0 (Windows NT 10.0; Win64; x64) AppleWebKit/537.36 (KHTML, like Gecko) Chrome/153.0.0.0 Safari/537.36"
18.116.205.62 - - [17/Sep/2026:11:29:21 -0300] "HEAD / HTTP/1.1" 200 - "https://espacofacial.com.br" "Mozilla/5.0+(compatible; UptimeRobot/2.0; http://www.uptimerobot.com/)"
3.20.63.178 - - [17/Sep/2026:11:29:21 -0300] "HEAD / HTTP/1.1" 200 - "https://espacofacial.com.br" "Mozilla/5.0+(compatible; UptimeRobot/2.0; http://www.uptimerobot.com/)"
179.49.205.248 - - [17/Sep/2026:11:29:28 -0300] "POST /cpsess8770996163/3rdparty/roundcube/?_task=mail&_action=refresh HTTP/1.1" 200 1388 "https://webmail.espacofacial.com.br/cpsess8770996163/3rdparty/roundcube/?_task=mail&_mbox=INBOX.spam" "Mozilla/5.0 (Windows NT 10.0; Win64; x64) AppleWebKit/537.36 (KHTML, like Gecko) Chrome/152.0.0.0 Safari/537.36"
179.184.184.131 - - [17/Sep/2026:11:29:36 -0300] "GET / HTTP/1.1" 200 143829 "https://www.google.com/" "Mozilla/5.0 (Windows NT 10.0; Win64; x64) AppleWebKit/537.36 (KHTML, like Gecko) Chrome/152.0.0.0 Safari/537.36"
179.184.184.131 - - [17/Sep/2026:11:29:36 -0300] "GET /uploads/slides/2026/set/17/banner_3.jpeg HTTP/1.1" 200 50992 "https://espacofacial.com.br/" "Mozilla/5.0 (Windows NT 10.0; Win64; x64) AppleWebKit/537.36 (KHTML, like Gecko) Chrome/152.0.0.0 Safari/537.36"
179.184.184.131 - - [17/Sep/2026:11:29:36 -0300] "GET /uploads/slides/2026/set/17/banner_1.jpeg HTTP/1.1" 200 52886 "https://espacofacial.com.br/" "Mozilla/5.0 (Windows NT 10.0; Win64; x64) AppleWebKit/537.36 (KHTML, like Gecko) Chrome/152.0.0.0 Safari/537.36"
179.184.184.131 - - [17/Sep/2026:11:29:36 -0300] "GET /uploads/slides/2026/set/17/banner_2.jpeg HTTP/1.1" 200 25919 "https://espacofacial.com.br/" "Mozilla/5.0 (Windows NT 10.0; Win64; x64) AppleWebKit/537.36 (KHTML, like Gecko) Chrome/152.0.0.0 Safari/537.36"
179.184.184.131 - - [17/Sep/2026:11:29:36 -0300] "GET /uploads/images/2023/07/preenchimento-facial-1690565956.png HTTP/1.1" 304 - "https://espacofacial.com.br/" "Mozilla/5.0 (Windows NT 10.0; Win64; x64) AppleWebKit/537.36 (KHTML, like Gecko) Chrome/152.0.0.0 Safari/537.36"
179.184.184.131 - - [17/Sep/2026:11:29:36 -0300] "GET /uploads/images/2023/07/skinbooster-1690570247.png HTTP/1.1" 304 - "https://espacofacial.com.br/" "Mozilla/5.0 (Windows NT 10.0; Win64; x64) AppleWebKit/537.36 (KHTML, like Gecko) Chrome/152.0.0.0 Safari/537.36"
179.184.184.131 - - [17/Sep/2026:11:29:36 -0300] "GET /uploads/images/2023/07/fios-de-sustentacao-1690569020.png HTTP/1.1" 304 - "https://espacofacial.com.br/" "Mozilla/5.0 (Windows NT 10.0; Win64; x64) AppleWebKit/537.36 (KHTML, like Gecko) Chrome/152.0.0.0 Safari/537.36"
179.184.184.131 - - [17/Sep/2026:11:29:36 -0300] "GET /uploads/images/2023/07/1690568146.png HTTP/1.1" 304 - "https://espacofacial.com.br/" "Mozilla/5.0 (Windows NT 10.0; Win64; x64) AppleWebKit/537.36 (KHTML, like Gecko) Chrome/152.0.0.0 Safari/537.36"
179.184.184.131 - - [17/Sep/2026:11:29:37 -0300] "GET /themes/wc_default/style.css HTTP/1.1" 304 - "https://espacofacial.com.br/" "Mozilla/5.0 (Windows NT 10.0; Win64; x64) AppleWebKit/537.36 (KHTML, like Gecko) Chrome/152.0.0.0 Safari/537.36"
179.184.184.131 - - [17/Sep/2026:11:29:37 -0300] "GET /themes/wc_default/css/medical-guide.css HTTP/1.1" 304 - "https://espacofacial.com.br/" "Mozilla/5.0 (Windows NT 10.0; Win64; x64) AppleWebKit/537.36 (KHTML, like Gecko) Chrome/152.0.0.0 Safari/537.36"
179.184.184.131 - - [17/Sep/2026:11:29:37 -0300] "GET /themes/wc_default/css/default-color.css HTTP/1.1" 304 - "https://espacofacial.com.br/" "Mozilla/5.0 (Windows NT 10.0; Win64; x64) AppleWebKit/537.36 (KHTML, like Gecko) Chrome/152.0.0.0 Safari/537.36"
179.184.184.131 - - [17/Sep/2026:11:29:37 -0300] "GET /themes/wc_default/css/accordion.css HTTP/1.1" 304 - "https://espacofacial.com.br/" "Mozilla/5.0 (Windows NT 10.0; Win64; x64) AppleWebKit/537.36 (KHTML, like Gecko) Chrome/152.0.0.0 Safari/537.36"
179.184.184.131 - - [17/Sep/2026:11:29:37 -0300] "GET /themes/wc_default/css/sticky-header.css HTTP/1.1" 304 - "https://espacofacial.com.br/" "Mozilla/5.0 (Windows NT 10.0; Win64; x64) AppleWebKit/537.36 (KHTML, like Gecko) Chrome/152.0.0.0 Safari/537.36"
179.184.184.131 - - [17/Sep/2026:11:29:37 -0300] "GET /themes/wc_default/css/dropmenu.css HTTP/1.1" 304 - "https://espacofacial.com.br/" "Mozilla/5.0 (Windows NT 10.0; Win64; x64) AppleWebKit/537.36 (KHTML, like Gecko) Chrome/152.0.0.0 Safari/537.36"
179.184.184.131 - - [17/Sep/2026:11:29:37 -0300] "GET /themes/wc_default/css/beauty.css HTTP/1.1" 304 - "https://espacofacial.com.br/" "Mozilla/5.0 (Windows NT 10.0; Win64; x64) AppleWebKit/537.36 (KHTML, like Gecko) Chrome/152.0.0.0 Safari/537.36"
179.184.184.131 - - [17/Sep/2026:11:29:37 -0300] "GET /themes/wc_default/css/tabs.css HTTP/1.1" 304 - "https://espacofacial.com.br/" "Mozilla/5.0 (Windows NT 10.0; Win64; x64) AppleWebKit/537.36 (KHTML, like Gecko) Chrome/152.0.0.0 Safari/537.36"
179.184.184.131 - - [17/Sep/2026:11:29:37 -0300] "GET /themes/wc_default/css/demo.css HTTP/1.1" 304 - "https://espacofacial.com.br/" "Mozilla/5.0 (Windows NT 10.0; Win64; x64) AppleWebKit/537.36 (KHTML, like Gecko) Chrome/152.0.0.0 Safari/537.36"
179.184.184.131 - - [17/Sep/2026:11:29:37 -0300] "GET /themes/wc_default/css/style.css HTTP/1.1" 304 - "https://espacofacial.com.br/" "Mozilla/5.0 (Windows NT 10.0; Win64; x64) AppleWebKit/537.36 (KHTML, like Gecko) Chrome/152.0.0.0 Safari/537.36"
179.184.184.131 - - [17/Sep/2026:11:29:37 -0300] "GET /themes/wc_default/css/settings.css HTTP/1.1" 304 - "https://espacofacial.com.br/" "Mozilla/5.0 (Windows NT 10.0; Win64; x64) AppleWebKit/537.36 (KHTML, like Gecko) Chrome/152.0.0.0 Safari/537.36"
179.184.184.131 - - [17/Sep/2026:11:29:37 -0300] "GET /themes/wc_default/css/jquery.mmenu.all.css HTTP/1.1" 304 - "https://espacofacial.com.br/" "Mozilla/5.0 (Windows NT 10.0; Win64; x64) AppleWebKit/537.36 (KHTML, like Gecko) Chrome/152.0.0.0 Safari/537.36"
179.184.184.131 - - [17/Sep/2026:11:29:37 -0300] "GET /themes/wc_default/css/owl.carousel.css HTTP/1.1" 304 - "https://espacofacial.com.br/" "Mozilla/5.0 (Windows NT 10.0; Win64; x64) AppleWebKit/537.36 (KHTML, like Gecko) Chrome/152.0.0.0 Safari/537.36"
179.184.184.131 - - [17/Sep/2026:11:29:37 -0300] "GET /themes/wc_default/css/extralayers.css HTTP/1.1" 304 - "https://espacofacial.com.br/" "Mozilla/5.0 (Windows NT 10.0; Win64; x64) AppleWebKit/537.36 (KHTML, like Gecko) Chrome/152.0.0.0 Safari/537.36"
179.184.184.131 - - [17/Sep/2026:11:29:37 -0300] "GET /themes/wc_default/fonts/medical-guide-icons.css HTTP/1.1" 304 - "https://espacofacial.com.br/" "Mozilla/5.0 (Windows NT 10.0; Win64; x64) AppleWebKit/537.36 (KHTML, like Gecko) Chrome/152.0.0.0 Safari/537.36"
179.184.184.131 - - [17/Sep/2026:11:29:37 -0300] "GET /themes/wc_default/css/bootstrap.css HTTP/1.1" 304 - "https://espacofacial.com.br/" "Mozilla/5.0 (Windows NT 10.0; Win64; x64) AppleWebKit/537.36 (KHTML, like Gecko) Chrome/152.0.0.0 Safari/537.36"
179.184.184.131 - - [17/Sep/2026:11:29:37 -0300] "GET /uploads/images/2023/07/especialidade-01-1690554061.png HTTP/1.1" 304 - "https://espacofacial.com.br/" "Mozilla/5.0 (Windows NT 10.0; Win64; x64) AppleWebKit/537.36 (KHTML, like Gecko) Chrome/152.0.0.0 Safari/537.36"
179.184.184.131 - - [17/Sep/2026:11:29:37 -0300] "GET /uploads/images/2023/07/fios-dpdo-1690566679.png HTTP/1.1" 304 - "https://espacofacial.com.br/" "Mozilla/5.0 (Windows NT 10.0; Win64; x64) AppleWebKit/537.36 (KHTML, like Gecko) Chrome/152.0.0.0 Safari/537.36"
179.184.184.131 - - [17/Sep/2026:11:29:37 -0300] "GET /uploads/images/2023/07/microagulhamento-1690567949.png HTTP/1.1" 304 - "https://espacofacial.com.br/" "Mozilla/5.0 (Windows NT 10.0; Win64; x64) AppleWebKit/537.36 (KHTML, like Gecko) Chrome/152.0.0.0 Safari/537.36"
179.184.184.131 - - [17/Sep/2026:11:29:37 -0300] "GET /uploads/images/2023/07/fox-yaes-1690566350.png HTTP/1.1" 304 - "https://espacofacial.com.br/" "Mozilla/5.0 (Windows NT 10.0; Win64; x64) AppleWebKit/537.36 (KHTML, like Gecko) Chrome/152.0.0.0 Safari/537.36"
179.184.184.131 - - [17/Sep/2026:11:29:37 -0300] "GET /uploads/conteudos/2023/07/club-botox-1689705115.png HTTP/1.1" 304 - "https://espacofacial.com.br/" "Mozilla/5.0 (Windows NT 10.0; Win64; x64) AppleWebKit/537.36 (KHTML, like Gecko) Chrome/152.0.0.0 Safari/537.36"
179.184.184.131 - - [17/Sep/2026:11:29:37 -0300] "GET /uploads/images/2023/07/bioestimuladores-1690568551.png HTTP/1.1" 304 - "https://espacofacial.com.br/" "Mozilla/5.0 (Windows NT 10.0; Win64; x64) AppleWebKit/537.36 (KHTML, like Gecko) Chrome/152.0.0.0 Safari/537.36"
179.184.184.131 - - [17/Sep/2026:11:29:37 -0300] "GET /uploads/conteudos/2023/07/club-botox-1690576678.png HTTP/1.1" 304 - "https://espacofacial.com.br/" "Mozilla/5.0 (Windows NT 10.0; Win64; x64) AppleWebKit/537.36 (KHTML, like Gecko) Chrome/152.0.0.0 Safari/537.36"
179.184.184.131 - - [17/Sep/2026:11:29:37 -0300] "GET /uploads/conteudos/2023/08/club-botox-1690897869.png HTTP/1.1" 304 - "https://espacofacial.com.br/" "Mozilla/5.0 (Windows NT 10.0; Win64; x64) AppleWebKit/537.36 (KHTML, like Gecko) Chrome/152.0.0.0 Safari/537.36"
179.184.184.131 - - [17/Sep/2026:11:29:37 -0300] "GET /uploads/images/2023/07/lipo-de-papada-nao-cirurgica-1690567092.png HTTP/1.1" 304 - "https://espacofacial.com.br/" "Mozilla/5.0 (Windows NT 10.0; Win64; x64) AppleWebKit/537.36 (KHTML, like Gecko) Chrome/152.0.0.0 Safari/537.36"
