186.205.10.91 - - [17/Sep/2026:11:09:05 -0300] "GET /cpsess1240618111/3rdparty/roundcube/skins/elastic/watermark.html HTTP/1.1" 200 494 "https://webmail.espacofacial.com.br/cpsess1240618111/3rdparty/roundcube/?_task=mail&_mbox=INBOX" "Mozilla/5.0 (Windows NT 10.0; Win64; x64) AppleWebKit/537.36 (KHTML, like Gecko) Chrome/152.0.0.0 Safari/537.36"
186.205.10.91 - - [17/Sep/2026:11:09:05 -0300] "GET /cpsess1240618111/3rdparty/roundcube/?_task=mail&_caps=pdf%3D1%2Cflash%3D0%2Ctiff%3D0%2Cwebp%3D1%2Cpgpmime%3D0&_uid=11700&_mbox=INBOX&_framed=1&_action=preview HTTP/1.1" 200 9338 "https://webmail.espacofacial.com.br/cpsess1240618111/3rdparty/roundcube/?_task=mail&_mbox=INBOX" "Mozilla/5.0 (Windows NT 10.0; Win64; x64) AppleWebKit/537.36 (KHTML, like Gecko) Chrome/152.0.0.0 Safari/537.36"
186.205.10.91 - - [17/Sep/2026:11:09:05 -0300] "GET /cpsess1240618111/3rdparty/roundcube/?_task=mail&_action=get&_mbox=INBOX&_uid=11700&_token=jgZEWzwMA8ZFtCDxFOlXiBTqRuAtOR5e&_part=2&_embed=1&_mimeclass=image HTTP/1.1" 308 269 "https://webmail.espacofacial.com.br/cpsess1240618111/3rdparty/roundcube/?_task=mail&_caps=pdf%3D1%2Cflash%3D0%2Ctiff%3D0%2Cwebp%3D1%2Cpgpmime%3D0&_uid=11700&_mbox=INBOX&_framed=1&_action=preview" "Mozilla/5.0 (Windows NT 10.0; Win64; x64) AppleWebKit/537.36 (KHTML, like Gecko) Chrome/152.0.0.0 Safari/537.36"
186.205.10.91 - - [17/Sep/2026:11:09:05 -0300] "GET /cpsess1240618111/3rdparty/roundcube/?_task=addressbook&_action=photo&_email=vendas.corporativas%40galderma.com&_error=1&_bgcolor=transparent HTTP/1.1" 204 - "https://webmail.espacofacial.com.br/cpsess1240618111/3rdparty/roundcube/?_task=mail&_caps=pdf%3D1%2Cflash%3D0%2Ctiff%3D0%2Cwebp%3D1%2Cpgpmime%3D0&_uid=11700&_mbox=INBOX&_framed=1&_action=preview" "Mozilla/5.0 (Windows NT 10.0; Win64; x64) AppleWebKit/537.36 (KHTML, like Gecko) Chrome/152.0.0.0 Safari/537.36"
186.205.10.91 - - [17/Sep/2026:11:09:05 -0300] "GET /cpsess1240618111/3rdparty/roundcube/?_task=mail&_action=get&_mbox=INBOX&_uid=11700&_token=jgZEWzwMA8ZFtCDxFOlXiBTqRuAtOR5e&_part=2&_embed=1&_mimeclass=image HTTP/1.1" 200 9172 "https://webmail.espacofacial.com.br/cpsess1240618111/3rdparty/roundcube/?_task=mail&_caps=pdf%3D1%2Cflash%3D0%2Ctiff%3D0%2Cwebp%3D1%2Cpgpmime%3D0&_uid=11700&_mbox=INBOX&_framed=1&_action=preview" "Mozilla/5.0 (Windows NT 10.0; Win64; x64) AppleWebKit/537.36 (KHTML, like Gecko) Chrome/152.0.0.0 Safari/537.36"
186.205.10.91 - - [17/Sep/2026:11:09:06 -0300] "GET /cpsess1240618111/3rdparty/roundcube/?_task=mail&_caps=pdf%3D1%2Cflash%3D0%2Ctiff%3D0%2Cwebp%3D1%2Cpgpmime%3D0&_uid=11702&_mbox=INBOX&_framed=1&_action=preview HTTP/1.1" 200 8404 "https://webmail.espacofacial.com.br/cpsess1240618111/3rdparty/roundcube/?_task=mail&_mbox=INBOX" "Mozilla/5.0 (Windows NT 10.0; Win64; x64) AppleWebKit/537.36 (KHTML, like Gecko) Chrome/152.0.0.0 Safari/537.36"
186.205.10.91 - - [17/Sep/2026:11:09:06 -0300] "GET /cpsess1240618111/3rdparty/roundcube/?_task=addressbook&_action=photo&_email=joaocamargo%40espacofacial.com.br&_error=1&_bgcolor=transparent HTTP/1.1" 204 - "https://webmail.espacofacial.com.br/cpsess1240618111/3rdparty/roundcube/?_task=mail&_caps=pdf%3D1%2Cflash%3D0%2Ctiff%3D0%2Cwebp%3D1%2Cpgpmime%3D0&_uid=11702&_mbox=INBOX&_framed=1&_action=preview" "Mozilla/5.0 (Windows NT 10.0; Win64; x64) AppleWebKit/537.36 (KHTML, like Gecko) Chrome/152.0.0.0 Safari/537.36"
200.195.112.243 - - [17/Sep/2026:11:09:11 -0300] "POST /cpsess1974799990/3rdparty/roundcube/?_task=mail&_action=refresh HTTP/1.1" 308 152 "https://webmail.espacofacial.com.br/cpsess1974799990/3rdparty/roundcube/?_task=mail&_mbox=INBOX" "Mozilla/5.0 (Windows NT 10.0; Win64; x64) AppleWebKit/537.36 (KHTML, like Gecko) Chrome/153.0.0.0 Safari/537.36"
200.195.112.243 - - [17/Sep/2026:11:09:11 -0300] "POST /cpsess1974799990/3rdparty/roundcube/?_task=mail&_action=refresh HTTP/1.1" 200 1390 "https://webmail.espacofacial.com.br/cpsess1974799990/3rdparty/roundcube/?_task=mail&_mbox=INBOX" "Mozilla/5.0 (Windows NT 10.0; Win64; x64) AppleWebKit/537.36 (KHTML, like Gecko) Chrome/153.0.0.0 Safari/537.36"
186.205.10.91 - - [17/Sep/2026:11:09:18 -0300] "GET /cpsess1240618111/3rdparty/roundcube/?_task=mail&_caps=pdf%3D1%2Cflash%3D0%2Ctiff%3D0%2Cwebp%3D1%2Cpgpmime%3D0&_uid=11703&_mbox=INBOX&_framed=1&_action=preview HTTP/1.1" 200 8917 "https://webmail.espacofacial.com.br/cpsess1240618111/3rdparty/roundcube/?_task=mail&_mbox=INBOX" "Mozilla/5.0 (Windows NT 10.0; Win64; x64) AppleWebKit/537.36 (KHTML, like Gecko) Chrome/152.0.0.0 Safari/537.36"
186.205.10.91 - - [17/Sep/2026:11:09:18 -0300] "GET /cpsess1240618111/3rdparty/roundcube/?_task=addressbook&_action=photo&_email=vendas.corporativas%40galderma.com&_error=1&_bgcolor=transparent HTTP/1.1" 204 - "https://webmail.espacofacial.com.br/cpsess1240618111/3rdparty/roundcube/?_task=mail&_caps=pdf%3D1%2Cflash%3D0%2Ctiff%3D0%2Cwebp%3D1%2Cpgpmime%3D0&_uid=11703&_mbox=INBOX&_framed=1&_action=preview" "Mozilla/5.0 (Windows NT 10.0; Win64; x64) AppleWebKit/537.36 (KHTML, like Gecko) Chrome/152.0.0.0 Safari/537.36"
186.205.10.91 - - [17/Sep/2026:11:09:19 -0300] "POST /cpsess1240618111/3rdparty/roundcube/?_task=mail&_action=move HTTP/1.1" 200 2145 "https://webmail.espacofacial.com.br/cpsess1240618111/3rdparty/roundcube/?_task=mail&_mbox=INBOX" "Mozilla/5.0 (Windows NT 10.0; Win64; x64) AppleWebKit/537.36 (KHTML, like Gecko) Chrome/152.0.0.0 Safari/537.36"
186.205.10.91 - - [17/Sep/2026:11:09:19 -0300] "GET /cpsess1240618111/3rdparty/roundcube/skins/elastic/watermark.html HTTP/1.1" 200 494 "https://webmail.espacofacial.com.br/cpsess1240618111/3rdparty/roundcube/?_task=mail&_mbox=INBOX" "Mozilla/5.0 (Windows NT 10.0; Win64; x64) AppleWebKit/537.36 (KHTML, like Gecko) Chrome/152.0.0.0 Safari/537.36"
186.205.10.91 - - [17/Sep/2026:11:09:19 -0300] "GET /cpsess1240618111/3rdparty/roundcube/?_task=mail&_caps=pdf%3D1%2Cflash%3D0%2Ctiff%3D0%2Cwebp%3D1%2Cpgpmime%3D0&_uid=11702&_mbox=INBOX&_framed=1&_action=preview HTTP/1.1" 200 8392 "https://webmail.espacofacial.com.br/cpsess1240618111/3rdparty/roundcube/?_task=mail&_mbox=INBOX" "Mozilla/5.0 (Windows NT 10.0; Win64; x64) AppleWebKit/537.36 (KHTML, like Gecko) Chrome/152.0.0.0 Safari/537.36"
186.205.10.91 - - [17/Sep/2026:11:09:19 -0300] "GET /cpsess1240618111/3rdparty/roundcube/?_task=addressbook&_action=photo&_email=joaocamargo%40espacofacial.com.br&_error=1&_bgcolor=transparent HTTP/1.1" 204 - "https://webmail.espacofacial.com.br/cpsess1240618111/3rdparty/roundcube/?_task=mail&_caps=pdf%3D1%2Cflash%3D0%2Ctiff%3D0%2Cwebp%3D1%2Cpgpmime%3D0&_uid=11702&_mbox=INBOX&_framed=1&_action=preview" "Mozilla/5.0 (Windows NT 10.0; Win64; x64) AppleWebKit/537.36 (KHTML, like Gecko) Chrome/152.0.0.0 Safari/537.36"
186.205.10.91 - - [17/Sep/2026:11:09:20 -0300] "GET /cpsess1240618111/3rdparty/roundcube/?_task=mail&_caps=pdf%3D1%2Cflash%3D0%2Ctiff%3D0%2Cwebp%3D1%2Cpgpmime%3D0&_uid=11704&_mbox=INBOX&_framed=1&_action=preview HTTP/1.1" 200 8918 "https://webmail.espacofacial.com.br/cpsess1240618111/3rdparty/roundcube/?_task=mail&_mbox=INBOX" "Mozilla/5.0 (Windows NT 10.0; Win64; x64) AppleWebKit/537.36 (KHTML, like Gecko) Chrome/152.0.0.0 Safari/537.36"
186.205.10.91 - - [17/Sep/2026:11:09:21 -0300] "GET /cpsess1240618111/3rdparty/roundcube/?_task=addressbook&_action=photo&_email=vendas.corporativas%40galderma.com&_error=1&_bgcolor=transparent HTTP/1.1" 204 - "https://webmail.espacofacial.com.br/cpsess1240618111/3rdparty/roundcube/?_task=mail&_caps=pdf%3D1%2Cflash%3D0%2Ctiff%3D0%2Cwebp%3D1%2Cpgpmime%3D0&_uid=11704&_mbox=INBOX&_framed=1&_action=preview" "Mozilla/5.0 (Windows NT 10.0; Win64; x64) AppleWebKit/537.36 (KHTML, like Gecko) Chrome/152.0.0.0 Safari/537.36"
186.205.10.91 - - [17/Sep/2026:11:09:22 -0300] "POST /cpsess1240618111/3rdparty/roundcube/?_task=mail&_action=move HTTP/1.1" 200 2105 "https://webmail.espacofacial.com.br/cpsess1240618111/3rdparty/roundcube/?_task=mail&_mbox=INBOX" "Mozilla/5.0 (Windows NT 10.0; Win64; x64) AppleWebKit/537.36 (KHTML, like Gecko) Chrome/152.0.0.0 Safari/537.36"
186.205.10.91 - - [17/Sep/2026:11:09:22 -0300] "GET /cpsess1240618111/3rdparty/roundcube/skins/elastic/watermark.html HTTP/1.1" 200 494 "https://webmail.espacofacial.com.br/cpsess1240618111/3rdparty/roundcube/?_task=mail&_mbox=INBOX" "Mozilla/5.0 (Windows NT 10.0; Win64; x64) AppleWebKit/537.36 (KHTML, like Gecko) Chrome/152.0.0.0 Safari/537.36"
186.205.10.91 - - [17/Sep/2026:11:09:22 -0300] "GET /cpsess1240618111/3rdparty/roundcube/?_task=mail&_caps=pdf%3D1%2Cflash%3D0%2Ctiff%3D0%2Cwebp%3D1%2Cpgpmime%3D0&_uid=11702&_mbox=INBOX&_framed=1&_action=preview HTTP/1.1" 200 8392 "https://webmail.espacofacial.com.br/cpsess1240618111/3rdparty/roundcube/?_task=mail&_mbox=INBOX" "Mozilla/5.0 (Windows NT 10.0; Win64; x64) AppleWebKit/537.36 (KHTML, like Gecko) Chrome/152.0.0.0 Safari/537.36"
186.205.10.91 - - [17/Sep/2026:11:09:22 -0300] "GET /cpsess1240618111/3rdparty/roundcube/?_task=addressbook&_action=photo&_email=joaocamargo%40espacofacial.com.br&_error=1&_bgcolor=transparent HTTP/1.1" 204 - "https://webmail.espacofacial.com.br/cpsess1240618111/3rdparty/roundcube/?_task=mail&_caps=pdf%3D1%2Cflash%3D0%2Ctiff%3D0%2Cwebp%3D1%2Cpgpmime%3D0&_uid=11702&_mbox=INBOX&_framed=1&_action=preview" "Mozilla/5.0 (Windows NT 10.0; Win64; x64) AppleWebKit/537.36 (KHTML, like Gecko) Chrome/152.0.0.0 Safari/537.36"
186.205.10.91 - - [17/Sep/2026:11:09:24 -0300] "GET /cpsess1240618111/3rdparty/roundcube/?_task=mail&_caps=pdf%3D1%2Cflash%3D0%2Ctiff%3D0%2Cwebp%3D1%2Cpgpmime%3D0&_uid=11705&_mbox=INBOX&_framed=1&_action=preview HTTP/1.1" 200 8926 "https://webmail.espacofacial.com.br/cpsess1240618111/3rdparty/roundcube/?_task=mail&_mbox=INBOX" "Mozilla/5.0 (Windows NT 10.0; Win64; x64) AppleWebKit/537.36 (KHTML, like Gecko) Chrome/152.0.0.0 Safari/537.36"
186.205.10.91 - - [17/Sep/2026:11:09:24 -0300] "GET /cpsess1240618111/3rdparty/roundcube/?_task=addressbook&_action=photo&_email=vendas.corporativas%40galderma.com&_error=1&_bgcolor=transparent HTTP/1.1" 204 - "https://webmail.espacofacial.com.br/cpsess1240618111/3rdparty/roundcube/?_task=mail&_caps=pdf%3D1%2Cflash%3D0%2Ctiff%3D0%2Cwebp%3D1%2Cpgpmime%3D0&_uid=11705&_mbox=INBOX&_framed=1&_action=preview" "Mozilla/5.0 (Windows NT 10.0; Win64; x64) AppleWebKit/537.36 (KHTML, like Gecko) Chrome/152.0.0.0 Safari/537.36"
186.205.10.91 - - [17/Sep/2026:11:09:25 -0300] "POST /cpsess1240618111/3rdparty/roundcube/?_task=mail&_action=move HTTP/1.1" 200 2120 "https://webmail.espacofacial.com.br/cpsess1240618111/3rdparty/roundcube/?_task=mail&_mbox=INBOX" "Mozilla/5.0 (Windows NT 10.0; Win64; x64) AppleWebKit/537.36 (KHTML, like Gecko) Chrome/152.0.0.0 Safari/537.36"
186.205.10.91 - - [17/Sep/2026:11:09:25 -0300] "GET /cpsess1240618111/3rdparty/roundcube/skins/elastic/watermark.html HTTP/1.1" 200 494 "https://webmail.espacofacial.com.br/cpsess1240618111/3rdparty/roundcube/?_task=mail&_mbox=INBOX" "Mozilla/5.0 (Windows NT 10.0; Win64; x64) AppleWebKit/537.36 (KHTML, like Gecko) Chrome/152.0.0.0 Safari/537.36"
186.205.10.91 - - [17/Sep/2026:11:09:25 -0300] "GET /cpsess1240618111/3rdparty/roundcube/?_task=mail&_caps=pdf%3D1%2Cflash%3D0%2Ctiff%3D0%2Cwebp%3D1%2Cpgpmime%3D0&_uid=11702&_mbox=INBOX&_framed=1&_action=preview HTTP/1.1" 200 8392 "https://webmail.espacofacial.com.br/cpsess1240618111/3rdparty/roundcube/?_task=mail&_mbox=INBOX" "Mozilla/5.0 (Windows NT 10.0; Win64; x64) AppleWebKit/537.36 (KHTML, like Gecko) Chrome/152.0.0.0 Safari/537.36"
186.205.10.91 - - [17/Sep/2026:11:09:25 -0300] "GET /cpsess1240618111/3rdparty/roundcube/?_task=addressbook&_action=photo&_email=joaocamargo%40espacofacial.com.br&_error=1&_bgcolor=transparent HTTP/1.1" 204 - "https://webmail.espacofacial.com.br/cpsess1240618111/3rdparty/roundcube/?_task=mail&_caps=pdf%3D1%2Cflash%3D0%2Ctiff%3D0%2Cwebp%3D1%2Cpgpmime%3D0&_uid=11702&_mbox=INBOX&_framed=1&_action=preview" "Mozilla/5.0 (Windows NT 10.0; Win64; x64) AppleWebKit/537.36 (KHTML, like Gecko) Chrome/152.0.0.0 Safari/537.36"
186.205.10.91 - - [17/Sep/2026:11:09:26 -0300] "GET /cpsess1240618111/3rdparty/roundcube/?_task=mail&_caps=pdf%3D1%2Cflash%3D0%2Ctiff%3D0%2Cwebp%3D1%2Cpgpmime%3D0&_uid=11706&_mbox=INBOX&_framed=1&_action=preview HTTP/1.1" 200 8923 "https://webmail.espacofacial.com.br/cpsess1240618111/3rdparty/roundcube/?_task=mail&_mbox=INBOX" "Mozilla/5.0 (Windows NT 10.0; Win64; x64) AppleWebKit/537.36 (KHTML, like Gecko) Chrome/152.0.0.0 Safari/537.36"
186.205.10.91 - - [17/Sep/2026:11:09:26 -0300] "GET /cpsess1240618111/3rdparty/roundcube/?_task=addressbook&_action=photo&_email=vendas.corporativas%40galderma.com&_error=1&_bgcolor=transparent HTTP/1.1" 204 - "https://webmail.espacofacial.com.br/cpsess1240618111/3rdparty/roundcube/?_task=mail&_caps=pdf%3D1%2Cflash%3D0%2Ctiff%3D0%2Cwebp%3D1%2Cpgpmime%3D0&_uid=11706&_mbox=INBOX&_framed=1&_action=preview" "Mozilla/5.0 (Windows NT 10.0; Win64; x64) AppleWebKit/537.36 (KHTML, like Gecko) Chrome/152.0.0.0 Safari/537.36"
186.205.10.91 - - [17/Sep/2026:11:09:28 -0300] "POST /cpsess1240618111/3rdparty/roundcube/?_task=mail&_action=move HTTP/1.1" 200 2054 "https://webmail.espacofacial.com.br/cpsess1240618111/3rdparty/roundcube/?_task=mail&_mbox=INBOX" "Mozilla/5.0 (Windows NT 10.0; Win64; x64) AppleWebKit/537.36 (KHTML, like Gecko) Chrome/152.0.0.0 Safari/537.36"
186.205.10.91 - - [17/Sep/2026:11:09:28 -0300] "GET /cpsess1240618111/3rdparty/roundcube/skins/elastic/watermark.html HTTP/1.1" 200 494 "https://webmail.espacofacial.com.br/cpsess1240618111/3rdparty/roundcube/?_task=mail&_mbox=INBOX" "Mozilla/5.0 (Windows NT 10.0; Win64; x64) AppleWebKit/537.36 (KHTML, like Gecko) Chrome/152.0.0.0 Safari/537.36"
186.205.10.91 - - [17/Sep/2026:11:09:28 -0300] "GET /cpsess1240618111/3rdparty/roundcube/?_task=mail&_caps=pdf%3D1%2Cflash%3D0%2Ctiff%3D0%2Cwebp%3D1%2Cpgpmime%3D0&_uid=11702&_mbox=INBOX&_framed=1&_action=preview HTTP/1.1" 200 8392 "https://webmail.espacofacial.com.br/cpsess1240618111/3rdparty/roundcube/?_task=mail&_mbox=INBOX" "Mozilla/5.0 (Windows NT 10.0; Win64; x64) AppleWebKit/537.36 (KHTML, like Gecko) Chrome/152.0.0.0 Safari/537.36"
200.167.89.98 - - [17/Sep/2026:11:09:28 -0300] "POST /cpsess8770996163/3rdparty/roundcube/?_task=mail&_action=refresh HTTP/1.1" 308 152 "https://webmail.espacofacial.com.br/cpsess8770996163/3rdparty/roundcube/?_task=mail&_mbox=INBOX.spam" "Mozilla/5.0 (Windows NT 10.0; Win64; x64) AppleWebKit/537.36 (KHTML, like Gecko) Chrome/152.0.0.0 Safari/537.36"
186.205.10.91 - - [17/Sep/2026:11:09:28 -0300] "GET /cpsess1240618111/3rdparty/roundcube/?_task=addressbook&_action=photo&_email=joaocamargo%40espacofacial.com.br&_error=1&_bgcolor=transparent HTTP/1.1" 204 - "https://webmail.espacofacial.com.br/cpsess1240618111/3rdparty/roundcube/?_task=mail&_caps=pdf%3D1%2Cflash%3D0%2Ctiff%3D0%2Cwebp%3D1%2Cpgpmime%3D0&_uid=11702&_mbox=INBOX&_framed=1&_action=preview" "Mozilla/5.0 (Windows NT 10.0; Win64; x64) AppleWebKit/537.36 (KHTML, like Gecko) Chrome/152.0.0.0 Safari/537.36"
200.167.89.98 - - [17/Sep/2026:11:09:28 -0300] "POST /cpsess8770996163/3rdparty/roundcube/?_task=mail&_action=refresh HTTP/1.1" 200 1387 "https://webmail.espacofacial.com.br/cpsess8770996163/3rdparty/roundcube/?_task=mail&_mbox=INBOX.spam" "Mozilla/5.0 (Windows NT 10.0; Win64; x64) AppleWebKit/537.36 (KHTML, like Gecko) Chrome/152.0.0.0 Safari/537.36"
186.205.10.91 - - [17/Sep/2026:11:09:29 -0300] "GET /cpsess1240618111/3rdparty/roundcube/?_task=mail&_caps=pdf%3D1%2Cflash%3D0%2Ctiff%3D0%2Cwebp%3D1%2Cpgpmime%3D0&_uid=11707&_mbox=INBOX&_framed=1&_action=preview HTTP/1.1" 200 11497 "https://webmail.espacofacial.com.br/cpsess1240618111/3rdparty/roundcube/?_task=mail&_mbox=INBOX" "Mozilla/5.0 (Windows NT 10.0; Win64; x64) AppleWebKit/537.36 (KHTML, like Gecko) Chrome/152.0.0.0 Safari/537.36"
186.205.10.91 - - [17/Sep/2026:11:09:29 -0300] "GET /cpsess1240618111/3rdparty/roundcube/?_task=mail&_action=get&_mbox=INBOX&_uid=11707&_token=jgZEWzwMA8ZFtCDxFOlXiBTqRuAtOR5e&_part=2&_embed=1&_mimeclass=image HTTP/1.1" 308 269 "https://webmail.espacofacial.com.br/cpsess1240618111/3rdparty/roundcube/?_task=mail&_caps=pdf%3D1%2Cflash%3D0%2Ctiff%3D0%2Cwebp%3D1%2Cpgpmime%3D0&_uid=11707&_mbox=INBOX&_framed=1&_action=preview" "Mozilla/5.0 (Windows NT 10.0; Win64; x64) AppleWebKit/537.36 (KHTML, like Gecko) Chrome/152.0.0.0 Safari/537.36"
186.205.10.91 - - [17/Sep/2026:11:09:29 -0300] "GET /cpsess1240618111/3rdparty/roundcube/?_task=addressbook&_action=photo&_email=vendas.corporativas%40galderma.com&_error=1&_bgcolor=transparent HTTP/1.1" 204 - "https://webmail.espacofacial.com.br/cpsess1240618111/3rdparty/roundcube/?_task=mail&_caps=pdf%3D1%2Cflash%3D0%2Ctiff%3D0%2Cwebp%3D1%2Cpgpmime%3D0&_uid=11707&_mbox=INBOX&_framed=1&_action=preview" "Mozilla/5.0 (Windows NT 10.0; Win64; x64) AppleWebKit/537.36 (KHTML, like Gecko) Chrome/152.0.0.0 Safari/537.36"
186.205.10.91 - - [17/Sep/2026:11:09:29 -0300] "GET /cpsess1240618111/3rdparty/roundcube/?_task=mail&_action=get&_mbox=INBOX&_uid=11707&_token=jgZEWzwMA8ZFtCDxFOlXiBTqRuAtOR5e&_part=2&_embed=1&_mimeclass=image HTTP/1.1" 200 9172 "https://webmail.espacofacial.com.br/cpsess1240618111/3rdparty/roundcube/?_task=mail&_caps=pdf%3D1%2Cflash%3D0%2Ctiff%3D0%2Cwebp%3D1%2Cpgpmime%3D0&_uid=11707&_mbox=INBOX&_framed=1&_action=preview" "Mozilla/5.0 (Windows NT 10.0; Win64; x64) AppleWebKit/537.36 (KHTML, like Gecko) Chrome/152.0.0.0 Safari/537.36"
186.205.10.91 - - [17/Sep/2026:11:09:40 -0300] "GET /cpsess1240618111/3rdparty/roundcube/?_task=mail&_caps=pdf%3D1%2Cflash%3D0%2Ctiff%3D0%2Cwebp%3D1%2Cpgpmime%3D0&_uid=11708&_mbox=INBOX&_framed=1&_action=preview HTTP/1.1" 200 8902 "https://webmail.espacofacial.com.br/cpsess1240618111/3rdparty/roundcube/?_task=mail&_mbox=INBOX" "Mozilla/5.0 (Windows NT 10.0; Win64; x64) AppleWebKit/537.36 (KHTML, like Gecko) Chrome/152.0.0.0 Safari/537.36"
186.205.10.91 - - [17/Sep/2026:11:09:40 -0300] "GET /cpsess1240618111/3rdparty/roundcube/?_task=addressbook&_action=photo&_email=vendas.corporativas%40galderma.com&_error=1&_bgcolor=transparent HTTP/1.1" 204 - "https://webmail.espacofacial.com.br/cpsess1240618111/3rdparty/roundcube/?_task=mail&_caps=pdf%3D1%2Cflash%3D0%2Ctiff%3D0%2Cwebp%3D1%2Cpgpmime%3D0&_uid=11708&_mbox=INBOX&_framed=1&_action=preview" "Mozilla/5.0 (Windows NT 10.0; Win64; x64) AppleWebKit/537.36 (KHTML, like Gecko) Chrome/152.0.0.0 Safari/537.36"
186.205.10.91 - - [17/Sep/2026:11:09:41 -0300] "POST /cpsess1240618111/3rdparty/roundcube/?_task=mail&_action=move HTTP/1.1" 200 2151 "https://webmail.espacofacial.com.br/cpsess1240618111/3rdparty/roundcube/?_task=mail&_mbox=INBOX" "Mozilla/5.0 (Windows NT 10.0; Win64; x64) AppleWebKit/537.36 (KHTML, like Gecko) Chrome/152.0.0.0 Safari/537.36"
186.205.10.91 - - [17/Sep/2026:11:09:41 -0300] "GET /cpsess1240618111/3rdparty/roundcube/skins/elastic/watermark.html HTTP/1.1" 200 494 "https://webmail.espacofacial.com.br/cpsess1240618111/3rdparty/roundcube/?_task=mail&_mbox=INBOX" "Mozilla/5.0 (Windows NT 10.0; Win64; x64) AppleWebKit/537.36 (KHTML, like Gecko) Chrome/152.0.0.0 Safari/537.36"
186.205.10.91 - - [17/Sep/2026:11:09:41 -0300] "GET /cpsess1240618111/3rdparty/roundcube/?_task=mail&_caps=pdf%3D1%2Cflash%3D0%2Ctiff%3D0%2Cwebp%3D1%2Cpgpmime%3D0&_uid=11707&_mbox=INBOX&_framed=1&_action=preview HTTP/1.1" 200 11485 "https://webmail.espacofacial.com.br/cpsess1240618111/3rdparty/roundcube/?_task=mail&_mbox=INBOX" "Mozilla/5.0 (Windows NT 10.0; Win64; x64) AppleWebKit/537.36 (KHTML, like Gecko) Chrome/152.0.0.0 Safari/537.36"
186.205.10.91 - - [17/Sep/2026:11:09:42 -0300] "GET /cpsess1240618111/3rdparty/roundcube/?_task=addressbook&_action=photo&_email=vendas.corporativas%40galderma.com&_error=1&_bgcolor=transparent HTTP/1.1" 204 - "https://webmail.espacofacial.com.br/cpsess1240618111/3rdparty/roundcube/?_task=mail&_caps=pdf%3D1%2Cflash%3D0%2Ctiff%3D0%2Cwebp%3D1%2Cpgpmime%3D0&_uid=11707&_mbox=INBOX&_framed=1&_action=preview" "Mozilla/5.0 (Windows NT 10.0; Win64; x64) AppleWebKit/537.36 (KHTML, like Gecko) Chrome/152.0.0.0 Safari/537.36"
186.205.10.91 - - [17/Sep/2026:11:09:42 -0300] "GET /cpsess1240618111/3rdparty/roundcube/?_task=mail&_action=get&_mbox=INBOX&_uid=11707&_token=jgZEWzwMA8ZFtCDxFOlXiBTqRuAtOR5e&_part=2&_embed=1&_mimeclass=image HTTP/1.1" 200 9172 "https://webmail.espacofacial.com.br/cpsess1240618111/3rdparty/roundcube/?_task=mail&_caps=pdf%3D1%2Cflash%3D0%2Ctiff%3D0%2Cwebp%3D1%2Cpgpmime%3D0&_uid=11707&_mbox=INBOX&_framed=1&_action=preview" "Mozilla/5.0 (Windows NT 10.0; Win64; x64) AppleWebKit/537.36 (KHTML, like Gecko) Chrome/152.0.0.0 Safari/537.36"
186.205.10.91 - - [17/Sep/2026:11:09:42 -0300] "GET /cpsess1240618111/3rdparty/roundcube/?_task=mail&_caps=pdf%3D1%2Cflash%3D0%2Ctiff%3D0%2Cwebp%3D1%2Cpgpmime%3D0&_uid=11709&_mbox=INBOX&_framed=1&_action=preview HTTP/1.1" 200 12633 "https://webmail.espacofacial.com.br/cpsess1240618111/3rdparty/roundcube/?_task=mail&_mbox=INBOX" "Mozilla/5.0 (Windows NT 10.0; Win64; x64) AppleWebKit/537.36 (KHTML, like Gecko) Chrome/152.0.0.0 Safari/537.36"
186.205.10.91 - - [17/Sep/2026:11:09:42 -0300] "GET /cpsess1240618111/3rdparty/roundcube/?_task=addressbook&_action=photo&_email=marketing%40marketing.victalab.com.br&_error=1&_bgcolor=transparent HTTP/1.1" 204 - "https://webmail.espacofacial.com.br/cpsess1240618111/3rdparty/roundcube/?_task=mail&_caps=pdf%3D1%2Cflash%3D0%2Ctiff%3D0%2Cwebp%3D1%2Cpgpmime%3D0&_uid=11709&_mbox=INBOX&_framed=1&_action=preview" "Mozilla/5.0 (Windows NT 10.0; Win64; x64) AppleWebKit/537.36 (KHTML, like Gecko) Chrome/152.0.0.0 Safari/537.36"
186.205.10.91 - - [17/Sep/2026:11:09:44 -0300] "GET /cpsess1240618111/3rdparty/roundcube/?_task=mail&_caps=pdf%3D1%2Cflash%3D0%2Ctiff%3D0%2Cwebp%3D1%2Cpgpmime%3D0&_uid=11710&_mbox=INBOX&_framed=1&_action=preview HTTP/1.1" 200 11482 "https://webmail.espacofacial.com.br/cpsess1240618111/3rdparty/roundcube/?_task=mail&_mbox=INBOX" "Mozilla/5.0 (Windows NT 10.0; Win64; x64) AppleWebKit/537.36 (KHTML, like Gecko) Chrome/152.0.0.0 Safari/537.36"
186.205.10.91 - - [17/Sep/2026:11:09:44 -0300] "GET /cpsess1240618111/3rdparty/roundcube/?_task=addressbook&_action=photo&_email=vendas.corporativas%40galderma.com&_error=1&_bgcolor=transparent HTTP/1.1" 204 - "https://webmail.espacofacial.com.br/cpsess1240618111/3rdparty/roundcube/?_task=mail&_caps=pdf%3D1%2Cflash%3D0%2Ctiff%3D0%2Cwebp%3D1%2Cpgpmime%3D0&_uid=11710&_mbox=INBOX&_framed=1&_action=preview" "Mozilla/5.0 (Windows NT 10.0; Win64; x64) AppleWebKit/537.36 (KHTML, like Gecko) Chrome/152.0.0.0 Safari/537.36"
186.205.10.91 - - [17/Sep/2026:11:09:44 -0300] "GET /cpsess1240618111/3rdparty/roundcube/?_task=mail&_action=get&_mbox=INBOX&_uid=11710&_token=jgZEWzwMA8ZFtCDxFOlXiBTqRuAtOR5e&_part=2&_embed=1&_mimeclass=image HTTP/1.1" 200 9172 "https://webmail.espacofacial.com.br/cpsess1240618111/3rdparty/roundcube/?_task=mail&_caps=pdf%3D1%2Cflash%3D0%2Ctiff%3D0%2Cwebp%3D1%2Cpgpmime%3D0&_uid=11710&_mbox=INBOX&_framed=1&_action=preview" "Mozilla/5.0 (Windows NT 10.0; Win64; x64) AppleWebKit/537.36 (KHTML, like Gecko) Chrome/152.0.0.0 Safari/537.36"
186.205.10.91 - - [17/Sep/2026:11:09:51 -0300] "GET /cpsess1240618111/3rdparty/roundcube/?_task=mail&_caps=pdf%3D1%2Cflash%3D0%2Ctiff%3D0%2Cwebp%3D1%2Cpgpmime%3D0&_uid=11711&_mbox=INBOX&_framed=1&_action=preview HTTP/1.1" 200 8894 "https://webmail.espacofacial.com.br/cpsess1240618111/3rdparty/roundcube/?_task=mail&_mbox=INBOX" "Mozilla/5.0 (Windows NT 10.0; Win64; x64) AppleWebKit/537.36 (KHTML, like Gecko) Chrome/152.0.0.0 Safari/537.36"
186.205.10.91 - - [17/Sep/2026:11:09:51 -0300] "GET /cpsess1240618111/3rdparty/roundcube/?_task=addressbook&_action=photo&_email=vendas.corporativas%40galderma.com&_error=1&_bgcolor=transparent HTTP/1.1" 204 - "https://webmail.espacofacial.com.br/cpsess1240618111/3rdparty/roundcube/?_task=mail&_caps=pdf%3D1%2Cflash%3D0%2Ctiff%3D0%2Cwebp%3D1%2Cpgpmime%3D0&_uid=11711&_mbox=INBOX&_framed=1&_action=preview" "Mozilla/5.0 (Windows NT 10.0; Win64; x64) AppleWebKit/537.36 (KHTML, like Gecko) Chrome/152.0.0.0 Safari/537.36"
186.205.10.91 - - [17/Sep/2026:11:09:53 -0300] "GET /cpsess1240618111/3rdparty/roundcube/skins/elastic/watermark.html HTTP/1.1" 200 494 "https://webmail.espacofacial.com.br/cpsess1240618111/3rdparty/roundcube/?_task=mail&_mbox=INBOX" "Mozilla/5.0 (Windows NT 10.0; Win64; x64) AppleWebKit/537.36 (KHTML, like Gecko) Chrome/152.0.0.0 Safari/537.36"
186.205.10.91 - - [17/Sep/2026:11:09:53 -0300] "POST /cpsess1240618111/3rdparty/roundcube/?_task=mail&_action=move HTTP/1.1" 200 2094 "https://webmail.espacofacial.com.br/cpsess1240618111/3rdparty/roundcube/?_task=mail&_mbox=INBOX" "Mozilla/5.0 (Windows NT 10.0; Win64; x64) AppleWebKit/537.36 (KHTML, like Gecko) Chrome/152.0.0.0 Safari/537.36"
186.205.10.91 - - [17/Sep/2026:11:09:53 -0300] "GET /cpsess1240618111/3rdparty/roundcube/?_task=mail&_caps=pdf%3D1%2Cflash%3D0%2Ctiff%3D0%2Cwebp%3D1%2Cpgpmime%3D0&_uid=11710&_mbox=INBOX&_framed=1&_action=preview HTTP/1.1" 200 11469 "https://webmail.espacofacial.com.br/cpsess1240618111/3rdparty/roundcube/?_task=mail&_mbox=INBOX" "Mozilla/5.0 (Windows NT 10.0; Win64; x64) AppleWebKit/537.36 (KHTML, like Gecko) Chrome/152.0.0.0 Safari/537.36"
186.205.10.91 - - [17/Sep/2026:11:09:53 -0300] "GET /cpsess1240618111/3rdparty/roundcube/?_task=addressbook&_action=photo&_email=vendas.corporativas%40galderma.com&_error=1&_bgcolor=transparent HTTP/1.1" 204 - "https://webmail.espacofacial.com.br/cpsess1240618111/3rdparty/roundcube/?_task=mail&_caps=pdf%3D1%2Cflash%3D0%2Ctiff%3D0%2Cwebp%3D1%2Cpgpmime%3D0&_uid=11710&_mbox=INBOX&_framed=1&_action=preview" "Mozilla/5.0 (Windows NT 10.0; Win64; x64) AppleWebKit/537.36 (KHTML, like Gecko) Chrome/152.0.0.0 Safari/537.36"
186.205.10.91 - - [17/Sep/2026:11:09:53 -0300] "GET /cpsess1240618111/3rdparty/roundcube/?_task=mail&_action=get&_mbox=INBOX&_uid=11710&_token=jgZEWzwMA8ZFtCDxFOlXiBTqRuAtOR5e&_part=2&_embed=1&_mimeclass=image HTTP/1.1" 200 9172 "https://webmail.espacofacial.com.br/cpsess1240618111/3rdparty/roundcube/?_task=mail&_caps=pdf%3D1%2Cflash%3D0%2Ctiff%3D0%2Cwebp%3D1%2Cpgpmime%3D0&_uid=11710&_mbox=INBOX&_framed=1&_action=preview" "Mozilla/5.0 (Windows NT 10.0; Win64; x64) AppleWebKit/537.36 (KHTML, like Gecko) Chrome/152.0.0.0 Safari/537.36"
186.205.10.91 - - [17/Sep/2026:11:09:54 -0300] "GET /cpsess1240618111/3rdparty/roundcube/?_task=mail&_caps=pdf%3D1%2Cflash%3D0%2Ctiff%3D0%2Cwebp%3D1%2Cpgpmime%3D0&_uid=11712&_mbox=INBOX&_framed=1&_action=preview HTTP/1.1" 200 13126 "https://webmail.espacofacial.com.br/cpsess1240618111/3rdparty/roundcube/?_task=mail&_mbox=INBOX" "Mozilla/5.0 (Windows NT 10.0; Win64; x64) AppleWebKit/537.36 (KHTML, like Gecko) Chrome/152.0.0.0 Safari/537.36"
186.205.10.91 - - [17/Sep/2026:11:09:54 -0300] "GET /cpsess1240618111/3rdparty/roundcube/?_task=addressbook&_action=photo&_email=lenovo%40ecomm.lenovo.com&_error=1&_bgcolor=transparent HTTP/1.1" 204 - "https://webmail.espacofacial.com.br/cpsess1240618111/3rdparty/roundcube/?_task=mail&_caps=pdf%3D1%2Cflash%3D0%2Ctiff%3D0%2Cwebp%3D1%2Cpgpmime%3D0&_uid=11712&_mbox=INBOX&_framed=1&_action=preview" "Mozilla/5.0 (Windows NT 10.0; Win64; x64) AppleWebKit/537.36 (KHTML, like Gecko) Chrome/152.0.0.0 Safari/537.36"
37.19.221.225 - - [17/Sep/2026:11:09:55 -0300] "POST /cpsess7211416590/3rdparty/roundcube/?_task=mail&_action=refresh HTTP/1.1" 308 152 "https://webmail.espacofacial.com.br/cpsess7211416590/3rdparty/roundcube/?_task=mail&_mbox=INBOX" "Mozilla/5.0 (Windows NT 10.0; Win64; x64) AppleWebKit/537.36 (KHTML, like Gecko) Chrome/152.0.0.0 Safari/537.36"
186.205.10.91 - - [17/Sep/2026:11:09:56 -0300] "GET /cpsess1240618111/3rdparty/roundcube/?_task=mail&_caps=pdf%3D1%2Cflash%3D0%2Ctiff%3D0%2Cwebp%3D1%2Cpgpmime%3D0&_uid=11713&_mbox=INBOX&_framed=1&_action=preview HTTP/1.1" 200 9328 "https://webmail.espacofacial.com.br/cpsess1240618111/3rdparty/roundcube/?_task=mail&_mbox=INBOX" "Mozilla/5.0 (Windows NT 10.0; Win64; x64) AppleWebKit/537.36 (KHTML, like Gecko) Chrome/152.0.0.0 Safari/537.36"
186.205.10.91 - - [17/Sep/2026:11:09:56 -0300] "GET /cpsess1240618111/3rdparty/roundcube/?_task=addressbook&_action=photo&_email=vendas.corporativas%40galderma.com&_error=1&_bgcolor=transparent HTTP/1.1" 204 - "https://webmail.espacofacial.com.br/cpsess1240618111/3rdparty/roundcube/?_task=mail&_caps=pdf%3D1%2Cflash%3D0%2Ctiff%3D0%2Cwebp%3D1%2Cpgpmime%3D0&_uid=11713&_mbox=INBOX&_framed=1&_action=preview" "Mozilla/5.0 (Windows NT 10.0; Win64; x64) AppleWebKit/537.36 (KHTML, like Gecko) Chrome/152.0.0.0 Safari/537.36"
186.205.10.91 - - [17/Sep/2026:11:09:56 -0300] "GET /cpsess1240618111/3rdparty/roundcube/?_task=mail&_action=get&_mbox=INBOX&_uid=11713&_token=jgZEWzwMA8ZFtCDxFOlXiBTqRuAtOR5e&_part=2&_embed=1&_mimeclass=image HTTP/1.1" 200 9172 "https://webmail.espacofacial.com.br/cpsess1240618111/3rdparty/roundcube/?_task=mail&_caps=pdf%3D1%2Cflash%3D0%2Ctiff%3D0%2Cwebp%3D1%2Cpgpmime%3D0&_uid=11713&_mbox=INBOX&_framed=1&_action=preview" "Mozilla/5.0 (Windows NT 10.0; Win64; x64) AppleWebKit/537.36 (KHTML, like Gecko) Chrome/152.0.0.0 Safari/537.36"
186.205.10.91 - - [17/Sep/2026:11:09:57 -0300] "POST /cpsess9876102582/3rdparty/roundcube/?_task=mail&_action=refresh HTTP/1.1" 308 152 "https://webmail.espacofacial.com.br/cpsess9876102582/3rdparty/roundcube/?_task=mail&_mbox=INBOX" "Mozilla/5.0 (Macintosh; Intel Mac OS X 10_15_7) AppleWebKit/537.36 (KHTML, like Gecko) Chrome/152.0.0.0 Safari/537.36"
186.205.10.91 - - [17/Sep/2026:11:09:57 -0300] "POST /cpsess9876102582/3rdparty/roundcube/?_task=mail&_action=refresh HTTP/1.1" 200 1387 "https://webmail.espacofacial.com.br/cpsess9876102582/3rdparty/roundcube/?_task=mail&_mbox=INBOX" "Mozilla/5.0 (Macintosh; Intel Mac OS X 10_15_7) AppleWebKit/537.36 (KHTML, like Gecko) Chrome/152.0.0.0 Safari/537.36"
186.205.10.91 - - [17/Sep/2026:11:10:00 -0300] "POST /cpsess1240618111/3rdparty/roundcube/?_task=mail&_action=refresh HTTP/1.1" 308 152 "https://webmail.espacofacial.com.br/cpsess1240618111/3rdparty/roundcube/?_task=mail&_mbox=INBOX" "Mozilla/5.0 (Windows NT 10.0; Win64; x64) AppleWebKit/537.36 (KHTML, like Gecko) Chrome/152.0.0.0 Safari/537.36"
186.205.10.91 - - [17/Sep/2026:11:10:00 -0300] "POST /cpsess1240618111/3rdparty/roundcube/?_task=mail&_action=refresh HTTP/1.1" 200 1417 "https://webmail.espacofacial.com.br/cpsess1240618111/3rdparty/roundcube/?_task=mail&_mbox=INBOX" "Mozilla/5.0 (Windows NT 10.0; Win64; x64) AppleWebKit/537.36 (KHTML, like Gecko) Chrome/152.0.0.0 Safari/537.36"
186.205.10.91 - - [17/Sep/2026:11:10:04 -0300] "GET /cpsess1240618111/3rdparty/roundcube/?_task=mail&_caps=pdf%3D1%2Cflash%3D0%2Ctiff%3D0%2Cwebp%3D1%2Cpgpmime%3D0&_uid=11714&_mbox=INBOX&_framed=1&_action=preview HTTP/1.1" 200 8922 "https://webmail.espacofacial.com.br/cpsess1240618111/3rdparty/roundcube/?_task=mail&_mbox=INBOX" "Mozilla/5.0 (Windows NT 10.0; Win64; x64) AppleWebKit/537.36 (KHTML, like Gecko) Chrome/152.0.0.0 Safari/537.36"
186.205.10.91 - - [17/Sep/2026:11:10:04 -0300] "GET /cpsess1240618111/3rdparty/roundcube/?_task=addressbook&_action=photo&_email=vendas.corporativas%40galderma.com&_error=1&_bgcolor=transparent HTTP/1.1" 204 - "https://webmail.espacofacial.com.br/cpsess1240618111/3rdparty/roundcube/?_task=mail&_caps=pdf%3D1%2Cflash%3D0%2Ctiff%3D0%2Cwebp%3D1%2Cpgpmime%3D0&_uid=11714&_mbox=INBOX&_framed=1&_action=preview" "Mozilla/5.0 (Windows NT 10.0; Win64; x64) AppleWebKit/537.36 (KHTML, like Gecko) Chrome/152.0.0.0 Safari/537.36"
186.205.10.91 - - [17/Sep/2026:11:10:06 -0300] "POST /cpsess1240618111/3rdparty/roundcube/?_task=mail&_action=move HTTP/1.1" 200 2101 "https://webmail.espacofacial.com.br/cpsess1240618111/3rdparty/roundcube/?_task=mail&_mbox=INBOX" "Mozilla/5.0 (Windows NT 10.0; Win64; x64) AppleWebKit/537.36 (KHTML, like Gecko) Chrome/152.0.0.0 Safari/537.36"
186.205.10.91 - - [17/Sep/2026:11:10:06 -0300] "GET /cpsess1240618111/3rdparty/roundcube/?_task=mail&_caps=pdf%3D1%2Cflash%3D0%2Ctiff%3D0%2Cwebp%3D1%2Cpgpmime%3D0&_uid=11713&_mbox=INBOX&_framed=1&_action=preview HTTP/1.1" 200 9316 "https://webmail.espacofacial.com.br/cpsess1240618111/3rdparty/roundcube/?_task=mail&_mbox=INBOX" "Mozilla/5.0 (Windows NT 10.0; Win64; x64) AppleWebKit/537.36 (KHTML, like Gecko) Chrome/152.0.0.0 Safari/537.36"
186.205.10.91 - - [17/Sep/2026:11:10:06 -0300] "GET /cpsess1240618111/3rdparty/roundcube/?_task=addressbook&_action=photo&_email=vendas.corporativas%40galderma.com&_error=1&_bgcolor=transparent HTTP/1.1" 204 - "https://webmail.espacofacial.com.br/cpsess1240618111/3rdparty/roundcube/?_task=mail&_caps=pdf%3D1%2Cflash%3D0%2Ctiff%3D0%2Cwebp%3D1%2Cpgpmime%3D0&_uid=11713&_mbox=INBOX&_framed=1&_action=preview" "Mozilla/5.0 (Windows NT 10.0; Win64; x64) AppleWebKit/537.36 (KHTML, like Gecko) Chrome/152.0.0.0 Safari/537.36"
186.205.10.91 - - [17/Sep/2026:11:10:06 -0300] "GET /cpsess1240618111/3rdparty/roundcube/?_task=mail&_action=get&_mbox=INBOX&_uid=11713&_token=jgZEWzwMA8ZFtCDxFOlXiBTqRuAtOR5e&_part=2&_embed=1&_mimeclass=image HTTP/1.1" 200 9172 "https://webmail.espacofacial.com.br/cpsess1240618111/3rdparty/roundcube/?_task=mail&_caps=pdf%3D1%2Cflash%3D0%2Ctiff%3D0%2Cwebp%3D1%2Cpgpmime%3D0&_uid=11713&_mbox=INBOX&_framed=1&_action=preview" "Mozilla/5.0 (Windows NT 10.0; Win64; x64) AppleWebKit/537.36 (KHTML, like Gecko) Chrome/152.0.0.0 Safari/537.36"
2a03:2880:f812:15:: - - [17/Sep/2026:11:10:07 -0300] "GET / HTTP/1.1" 200 143854 "-" "Mozilla/5.0 (Macintosh; Intel Mac OS X 10_15_7) AppleWebKit/537.36 (KHTML, like Gecko) Chrome/145.0.0.0 Safari/537.36 (compatible; meta-externalads/1.1 (+https://developers.facebook.com/docs/sharing/webmasters/crawler))"
168.195.21.201 - - [17/Sep/2026:11:10:09 -0300] "GET / HTTP/1.1" 200 12540 "-" "Mozilla/5.0 (Windows NT 10.0; Win64; x64) AppleWebKit/537.36 (KHTML, like Gecko) Chrome/153.0.0.0 Safari/537.36 Edg/153.0.0.0"
168.195.21.201 - - [17/Sep/2026:11:10:10 -0300] "POST /login/?login_only=1 HTTP/1.1" 200 139 "https://webmail.espacofacial.com.br/" "Mozilla/5.0 (Windows NT 10.0; Win64; x64) AppleWebKit/537.36 (KHTML, like Gecko) Chrome/153.0.0.0 Safari/537.36 Edg/153.0.0.0"
168.195.21.201 - - [17/Sep/2026:11:10:11 -0300] "GET /cpsess1463873074/?=undefined&login=1&post_login=52056226767042 HTTP/1.1" 302 130 "https://webmail.espacofacial.com.br/" "Mozilla/5.0 (Windows NT 10.0; Win64; x64) AppleWebKit/537.36 (KHTML, like Gecko) Chrome/153.0.0.0 Safari/537.36 Edg/153.0.0.0"
186.205.10.91 - - [17/Sep/2026:11:10:11 -0300] "GET /cpsess1240618111/3rdparty/roundcube/?_task=mail&_action=list&_layout=widescreen&_mbox=INBOX&_page=1&_remote=1&_unlock=loading1789654211261&_=1789651010080 HTTP/1.1" 200 4978 "https://webmail.espacofacial.com.br/cpsess1240618111/3rdparty/roundcube/?_task=mail&_mbox=INBOX" "Mozilla/5.0 (Windows NT 10.0; Win64; x64) AppleWebKit/537.36 (KHTML, like Gecko) Chrome/152.0.0.0 Safari/537.36"
168.195.21.201 - - [17/Sep/2026:11:10:11 -0300] "GET /cpsess1463873074/3rdparty/roundcube/index.php HTTP/1.1" 302 - "https://webmail.espacofacial.com.br/" "Mozilla/5.0 (Windows NT 10.0; Win64; x64) AppleWebKit/537.36 (KHTML, like Gecko) Chrome/153.0.0.0 Safari/537.36 Edg/153.0.0.0"
186.205.10.91 - - [17/Sep/2026:11:10:11 -0300] "GET /cpsess1240618111/3rdparty/roundcube/skins/elastic/watermark.html HTTP/1.1" 200 494 "https://webmail.espacofacial.com.br/cpsess1240618111/3rdparty/roundcube/?_task=mail&_mbox=INBOX" "Mozilla/5.0 (Windows NT 10.0; Win64; x64) AppleWebKit/537.36 (KHTML, like Gecko) Chrome/152.0.0.0 Safari/537.36"
186.205.10.91 - - [17/Sep/2026:11:10:11 -0300] "GET /cpsess1240618111/3rdparty/roundcube/skins/elastic/watermark.html HTTP/1.1" 200 494 "https://webmail.espacofacial.com.br/cpsess1240618111/3rdparty/roundcube/?_task=mail&_mbox=INBOX" "Mozilla/5.0 (Windows NT 10.0; Win64; x64) AppleWebKit/537.36 (KHTML, like Gecko) Chrome/152.0.0.0 Safari/537.36"
168.195.21.201 - - [17/Sep/2026:11:10:11 -0300] "GET /cpsess1463873074/3rdparty/roundcube/?_task=mail&_token=x7U9KCpgrIymOxYo3td6xNrye70DcVd3 HTTP/1.1" 200 14214 "https://webmail.espacofacial.com.br/" "Mozilla/5.0 (Windows NT 10.0; Win64; x64) AppleWebKit/537.36 (KHTML, like Gecko) Chrome/153.0.0.0 Safari/537.36 Edg/153.0.0.0"
200.195.112.243 - - [17/Sep/2026:11:10:11 -0300] "POST /cpsess1974799990/3rdparty/roundcube/?_task=mail&_action=refresh HTTP/1.1" 308 152 "https://webmail.espacofacial.com.br/cpsess1974799990/3rdparty/roundcube/?_task=mail&_mbox=INBOX" "Mozilla/5.0 (Windows NT 10.0; Win64; x64) AppleWebKit/537.36 (KHTML, like Gecko) Chrome/153.0.0.0 Safari/537.36"
2a03:2880:f812:28:: - - [17/Sep/2026:11:10:11 -0300] "GET / HTTP/1.1" 200 143811 "-" "Mozilla/5.0 (X11; Linux x86_64) AppleWebKit/537.36 (KHTML, like Gecko) Chrome/145.0.0.0 Safari/537.36 (compatible; meta-externalads/1.1 (+https://developers.facebook.com/docs/sharing/webmasters/crawler))"
200.195.112.243 - - [17/Sep/2026:11:10:11 -0300] "POST /cpsess1974799990/3rdparty/roundcube/?_task=mail&_action=refresh HTTP/1.1" 200 1390 "https://webmail.espacofacial.com.br/cpsess1974799990/3rdparty/roundcube/?_task=mail&_mbox=INBOX" "Mozilla/5.0 (Windows NT 10.0; Win64; x64) AppleWebKit/537.36 (KHTML, like Gecko) Chrome/153.0.0.0 Safari/537.36"
168.195.21.201 - - [17/Sep/2026:11:10:12 -0300] "GET /cpsess1463873074/3rdparty/roundcube/skins/elastic/deps/bootstrap.min.css?s=1788683403 HTTP/1.1" 200 25867 "https://webmail.espacofacial.com.br/cpsess1463873074/3rdparty/roundcube/?_task=mail&_token=x7U9KCpgrIymOxYo3td6xNrye70DcVd3" "Mozilla/5.0 (Windows NT 10.0; Win64; x64) AppleWebKit/537.36 (KHTML, like Gecko) Chrome/153.0.0.0 Safari/537.36 Edg/153.0.0.0"
168.195.21.201 - - [17/Sep/2026:11:10:12 -0300] "GET /cpsess1463873074/3rdparty/roundcube/skins/elastic/styles/styles.min.css?s=1788683399 HTTP/1.1" 308 169 "https://webmail.espacofacial.com.br/cpsess1463873074/3rdparty/roundcube/?_task=mail&_token=x7U9KCpgrIymOxYo3td6xNrye70DcVd3" "Mozilla/5.0 (Windows NT 10.0; Win64; x64) AppleWebKit/537.36 (KHTML, like Gecko) Chrome/153.0.0.0 Safari/537.36 Edg/153.0.0.0"
168.195.21.201 - - [17/Sep/2026:11:10:12 -0300] "GET /cpsess1463873074/3rdparty/roundcube/plugins/jqueryui/themes/elastic/jquery-ui.min.css?s=1788683399 HTTP/1.1" 200 7701 "https://webmail.espacofacial.com.br/cpsess1463873074/3rdparty/roundcube/?_task=mail&_token=x7U9KCpgrIymOxYo3td6xNrye70DcVd3" "Mozilla/5.0 (Windows NT 10.0; Win64; x64) AppleWebKit/537.36 (KHTML, like Gecko) Chrome/153.0.0.0 Safari/537.36 Edg/153.0.0.0"
168.195.21.201 - - [17/Sep/2026:11:10:12 -0300] "GET /cpsess1463873074/3rdparty/roundcube/skins/elastic/styles/styles.min.css?s=1788683399 HTTP/1.1" 200 24006 "https://webmail.espacofacial.com.br/cpsess1463873074/3rdparty/roundcube/?_task=mail&_token=x7U9KCpgrIymOxYo3td6xNrye70DcVd3" "Mozilla/5.0 (Windows NT 10.0; Win64; x64) AppleWebKit/537.36 (KHTML, like Gecko) Chrome/153.0.0.0 Safari/537.36 Edg/153.0.0.0"
168.195.21.201 - - [17/Sep/2026:11:10:12 -0300] "GET /cpsess1463873074/3rdparty/roundcube/plugins/return_to_webmail/skins/elastic/return_to_webmail.css?s=1749492914 HTTP/1.1" 200 863 "https://webmail.espacofacial.com.br/cpsess1463873074/3rdparty/roundcube/?_task=mail&_token=x7U9KCpgrIymOxYo3td6xNrye70DcVd3" "Mozilla/5.0 (Windows NT 10.0; Win64; x64) AppleWebKit/537.36 (KHTML, like Gecko) Chrome/153.0.0.0 Safari/537.36 Edg/153.0.0.0"
168.195.21.201 - - [17/Sep/2026:11:10:12 -0300] "GET /cpsess1463873074/3rdparty/roundcube/plugins/libkolab/skins/elastic/libkolab.min.css?s=1788880746 HTTP/1.1" 200 16080 "https://webmail.espacofacial.com.br/cpsess1463873074/3rdparty/roundcube/?_task=mail&_token=x7U9KCpgrIymOxYo3td6xNrye70DcVd3" "Mozilla/5.0 (Windows NT 10.0; Win64; x64) AppleWebKit/537.36 (KHTML, like Gecko) Chrome/153.0.0.0 Safari/537.36 Edg/153.0.0.0"
168.195.21.201 - - [17/Sep/2026:11:10:12 -0300] "GET /cpsess1463873074/3rdparty/roundcube/program/js/common.min.js?s=1788683399 HTTP/1.1" 200 4959 "https://webmail.espacofacial.com.br/cpsess1463873074/3rdparty/roundcube/?_task=mail&_token=x7U9KCpgrIymOxYo3td6xNrye70DcVd3" "Mozilla/5.0 (Windows NT 10.0; Win64; x64) AppleWebKit/537.36 (KHTML, like Gecko) Chrome/153.0.0.0 Safari/537.36 Edg/153.0.0.0"
168.195.21.201 - - [17/Sep/2026:11:10:12 -0300] "GET /cpsess1463873074/3rdparty/roundcube/program/js/app.min.js?s=1788683399 HTTP/1.1" 200 50616 "https://webmail.espacofacial.com.br/cpsess1463873074/3rdparty/roundcube/?_task=mail&_token=x7U9KCpgrIymOxYo3td6xNrye70DcVd3" "Mozilla/5.0 (Windows NT 10.0; Win64; x64) AppleWebKit/537.36 (KHTML, like Gecko) Chrome/153.0.0.0 Safari/537.36 Edg/153.0.0.0"
168.195.21.201 - - [17/Sep/2026:11:10:12 -0300] "GET /cpsess1463873074/3rdparty/roundcube/program/js/jquery.min.js?s=1788683402 HTTP/1.1" 308 158 "https://webmail.espacofacial.com.br/cpsess1463873074/3rdparty/roundcube/?_task=mail&_token=x7U9KCpgrIymOxYo3td6xNrye70DcVd3" "Mozilla/5.0 (Windows NT 10.0; Win64; x64) AppleWebKit/537.36 (KHTML, like Gecko) Chrome/153.0.0.0 Safari/537.36 Edg/153.0.0.0"
168.195.21.201 - - [17/Sep/2026:11:10:12 -0300] "GET /cpsess1463873074/3rdparty/roundcube/program/js/treelist.min.js?s=1788683399 HTTP/1.1" 200 5390 "https://webmail.espacofacial.com.br/cpsess1463873074/3rdparty/roundcube/?_task=mail&_token=x7U9KCpgrIymOxYo3td6xNrye70DcVd3" "Mozilla/5.0 (Windows NT 10.0; Win64; x64) AppleWebKit/537.36 (KHTML, like Gecko) Chrome/153.0.0.0 Safari/537.36 Edg/153.0.0.0"
168.195.21.201 - - [17/Sep/2026:11:10:12 -0300] "GET /cpsess1463873074/3rdparty/roundcube/plugins/archive/archive.min.js?s=1788683399 HTTP/1.1" 200 743 "https://webmail.espacofacial.com.br/cpsess1463873074/3rdparty/roundcube/?_task=mail&_token=x7U9KCpgrIymOxYo3td6xNrye70DcVd3" "Mozilla/5.0 (Windows NT 10.0; Win64; x64) AppleWebKit/537.36 (KHTML, like Gecko) Chrome/153.0.0.0 Safari/537.36 Edg/153.0.0.0"
168.195.21.201 - - [17/Sep/2026:11:10:12 -0300] "GET /cpsess1463873074/3rdparty/roundcube/program/js/list.min.js?s=1788683399 HTTP/1.1" 200 8316 "https://webmail.espacofacial.com.br/cpsess1463873074/3rdparty/roundcube/?_task=mail&_token=x7U9KCpgrIymOxYo3td6xNrye70DcVd3" "Mozilla/5.0 (Windows NT 10.0; Win64; x64) AppleWebKit/537.36 (KHTML, like Gecko) Chrome/153.0.0.0 Safari/537.36 Edg/153.0.0.0"
168.195.21.201 - - [17/Sep/2026:11:10:12 -0300] "GET /cpsess1463873074/3rdparty/roundcube/plugins/return_to_webmail/return_to_webmail.js?s=1749492914 HTTP/1.1" 200 773 "https://webmail.espacofacial.com.br/cpsess1463873074/3rdparty/roundcube/?_task=mail&_token=x7U9KCpgrIymOxYo3td6xNrye70DcVd3" "Mozilla/5.0 (Windows NT 10.0; Win64; x64) AppleWebKit/537.36 (KHTML, like Gecko) Chrome/153.0.0.0 Safari/537.36 Edg/153.0.0.0"
168.195.21.201 - - [17/Sep/2026:11:10:12 -0300] "GET /cpsess1463873074/3rdparty/roundcube/plugins/markasjunk/markasjunk.min.js?s=1788683399 HTTP/1.1" 200 1144 "https://webmail.espacofacial.com.br/cpsess1463873074/3rdparty/roundcube/?_task=mail&_token=x7U9KCpgrIymOxYo3td6xNrye70DcVd3" "Mozilla/5.0 (Windows NT 10.0; Win64; x64) AppleWebKit/537.36 (KHTML, like Gecko) Chrome/153.0.0.0 Safari/537.36 Edg/153.0.0.0"
168.195.21.201 - - [17/Sep/2026:11:10:12 -0300] "GET /cpsess1463873074/3rdparty/roundcube/plugins/managesieve/managesieve.min.js?s=1788683399 HTTP/1.1" 200 7006 "https://webmail.espacofacial.com.br/cpsess1463873074/3rdparty/roundcube/?_task=mail&_token=x7U9KCpgrIymOxYo3td6xNrye70DcVd3" "Mozilla/5.0 (Windows NT 10.0; Win64; x64) AppleWebKit/537.36 (KHTML, like Gecko) Chrome/153.0.0.0 Safari/537.36 Edg/153.0.0.0"
168.195.21.201 - - [17/Sep/2026:11:10:12 -0300] "GET /cpsess1463873074/3rdparty/roundcube/plugins/mixpanel_analytics/mixpanel_analytics_include.js?s=1785188616 HTTP/1.1" 200 974 "https://webmail.espacofacial.com.br/cpsess1463873074/3rdparty/roundcube/?_task=mail&_token=x7U9KCpgrIymOxYo3td6xNrye70DcVd3" "Mozilla/5.0 (Windows NT 10.0; Win64; x64) AppleWebKit/537.36 (KHTML, like Gecko) Chrome/153.0.0.0 Safari/537.36 Edg/153.0.0.0"
168.195.21.201 - - [17/Sep/2026:11:10:12 -0300] "GET /cpsess1463873074/3rdparty/roundcube/plugins/jqueryui/js/jquery-ui.min.js?s=1788683399 HTTP/1.1" 200 74366 "https://webmail.espacofacial.com.br/cpsess1463873074/3rdparty/roundcube/?_task=mail&_token=x7U9KCpgrIymOxYo3td6xNrye70DcVd3" "Mozilla/5.0 (Windows NT 10.0; Win64; x64) AppleWebKit/537.36 (KHTML, like Gecko) Chrome/153.0.0.0 Safari/537.36 Edg/153.0.0.0"
168.195.21.201 - - [17/Sep/2026:11:10:12 -0300] "GET /cpsess1463873074/3rdparty/roundcube/plugins/jqueryui/js/i18n/datepicker-pt-BR.js?s=1788683399 HTTP/1.1" 200 660 "https://webmail.espacofacial.com.br/cpsess1463873074/3rdparty/roundcube/?_task=mail&_token=x7U9KCpgrIymOxYo3td6xNrye70DcVd3" "Mozilla/5.0 (Windows NT 10.0; Win64; x64) AppleWebKit/537.36 (KHTML, like Gecko) Chrome/153.0.0.0 Safari/537.36 Edg/153.0.0.0"
168.195.21.201 - - [17/Sep/2026:11:10:12 -0300] "GET /cpsess1463873074/3rdparty/roundcube/plugins/calendar/calendar_base.js?s=1788880745 HTTP/1.1" 200 1766 "https://webmail.espacofacial.com.br/cpsess1463873074/3rdparty/roundcube/?_task=mail&_token=x7U9KCpgrIymOxYo3td6xNrye70DcVd3" "Mozilla/5.0 (Windows NT 10.0; Win64; x64) AppleWebKit/537.36 (KHTML, like Gecko) Chrome/153.0.0.0 Safari/537.36 Edg/153.0.0.0"
168.195.21.201 - - [17/Sep/2026:11:10:12 -0300] "GET /cpsess1463873074/3rdparty/roundcube/plugins/libcalendaring/libcalendaring.js?s=1788880745 HTTP/1.1" 200 15738 "https://webmail.espacofacial.com.br/cpsess1463873074/3rdparty/roundcube/?_task=mail&_token=x7U9KCpgrIymOxYo3td6xNrye70DcVd3" "Mozilla/5.0 (Windows NT 10.0; Win64; x64) AppleWebKit/537.36 (KHTML, like Gecko) Chrome/153.0.0.0 Safari/537.36 Edg/153.0.0.0"
168.195.21.201 - - [17/Sep/2026:11:10:12 -0300] "GET /cpsess1463873074/3rdparty/roundcube/skins/elastic/images/logo.svg?s=1788683399 HTTP/1.1" 200 397 "https://webmail.espacofacial.com.br/cpsess1463873074/3rdparty/roundcube/?_task=mail&_token=x7U9KCpgrIymOxYo3td6xNrye70DcVd3" "Mozilla/5.0 (Windows NT 10.0; Win64; x64) AppleWebKit/537.36 (KHTML, like Gecko) Chrome/153.0.0.0 Safari/537.36 Edg/153.0.0.0"
168.195.21.201 - - [17/Sep/2026:11:10:12 -0300] "GET /cpsess1463873074/3rdparty/roundcube/program/js/jquery.min.js?s=1788683402 HTTP/1.1" 200 32867 "https://webmail.espacofacial.com.br/cpsess1463873074/3rdparty/roundcube/?_task=mail&_token=x7U9KCpgrIymOxYo3td6xNrye70DcVd3" "Mozilla/5.0 (Windows NT 10.0; Win64; x64) AppleWebKit/537.36 (KHTML, like Gecko) Chrome/153.0.0.0 Safari/537.36 Edg/153.0.0.0"
168.195.21.201 - - [17/Sep/2026:11:10:13 -0300] "GET /cpsess1463873074/3rdparty/roundcube/skins/elastic/deps/bootstrap.bundle.min.js?s=1788683403 HTTP/1.1" 200 23054 "https://webmail.espacofacial.com.br/cpsess1463873074/3rdparty/roundcube/?_task=mail&_token=x7U9KCpgrIymOxYo3td6xNrye70DcVd3" "Mozilla/5.0 (Windows NT 10.0; Win64; x64) AppleWebKit/537.36 (KHTML, like Gecko) Chrome/153.0.0.0 Safari/537.36 Edg/153.0.0.0"
168.195.21.201 - - [17/Sep/2026:11:10:13 -0300] "GET /cpsess1463873074/3rdparty/roundcube/skins/elastic/ui.min.js?s=1788683399 HTTP/1.1" 200 20576 "https://webmail.espacofacial.com.br/cpsess1463873074/3rdparty/roundcube/?_task=mail&_token=x7U9KCpgrIymOxYo3td6xNrye70DcVd3" "Mozilla/5.0 (Windows NT 10.0; Win64; x64) AppleWebKit/537.36 (KHTML, like Gecko) Chrome/153.0.0.0 Safari/537.36 Edg/153.0.0.0"
168.195.21.201 - - [17/Sep/2026:11:10:13 -0300] "GET /cpsess1463873074/3rdparty/roundcube/skins/elastic/watermark.html HTTP/1.1" 200 494 "https://webmail.espacofacial.com.br/cpsess1463873074/3rdparty/roundcube/?_task=mail&_token=x7U9KCpgrIymOxYo3td6xNrye70DcVd3" "Mozilla/5.0 (Windows NT 10.0; Win64; x64) AppleWebKit/537.36 (KHTML, like Gecko) Chrome/153.0.0.0 Safari/537.36 Edg/153.0.0.0"
168.195.21.201 - - [17/Sep/2026:11:10:14 -0300] "GET /cpsess1463873074/3rdparty/roundcube/?_task=mail&_action=getunread&_page=1&_remote=1&_unlock=0&_=1789654309107 HTTP/1.1" 200 1391 "https://webmail.espacofacial.com.br/cpsess1463873074/3rdparty/roundcube/?_task=mail&_mbox=INBOX" "Mozilla/5.0 (Windows NT 10.0; Win64; x64) AppleWebKit/537.36 (KHTML, like Gecko) Chrome/153.0.0.0 Safari/537.36 Edg/153.0.0.0"
168.195.21.201 - - [17/Sep/2026:11:10:14 -0300] "GET /cpsess1463873074/3rdparty/roundcube/skins/elastic/watermark.html HTTP/1.1" 200 494 "https://webmail.espacofacial.com.br/cpsess1463873074/3rdparty/roundcube/?_task=mail&_token=x7U9KCpgrIymOxYo3td6xNrye70DcVd3" "Mozilla/5.0 (Windows NT 10.0; Win64; x64) AppleWebKit/537.36 (KHTML, like Gecko) Chrome/153.0.0.0 Safari/537.36 Edg/153.0.0.0"
168.195.21.201 - - [17/Sep/2026:11:10:14 -0300] "GET /cpsess1463873074/3rdparty/roundcube/?_task=mail&_action=list&_refresh=1&_layout=widescreen&_mbox=INBOX&_page=&_remote=1&_unlock=loading1789654309774&_=1789654309106 HTTP/1.1" 200 4156 "https://webmail.espacofacial.com.br/cpsess1463873074/3rdparty/roundcube/?_task=mail&_token=x7U9KCpgrIymOxYo3td6xNrye70DcVd3" "Mozilla/5.0 (Windows NT 10.0; Win64; x64) AppleWebKit/537.36 (KHTML, like Gecko) Chrome/153.0.0.0 Safari/537.36 Edg/153.0.0.0"
168.195.21.201 - - [17/Sep/2026:11:10:14 -0300] "GET /cpsess1463873074/3rdparty/roundcube/program/resources/blank.tiff HTTP/1.1" 200 270 "https://webmail.espacofacial.com.br/cpsess1463873074/3rdparty/roundcube/?_task=mail&_mbox=INBOX" "Mozilla/5.0 (Windows NT 10.0; Win64; x64) AppleWebKit/537.36 (KHTML, like Gecko) Chrome/153.0.0.0 Safari/537.36 Edg/153.0.0.0"
168.195.21.201 - - [17/Sep/2026:11:10:14 -0300] "GET /cpsess1463873074/3rdparty/roundcube/program/resources/blank.webp HTTP/1.1" 200 86 "https://webmail.espacofacial.com.br/cpsess1463873074/3rdparty/roundcube/?_task=mail&_mbox=INBOX" "Mozilla/5.0 (Windows NT 10.0; Win64; x64) AppleWebKit/537.36 (KHTML, like Gecko) Chrome/153.0.0.0 Safari/537.36 Edg/153.0.0.0"
168.195.21.201 - - [17/Sep/2026:11:10:14 -0300] "GET /cpsess1463873074/3rdparty/roundcube/skins/elastic/images/favicon.ico?s=1788683399 HTTP/1.1" 200 1871 "https://webmail.espacofacial.com.br/cpsess1463873074/3rdparty/roundcube/?_task=mail&_mbox=INBOX" "Mozilla/5.0 (Windows NT 10.0; Win64; x64) AppleWebKit/537.36 (KHTML, like Gecko) Chrome/153.0.0.0 Safari/537.36 Edg/153.0.0.0"
168.195.21.201 - - [17/Sep/2026:11:10:14 -0300] "GET /cpsess1463873074/3rdparty/roundcube/skins/elastic/watermark.html HTTP/1.1" 200 494 "https://webmail.espacofacial.com.br/cpsess1463873074/3rdparty/roundcube/?_task=mail&_mbox=INBOX" "Mozilla/5.0 (Windows NT 10.0; Win64; x64) AppleWebKit/537.36 (KHTML, like Gecko) Chrome/153.0.0.0 Safari/537.36 Edg/153.0.0.0"
