191.36.173.9 - - [17/Sep/2026:10:39:41 -0300] "GET /uploads/pages/2023/08/contato-1691598965.png HTTP/1.1" 304 - "https://espacofacial.com.br/" "Mozilla/5.0 (Windows NT 10.0; Win64; x64) AppleWebKit/537.36 (KHTML, like Gecko) Chrome/152.0.0.0 Safari/537.36"
186.205.10.91 - - [17/Sep/2026:10:39:59 -0300] "POST /cpsess1240618111/3rdparty/roundcube/?_task=mail&_action=refresh HTTP/1.1" 200 1389 "https://webmail.espacofacial.com.br/cpsess1240618111/3rdparty/roundcube/?_task=mail&_mbox=INBOX.spam" "Mozilla/5.0 (Windows NT 10.0; Win64; x64) AppleWebKit/537.36 (KHTML, like Gecko) Chrome/152.0.0.0 Safari/537.36"
102.220.161.89 - - [17/Sep/2026:10:40:08 -0300] "GET / HTTP/1.1" 200 143853 "-" "Mozilla/5.0 (Macintosh; Intel Mac OS X 10_15_7) AppleWebKit/537.36 (KHTML, like Gecko) Chrome/124.0.0.0 Safari/537.36"
2804:d41:e0af:bf00:80d4:9c95:f663:cd0f - - [17/Sep/2026:10:40:09 -0300] "GET / HTTP/1.1" 200 143845 "-" "Mozilla/5.0 (Windows NT 10.0; Win64; x64) AppleWebKit/537.36 (KHTML, like Gecko) Chrome/152.0.0.0 Safari/537.36"
2804:d41:e0af:bf00:80d4:9c95:f663:cd0f - - [17/Sep/2026:10:40:10 -0300] "GET /themes/wc_default/video/Verao_Espaco_Facial.mp4 HTTP/1.1" 200 21092 "https://espacofacial.com.br/" "Mozilla/5.0 (Windows NT 10.0; Win64; x64) AppleWebKit/537.36 (KHTML, like Gecko) Chrome/152.0.0.0 Safari/537.36"
2804:d41:e0af:bf00:80d4:9c95:f663:cd0f - - [17/Sep/2026:10:40:10 -0300] "GET /tim.php?src=uploads/unidades/2023/08/sorocaba-sp.jpg&w=1600&h=800 HTTP/1.1" 200 153094 "https://espacofacial.com.br/" "Mozilla/5.0 (Windows NT 10.0; Win64; x64) AppleWebKit/537.36 (KHTML, like Gecko) Chrome/152.0.0.0 Safari/537.36"
2804:d41:e0af:bf00:80d4:9c95:f663:cd0f - - [17/Sep/2026:10:40:10 -0300] "GET /themes/wc_default/video/Verao_Espaco_Facial.mp4 HTTP/1.1" 200 21059 "https://espacofacial.com.br/" "Mozilla/5.0 (Windows NT 10.0; Win64; x64) AppleWebKit/537.36 (KHTML, like Gecko) Chrome/152.0.0.0 Safari/537.36"
2804:d41:e0af:bf00:80d4:9c95:f663:cd0f - - [17/Sep/2026:10:40:10 -0300] "GET /tim.php?src=uploads/unidades/2023/08/sao-vicente-sp.jpg&w=1600&h=800 HTTP/1.1" 200 297833 "https://espacofacial.com.br/" "Mozilla/5.0 (Windows NT 10.0; Win64; x64) AppleWebKit/537.36 (KHTML, like Gecko) Chrome/152.0.0.0 Safari/537.36"
2804:d41:e0af:bf00:80d4:9c95:f663:cd0f - - [17/Sep/2026:10:40:10 -0300] "GET /tim.php?src=uploads/unidades/2023/08/shopping-millenium-barra-rj.jpg&w=1600&h=800 HTTP/1.1" 200 203551 "https://espacofacial.com.br/" "Mozilla/5.0 (Windows NT 10.0; Win64; x64) AppleWebKit/537.36 (KHTML, like Gecko) Chrome/152.0.0.0 Safari/537.36"
2804:d41:e0af:bf00:80d4:9c95:f663:cd0f - - [17/Sep/2026:10:40:10 -0300] "GET /tim.php?src=uploads/unidades/2024/03/nova-iguacu.jpg&w=1600&h=800 HTTP/1.1" 200 280187 "https://espacofacial.com.br/" "Mozilla/5.0 (Windows NT 10.0; Win64; x64) AppleWebKit/537.36 (KHTML, like Gecko) Chrome/152.0.0.0 Safari/537.36"
2804:d41:e0af:bf00:80d4:9c95:f663:cd0f - - [17/Sep/2026:10:40:10 -0300] "GET /tim.php?src=uploads/unidades/2023/08/americas-shopping-recreio-dos-bandeirantes-rj.jpg&w=1600&h=800 HTTP/1.1" 200 195924 "https://espacofacial.com.br/" "Mozilla/5.0 (Windows NT 10.0; Win64; x64) AppleWebKit/537.36 (KHTML, like Gecko) Chrome/152.0.0.0 Safari/537.36"
2804:d41:e0af:bf00:80d4:9c95:f663:cd0f - - [17/Sep/2026:10:40:10 -0300] "GET /tim.php?src=uploads/unidades/2023/08/bangu-shopping.jpg&w=1600&h=800 HTTP/1.1" 200 184642 "https://espacofacial.com.br/" "Mozilla/5.0 (Windows NT 10.0; Win64; x64) AppleWebKit/537.36 (KHTML, like Gecko) Chrome/152.0.0.0 Safari/537.36"
2804:d41:e0af:bf00:80d4:9c95:f663:cd0f - - [17/Sep/2026:10:40:12 -0300] "GET /tim.php?src=uploads/unidades/2023/07/botafogo.png&w=1600&h=800 HTTP/1.1" 200 1072374 "https://espacofacial.com.br/" "Mozilla/5.0 (Windows NT 10.0; Win64; x64) AppleWebKit/537.36 (KHTML, like Gecko) Chrome/152.0.0.0 Safari/537.36"
2804:d41:e0af:bf00:80d4:9c95:f663:cd0f - - [17/Sep/2026:10:40:12 -0300] "GET /tim.php?src=uploads/unidades/2025/06/jardim-botanico-rj.jpg&w=1600&h=800 HTTP/1.1" 200 204122 "https://espacofacial.com.br/" "Mozilla/5.0 (Windows NT 10.0; Win64; x64) AppleWebKit/537.36 (KHTML, like Gecko) Chrome/152.0.0.0 Safari/537.36"
2804:d41:e0af:bf00:80d4:9c95:f663:cd0f - - [17/Sep/2026:10:40:12 -0300] "GET /tim.php?src=uploads/unidades/2025/12/Calcadao-de-Caxias.jpeg&w=1600&h=800 HTTP/1.1" 400 277 "https://espacofacial.com.br/" "Mozilla/5.0 (Windows NT 10.0; Win64; x64) AppleWebKit/537.36 (KHTML, like Gecko) Chrome/152.0.0.0 Safari/537.36"
2804:d41:e0af:bf00:80d4:9c95:f663:cd0f - - [17/Sep/2026:10:40:12 -0300] "GET /tim.php?src=uploads/unidades/2026/05/Shopping-Taubate.jpeg&w=1600&h=800 HTTP/1.1" 200 299753 "https://espacofacial.com.br/" "Mozilla/5.0 (Windows NT 10.0; Win64; x64) AppleWebKit/537.36 (KHTML, like Gecko) Chrome/152.0.0.0 Safari/537.36"
2804:d41:e0af:bf00:80d4:9c95:f663:cd0f - - [17/Sep/2026:10:40:12 -0300] "GET /tim.php?src=uploads/unidades/2023/08/caxias-shopping-rj.jpg&w=1600&h=800 HTTP/1.1" 200 188346 "https://espacofacial.com.br/" "Mozilla/5.0 (Windows NT 10.0; Win64; x64) AppleWebKit/537.36 (KHTML, like Gecko) Chrome/152.0.0.0 Safari/537.36"
2804:d41:e0af:bf00:80d4:9c95:f663:cd0f - - [17/Sep/2026:10:40:12 -0300] "GET /tim.php?src=uploads/unidades/2023/08/galeria-344-tijuca-rj.jpg&w=1600&h=800 HTTP/1.1" 200 260960 "https://espacofacial.com.br/" "Mozilla/5.0 (Windows NT 10.0; Win64; x64) AppleWebKit/537.36 (KHTML, like Gecko) Chrome/152.0.0.0 Safari/537.36"
2804:d41:e0af:bf00:80d4:9c95:f663:cd0f - - [17/Sep/2026:10:40:13 -0300] "GET /tim.php?src=uploads/unidades/2025/06/ilha-do-governador.jpg&w=1600&h=800 HTTP/1.1" 200 277566 "https://espacofacial.com.br/" "Mozilla/5.0 (Windows NT 10.0; Win64; x64) AppleWebKit/537.36 (KHTML, like Gecko) Chrome/152.0.0.0 Safari/537.36"
2804:d41:e0af:bf00:80d4:9c95:f663:cd0f - - [17/Sep/2026:10:40:14 -0300] "GET /tim.php?src=uploads/unidades/2025/03/leme-rj.png&w=1600&h=800 HTTP/1.1" 200 565985 "https://espacofacial.com.br/" "Mozilla/5.0 (Windows NT 10.0; Win64; x64) AppleWebKit/537.36 (KHTML, like Gecko) Chrome/152.0.0.0 Safari/537.36"
2804:d41:e0af:bf00:80d4:9c95:f663:cd0f - - [17/Sep/2026:10:40:14 -0300] "GET /tim.php?src=uploads/unidades/2026/05/macae.jpeg&w=1600&h=800 HTTP/1.1" 200 311429 "https://espacofacial.com.br/" "Mozilla/5.0 (Windows NT 10.0; Win64; x64) AppleWebKit/537.36 (KHTML, like Gecko) Chrome/152.0.0.0 Safari/537.36"
2804:d41:e0af:bf00:80d4:9c95:f663:cd0f - - [17/Sep/2026:10:40:14 -0300] "GET /tim.php?src=uploads/unidades/2025/03/meier-rj.png&w=1600&h=800 HTTP/1.1" 200 412349 "https://espacofacial.com.br/" "Mozilla/5.0 (Windows NT 10.0; Win64; x64) AppleWebKit/537.36 (KHTML, like Gecko) Chrome/152.0.0.0 Safari/537.36"
2804:d41:e0af:bf00:80d4:9c95:f663:cd0f - - [17/Sep/2026:10:40:14 -0300] "GET /tim.php?src=uploads/unidades/2026/01/shopping-grande-rio.jpeg&w=1600&h=800 HTTP/1.1" 200 253924 "https://espacofacial.com.br/" "Mozilla/5.0 (Windows NT 10.0; Win64; x64) AppleWebKit/537.36 (KHTML, like Gecko) Chrome/152.0.0.0 Safari/537.36"
2804:d41:e0af:bf00:80d4:9c95:f663:cd0f - - [17/Sep/2026:10:40:14 -0300] "GET /tim.php?src=uploads/unidades/2026/05/Shopping-Partage-Campos-RJ.jpeg&w=1600&h=800 HTTP/1.1" 200 260538 "https://espacofacial.com.br/" "Mozilla/5.0 (Windows NT 10.0; Win64; x64) AppleWebKit/537.36 (KHTML, like Gecko) Chrome/152.0.0.0 Safari/537.36"
2804:d41:e0af:bf00:80d4:9c95:f663:cd0f - - [17/Sep/2026:10:40:15 -0300] "GET /contato HTTP/1.1" 200 22076 "https://espacofacial.com.br/" "Mozilla/5.0 (Windows NT 10.0; Win64; x64) AppleWebKit/537.36 (KHTML, like Gecko) Chrome/152.0.0.0 Safari/537.36"
37.19.221.225 - - [17/Sep/2026:10:40:20 -0300] "POST /cpsess7211416590/3rdparty/roundcube/?_task=mail&_action=refresh HTTP/1.1" 308 152 "https://webmail.espacofacial.com.br/cpsess7211416590/3rdparty/roundcube/?_task=mail&_mbox=INBOX" "Mozilla/5.0 (Windows NT 10.0; Win64; x64) AppleWebKit/537.36 (KHTML, like Gecko) Chrome/152.0.0.0 Safari/537.36"
37.19.221.225 - - [17/Sep/2026:10:40:21 -0300] "POST /cpsess7211416590/3rdparty/roundcube/?_task=mail&_action=refresh HTTP/1.1" 200 1388 "https://webmail.espacofacial.com.br/cpsess7211416590/3rdparty/roundcube/?_task=mail&_mbox=INBOX" "Mozilla/5.0 (Windows NT 10.0; Win64; x64) AppleWebKit/537.36 (KHTML, like Gecko) Chrome/152.0.0.0 Safari/537.36"
200.167.89.98 - - [17/Sep/2026:10:40:22 -0300] "POST /cpsess8770996163/3rdparty/roundcube/?_task=mail&_action=refresh HTTP/1.1" 308 152 "https://webmail.espacofacial.com.br/cpsess8770996163/3rdparty/roundcube/?_task=mail&_mbox=INBOX.spam" "Mozilla/5.0 (Windows NT 10.0; Win64; x64) AppleWebKit/537.36 (KHTML, like Gecko) Chrome/152.0.0.0 Safari/537.36"
200.167.89.98 - - [17/Sep/2026:10:40:22 -0300] "POST /cpsess8770996163/3rdparty/roundcube/?_task=mail&_action=refresh HTTP/1.1" 200 1388 "https://webmail.espacofacial.com.br/cpsess8770996163/3rdparty/roundcube/?_task=mail&_mbox=INBOX.spam" "Mozilla/5.0 (Windows NT 10.0; Win64; x64) AppleWebKit/537.36 (KHTML, like Gecko) Chrome/152.0.0.0 Safari/537.36"
66.249.88.96 - - [17/Sep/2026:10:40:28 -0300] "GET /.well-known/traffic-advice HTTP/1.1" 200 21088 "-" "Chrome Privacy Preserving Prefetch Proxy"
2001:4860:7:303::ff - - [17/Sep/2026:10:40:28 -0300] "GET / HTTP/1.1" 200 143827 "https://www.google.com/" "Mozilla/5.0 (Windows NT 10.0; Win64; x64) AppleWebKit/537.36 (KHTML, like Gecko) Chrome/153.0.0.0 Safari/537.36"
186.205.10.91 - - [17/Sep/2026:10:40:33 -0300] "GET /cpsess1240618111/3rdparty/roundcube/?_task=mail&_mbox=INBOX.spam&_action=compose&_extwin=1 HTTP/1.1" 302 - "https://webmail.espacofacial.com.br/cpsess1240618111/3rdparty/roundcube/?_task=mail&_mbox=INBOX.spam" "Mozilla/5.0 (Windows NT 10.0; Win64; x64) AppleWebKit/537.36 (KHTML, like Gecko) Chrome/152.0.0.0 Safari/537.36"
186.205.10.91 - - [17/Sep/2026:10:40:33 -0300] "GET /cpsess1240618111/3rdparty/roundcube/?_task=mail&_action=compose&_id=1276627756aabedd1a0cf2&_extwin=1 HTTP/1.1" 200 22218 "https://webmail.espacofacial.com.br/cpsess1240618111/3rdparty/roundcube/?_task=mail&_mbox=INBOX.spam" "Mozilla/5.0 (Windows NT 10.0; Win64; x64) AppleWebKit/537.36 (KHTML, like Gecko) Chrome/152.0.0.0 Safari/537.36"
186.205.10.91 - - [17/Sep/2026:10:40:33 -0300] "GET /cpsess1240618111/3rdparty/roundcube/program/js/publickey.min.js?s=1788683404 HTTP/1.1" 200 2079 "https://webmail.espacofacial.com.br/cpsess1240618111/3rdparty/roundcube/?_task=mail&_action=compose&_id=1276627756aabedd1a0cf2&_extwin=1" "Mozilla/5.0 (Windows NT 10.0; Win64; x64) AppleWebKit/537.36 (KHTML, like Gecko) Chrome/152.0.0.0 Safari/537.36"
186.205.10.91 - - [17/Sep/2026:10:40:33 -0300] "GET /cpsess1240618111/3rdparty/roundcube/program/js/tinymce/tinymce.min.js?s=1700005210 HTTP/1.1" 308 167 "https://webmail.espacofacial.com.br/cpsess1240618111/3rdparty/roundcube/?_task=mail&_action=compose&_id=1276627756aabedd1a0cf2&_extwin=1" "Mozilla/5.0 (Windows NT 10.0; Win64; x64) AppleWebKit/537.36 (KHTML, like Gecko) Chrome/152.0.0.0 Safari/537.36"
186.205.10.91 - - [17/Sep/2026:10:40:33 -0300] "GET /cpsess1240618111/3rdparty/roundcube/program/js/editor.min.js?s=1788683399 HTTP/1.1" 200 5582 "https://webmail.espacofacial.com.br/cpsess1240618111/3rdparty/roundcube/?_task=mail&_action=compose&_id=1276627756aabedd1a0cf2&_extwin=1" "Mozilla/5.0 (Windows NT 10.0; Win64; x64) AppleWebKit/537.36 (KHTML, like Gecko) Chrome/152.0.0.0 Safari/537.36"
186.205.10.91 - - [17/Sep/2026:10:40:33 -0300] "GET /cpsess1240618111/3rdparty/roundcube/program/js/tinymce/tinymce.min.js?s=1700005210 HTTP/1.1" 200 140462 "https://webmail.espacofacial.com.br/cpsess1240618111/3rdparty/roundcube/?_task=mail&_action=compose&_id=1276627756aabedd1a0cf2&_extwin=1" "Mozilla/5.0 (Windows NT 10.0; Win64; x64) AppleWebKit/537.36 (KHTML, like Gecko) Chrome/152.0.0.0 Safari/537.36"
186.205.10.91 - - [17/Sep/2026:10:40:39 -0300] "POST /cpsess1240618111/3rdparty/roundcube/?_task=mail&_action=autocomplete HTTP/1.1" 200 1466 "https://webmail.espacofacial.com.br/cpsess1240618111/3rdparty/roundcube/?_task=mail&_action=compose&_id=1276627756aabedd1a0cf2&_extwin=1" "Mozilla/5.0 (Windows NT 10.0; Win64; x64) AppleWebKit/537.36 (KHTML, like Gecko) Chrome/152.0.0.0 Safari/537.36"
186.205.10.91 - - [17/Sep/2026:10:40:41 -0300] "POST /cpsess1240618111/3rdparty/roundcube/?_task=mail&_action=autocomplete HTTP/1.1" 200 1782 "https://webmail.espacofacial.com.br/cpsess1240618111/3rdparty/roundcube/?_task=mail&_action=compose&_id=1276627756aabedd1a0cf2&_extwin=1" "Mozilla/5.0 (Windows NT 10.0; Win64; x64) AppleWebKit/537.36 (KHTML, like Gecko) Chrome/152.0.0.0 Safari/537.36"
186.205.10.91 - - [17/Sep/2026:10:40:41 -0300] "POST /cpsess1240618111/3rdparty/roundcube/?_task=mail&_action=autocomplete HTTP/1.1" 200 1495 "https://webmail.espacofacial.com.br/cpsess1240618111/3rdparty/roundcube/?_task=mail&_action=compose&_id=1276627756aabedd1a0cf2&_extwin=1" "Mozilla/5.0 (Windows NT 10.0; Win64; x64) AppleWebKit/537.36 (KHTML, like Gecko) Chrome/152.0.0.0 Safari/537.36"
186.205.10.91 - - [17/Sep/2026:10:40:43 -0300] "POST /cpsess1240618111/3rdparty/roundcube/?_task=mail&_action=autocomplete HTTP/1.1" 200 1637 "https://webmail.espacofacial.com.br/cpsess1240618111/3rdparty/roundcube/?_task=mail&_action=compose&_id=1276627756aabedd1a0cf2&_extwin=1" "Mozilla/5.0 (Windows NT 10.0; Win64; x64) AppleWebKit/537.36 (KHTML, like Gecko) Chrome/152.0.0.0 Safari/537.36"
186.205.10.91 - - [17/Sep/2026:10:40:43 -0300] "POST /cpsess1240618111/3rdparty/roundcube/?_task=mail&_action=autocomplete HTTP/1.1" 200 1440 "https://webmail.espacofacial.com.br/cpsess1240618111/3rdparty/roundcube/?_task=mail&_action=compose&_id=1276627756aabedd1a0cf2&_extwin=1" "Mozilla/5.0 (Windows NT 10.0; Win64; x64) AppleWebKit/537.36 (KHTML, like Gecko) Chrome/152.0.0.0 Safari/537.36"
186.205.10.91 - - [17/Sep/2026:10:40:44 -0300] "POST /cpsess1240618111/3rdparty/roundcube/?_task=mail&_action=autocomplete HTTP/1.1" 200 1637 "https://webmail.espacofacial.com.br/cpsess1240618111/3rdparty/roundcube/?_task=mail&_action=compose&_id=1276627756aabedd1a0cf2&_extwin=1" "Mozilla/5.0 (Windows NT 10.0; Win64; x64) AppleWebKit/537.36 (KHTML, like Gecko) Chrome/152.0.0.0 Safari/537.36"
186.205.10.91 - - [17/Sep/2026:10:40:45 -0300] "POST /cpsess1240618111/3rdparty/roundcube/?_task=mail&_action=autocomplete HTTP/1.1" 200 1424 "https://webmail.espacofacial.com.br/cpsess1240618111/3rdparty/roundcube/?_task=mail&_action=compose&_id=1276627756aabedd1a0cf2&_extwin=1" "Mozilla/5.0 (Windows NT 10.0; Win64; x64) AppleWebKit/537.36 (KHTML, like Gecko) Chrome/152.0.0.0 Safari/537.36"
186.205.10.91 - - [17/Sep/2026:10:40:50 -0300] "POST /cpsess1240618111/3rdparty/roundcube/?_task=mail&_action=refresh HTTP/1.1" 308 152 "https://webmail.espacofacial.com.br/cpsess1240618111/3rdparty/roundcube/?_task=mail&_mbox=INBOX.spam" "Mozilla/5.0 (Windows NT 10.0; Win64; x64) AppleWebKit/537.36 (KHTML, like Gecko) Chrome/152.0.0.0 Safari/537.36"
186.205.10.91 - - [17/Sep/2026:10:40:50 -0300] "POST /cpsess1240618111/3rdparty/roundcube/?_task=mail&_action=refresh HTTP/1.1" 200 1388 "https://webmail.espacofacial.com.br/cpsess1240618111/3rdparty/roundcube/?_task=mail&_mbox=INBOX.spam" "Mozilla/5.0 (Windows NT 10.0; Win64; x64) AppleWebKit/537.36 (KHTML, like Gecko) Chrome/152.0.0.0 Safari/537.36"
186.205.10.91 - - [17/Sep/2026:10:40:55 -0300] "POST /cpsess1240618111/3rdparty/roundcube/?_task=utils&_action=text2html HTTP/1.1" 200 35 "https://webmail.espacofacial.com.br/cpsess1240618111/3rdparty/roundcube/?_task=mail&_action=compose&_id=1276627756aabedd1a0cf2&_extwin=1" "Mozilla/5.0 (Windows NT 10.0; Win64; x64) AppleWebKit/537.36 (KHTML, like Gecko) Chrome/152.0.0.0 Safari/537.36"
186.205.10.91 - - [17/Sep/2026:10:40:55 -0300] "GET /cpsess1240618111/3rdparty/roundcube/program/js/tinymce/themes/silver/theme.min.js?s=5080200 HTTP/1.1" 200 138438 "https://webmail.espacofacial.com.br/cpsess1240618111/3rdparty/roundcube/?_task=mail&_action=compose&_id=1276627756aabedd1a0cf2&_extwin=1" "Mozilla/5.0 (Windows NT 10.0; Win64; x64) AppleWebKit/537.36 (KHTML, like Gecko) Chrome/152.0.0.0 Safari/537.36"
186.205.10.91 - - [17/Sep/2026:10:40:55 -0300] "GET /cpsess1240618111/3rdparty/roundcube/program/js/tinymce/langs/pt_BR.js?s=5080200 HTTP/1.1" 200 6691 "https://webmail.espacofacial.com.br/cpsess1240618111/3rdparty/roundcube/?_task=mail&_action=compose&_id=1276627756aabedd1a0cf2&_extwin=1" "Mozilla/5.0 (Windows NT 10.0; Win64; x64) AppleWebKit/537.36 (KHTML, like Gecko) Chrome/152.0.0.0 Safari/537.36"
186.205.10.91 - - [17/Sep/2026:10:40:55 -0300] "GET /cpsess1240618111/3rdparty/roundcube/program/js/tinymce/icons/default/icons.min.js?s=5080200 HTTP/1.1" 200 17272 "https://webmail.espacofacial.com.br/cpsess1240618111/3rdparty/roundcube/?_task=mail&_action=compose&_id=1276627756aabedd1a0cf2&_extwin=1" "Mozilla/5.0 (Windows NT 10.0; Win64; x64) AppleWebKit/537.36 (KHTML, like Gecko) Chrome/152.0.0.0 Safari/537.36"
186.205.10.91 - - [17/Sep/2026:10:40:55 -0300] "GET /cpsess1240618111/3rdparty/roundcube/program/js/tinymce/plugins/code/plugin.min.js?s=5080200 HTTP/1.1" 200 626 "https://webmail.espacofacial.com.br/cpsess1240618111/3rdparty/roundcube/?_task=mail&_action=compose&_id=1276627756aabedd1a0cf2&_extwin=1" "Mozilla/5.0 (Windows NT 10.0; Win64; x64) AppleWebKit/537.36 (KHTML, like Gecko) Chrome/152.0.0.0 Safari/537.36"
186.205.10.91 - - [17/Sep/2026:10:40:55 -0300] "GET /cpsess1240618111/3rdparty/roundcube/program/js/tinymce/plugins/charmap/plugin.min.js?s=5080200 HTTP/1.1" 200 4680 "https://webmail.espacofacial.com.br/cpsess1240618111/3rdparty/roundcube/?_task=mail&_action=compose&_id=1276627756aabedd1a0cf2&_extwin=1" "Mozilla/5.0 (Windows NT 10.0; Win64; x64) AppleWebKit/537.36 (KHTML, like Gecko) Chrome/152.0.0.0 Safari/537.36"
186.205.10.91 - - [17/Sep/2026:10:40:55 -0300] "GET /cpsess1240618111/3rdparty/roundcube/program/js/tinymce/plugins/directionality/plugin.min.js?s=5080200 HTTP/1.1" 200 2187 "https://webmail.espacofacial.com.br/cpsess1240618111/3rdparty/roundcube/?_task=mail&_action=compose&_id=1276627756aabedd1a0cf2&_extwin=1" "Mozilla/5.0 (Windows NT 10.0; Win64; x64) AppleWebKit/537.36 (KHTML, like Gecko) Chrome/152.0.0.0 Safari/537.36"
186.205.10.91 - - [17/Sep/2026:10:40:55 -0300] "GET /cpsess1240618111/3rdparty/roundcube/program/js/tinymce/plugins/link/plugin.min.js?s=5080200 HTTP/1.1" 200 5895 "https://webmail.espacofacial.com.br/cpsess1240618111/3rdparty/roundcube/?_task=mail&_action=compose&_id=1276627756aabedd1a0cf2&_extwin=1" "Mozilla/5.0 (Windows NT 10.0; Win64; x64) AppleWebKit/537.36 (KHTML, like Gecko) Chrome/152.0.0.0 Safari/537.36"
186.205.10.91 - - [17/Sep/2026:10:40:55 -0300] "GET /cpsess1240618111/3rdparty/roundcube/program/js/tinymce/plugins/lists/plugin.min.js?s=5080200 HTTP/1.1" 200 10121 "https://webmail.espacofacial.com.br/cpsess1240618111/3rdparty/roundcube/?_task=mail&_action=compose&_id=1276627756aabedd1a0cf2&_extwin=1" "Mozilla/5.0 (Windows NT 10.0; Win64; x64) AppleWebKit/537.36 (KHTML, like Gecko) Chrome/152.0.0.0 Safari/537.36"
186.205.10.91 - - [17/Sep/2026:10:40:55 -0300] "GET /cpsess1240618111/3rdparty/roundcube/program/js/tinymce/plugins/image/plugin.min.js?s=5080200 HTTP/1.1" 200 7183 "https://webmail.espacofacial.com.br/cpsess1240618111/3rdparty/roundcube/?_task=mail&_action=compose&_id=1276627756aabedd1a0cf2&_extwin=1" "Mozilla/5.0 (Windows NT 10.0; Win64; x64) AppleWebKit/537.36 (KHTML, like Gecko) Chrome/152.0.0.0 Safari/537.36"
186.205.10.91 - - [17/Sep/2026:10:40:55 -0300] "GET /cpsess1240618111/3rdparty/roundcube/program/js/tinymce/plugins/media/plugin.min.js?s=5080200 HTTP/1.1" 200 6645 "https://webmail.espacofacial.com.br/cpsess1240618111/3rdparty/roundcube/?_task=mail&_action=compose&_id=1276627756aabedd1a0cf2&_extwin=1" "Mozilla/5.0 (Windows NT 10.0; Win64; x64) AppleWebKit/537.36 (KHTML, like Gecko) Chrome/152.0.0.0 Safari/537.36"
186.205.10.91 - - [17/Sep/2026:10:40:55 -0300] "GET /cpsess1240618111/3rdparty/roundcube/program/js/tinymce/plugins/nonbreaking/plugin.min.js?s=5080200 HTTP/1.1" 200 743 "https://webmail.espacofacial.com.br/cpsess1240618111/3rdparty/roundcube/?_task=mail&_action=compose&_id=1276627756aabedd1a0cf2&_extwin=1" "Mozilla/5.0 (Windows NT 10.0; Win64; x64) AppleWebKit/537.36 (KHTML, like Gecko) Chrome/152.0.0.0 Safari/537.36"
186.205.10.91 - - [17/Sep/2026:10:40:55 -0300] "GET /cpsess1240618111/3rdparty/roundcube/program/js/tinymce/plugins/paste/plugin.min.js?s=5080200 HTTP/1.1" 200 9267 "https://webmail.espacofacial.com.br/cpsess1240618111/3rdparty/roundcube/?_task=mail&_action=compose&_id=1276627756aabedd1a0cf2&_extwin=1" "Mozilla/5.0 (Windows NT 10.0; Win64; x64) AppleWebKit/537.36 (KHTML, like Gecko) Chrome/152.0.0.0 Safari/537.36"
186.205.10.91 - - [17/Sep/2026:10:40:55 -0300] "GET /cpsess1240618111/3rdparty/roundcube/program/js/tinymce/plugins/table/plugin.min.js?s=5080200 HTTP/1.1" 200 44775 "https://webmail.espacofacial.com.br/cpsess1240618111/3rdparty/roundcube/?_task=mail&_action=compose&_id=1276627756aabedd1a0cf2&_extwin=1" "Mozilla/5.0 (Windows NT 10.0; Win64; x64) AppleWebKit/537.36 (KHTML, like Gecko) Chrome/152.0.0.0 Safari/537.36"
186.205.10.91 - - [17/Sep/2026:10:40:55 -0300] "GET /cpsess1240618111/3rdparty/roundcube/program/js/tinymce/plugins/tabfocus/plugin.min.js?s=5080200 HTTP/1.1" 200 951 "https://webmail.espacofacial.com.br/cpsess1240618111/3rdparty/roundcube/?_task=mail&_action=compose&_id=1276627756aabedd1a0cf2&_extwin=1" "Mozilla/5.0 (Windows NT 10.0; Win64; x64) AppleWebKit/537.36 (KHTML, like Gecko) Chrome/152.0.0.0 Safari/537.36"
186.205.10.91 - - [17/Sep/2026:10:40:55 -0300] "GET /cpsess1240618111/3rdparty/roundcube/program/js/tinymce/plugins/searchreplace/plugin.min.js?s=5080200 HTTP/1.1" 200 6015 "https://webmail.espacofacial.com.br/cpsess1240618111/3rdparty/roundcube/?_task=mail&_action=compose&_id=1276627756aabedd1a0cf2&_extwin=1" "Mozilla/5.0 (Windows NT 10.0; Win64; x64) AppleWebKit/537.36 (KHTML, like Gecko) Chrome/152.0.0.0 Safari/537.36"
186.205.10.91 - - [17/Sep/2026:10:40:55 -0300] "GET /cpsess1240618111/3rdparty/roundcube/program/js/tinymce/plugins/autoresize/plugin.min.js?s=5080200 HTTP/1.1" 200 1172 "https://webmail.espacofacial.com.br/cpsess1240618111/3rdparty/roundcube/?_task=mail&_action=compose&_id=1276627756aabedd1a0cf2&_extwin=1" "Mozilla/5.0 (Windows NT 10.0; Win64; x64) AppleWebKit/537.36 (KHTML, like Gecko) Chrome/152.0.0.0 Safari/537.36"
186.205.10.91 - - [17/Sep/2026:10:40:55 -0300] "GET /cpsess1240618111/3rdparty/roundcube/program/js/tinymce/plugins/autolink/plugin.min.js?s=5080200 HTTP/1.1" 200 1344 "https://webmail.espacofacial.com.br/cpsess1240618111/3rdparty/roundcube/?_task=mail&_action=compose&_id=1276627756aabedd1a0cf2&_extwin=1" "Mozilla/5.0 (Windows NT 10.0; Win64; x64) AppleWebKit/537.36 (KHTML, like Gecko) Chrome/152.0.0.0 Safari/537.36"
186.205.10.91 - - [17/Sep/2026:10:40:55 -0300] "GET /cpsess1240618111/3rdparty/roundcube/program/js/tinymce/skins/ui/oxide/skin.min.css?s=5080200 HTTP/1.1" 200 10880 "https://webmail.espacofacial.com.br/cpsess1240618111/3rdparty/roundcube/?_task=mail&_action=compose&_id=1276627756aabedd1a0cf2&_extwin=1" "Mozilla/5.0 (Windows NT 10.0; Win64; x64) AppleWebKit/537.36 (KHTML, like Gecko) Chrome/152.0.0.0 Safari/537.36"
186.205.10.91 - - [17/Sep/2026:10:40:55 -0300] "GET /cpsess1240618111/3rdparty/roundcube/program/js/tinymce/skins/ui/oxide/content.min.css?s=5080200 HTTP/1.1" 200 5736 "https://webmail.espacofacial.com.br/cpsess1240618111/3rdparty/roundcube/?_task=mail&_action=compose&_id=1276627756aabedd1a0cf2&_extwin=1" "Mozilla/5.0 (Windows NT 10.0; Win64; x64) AppleWebKit/537.36 (KHTML, like Gecko) Chrome/152.0.0.0 Safari/537.36"
186.205.10.91 - - [17/Sep/2026:10:40:55 -0300] "GET /cpsess1240618111/3rdparty/roundcube/skins/elastic/styles/embed.min.css?s=5080200 HTTP/1.1" 200 1045 "https://webmail.espacofacial.com.br/cpsess1240618111/3rdparty/roundcube/?_task=mail&_action=compose&_id=1276627756aabedd1a0cf2&_extwin=1" "Mozilla/5.0 (Windows NT 10.0; Win64; x64) AppleWebKit/537.36 (KHTML, like Gecko) Chrome/152.0.0.0 Safari/537.36"
186.205.10.91 - - [17/Sep/2026:10:40:58 -0300] "GET /cpsess1240618111/3rdparty/roundcube/?_task=settings&_action=response-get&_id=1&_is_html=1&_remote=1&_unlock=loading1789652457865&_=1789652433715 HTTP/1.1" 200 1646 "https://webmail.espacofacial.com.br/cpsess1240618111/3rdparty/roundcube/?_task=mail&_action=compose&_id=1276627756aabedd1a0cf2&_extwin=1" "Mozilla/5.0 (Windows NT 10.0; Win64; x64) AppleWebKit/537.36 (KHTML, like Gecko) Chrome/152.0.0.0 Safari/537.36"
43.140.247.223 - - [17/Sep/2026:10:40:59 -0300] "GET / HTTP/1.1" 200 143839 "http://www.espacofacial.com.br" "Mozilla/5.0 (iPhone; CPU iPhone OS 13_2_3 like Mac OS X) AppleWebKit/605.1.15 (KHTML, like Gecko) Version/13.0.3 Mobile/15E148 Safari/604.1"
37.19.221.225 - - [17/Sep/2026:10:41:20 -0300] "POST /cpsess7211416590/3rdparty/roundcube/?_task=mail&_action=refresh HTTP/1.1" 308 152 "https://webmail.espacofacial.com.br/cpsess7211416590/3rdparty/roundcube/?_task=mail&_mbox=INBOX" "Mozilla/5.0 (Windows NT 10.0; Win64; x64) AppleWebKit/537.36 (KHTML, like Gecko) Chrome/152.0.0.0 Safari/537.36"
37.19.221.225 - - [17/Sep/2026:10:41:21 -0300] "POST /cpsess7211416590/3rdparty/roundcube/?_task=mail&_action=refresh HTTP/1.1" 200 1388 "https://webmail.espacofacial.com.br/cpsess7211416590/3rdparty/roundcube/?_task=mail&_mbox=INBOX" "Mozilla/5.0 (Windows NT 10.0; Win64; x64) AppleWebKit/537.36 (KHTML, like Gecko) Chrome/152.0.0.0 Safari/537.36"
179.49.205.248 - - [17/Sep/2026:10:41:23 -0300] "POST /cpsess8770996163/3rdparty/roundcube/?_task=mail&_action=refresh HTTP/1.1" 308 152 "https://webmail.espacofacial.com.br/cpsess8770996163/3rdparty/roundcube/?_task=mail&_mbox=INBOX.spam" "Mozilla/5.0 (Windows NT 10.0; Win64; x64) AppleWebKit/537.36 (KHTML, like Gecko) Chrome/152.0.0.0 Safari/537.36"
179.49.205.248 - - [17/Sep/2026:10:41:23 -0300] "POST /cpsess8770996163/3rdparty/roundcube/?_task=mail&_action=refresh HTTP/1.1" 200 1388 "https://webmail.espacofacial.com.br/cpsess8770996163/3rdparty/roundcube/?_task=mail&_mbox=INBOX.spam" "Mozilla/5.0 (Windows NT 10.0; Win64; x64) AppleWebKit/537.36 (KHTML, like Gecko) Chrome/152.0.0.0 Safari/537.36"
186.205.10.91 - - [17/Sep/2026:10:41:28 -0300] "POST /cpsess1240618111/3rdparty/roundcube/?_task=mail&_remote=1&_from=compose&_id=1276627756aabedd1a0cf2&_uploadid=upload1789652488544&_action=upload HTTP/1.1" 200 427 "https://webmail.espacofacial.com.br/cpsess1240618111/3rdparty/roundcube/?_task=mail&_action=compose&_id=1276627756aabedd1a0cf2&_extwin=1" "Mozilla/5.0 (Windows NT 10.0; Win64; x64) AppleWebKit/537.36 (KHTML, like Gecko) Chrome/152.0.0.0 Safari/537.36"
186.205.10.91 - - [17/Sep/2026:10:41:29 -0300] "POST /cpsess1240618111/3rdparty/roundcube/?_task=mail&_unlock=loading1789652489759&_framed=1 HTTP/1.1" 200 345 "https://webmail.espacofacial.com.br/cpsess1240618111/3rdparty/roundcube/?_task=mail&_action=compose&_id=1276627756aabedd1a0cf2&_extwin=1" "Mozilla/5.0 (Windows NT 10.0; Win64; x64) AppleWebKit/537.36 (KHTML, like Gecko) Chrome/152.0.0.0 Safari/537.36"
200.195.112.243 - - [17/Sep/2026:10:41:35 -0300] "GET /cpsess1974799990/3rdparty/roundcube/?_task=mail&_mbox=INBOX HTTP/1.1" 308 148 "https://webmail.espacofacial.com.br/cpsess1974799990/3rdparty/roundcube/?_task=mail&_mbox=INBOX" "Mozilla/5.0 (Windows NT 10.0; Win64; x64) AppleWebKit/537.36 (KHTML, like Gecko) Chrome/153.0.0.0 Safari/537.36"
200.195.112.243 - - [17/Sep/2026:10:41:35 -0300] "GET /cpsess1974799990/3rdparty/roundcube/?_task=mail&_mbox=INBOX HTTP/1.1" 302 - "https://webmail.espacofacial.com.br/cpsess1974799990/3rdparty/roundcube/?_task=mail&_mbox=INBOX" "Mozilla/5.0 (Windows NT 10.0; Win64; x64) AppleWebKit/537.36 (KHTML, like Gecko) Chrome/153.0.0.0 Safari/537.36"
200.195.112.243 - - [17/Sep/2026:10:41:36 -0300] "GET /cpsess1974799990/3rdparty/roundcube/?_task=mail&_token=6DW5yj8Ig4sMXmp8yzynUGXizBVt4WVR HTTP/1.1" 200 14217 "https://webmail.espacofacial.com.br/cpsess1974799990/3rdparty/roundcube/?_task=mail&_mbox=INBOX" "Mozilla/5.0 (Windows NT 10.0; Win64; x64) AppleWebKit/537.36 (KHTML, like Gecko) Chrome/153.0.0.0 Safari/537.36"
200.195.112.243 - - [17/Sep/2026:10:41:36 -0300] "GET /cpsess1974799990/3rdparty/roundcube/skins/elastic/watermark.html HTTP/1.1" 200 494 "https://webmail.espacofacial.com.br/cpsess1974799990/3rdparty/roundcube/?_task=mail&_token=6DW5yj8Ig4sMXmp8yzynUGXizBVt4WVR" "Mozilla/5.0 (Windows NT 10.0; Win64; x64) AppleWebKit/537.36 (KHTML, like Gecko) Chrome/153.0.0.0 Safari/537.36"
200.195.112.243 - - [17/Sep/2026:10:41:36 -0300] "GET /cpsess1974799990/3rdparty/roundcube/?_task=mail&_action=list&_refresh=1&_layout=widescreen&_mbox=INBOX&_page=&_remote=1&_unlock=loading1789652496614&_=1789652496259 HTTP/1.1" 200 4449 "https://webmail.espacofacial.com.br/cpsess1974799990/3rdparty/roundcube/?_task=mail&_token=6DW5yj8Ig4sMXmp8yzynUGXizBVt4WVR" "Mozilla/5.0 (Windows NT 10.0; Win64; x64) AppleWebKit/537.36 (KHTML, like Gecko) Chrome/153.0.0.0 Safari/537.36"
200.195.112.243 - - [17/Sep/2026:10:41:36 -0300] "GET /cpsess1974799990/3rdparty/roundcube/?_task=mail&_action=getunread&_page=1&_remote=1&_unlock=0&_=1789652496260 HTTP/1.1" 200 1393 "https://webmail.espacofacial.com.br/cpsess1974799990/3rdparty/roundcube/?_task=mail&_mbox=INBOX" "Mozilla/5.0 (Windows NT 10.0; Win64; x64) AppleWebKit/537.36 (KHTML, like Gecko) Chrome/153.0.0.0 Safari/537.36"
200.195.112.243 - - [17/Sep/2026:10:41:37 -0300] "GET /skins/elastic/images/favicon.ico?s=1788683399 HTTP/1.1" 308 130 "https://webmail.espacofacial.com.br/cpsess1974799990/3rdparty/roundcube/?_task=mail&_mbox=INBOX" "Mozilla/5.0 (Windows NT 10.0; Win64; x64) AppleWebKit/537.36 (KHTML, like Gecko) Chrome/153.0.0.0 Safari/537.36"
200.195.112.243 - - [17/Sep/2026:10:41:37 -0300] "GET /skins/elastic/images/favicon.ico?s=1788683399 HTTP/1.1" 401 4482 "https://webmail.espacofacial.com.br/cpsess1974799990/3rdparty/roundcube/?_task=mail&_mbox=INBOX" "Mozilla/5.0 (Windows NT 10.0; Win64; x64) AppleWebKit/537.36 (KHTML, like Gecko) Chrome/153.0.0.0 Safari/537.36"
200.195.112.243 - - [17/Sep/2026:10:41:43 -0300] "GET /skins/elastic/images/favicon.ico?s=1788683399 HTTP/1.1" 308 130 "-" "WinHTTP Example/1.0"
200.195.112.243 - - [17/Sep/2026:10:41:43 -0300] "GET /skins/elastic/images/favicon.ico?s=1788683399 HTTP/1.1" 404 5815 "-" "WinHTTP Example/1.0"
200.195.112.243 - - [17/Sep/2026:10:41:43 -0300] "GET /cpsess1974799990/3rdparty/roundcube/?_task=mail&_mbox=INBOX HTTP/1.1" 200 14216 "https://webmail.espacofacial.com.br/cpsess1974799990/3rdparty/roundcube/?_task=mail&_mbox=INBOX" "Mozilla/5.0 (Windows NT 10.0; Win64; x64) AppleWebKit/537.36 (KHTML, like Gecko) Chrome/153.0.0.0 Safari/537.36"
200.195.112.243 - - [17/Sep/2026:10:41:43 -0300] "GET /cpsess1974799990/3rdparty/roundcube/skins/elastic/watermark.html HTTP/1.1" 200 494 "https://webmail.espacofacial.com.br/cpsess1974799990/3rdparty/roundcube/?_task=mail&_token=6DW5yj8Ig4sMXmp8yzynUGXizBVt4WVR" "Mozilla/5.0 (Windows NT 10.0; Win64; x64) AppleWebKit/537.36 (KHTML, like Gecko) Chrome/153.0.0.0 Safari/537.36"
200.195.112.243 - - [17/Sep/2026:10:41:44 -0300] "GET /cpsess1974799990/3rdparty/roundcube/?_task=mail&_action=list&_refresh=1&_layout=widescreen&_mbox=INBOX&_page=&_remote=1&_unlock=loading1789652503997&_=1789652503822 HTTP/1.1" 200 4449 "https://webmail.espacofacial.com.br/cpsess1974799990/3rdparty/roundcube/?_task=mail&_mbox=INBOX" "Mozilla/5.0 (Windows NT 10.0; Win64; x64) AppleWebKit/537.36 (KHTML, like Gecko) Chrome/153.0.0.0 Safari/537.36"
200.195.112.243 - - [17/Sep/2026:10:41:44 -0300] "GET /cpsess1974799990/3rdparty/roundcube/?_task=mail&_action=getunread&_page=1&_remote=1&_unlock=0&_=1789652503823 HTTP/1.1" 200 1366 "https://webmail.espacofacial.com.br/cpsess1974799990/3rdparty/roundcube/?_task=mail&_mbox=INBOX" "Mozilla/5.0 (Windows NT 10.0; Win64; x64) AppleWebKit/537.36 (KHTML, like Gecko) Chrome/153.0.0.0 Safari/537.36"
200.195.112.243 - - [17/Sep/2026:10:41:46 -0300] "GET /cpsess1974799990/3rdparty/roundcube/?_task=mail&_caps=pdf%3D1%2Cflash%3D0%2Ctiff%3D0%2Cwebp%3D1%2Cpgpmime%3D0&_uid=4830&_mbox=INBOX&_framed=1&_action=preview HTTP/1.1" 200 8380 "https://webmail.espacofacial.com.br/cpsess1974799990/3rdparty/roundcube/?_task=mail&_mbox=INBOX" "Mozilla/5.0 (Windows NT 10.0; Win64; x64) AppleWebKit/537.36 (KHTML, like Gecko) Chrome/153.0.0.0 Safari/537.36"
200.195.112.243 - - [17/Sep/2026:10:41:46 -0300] "GET /cpsess1974799990/3rdparty/roundcube/?_task=addressbook&_action=photo&_email=noreply%40acessorias.com&_error=1&_bgcolor=transparent HTTP/1.1" 204 - "https://webmail.espacofacial.com.br/cpsess1974799990/3rdparty/roundcube/?_task=mail&_caps=pdf%3D1%2Cflash%3D0%2Ctiff%3D0%2Cwebp%3D1%2Cpgpmime%3D0&_uid=4830&_mbox=INBOX&_framed=1&_action=preview" "Mozilla/5.0 (Windows NT 10.0; Win64; x64) AppleWebKit/537.36 (KHTML, like Gecko) Chrome/153.0.0.0 Safari/537.36"
200.195.112.243 - - [17/Sep/2026:10:41:50 -0300] "GET /cpsess1974799990/3rdparty/roundcube/?_task=mail&_caps=pdf%3D1%2Cflash%3D0%2Ctiff%3D0%2Cwebp%3D1%2Cpgpmime%3D0&_uid=4829&_mbox=INBOX&_framed=1&_action=preview HTTP/1.1" 200 8997 "https://webmail.espacofacial.com.br/cpsess1974799990/3rdparty/roundcube/?_task=mail&_mbox=INBOX" "Mozilla/5.0 (Windows NT 10.0; Win64; x64) AppleWebKit/537.36 (KHTML, like Gecko) Chrome/153.0.0.0 Safari/537.36"
186.205.10.91 - - [17/Sep/2026:10:41:50 -0300] "POST /cpsess1240618111/3rdparty/roundcube/?_task=mail&_action=refresh HTTP/1.1" 308 152 "https://webmail.espacofacial.com.br/cpsess1240618111/3rdparty/roundcube/?_task=mail&_mbox=INBOX.spam" "Mozilla/5.0 (Windows NT 10.0; Win64; x64) AppleWebKit/537.36 (KHTML, like Gecko) Chrome/152.0.0.0 Safari/537.36"
200.195.112.243 - - [17/Sep/2026:10:41:51 -0300] "GET /cpsess1974799990/3rdparty/roundcube/?_task=addressbook&_action=photo&_email=karina.gurgel%40mvrcontabilidade.com.br&_error=1&_bgcolor=transparent HTTP/1.1" 204 - "https://webmail.espacofacial.com.br/cpsess1974799990/3rdparty/roundcube/?_task=mail&_caps=pdf%3D1%2Cflash%3D0%2Ctiff%3D0%2Cwebp%3D1%2Cpgpmime%3D0&_uid=4829&_mbox=INBOX&_framed=1&_action=preview" "Mozilla/5.0 (Windows NT 10.0; Win64; x64) AppleWebKit/537.36 (KHTML, like Gecko) Chrome/153.0.0.0 Safari/537.36"
186.205.10.91 - - [17/Sep/2026:10:41:51 -0300] "POST /cpsess1240618111/3rdparty/roundcube/?_task=mail&_action=refresh HTTP/1.1" 200 1389 "https://webmail.espacofacial.com.br/cpsess1240618111/3rdparty/roundcube/?_task=mail&_mbox=INBOX.spam" "Mozilla/5.0 (Windows NT 10.0; Win64; x64) AppleWebKit/537.36 (KHTML, like Gecko) Chrome/152.0.0.0 Safari/537.36"
200.195.112.243 - - [17/Sep/2026:10:41:52 -0300] "GET /cpsess1974799990/3rdparty/roundcube/?_task=mail&_caps=pdf%3D1%2Cflash%3D0%2Ctiff%3D0%2Cwebp%3D1%2Cpgpmime%3D0&_uid=4830&_mbox=INBOX&_framed=1&_action=preview HTTP/1.1" 200 8404 "https://webmail.espacofacial.com.br/cpsess1974799990/3rdparty/roundcube/?_task=mail&_mbox=INBOX" "Mozilla/5.0 (Windows NT 10.0; Win64; x64) AppleWebKit/537.36 (KHTML, like Gecko) Chrome/153.0.0.0 Safari/537.36"
200.195.112.243 - - [17/Sep/2026:10:41:52 -0300] "GET /cpsess1974799990/3rdparty/roundcube/?_task=addressbook&_action=photo&_email=noreply%40acessorias.com&_error=1&_bgcolor=transparent HTTP/1.1" 204 - "https://webmail.espacofacial.com.br/cpsess1974799990/3rdparty/roundcube/?_task=mail&_caps=pdf%3D1%2Cflash%3D0%2Ctiff%3D0%2Cwebp%3D1%2Cpgpmime%3D0&_uid=4830&_mbox=INBOX&_framed=1&_action=preview" "Mozilla/5.0 (Windows NT 10.0; Win64; x64) AppleWebKit/537.36 (KHTML, like Gecko) Chrome/153.0.0.0 Safari/537.36"
200.195.112.243 - - [17/Sep/2026:10:41:54 -0300] "GET /cpsess1974799990/3rdparty/roundcube/skins/elastic/watermark.html HTTP/1.1" 200 494 "https://webmail.espacofacial.com.br/cpsess1974799990/3rdparty/roundcube/?_task=mail&_mbox=INBOX" "Mozilla/5.0 (Windows NT 10.0; Win64; x64) AppleWebKit/537.36 (KHTML, like Gecko) Chrome/153.0.0.0 Safari/537.36"
200.195.112.243 - - [17/Sep/2026:10:41:54 -0300] "GET /cpsess1974799990/3rdparty/roundcube/?_task=mail&_action=list&_refresh=1&_layout=widescreen&_mbox=INBOX.spam&_page=1&_remote=1&_unlock=loading1789652514818&_=1789652503824 HTTP/1.1" 200 5004 "https://webmail.espacofacial.com.br/cpsess1974799990/3rdparty/roundcube/?_task=mail&_mbox=INBOX" "Mozilla/5.0 (Windows NT 10.0; Win64; x64) AppleWebKit/537.36 (KHTML, like Gecko) Chrome/153.0.0.0 Safari/537.36"
191.11.169.211 - - [17/Sep/2026:10:41:56 -0300] "GET /skunk/carrosel/carrosel.html HTTP/1.1" 200 36626 "https://www.skunk.com.br/" "Mozilla/5.0 (Linux; Android 15; SM-S937B Build/AP3A.240905.015.A2; wv) AppleWebKit/537.36 (KHTML, like Gecko) Version/4.0 Chrome/153.0.8010.41 Mobile Safari/537.36 Instagram 447.0.0.55.81 Android (35/15; 450dpi; 1080x2340; samsung; SM-S937B; psq; qcom; pt_BR; 1068046177; IABMV/1)"
200.195.112.243 - - [17/Sep/2026:10:42:02 -0300] "GET /cpsess1974799990/3rdparty/roundcube/?_task=mail&_action=list&_refresh=1&_layout=widescreen&_mbox=INBOX&_page=1&_remote=1&_unlock=loading1789652522077&_=1789652503825 HTTP/1.1" 200 4874 "https://webmail.espacofacial.com.br/cpsess1974799990/3rdparty/roundcube/?_task=mail&_mbox=INBOX.spam" "Mozilla/5.0 (Windows NT 10.0; Win64; x64) AppleWebKit/537.36 (KHTML, like Gecko) Chrome/153.0.0.0 Safari/537.36"
37.19.221.225 - - [17/Sep/2026:10:42:21 -0300] "POST /cpsess7211416590/3rdparty/roundcube/?_task=mail&_action=refresh HTTP/1.1" 308 152 "https://webmail.espacofacial.com.br/cpsess7211416590/3rdparty/roundcube/?_task=mail&_mbox=INBOX" "Mozilla/5.0 (Windows NT 10.0; Win64; x64) AppleWebKit/537.36 (KHTML, like Gecko) Chrome/152.0.0.0 Safari/537.36"
37.19.221.225 - - [17/Sep/2026:10:42:21 -0300] "POST /cpsess7211416590/3rdparty/roundcube/?_task=mail&_action=refresh HTTP/1.1" 200 1388 "https://webmail.espacofacial.com.br/cpsess7211416590/3rdparty/roundcube/?_task=mail&_mbox=INBOX" "Mozilla/5.0 (Windows NT 10.0; Win64; x64) AppleWebKit/537.36 (KHTML, like Gecko) Chrome/152.0.0.0 Safari/537.36"
9.160.34.159 - - [17/Sep/2026:10:42:23 -0300] "GET / HTTP/1.1" 200 143808 "-" "Mozilla/5.0 AppleWebKit/537.36 (KHTML, like Gecko); compatible; ChatGPT-User/1.0; +https://openai.com/bot"
200.167.89.98 - - [17/Sep/2026:10:42:24 -0300] "POST /cpsess8770996163/3rdparty/roundcube/?_task=mail&_action=refresh HTTP/1.1" 308 152 "https://webmail.espacofacial.com.br/cpsess8770996163/3rdparty/roundcube/?_task=mail&_mbox=INBOX.spam" "Mozilla/5.0 (Windows NT 10.0; Win64; x64) AppleWebKit/537.36 (KHTML, like Gecko) Chrome/152.0.0.0 Safari/537.36"
200.167.89.98 - - [17/Sep/2026:10:42:24 -0300] "POST /cpsess8770996163/3rdparty/roundcube/?_task=mail&_action=refresh HTTP/1.1" 200 1388 "https://webmail.espacofacial.com.br/cpsess8770996163/3rdparty/roundcube/?_task=mail&_mbox=INBOX.spam" "Mozilla/5.0 (Windows NT 10.0; Win64; x64) AppleWebKit/537.36 (KHTML, like Gecko) Chrome/152.0.0.0 Safari/537.36"
200.195.112.243 - - [17/Sep/2026:10:42:44 -0300] "POST /cpsess1974799990/3rdparty/roundcube/?_task=mail&_action=refresh HTTP/1.1" 308 152 "https://webmail.espacofacial.com.br/cpsess1974799990/3rdparty/roundcube/?_task=mail&_mbox=INBOX" "Mozilla/5.0 (Windows NT 10.0; Win64; x64) AppleWebKit/537.36 (KHTML, like Gecko) Chrome/153.0.0.0 Safari/537.36"
200.195.112.243 - - [17/Sep/2026:10:42:44 -0300] "POST /cpsess1974799990/3rdparty/roundcube/?_task=mail&_action=refresh HTTP/1.1" 200 1390 "https://webmail.espacofacial.com.br/cpsess1974799990/3rdparty/roundcube/?_task=mail&_mbox=INBOX" "Mozilla/5.0 (Windows NT 10.0; Win64; x64) AppleWebKit/537.36 (KHTML, like Gecko) Chrome/153.0.0.0 Safari/537.36"
85.208.98.55 - - [17/Sep/2026:10:42:56 -0300] "GET / HTTP/1.1" 200 143847 "-" "Mozilla/5.0 (compatible; SemrushBot-SI/0.97; +http://www.semrush.com/bot.html)"
186.205.10.91 - - [17/Sep/2026:10:42:59 -0300] "POST /cpsess1240618111/3rdparty/roundcube/?_task=mail&_action=refresh HTTP/1.1" 308 152 "https://webmail.espacofacial.com.br/cpsess1240618111/3rdparty/roundcube/?_task=mail&_mbox=INBOX.spam" "Mozilla/5.0 (Windows NT 10.0; Win64; x64) AppleWebKit/537.36 (KHTML, like Gecko) Chrome/152.0.0.0 Safari/537.36"
186.205.10.91 - - [17/Sep/2026:10:43:00 -0300] "POST /cpsess1240618111/3rdparty/roundcube/?_task=mail&_action=refresh HTTP/1.1" 200 1389 "https://webmail.espacofacial.com.br/cpsess1240618111/3rdparty/roundcube/?_task=mail&_mbox=INBOX.spam" "Mozilla/5.0 (Windows NT 10.0; Win64; x64) AppleWebKit/537.36 (KHTML, like Gecko) Chrome/152.0.0.0 Safari/537.36"
37.19.221.225 - - [17/Sep/2026:10:43:20 -0300] "POST /cpsess7211416590/3rdparty/roundcube/?_task=mail&_action=refresh HTTP/1.1" 308 152 "https://webmail.espacofacial.com.br/cpsess7211416590/3rdparty/roundcube/?_task=mail&_mbox=INBOX" "Mozilla/5.0 (Windows NT 10.0; Win64; x64) AppleWebKit/537.36 (KHTML, like Gecko) Chrome/152.0.0.0 Safari/537.36"
37.19.221.225 - - [17/Sep/2026:10:43:20 -0300] "POST /cpsess7211416590/3rdparty/roundcube/?_task=mail&_action=refresh HTTP/1.1" 200 1387 "https://webmail.espacofacial.com.br/cpsess7211416590/3rdparty/roundcube/?_task=mail&_mbox=INBOX" "Mozilla/5.0 (Windows NT 10.0; Win64; x64) AppleWebKit/537.36 (KHTML, like Gecko) Chrome/152.0.0.0 Safari/537.36"
200.167.89.98 - - [17/Sep/2026:10:43:25 -0300] "POST /cpsess8770996163/3rdparty/roundcube/?_task=mail&_action=refresh HTTP/1.1" 200 1388 "https://webmail.espacofacial.com.br/cpsess8770996163/3rdparty/roundcube/?_task=mail&_mbox=INBOX.spam" "Mozilla/5.0 (Windows NT 10.0; Win64; x64) AppleWebKit/537.36 (KHTML, like Gecko) Chrome/152.0.0.0 Safari/537.36"
5.161.194.92 - - [17/Sep/2026:10:43:33 -0300] "HEAD / HTTP/1.1" 200 - "https://espacofacial.com.br" "Mozilla/5.0+(compatible; UptimeRobot/2.0; http://www.uptimerobot.com/)"
3.149.57.90 - - [17/Sep/2026:10:43:33 -0300] "HEAD / HTTP/1.1" 200 - "https://espacofacial.com.br" "Mozilla/5.0+(compatible; UptimeRobot/2.0; http://www.uptimerobot.com/)"
45.6.79.176 - - [17/Sep/2026:10:43:39 -0300] "GET /skunk/carrosel/carrosel.html HTTP/1.1" 200 36626 "https://www.skunk.com.br/" "Mozilla/5.0 (iPhone; CPU iPhone OS 26_6_2 like Mac OS X) AppleWebKit/605.1.15 (KHTML, like Gecko) Mobile/23G90 Instagram 447.0.0.34.80 (iPhone15,2; iOS 26_6_2; pt_BR; pt; scale=3.00; 1179x2556; IABMV/1; 1065993616) Safari/604.1"
200.195.112.243 - - [17/Sep/2026:10:43:44 -0300] "POST /cpsess1974799990/3rdparty/roundcube/?_task=mail&_action=refresh HTTP/1.1" 308 152 "https://webmail.espacofacial.com.br/cpsess1974799990/3rdparty/roundcube/?_task=mail&_mbox=INBOX" "Mozilla/5.0 (Windows NT 10.0; Win64; x64) AppleWebKit/537.36 (KHTML, like Gecko) Chrome/153.0.0.0 Safari/537.36"
200.195.112.243 - - [17/Sep/2026:10:43:44 -0300] "POST /cpsess1974799990/3rdparty/roundcube/?_task=mail&_action=refresh HTTP/1.1" 200 1390 "https://webmail.espacofacial.com.br/cpsess1974799990/3rdparty/roundcube/?_task=mail&_mbox=INBOX" "Mozilla/5.0 (Windows NT 10.0; Win64; x64) AppleWebKit/537.36 (KHTML, like Gecko) Chrome/153.0.0.0 Safari/537.36"
186.205.10.91 - - [17/Sep/2026:10:43:58 -0300] "POST /cpsess9876102582/3rdparty/roundcube/?_task=mail&_action=refresh HTTP/1.1" 308 152 "https://webmail.espacofacial.com.br/cpsess9876102582/3rdparty/roundcube/?_task=mail&_mbox=INBOX" "Mozilla/5.0 (Macintosh; Intel Mac OS X 10_15_7) AppleWebKit/537.36 (KHTML, like Gecko) Chrome/152.0.0.0 Safari/537.36"
186.205.10.91 - - [17/Sep/2026:10:43:58 -0300] "POST /cpsess9876102582/3rdparty/roundcube/?_task=mail&_action=refresh HTTP/1.1" 200 1388 "https://webmail.espacofacial.com.br/cpsess9876102582/3rdparty/roundcube/?_task=mail&_mbox=INBOX" "Mozilla/5.0 (Macintosh; Intel Mac OS X 10_15_7) AppleWebKit/537.36 (KHTML, like Gecko) Chrome/152.0.0.0 Safari/537.36"
186.205.10.91 - - [17/Sep/2026:10:43:59 -0300] "POST /cpsess1240618111/3rdparty/roundcube/?_task=mail&_action=refresh HTTP/1.1" 308 152 "https://webmail.espacofacial.com.br/cpsess1240618111/3rdparty/roundcube/?_task=mail&_mbox=INBOX.spam" "Mozilla/5.0 (Windows NT 10.0; Win64; x64) AppleWebKit/537.36 (KHTML, like Gecko) Chrome/152.0.0.0 Safari/537.36"
186.205.10.91 - - [17/Sep/2026:10:44:00 -0300] "POST /cpsess1240618111/3rdparty/roundcube/?_task=mail&_action=refresh HTTP/1.1" 200 1389 "https://webmail.espacofacial.com.br/cpsess1240618111/3rdparty/roundcube/?_task=mail&_mbox=INBOX.spam" "Mozilla/5.0 (Windows NT 10.0; Win64; x64) AppleWebKit/537.36 (KHTML, like Gecko) Chrome/152.0.0.0 Safari/537.36"
2a02:26f7:e530:5806:0:2000:0:3 - - [17/Sep/2026:10:44:02 -0300] "GET /.well-known/passkey-endpoints HTTP/1.1" 200 21060 "-" "com.apple.AuthenticationServicesCore.AuthenticationServicesAgent/8624.4.5.10.5 CFNetwork/3860.700.1 Darwin/25.6.0"
114.119.133.165 - - [17/Sep/2026:10:44:08 -0300] "GET /tratamento/lipo-de-papada-nao-cirurgica HTTP/1.1" 200 25187 "https://www.espacofacial.com.br/tratamento/bioestimuladores" "Mozilla/5.0 (Linux; Android 7.0;) AppleWebKit/537.36 (HTML, like Gecko) Mobile Safari/537.36 (compatible; PetalBot;+https://webmaster.petalsearch.com/site/petalbot)"
37.19.221.225 - - [17/Sep/2026:10:44:20 -0300] "POST /cpsess7211416590/3rdparty/roundcube/?_task=mail&_action=refresh HTTP/1.1" 200 1388 "https://webmail.espacofacial.com.br/cpsess7211416590/3rdparty/roundcube/?_task=mail&_mbox=INBOX" "Mozilla/5.0 (Windows NT 10.0; Win64; x64) AppleWebKit/537.36 (KHTML, like Gecko) Chrome/152.0.0.0 Safari/537.36"
200.214.45.18 - - [17/Sep/2026:10:44:26 -0300] "POST /cpsess8770996163/3rdparty/roundcube/?_task=mail&_action=refresh HTTP/1.1" 308 152 "https://webmail.espacofacial.com.br/cpsess8770996163/3rdparty/roundcube/?_task=mail&_mbox=INBOX.spam" "Mozilla/5.0 (Windows NT 10.0; Win64; x64) AppleWebKit/537.36 (KHTML, like Gecko) Chrome/152.0.0.0 Safari/537.36"
200.214.45.18 - - [17/Sep/2026:10:44:26 -0300] "POST /cpsess8770996163/3rdparty/roundcube/?_task=mail&_action=refresh HTTP/1.1" 200 1388 "https://webmail.espacofacial.com.br/cpsess8770996163/3rdparty/roundcube/?_task=mail&_mbox=INBOX.spam" "Mozilla/5.0 (Windows NT 10.0; Win64; x64) AppleWebKit/537.36 (KHTML, like Gecko) Chrome/152.0.0.0 Safari/537.36"
200.195.112.243 - - [17/Sep/2026:10:44:44 -0300] "POST /cpsess1974799990/3rdparty/roundcube/?_task=mail&_action=refresh HTTP/1.1" 200 1390 "https://webmail.espacofacial.com.br/cpsess1974799990/3rdparty/roundcube/?_task=mail&_mbox=INBOX" "Mozilla/5.0 (Windows NT 10.0; Win64; x64) AppleWebKit/537.36 (KHTML, like Gecko) Chrome/153.0.0.0 Safari/537.36"
186.205.10.91 - - [17/Sep/2026:10:44:52 -0300] "POST /cpsess9876102582/3rdparty/roundcube/?_task=mail&_action=refresh HTTP/1.1" 308 152 "https://webmail.espacofacial.com.br/cpsess9876102582/3rdparty/roundcube/?_task=mail&_mbox=INBOX" "Mozilla/5.0 (Macintosh; Intel Mac OS X 10_15_7) AppleWebKit/537.36 (KHTML, like Gecko) Chrome/152.0.0.0 Safari/537.36"
186.205.10.91 - - [17/Sep/2026:10:44:52 -0300] "POST /cpsess9876102582/3rdparty/roundcube/?_task=mail&_action=refresh HTTP/1.1" 200 1388 "https://webmail.espacofacial.com.br/cpsess9876102582/3rdparty/roundcube/?_task=mail&_mbox=INBOX" "Mozilla/5.0 (Macintosh; Intel Mac OS X 10_15_7) AppleWebKit/537.36 (KHTML, like Gecko) Chrome/152.0.0.0 Safari/537.36"
186.205.10.91 - - [17/Sep/2026:10:44:59 -0300] "POST /cpsess1240618111/3rdparty/roundcube/?_task=mail&_action=refresh HTTP/1.1" 308 152 "https://webmail.espacofacial.com.br/cpsess1240618111/3rdparty/roundcube/?_task=mail&_mbox=INBOX.spam" "Mozilla/5.0 (Windows NT 10.0; Win64; x64) AppleWebKit/537.36 (KHTML, like Gecko) Chrome/152.0.0.0 Safari/537.36"
186.205.10.91 - - [17/Sep/2026:10:45:00 -0300] "POST /cpsess1240618111/3rdparty/roundcube/?_task=mail&_action=refresh HTTP/1.1" 200 1392 "https://webmail.espacofacial.com.br/cpsess1240618111/3rdparty/roundcube/?_task=mail&_mbox=INBOX.spam" "Mozilla/5.0 (Windows NT 10.0; Win64; x64) AppleWebKit/537.36 (KHTML, like Gecko) Chrome/152.0.0.0 Safari/537.36"
37.19.221.225 - - [17/Sep/2026:10:45:20 -0300] "POST /cpsess7211416590/3rdparty/roundcube/?_task=mail&_action=refresh HTTP/1.1" 308 152 "https://webmail.espacofacial.com.br/cpsess7211416590/3rdparty/roundcube/?_task=mail&_mbox=INBOX" "Mozilla/5.0 (Windows NT 10.0; Win64; x64) AppleWebKit/537.36 (KHTML, like Gecko) Chrome/152.0.0.0 Safari/537.36"
37.19.221.225 - - [17/Sep/2026:10:45:21 -0300] "POST /cpsess7211416590/3rdparty/roundcube/?_task=mail&_action=refresh HTTP/1.1" 200 1388 "https://webmail.espacofacial.com.br/cpsess7211416590/3rdparty/roundcube/?_task=mail&_mbox=INBOX" "Mozilla/5.0 (Windows NT 10.0; Win64; x64) AppleWebKit/537.36 (KHTML, like Gecko) Chrome/152.0.0.0 Safari/537.36"
200.214.45.18 - - [17/Sep/2026:10:45:27 -0300] "POST /cpsess8770996163/3rdparty/roundcube/?_task=mail&_action=refresh HTTP/1.1" 200 1388 "https://webmail.espacofacial.com.br/cpsess8770996163/3rdparty/roundcube/?_task=mail&_mbox=INBOX.spam" "Mozilla/5.0 (Windows NT 10.0; Win64; x64) AppleWebKit/537.36 (KHTML, like Gecko) Chrome/152.0.0.0 Safari/537.36"
114.119.133.165 - - [17/Sep/2026:10:45:28 -0300] "GET /unidade/Shopping-Metropolitano HTTP/1.1" 200 34218 "https://www.espacofacial.com.br/unidade/Shopping-Metropolitano" "Mozilla/5.0 (Linux; Android 7.0;) AppleWebKit/537.36 (HTML, like Gecko) Mobile Safari/537.36 (compatible; PetalBot;+https://webmaster.petalsearch.com/site/petalbot)"
200.195.112.243 - - [17/Sep/2026:10:45:44 -0300] "POST /cpsess1974799990/3rdparty/roundcube/?_task=mail&_action=refresh HTTP/1.1" 308 152 "https://webmail.espacofacial.com.br/cpsess1974799990/3rdparty/roundcube/?_task=mail&_mbox=INBOX" "Mozilla/5.0 (Windows NT 10.0; Win64; x64) AppleWebKit/537.36 (KHTML, like Gecko) Chrome/153.0.0.0 Safari/537.36"
200.195.112.243 - - [17/Sep/2026:10:45:44 -0300] "POST /cpsess1974799990/3rdparty/roundcube/?_task=mail&_action=refresh HTTP/1.1" 200 1390 "https://webmail.espacofacial.com.br/cpsess1974799990/3rdparty/roundcube/?_task=mail&_mbox=INBOX" "Mozilla/5.0 (Windows NT 10.0; Win64; x64) AppleWebKit/537.36 (KHTML, like Gecko) Chrome/153.0.0.0 Safari/537.36"
186.205.10.91 - - [17/Sep/2026:10:45:59 -0300] "POST /cpsess1240618111/3rdparty/roundcube/?_task=mail&_action=refresh HTTP/1.1" 200 1392 "https://webmail.espacofacial.com.br/cpsess1240618111/3rdparty/roundcube/?_task=mail&_mbox=INBOX.spam" "Mozilla/5.0 (Windows NT 10.0; Win64; x64) AppleWebKit/537.36 (KHTML, like Gecko) Chrome/152.0.0.0 Safari/537.36"
