37.19.221.225 - - [17/Sep/2026:10:33:48 -0300] "POST /cpsess7211416590/3rdparty/roundcube/?_task=mail&_action=refresh HTTP/1.1" 308 152 "https://webmail.espacofacial.com.br/cpsess7211416590/3rdparty/roundcube/?_task=mail&_mbox=INBOX" "Mozilla/5.0 (Windows NT 10.0; Win64; x64) AppleWebKit/537.36 (KHTML, like Gecko) Chrome/152.0.0.0 Safari/537.36"
37.19.221.225 - - [17/Sep/2026:10:33:49 -0300] "POST /cpsess7211416590/3rdparty/roundcube/?_task=mail&_action=refresh HTTP/1.1" 200 1387 "https://webmail.espacofacial.com.br/cpsess7211416590/3rdparty/roundcube/?_task=mail&_mbox=INBOX" "Mozilla/5.0 (Windows NT 10.0; Win64; x64) AppleWebKit/537.36 (KHTML, like Gecko) Chrome/152.0.0.0 Safari/537.36"
2a03:2880:f812:20:: - - [17/Sep/2026:10:33:51 -0300] "GET /tratamento/peeling-quimico HTTP/1.1" 200 24652 "-" "Mozilla/5.0 (Windows NT 10.0; Win64; x64) AppleWebKit/537.36 (KHTML, like Gecko) Chrome/145.0.0.0 Safari/537.36 (compatible; meta-externalads/1.1 (+https://developers.facebook.com/docs/sharing/webmasters/crawler))"
2a03:2880:f812:5e:: - - [17/Sep/2026:10:33:54 -0300] "GET /tratamento/fios-de-sustentacao HTTP/1.1" 200 25910 "-" "Mozilla/5.0 (Macintosh; Intel Mac OS X 10_15_7) AppleWebKit/537.36 (KHTML, like Gecko) Chrome/145.0.0.0 Safari/537.36 (compatible; meta-externalads/1.1 (+https://developers.facebook.com/docs/sharing/webmasters/crawler))"
2a03:2880:f812:29:: - - [17/Sep/2026:10:33:57 -0300] "GET /tratamento/toxina-botulinica HTTP/1.1" 200 26665 "-" "Mozilla/5.0 (Macintosh; Intel Mac OS X 10_15_7) AppleWebKit/537.36 (KHTML, like Gecko) Chrome/145.0.0.0 Safari/537.36 (compatible; meta-externalads/1.1 (+https://developers.facebook.com/docs/sharing/webmasters/crawler))"
2a03:2880:f812:57:: - - [17/Sep/2026:10:33:59 -0300] "GET /tratamento/bioestimuladores HTTP/1.1" 200 26075 "-" "Mozilla/5.0 (Windows NT 10.0; Win64; x64) AppleWebKit/537.36 (KHTML, like Gecko) Chrome/145.0.0.0 Safari/537.36 Edg/145.0.0.0 (compatible; meta-externalads/1.1 (+https://developers.facebook.com/docs/sharing/webmasters/crawler))"
186.205.10.91 - - [17/Sep/2026:10:33:59 -0300] "POST /cpsess1240618111/3rdparty/roundcube/?_task=mail&_action=refresh HTTP/1.1" 200 1389 "https://webmail.espacofacial.com.br/cpsess1240618111/3rdparty/roundcube/?_task=mail&_mbox=INBOX.spam" "Mozilla/5.0 (Windows NT 10.0; Win64; x64) AppleWebKit/537.36 (KHTML, like Gecko) Chrome/152.0.0.0 Safari/537.36"
201.42.34.203 - - [17/Sep/2026:10:34:05 -0300] "HEAD / HTTP/1.1" 200 - "-" "curl/8.7.1"
200.214.45.18 - - [17/Sep/2026:10:34:16 -0300] "POST /cpsess8770996163/3rdparty/roundcube/?_task=mail&_action=refresh HTTP/1.1" 200 1388 "https://webmail.espacofacial.com.br/cpsess8770996163/3rdparty/roundcube/?_task=mail&_mbox=INBOX.spam" "Mozilla/5.0 (Windows NT 10.0; Win64; x64) AppleWebKit/537.36 (KHTML, like Gecko) Chrome/152.0.0.0 Safari/537.36"
186.205.10.91 - - [17/Sep/2026:10:34:33 -0300] "POST /cpsess9876102582/3rdparty/roundcube/?_task=mail&_action=refresh HTTP/1.1" 200 1388 "https://webmail.espacofacial.com.br/cpsess9876102582/3rdparty/roundcube/?_task=mail&_mbox=INBOX" "Mozilla/5.0 (Macintosh; Intel Mac OS X 10_15_7) AppleWebKit/537.36 (KHTML, like Gecko) Chrome/152.0.0.0 Safari/537.36"
186.205.10.91 - - [17/Sep/2026:10:34:59 -0300] "POST /cpsess1240618111/3rdparty/roundcube/?_task=mail&_action=refresh HTTP/1.1" 200 1389 "https://webmail.espacofacial.com.br/cpsess1240618111/3rdparty/roundcube/?_task=mail&_mbox=INBOX.spam" "Mozilla/5.0 (Windows NT 10.0; Win64; x64) AppleWebKit/537.36 (KHTML, like Gecko) Chrome/152.0.0.0 Safari/537.36"
200.167.89.98 - - [17/Sep/2026:10:35:17 -0300] "POST /cpsess8770996163/3rdparty/roundcube/?_task=mail&_action=refresh HTTP/1.1" 200 1387 "https://webmail.espacofacial.com.br/cpsess8770996163/3rdparty/roundcube/?_task=mail&_mbox=INBOX.spam" "Mozilla/5.0 (Windows NT 10.0; Win64; x64) AppleWebKit/537.36 (KHTML, like Gecko) Chrome/152.0.0.0 Safari/537.36"
37.19.221.225 - - [17/Sep/2026:10:35:21 -0300] "POST /cpsess7211416590/3rdparty/roundcube/?_task=mail&_action=refresh HTTP/1.1" 308 152 "https://webmail.espacofacial.com.br/cpsess7211416590/3rdparty/roundcube/?_task=mail&_mbox=INBOX" "Mozilla/5.0 (Windows NT 10.0; Win64; x64) AppleWebKit/537.36 (KHTML, like Gecko) Chrome/152.0.0.0 Safari/537.36"
37.19.221.225 - - [17/Sep/2026:10:35:22 -0300] "POST /cpsess7211416590/3rdparty/roundcube/?_task=mail&_action=refresh HTTP/1.1" 200 1388 "https://webmail.espacofacial.com.br/cpsess7211416590/3rdparty/roundcube/?_task=mail&_mbox=INBOX" "Mozilla/5.0 (Windows NT 10.0; Win64; x64) AppleWebKit/537.36 (KHTML, like Gecko) Chrome/152.0.0.0 Safari/537.36"
186.205.10.91 - - [17/Sep/2026:10:35:33 -0300] "POST /cpsess9876102582/3rdparty/roundcube/?_task=mail&_action=refresh HTTP/1.1" 308 152 "https://webmail.espacofacial.com.br/cpsess9876102582/3rdparty/roundcube/?_task=mail&_mbox=INBOX" "Mozilla/5.0 (Macintosh; Intel Mac OS X 10_15_7) AppleWebKit/537.36 (KHTML, like Gecko) Chrome/152.0.0.0 Safari/537.36"
186.205.10.91 - - [17/Sep/2026:10:35:33 -0300] "POST /cpsess9876102582/3rdparty/roundcube/?_task=mail&_action=refresh HTTP/1.1" 200 1388 "https://webmail.espacofacial.com.br/cpsess9876102582/3rdparty/roundcube/?_task=mail&_mbox=INBOX" "Mozilla/5.0 (Macintosh; Intel Mac OS X 10_15_7) AppleWebKit/537.36 (KHTML, like Gecko) Chrome/152.0.0.0 Safari/537.36"
186.205.10.91 - - [17/Sep/2026:10:36:00 -0300] "POST /cpsess1240618111/3rdparty/roundcube/?_task=mail&_action=refresh HTTP/1.1" 200 1389 "https://webmail.espacofacial.com.br/cpsess1240618111/3rdparty/roundcube/?_task=mail&_mbox=INBOX.spam" "Mozilla/5.0 (Windows NT 10.0; Win64; x64) AppleWebKit/537.36 (KHTML, like Gecko) Chrome/152.0.0.0 Safari/537.36"
2804:389:a3e0:af32:b885:d08:4a49:3071 - - [17/Sep/2026:10:36:03 -0300] "GET /skunk/carrosel/carrosel.html HTTP/1.1" 200 36626 "https://www.skunk.com.br/" "Mozilla/5.0 (iPhone; CPU iPhone OS 26_6_2 like Mac OS X) AppleWebKit/605.1.15 (KHTML, like Gecko) Mobile/23G90 Instagram 447.0.0.34.80 (iPhone17,2; iOS 26_6_2; pt_BR; pt; scale=3.00; 1320x2868; IABMV/1; 1065993616) Safari/604.1"
2804:18:5841:5308:8509:dffd:6cd0:ba9b - - [17/Sep/2026:10:36:03 -0300] "GET /tratamento/microagulhamento HTTP/1.1" 200 25067 "https://espacofacial.com.br/" "Mozilla/5.0 (iPhone; CPU iPhone OS 18_7 like Mac OS X) AppleWebKit/605.1.15 (KHTML, like Gecko) Version/26.6.1 Mobile/15E148 Safari/604.1"
200.167.89.98 - - [17/Sep/2026:10:36:18 -0300] "POST /cpsess8770996163/3rdparty/roundcube/?_task=mail&_action=refresh HTTP/1.1" 308 152 "https://webmail.espacofacial.com.br/cpsess8770996163/3rdparty/roundcube/?_task=mail&_mbox=INBOX.spam" "Mozilla/5.0 (Windows NT 10.0; Win64; x64) AppleWebKit/537.36 (KHTML, like Gecko) Chrome/152.0.0.0 Safari/537.36"
200.167.89.98 - - [17/Sep/2026:10:36:18 -0300] "POST /cpsess8770996163/3rdparty/roundcube/?_task=mail&_action=refresh HTTP/1.1" 200 1384 "https://webmail.espacofacial.com.br/cpsess8770996163/3rdparty/roundcube/?_task=mail&_mbox=INBOX.spam" "Mozilla/5.0 (Windows NT 10.0; Win64; x64) AppleWebKit/537.36 (KHTML, like Gecko) Chrome/152.0.0.0 Safari/537.36"
37.19.221.225 - - [17/Sep/2026:10:36:20 -0300] "POST /cpsess7211416590/3rdparty/roundcube/?_task=mail&_action=refresh HTTP/1.1" 200 1388 "https://webmail.espacofacial.com.br/cpsess7211416590/3rdparty/roundcube/?_task=mail&_mbox=INBOX" "Mozilla/5.0 (Windows NT 10.0; Win64; x64) AppleWebKit/537.36 (KHTML, like Gecko) Chrome/152.0.0.0 Safari/537.36"
186.205.10.91 - - [17/Sep/2026:10:36:33 -0300] "POST /cpsess9876102582/3rdparty/roundcube/?_task=mail&_action=refresh HTTP/1.1" 308 152 "https://webmail.espacofacial.com.br/cpsess9876102582/3rdparty/roundcube/?_task=mail&_mbox=INBOX" "Mozilla/5.0 (Macintosh; Intel Mac OS X 10_15_7) AppleWebKit/537.36 (KHTML, like Gecko) Chrome/152.0.0.0 Safari/537.36"
186.205.10.91 - - [17/Sep/2026:10:36:33 -0300] "POST /cpsess9876102582/3rdparty/roundcube/?_task=mail&_action=refresh HTTP/1.1" 200 1388 "https://webmail.espacofacial.com.br/cpsess9876102582/3rdparty/roundcube/?_task=mail&_mbox=INBOX" "Mozilla/5.0 (Macintosh; Intel Mac OS X 10_15_7) AppleWebKit/537.36 (KHTML, like Gecko) Chrome/152.0.0.0 Safari/537.36"
186.205.10.91 - - [17/Sep/2026:10:36:59 -0300] "POST /cpsess1240618111/3rdparty/roundcube/?_task=mail&_action=refresh HTTP/1.1" 308 152 "https://webmail.espacofacial.com.br/cpsess1240618111/3rdparty/roundcube/?_task=mail&_mbox=INBOX.spam" "Mozilla/5.0 (Windows NT 10.0; Win64; x64) AppleWebKit/537.36 (KHTML, like Gecko) Chrome/152.0.0.0 Safari/537.36"
186.205.10.91 - - [17/Sep/2026:10:37:00 -0300] "POST /cpsess1240618111/3rdparty/roundcube/?_task=mail&_action=refresh HTTP/1.1" 200 1389 "https://webmail.espacofacial.com.br/cpsess1240618111/3rdparty/roundcube/?_task=mail&_mbox=INBOX.spam" "Mozilla/5.0 (Windows NT 10.0; Win64; x64) AppleWebKit/537.36 (KHTML, like Gecko) Chrome/152.0.0.0 Safari/537.36"
2804:388:4255:3a13:f816:f8ff:feee:d043 - - [17/Sep/2026:10:37:16 -0300] "GET / HTTP/1.1" 200 143803 "https://www.google.com/" "Mozilla/5.0 (Linux; Android 10; K) AppleWebKit/537.36 (KHTML, like Gecko) Chrome/150.0.0.0 Mobile Safari/537.36"
2804:388:4255:3a13:f816:f8ff:feee:d043 - - [17/Sep/2026:10:37:18 -0300] "GET /tim.php?src=uploads/unidades/2023/08/sorocaba-sp.jpg&w=1600&h=800 HTTP/1.1" 200 153094 "https://espacofacial.com.br/" "Mozilla/5.0 (Linux; Android 10; K) AppleWebKit/537.36 (KHTML, like Gecko) Chrome/150.0.0.0 Mobile Safari/537.36"
2804:388:4255:3a13:f816:f8ff:feee:d043 - - [17/Sep/2026:10:37:18 -0300] "GET /tim.php?src=uploads/unidades/2023/08/sao-vicente-sp.jpg&w=1600&h=800 HTTP/1.1" 200 297833 "https://espacofacial.com.br/" "Mozilla/5.0 (Linux; Android 10; K) AppleWebKit/537.36 (KHTML, like Gecko) Chrome/150.0.0.0 Mobile Safari/537.36"
2804:388:4255:3a13:f816:f8ff:feee:d043 - - [17/Sep/2026:10:37:18 -0300] "GET /themes/wc_default/video/Verao_Espaco_Facial.mp4 HTTP/1.1" 200 21085 "https://espacofacial.com.br/" "Mozilla/5.0 (Linux; Android 10; K) AppleWebKit/537.36 (KHTML, like Gecko) Chrome/150.0.0.0 Mobile Safari/537.36"
2804:388:4255:3a13:f816:f8ff:feee:d043 - - [17/Sep/2026:10:37:18 -0300] "GET /tim.php?src=uploads/unidades/2023/08/shopping-millenium-barra-rj.jpg&w=1600&h=800 HTTP/1.1" 200 203551 "https://espacofacial.com.br/" "Mozilla/5.0 (Linux; Android 10; K) AppleWebKit/537.36 (KHTML, like Gecko) Chrome/150.0.0.0 Mobile Safari/537.36"
2804:388:4255:3a13:f816:f8ff:feee:d043 - - [17/Sep/2026:10:37:18 -0300] "GET /tim.php?src=uploads/unidades/2024/03/nova-iguacu.jpg&w=1600&h=800 HTTP/1.1" 200 280187 "https://espacofacial.com.br/" "Mozilla/5.0 (Linux; Android 10; K) AppleWebKit/537.36 (KHTML, like Gecko) Chrome/150.0.0.0 Mobile Safari/537.36"
2804:388:4255:3a13:f816:f8ff:feee:d043 - - [17/Sep/2026:10:37:18 -0300] "GET /tim.php?src=uploads/unidades/2023/08/americas-shopping-recreio-dos-bandeirantes-rj.jpg&w=1600&h=800 HTTP/1.1" 200 195924 "https://espacofacial.com.br/" "Mozilla/5.0 (Linux; Android 10; K) AppleWebKit/537.36 (KHTML, like Gecko) Chrome/150.0.0.0 Mobile Safari/537.36"
2804:388:4255:3a13:f816:f8ff:feee:d043 - - [17/Sep/2026:10:37:18 -0300] "GET /tim.php?src=uploads/unidades/2023/08/bangu-shopping.jpg&w=1600&h=800 HTTP/1.1" 200 184642 "https://espacofacial.com.br/" "Mozilla/5.0 (Linux; Android 10; K) AppleWebKit/537.36 (KHTML, like Gecko) Chrome/150.0.0.0 Mobile Safari/537.36"
2804:388:4255:3a13:f816:f8ff:feee:d043 - - [17/Sep/2026:10:37:18 -0300] "GET /themes/wc_default/video/Verao_Espaco_Facial.mp4 HTTP/1.1" 200 21091 "https://espacofacial.com.br/" "Mozilla/5.0 (Linux; Android 10; K) AppleWebKit/537.36 (KHTML, like Gecko) Chrome/150.0.0.0 Mobile Safari/537.36"
2804:388:4255:3a13:f816:f8ff:feee:d043 - - [17/Sep/2026:10:37:19 -0300] "GET /tim.php?src=uploads/unidades/2023/07/botafogo.png&w=1600&h=800 HTTP/1.1" 200 1072374 "https://espacofacial.com.br/" "Mozilla/5.0 (Linux; Android 10; K) AppleWebKit/537.36 (KHTML, like Gecko) Chrome/150.0.0.0 Mobile Safari/537.36"
2804:388:4255:3a13:f816:f8ff:feee:d043 - - [17/Sep/2026:10:37:19 -0300] "GET /tim.php?src=uploads/unidades/2025/06/jardim-botanico-rj.jpg&w=1600&h=800 HTTP/1.1" 200 204122 "https://espacofacial.com.br/" "Mozilla/5.0 (Linux; Android 10; K) AppleWebKit/537.36 (KHTML, like Gecko) Chrome/150.0.0.0 Mobile Safari/537.36"
2804:388:4255:3a13:f816:f8ff:feee:d043 - - [17/Sep/2026:10:37:19 -0300] "GET /tim.php?src=uploads/unidades/2026/05/Shopping-Taubate.jpeg&w=1600&h=800 HTTP/1.1" 200 299753 "https://espacofacial.com.br/" "Mozilla/5.0 (Linux; Android 10; K) AppleWebKit/537.36 (KHTML, like Gecko) Chrome/150.0.0.0 Mobile Safari/537.36"
2804:388:4255:3a13:f816:f8ff:feee:d043 - - [17/Sep/2026:10:37:19 -0300] "GET /tim.php?src=uploads/unidades/2025/12/Calcadao-de-Caxias.jpeg&w=1600&h=800 HTTP/1.1" 400 277 "https://espacofacial.com.br/" "Mozilla/5.0 (Linux; Android 10; K) AppleWebKit/537.36 (KHTML, like Gecko) Chrome/150.0.0.0 Mobile Safari/537.36"
2804:388:4255:3a13:f816:f8ff:feee:d043 - - [17/Sep/2026:10:37:19 -0300] "GET /tim.php?src=uploads/unidades/2023/08/caxias-shopping-rj.jpg&w=1600&h=800 HTTP/1.1" 200 188346 "https://espacofacial.com.br/" "Mozilla/5.0 (Linux; Android 10; K) AppleWebKit/537.36 (KHTML, like Gecko) Chrome/150.0.0.0 Mobile Safari/537.36"
2804:388:4255:3a13:f816:f8ff:feee:d043 - - [17/Sep/2026:10:37:19 -0300] "GET /tim.php?src=uploads/unidades/2023/08/galeria-344-tijuca-rj.jpg&w=1600&h=800 HTTP/1.1" 200 260960 "https://espacofacial.com.br/" "Mozilla/5.0 (Linux; Android 10; K) AppleWebKit/537.36 (KHTML, like Gecko) Chrome/150.0.0.0 Mobile Safari/537.36"
2804:388:4255:3a13:f816:f8ff:feee:d043 - - [17/Sep/2026:10:37:19 -0300] "GET /tim.php?src=uploads/unidades/2025/06/ilha-do-governador.jpg&w=1600&h=800 HTTP/1.1" 200 277566 "https://espacofacial.com.br/" "Mozilla/5.0 (Linux; Android 10; K) AppleWebKit/537.36 (KHTML, like Gecko) Chrome/150.0.0.0 Mobile Safari/537.36"
200.214.45.18 - - [17/Sep/2026:10:37:19 -0300] "POST /cpsess8770996163/3rdparty/roundcube/?_task=mail&_action=refresh HTTP/1.1" 308 152 "https://webmail.espacofacial.com.br/cpsess8770996163/3rdparty/roundcube/?_task=mail&_mbox=INBOX.spam" "Mozilla/5.0 (Windows NT 10.0; Win64; x64) AppleWebKit/537.36 (KHTML, like Gecko) Chrome/152.0.0.0 Safari/537.36"
2804:388:4255:3a13:f816:f8ff:feee:d043 - - [17/Sep/2026:10:37:19 -0300] "GET /tim.php?src=uploads/unidades/2025/03/leme-rj.png&w=1600&h=800 HTTP/1.1" 200 565985 "https://espacofacial.com.br/" "Mozilla/5.0 (Linux; Android 10; K) AppleWebKit/537.36 (KHTML, like Gecko) Chrome/150.0.0.0 Mobile Safari/537.36"
200.214.45.18 - - [17/Sep/2026:10:37:19 -0300] "POST /cpsess8770996163/3rdparty/roundcube/?_task=mail&_action=refresh HTTP/1.1" 200 1388 "https://webmail.espacofacial.com.br/cpsess8770996163/3rdparty/roundcube/?_task=mail&_mbox=INBOX.spam" "Mozilla/5.0 (Windows NT 10.0; Win64; x64) AppleWebKit/537.36 (KHTML, like Gecko) Chrome/152.0.0.0 Safari/537.36"
2804:388:4255:3a13:f816:f8ff:feee:d043 - - [17/Sep/2026:10:37:20 -0300] "GET /tim.php?src=uploads/unidades/2026/05/macae.jpeg&w=1600&h=800 HTTP/1.1" 200 311429 "https://espacofacial.com.br/" "Mozilla/5.0 (Linux; Android 10; K) AppleWebKit/537.36 (KHTML, like Gecko) Chrome/150.0.0.0 Mobile Safari/537.36"
2804:388:4255:3a13:f816:f8ff:feee:d043 - - [17/Sep/2026:10:37:20 -0300] "GET /tim.php?src=uploads/unidades/2025/03/meier-rj.png&w=1600&h=800 HTTP/1.1" 200 412349 "https://espacofacial.com.br/" "Mozilla/5.0 (Linux; Android 10; K) AppleWebKit/537.36 (KHTML, like Gecko) Chrome/150.0.0.0 Mobile Safari/537.36"
2804:388:4255:3a13:f816:f8ff:feee:d043 - - [17/Sep/2026:10:37:20 -0300] "GET /tim.php?src=uploads/unidades/2026/01/shopping-grande-rio.jpeg&w=1600&h=800 HTTP/1.1" 200 253924 "https://espacofacial.com.br/" "Mozilla/5.0 (Linux; Android 10; K) AppleWebKit/537.36 (KHTML, like Gecko) Chrome/150.0.0.0 Mobile Safari/537.36"
2804:388:4255:3a13:f816:f8ff:feee:d043 - - [17/Sep/2026:10:37:20 -0300] "GET /tim.php?src=uploads/unidades/2026/05/Shopping-Partage-Campos-RJ.jpeg&w=1600&h=800 HTTP/1.1" 200 260538 "https://espacofacial.com.br/" "Mozilla/5.0 (Linux; Android 10; K) AppleWebKit/537.36 (KHTML, like Gecko) Chrome/150.0.0.0 Mobile Safari/537.36"
2804:388:4255:3a13:f816:f8ff:feee:d043 - - [17/Sep/2026:10:37:20 -0300] "GET /tim.php?src=uploads/unidades/2026/01/vila-velha.jpeg&w=1600&h=800 HTTP/1.1" 200 258003 "https://espacofacial.com.br/" "Mozilla/5.0 (Linux; Android 10; K) AppleWebKit/537.36 (KHTML, like Gecko) Chrome/150.0.0.0 Mobile Safari/537.36"
2804:388:4255:3a13:f816:f8ff:feee:d043 - - [17/Sep/2026:10:37:20 -0300] "GET /tim.php?src=uploads/unidades/2023/08/madureira-shopping-rj.jpg&w=1600&h=800 HTTP/1.1" 200 196351 "https://espacofacial.com.br/" "Mozilla/5.0 (Linux; Android 10; K) AppleWebKit/537.36 (KHTML, like Gecko) Chrome/150.0.0.0 Mobile Safari/537.36"
2804:388:4255:3a13:f816:f8ff:feee:d043 - - [17/Sep/2026:10:37:20 -0300] "GET /tim.php?src=uploads/unidades/2023/07/norte-shopping.png&w=1600&h=800 HTTP/1.1" 200 886723 "https://espacofacial.com.br/" "Mozilla/5.0 (Linux; Android 10; K) AppleWebKit/537.36 (KHTML, like Gecko) Chrome/150.0.0.0 Mobile Safari/537.36"
2804:388:4255:3a13:f816:f8ff:feee:d043 - - [17/Sep/2026:10:37:20 -0300] "GET /tim.php?src=uploads/unidades/2023/08/independencia-shopping-juiz-de-fora-mg.jpg&w=1600&h=800 HTTP/1.1" 200 183562 "https://espacofacial.com.br/" "Mozilla/5.0 (Linux; Android 10; K) AppleWebKit/537.36 (KHTML, like Gecko) Chrome/150.0.0.0 Mobile Safari/537.36"
2804:388:4255:3a13:f816:f8ff:feee:d043 - - [17/Sep/2026:10:37:20 -0300] "GET /tim.php?src=uploads/unidades/2023/08/novo-hamburgo-rs.jpeg&w=1600&h=800 HTTP/1.1" 200 347368 "https://espacofacial.com.br/" "Mozilla/5.0 (Linux; Android 10; K) AppleWebKit/537.36 (KHTML, like Gecko) Chrome/150.0.0.0 Mobile Safari/537.36"
2804:388:4255:3a13:f816:f8ff:feee:d043 - - [17/Sep/2026:10:37:20 -0300] "GET /tim.php?src=uploads/unidades/2023/07/nilopolis.png&w=1600&h=800 HTTP/1.1" 200 848873 "https://espacofacial.com.br/" "Mozilla/5.0 (Linux; Android 10; K) AppleWebKit/537.36 (KHTML, like Gecko) Chrome/150.0.0.0 Mobile Safari/537.36"
2804:388:4255:3a13:f816:f8ff:feee:d043 - - [17/Sep/2026:10:37:21 -0300] "GET /tim.php?src=uploads/unidades/2023/08/recreio-shopping-rj.jpg&w=1600&h=800 HTTP/1.1" 200 220658 "https://espacofacial.com.br/" "Mozilla/5.0 (Linux; Android 10; K) AppleWebKit/537.36 (KHTML, like Gecko) Chrome/150.0.0.0 Mobile Safari/537.36"
2804:388:4255:3a13:f816:f8ff:feee:d043 - - [17/Sep/2026:10:37:21 -0300] "GET /tim.php?src=uploads/unidades/2023/07/sao-goncalo.png&w=1600&h=800 HTTP/1.1" 200 777324 "https://espacofacial.com.br/" "Mozilla/5.0 (Linux; Android 10; K) AppleWebKit/537.36 (KHTML, like Gecko) Chrome/150.0.0.0 Mobile Safari/537.36"
2804:388:4255:3a13:f816:f8ff:feee:d043 - - [17/Sep/2026:10:37:21 -0300] "GET /tim.php?src=uploads/unidades/2023/08/shopping-nova-america-rj.jpg&w=1600&h=800 HTTP/1.1" 200 243285 "https://espacofacial.com.br/" "Mozilla/5.0 (Linux; Android 10; K) AppleWebKit/537.36 (KHTML, like Gecko) Chrome/150.0.0.0 Mobile Safari/537.36"
37.19.221.225 - - [17/Sep/2026:10:37:21 -0300] "POST /cpsess7211416590/3rdparty/roundcube/?_task=mail&_action=refresh HTTP/1.1" 308 152 "https://webmail.espacofacial.com.br/cpsess7211416590/3rdparty/roundcube/?_task=mail&_mbox=INBOX" "Mozilla/5.0 (Windows NT 10.0; Win64; x64) AppleWebKit/537.36 (KHTML, like Gecko) Chrome/152.0.0.0 Safari/537.36"
2804:388:4255:3a13:f816:f8ff:feee:d043 - - [17/Sep/2026:10:37:21 -0300] "GET /tim.php?src=uploads/unidades/2023/08/shopping-tacaruna-rj.jpg&w=1600&h=800 HTTP/1.1" 200 227466 "https://espacofacial.com.br/" "Mozilla/5.0 (Linux; Android 10; K) AppleWebKit/537.36 (KHTML, like Gecko) Chrome/150.0.0.0 Mobile Safari/537.36"
2804:388:4255:3a13:f816:f8ff:feee:d043 - - [17/Sep/2026:10:37:21 -0300] "GET /tim.php?src=uploads/unidades/2023/08/shopping-icarai-rj.jpeg&w=1600&h=800 HTTP/1.1" 200 225247 "https://espacofacial.com.br/" "Mozilla/5.0 (Linux; Android 10; K) AppleWebKit/537.36 (KHTML, like Gecko) Chrome/150.0.0.0 Mobile Safari/537.36"
2804:388:4255:3a13:f816:f8ff:feee:d043 - - [17/Sep/2026:10:37:21 -0300] "GET /tim.php?src=uploads/unidades/2024/11/alcantara%20.jpeg&w=1600&h=800 HTTP/1.1" 400 271 "https://espacofacial.com.br/" "Mozilla/5.0 (Linux; Android 10; K) AppleWebKit/537.36 (KHTML, like Gecko) Chrome/150.0.0.0 Mobile Safari/537.36"
2804:388:4255:3a13:f816:f8ff:feee:d043 - - [17/Sep/2026:10:37:21 -0300] "GET /tim.php?src=uploads/unidades/2024/12/barra-olimpica.png&w=1600&h=800 HTTP/1.1" 200 458449 "https://espacofacial.com.br/" "Mozilla/5.0 (Linux; Android 10; K) AppleWebKit/537.36 (KHTML, like Gecko) Chrome/150.0.0.0 Mobile Safari/537.36"
2804:388:4255:3a13:f816:f8ff:feee:d043 - - [17/Sep/2026:10:37:21 -0300] "GET /tim.php?src=uploads/unidades/2026/01/cabo-frio.jpeg&w=1600&h=800 HTTP/1.1" 200 248236 "https://espacofacial.com.br/" "Mozilla/5.0 (Linux; Android 10; K) AppleWebKit/537.36 (KHTML, like Gecko) Chrome/150.0.0.0 Mobile Safari/537.36"
2804:388:4255:3a13:f816:f8ff:feee:d043 - - [17/Sep/2026:10:37:21 -0300] "GET /tim.php?src=uploads/unidades/2023/07/downtown.png&w=1600&h=800 HTTP/1.1" 200 1038012 "https://espacofacial.com.br/" "Mozilla/5.0 (Linux; Android 10; K) AppleWebKit/537.36 (KHTML, like Gecko) Chrome/150.0.0.0 Mobile Safari/537.36"
2804:388:4255:3a13:f816:f8ff:feee:d043 - - [17/Sep/2026:10:37:22 -0300] "GET /tim.php?src=uploads/unidades/2026/01/campo-grande.jpeg&w=1600&h=800 HTTP/1.1" 200 226150 "https://espacofacial.com.br/" "Mozilla/5.0 (Linux; Android 10; K) AppleWebKit/537.36 (KHTML, like Gecko) Chrome/150.0.0.0 Mobile Safari/537.36"
2804:388:4255:3a13:f816:f8ff:feee:d043 - - [17/Sep/2026:10:37:22 -0300] "GET /tim.php?src=uploads/unidades/2026/01/copacabana.jpeg&w=1600&h=800 HTTP/1.1" 200 251853 "https://espacofacial.com.br/" "Mozilla/5.0 (Linux; Android 10; K) AppleWebKit/537.36 (KHTML, like Gecko) Chrome/150.0.0.0 Mobile Safari/537.36"
2804:388:4255:3a13:f816:f8ff:feee:d043 - - [17/Sep/2026:10:37:22 -0300] "GET /tim.php?src=uploads/unidades/2026/05/cuiaba-mt.jpeg&w=1600&h=800 HTTP/1.1" 200 182013 "https://espacofacial.com.br/" "Mozilla/5.0 (Linux; Android 10; K) AppleWebKit/537.36 (KHTML, like Gecko) Chrome/150.0.0.0 Mobile Safari/537.36"
37.19.221.225 - - [17/Sep/2026:10:37:21 -0300] "POST /cpsess7211416590/3rdparty/roundcube/?_task=mail&_action=refresh HTTP/1.1" 200 1388 "https://webmail.espacofacial.com.br/cpsess7211416590/3rdparty/roundcube/?_task=mail&_mbox=INBOX" "Mozilla/5.0 (Windows NT 10.0; Win64; x64) AppleWebKit/537.36 (KHTML, like Gecko) Chrome/152.0.0.0 Safari/537.36"
2804:388:4255:3a13:f816:f8ff:feee:d043 - - [17/Sep/2026:10:37:22 -0300] "GET /tim.php?src=uploads/unidades/2025/12/Park-Jacarepagua.jpeg&w=1600&h=800 HTTP/1.1" 400 275 "https://espacofacial.com.br/" "Mozilla/5.0 (Linux; Android 10; K) AppleWebKit/537.36 (KHTML, like Gecko) Chrome/150.0.0.0 Mobile Safari/537.36"
2804:388:4255:3a13:f816:f8ff:feee:d043 - - [17/Sep/2026:10:37:22 -0300] "GET /tim.php?src=uploads/unidades/2023/08/novo-hamburgo.jpg&w=1600&h=800 HTTP/1.1" 200 132442 "https://espacofacial.com.br/" "Mozilla/5.0 (Linux; Android 10; K) AppleWebKit/537.36 (KHTML, like Gecko) Chrome/150.0.0.0 Mobile Safari/537.36"
2804:388:4255:3a13:f816:f8ff:feee:d043 - - [17/Sep/2026:10:37:22 -0300] "GET /tim.php?src=uploads/unidades/2024/11/EF-Petroopolis.jpg&w=1600&h=800 HTTP/1.1" 400 272 "https://espacofacial.com.br/" "Mozilla/5.0 (Linux; Android 10; K) AppleWebKit/537.36 (KHTML, like Gecko) Chrome/150.0.0.0 Mobile Safari/537.36"
2804:388:4255:3a13:f816:f8ff:feee:d043 - - [17/Sep/2026:10:37:22 -0300] "GET /tim.php?src=uploads/unidades/2026/01/plaza-niteroi.jpeg&w=1600&h=800 HTTP/1.1" 200 189961 "https://espacofacial.com.br/" "Mozilla/5.0 (Linux; Android 10; K) AppleWebKit/537.36 (KHTML, like Gecko) Chrome/150.0.0.0 Mobile Safari/537.36"
2804:388:4255:3a13:f816:f8ff:feee:d043 - - [17/Sep/2026:10:37:22 -0300] "GET /tim.php?src=uploads/unidades/2026/05/Rio-das-Ostras.jpeg&w=1600&h=800 HTTP/1.1" 200 290767 "https://espacofacial.com.br/" "Mozilla/5.0 (Linux; Android 10; K) AppleWebKit/537.36 (KHTML, like Gecko) Chrome/150.0.0.0 Mobile Safari/537.36"
2804:388:4255:3a13:f816:f8ff:feee:d043 - - [17/Sep/2026:10:37:22 -0300] "GET /tim.php?src=uploads/unidades/2025/06/Shopping-Metropolitano.jpg&w=1600&h=800 HTTP/1.1" 200 347227 "https://espacofacial.com.br/" "Mozilla/5.0 (Linux; Android 10; K) AppleWebKit/537.36 (KHTML, like Gecko) Chrome/150.0.0.0 Mobile Safari/537.36"
2804:388:4255:3a13:f816:f8ff:feee:d043 - - [17/Sep/2026:10:37:22 -0300] "GET /tim.php?src=uploads/unidades/2026/01/shopping-barra-sul.jpeg&w=1600&h=800 HTTP/1.1" 200 250383 "https://espacofacial.com.br/" "Mozilla/5.0 (Linux; Android 10; K) AppleWebKit/537.36 (KHTML, like Gecko) Chrome/150.0.0.0 Mobile Safari/537.36"
2804:388:4255:3a13:f816:f8ff:feee:d043 - - [17/Sep/2026:10:37:22 -0300] "GET /tim.php?src=uploads/unidades/2026/05/Shopping-Boulevard-RJ.jpeg&w=1600&h=800 HTTP/1.1" 200 182629 "https://espacofacial.com.br/" "Mozilla/5.0 (Linux; Android 10; K) AppleWebKit/537.36 (KHTML, like Gecko) Chrome/150.0.0.0 Mobile Safari/537.36"
2804:388:4255:3a13:f816:f8ff:feee:d043 - - [17/Sep/2026:10:37:22 -0300] "GET /tim.php?src=uploads/unidades/2026/05/Shopping-Nova-Iguacu.jpeg&w=1600&h=800 HTTP/1.1" 200 260538 "https://espacofacial.com.br/" "Mozilla/5.0 (Linux; Android 10; K) AppleWebKit/537.36 (KHTML, like Gecko) Chrome/150.0.0.0 Mobile Safari/537.36"
2804:388:4255:3a13:f816:f8ff:feee:d043 - - [17/Sep/2026:10:37:22 -0300] "GET /tim.php?src=uploads/unidades/2026/05/Sulacap.jpeg&w=1600&h=800 HTTP/1.1" 200 250675 "https://espacofacial.com.br/" "Mozilla/5.0 (Linux; Android 10; K) AppleWebKit/537.36 (KHTML, like Gecko) Chrome/150.0.0.0 Mobile Safari/537.36"
2804:388:4255:3a13:f816:f8ff:feee:d043 - - [17/Sep/2026:10:37:22 -0300] "GET /tim.php?src=uploads/unidades/2026/05/Teresopolis-Shopping.jpeg&w=1600&h=800 HTTP/1.1" 200 186356 "https://espacofacial.com.br/" "Mozilla/5.0 (Linux; Android 10; K) AppleWebKit/537.36 (KHTML, like Gecko) Chrome/150.0.0.0 Mobile Safari/537.36"
2804:388:4255:3a13:f816:f8ff:feee:d043 - - [17/Sep/2026:10:37:22 -0300] "GET /tim.php?src=uploads/images/2023/08/a-crescente-importancia-da-harmonizacao-facial-na-era-da-longevidade-e-mentalidade-jovem-1692812254.jpeg&w=1600&h=800 HTTP/1.1" 200 88060 "https://espacofacial.com.br/" "Mozilla/5.0 (Linux; Android 10; K) AppleWebKit/537.36 (KHTML, like Gecko) Chrome/150.0.0.0 Mobile Safari/537.36"
2804:388:4255:3a13:f816:f8ff:feee:d043 - - [17/Sep/2026:10:37:22 -0300] "GET /tim.php?src=uploads/unidades/2025/12/Volta-Redonda.jpeg&w=1600&h=800 HTTP/1.1" 400 272 "https://espacofacial.com.br/" "Mozilla/5.0 (Linux; Android 10; K) AppleWebKit/537.36 (KHTML, like Gecko) Chrome/150.0.0.0 Mobile Safari/537.36"
2804:388:4255:3a13:f816:f8ff:feee:d043 - - [17/Sep/2026:10:37:23 -0300] "GET /tim.php?src=uploads/images/2023/08/artigo-de-exemplo-1691704956.jpeg&w=1600&h=800 HTTP/1.1" 200 89759 "https://espacofacial.com.br/" "Mozilla/5.0 (Linux; Android 10; K) AppleWebKit/537.36 (KHTML, like Gecko) Chrome/150.0.0.0 Mobile Safari/537.36"
2804:388:4255:3a13:f816:f8ff:feee:d043 - - [17/Sep/2026:10:37:23 -0300] "GET /tim.php?src=uploads/images/2023/08/descubra-sculptra-o-queridinho-das-famosas-para-um-visual-deslumbrante-1691705557.jpeg&w=1600&h=800 HTTP/1.1" 200 166897 "https://espacofacial.com.br/" "Mozilla/5.0 (Linux; Android 10; K) AppleWebKit/537.36 (KHTML, like Gecko) Chrome/150.0.0.0 Mobile Safari/537.36"
2804:388:4255:3a13:f816:f8ff:feee:d043 - - [17/Sep/2026:10:37:23 -0300] "GET /tim.php?src=uploads/images/2023/08/artigo-de-exemplo-03-1691705790.jpeg&w=1600&h=800 HTTP/1.1" 200 123977 "https://espacofacial.com.br/" "Mozilla/5.0 (Linux; Android 10; K) AppleWebKit/537.36 (KHTML, like Gecko) Chrome/150.0.0.0 Mobile Safari/537.36"
186.205.10.91 - - [17/Sep/2026:10:37:33 -0300] "POST /cpsess9876102582/3rdparty/roundcube/?_task=mail&_action=refresh HTTP/1.1" 308 152 "https://webmail.espacofacial.com.br/cpsess9876102582/3rdparty/roundcube/?_task=mail&_mbox=INBOX" "Mozilla/5.0 (Macintosh; Intel Mac OS X 10_15_7) AppleWebKit/537.36 (KHTML, like Gecko) Chrome/152.0.0.0 Safari/537.36"
186.205.10.91 - - [17/Sep/2026:10:37:33 -0300] "POST /cpsess9876102582/3rdparty/roundcube/?_task=mail&_action=refresh HTTP/1.1" 200 1388 "https://webmail.espacofacial.com.br/cpsess9876102582/3rdparty/roundcube/?_task=mail&_mbox=INBOX" "Mozilla/5.0 (Macintosh; Intel Mac OS X 10_15_7) AppleWebKit/537.36 (KHTML, like Gecko) Chrome/152.0.0.0 Safari/537.36"
186.205.10.91 - - [17/Sep/2026:10:37:59 -0300] "POST /cpsess1240618111/3rdparty/roundcube/?_task=mail&_action=refresh HTTP/1.1" 308 152 "https://webmail.espacofacial.com.br/cpsess1240618111/3rdparty/roundcube/?_task=mail&_mbox=INBOX.spam" "Mozilla/5.0 (Windows NT 10.0; Win64; x64) AppleWebKit/537.36 (KHTML, like Gecko) Chrome/152.0.0.0 Safari/537.36"
186.205.10.91 - - [17/Sep/2026:10:38:00 -0300] "POST /cpsess1240618111/3rdparty/roundcube/?_task=mail&_action=refresh HTTP/1.1" 200 1389 "https://webmail.espacofacial.com.br/cpsess1240618111/3rdparty/roundcube/?_task=mail&_mbox=INBOX.spam" "Mozilla/5.0 (Windows NT 10.0; Win64; x64) AppleWebKit/537.36 (KHTML, like Gecko) Chrome/152.0.0.0 Safari/537.36"
37.19.221.225 - - [17/Sep/2026:10:38:20 -0300] "POST /cpsess7211416590/3rdparty/roundcube/?_task=mail&_action=refresh HTTP/1.1" 308 152 "https://webmail.espacofacial.com.br/cpsess7211416590/3rdparty/roundcube/?_task=mail&_mbox=INBOX" "Mozilla/5.0 (Windows NT 10.0; Win64; x64) AppleWebKit/537.36 (KHTML, like Gecko) Chrome/152.0.0.0 Safari/537.36"
200.214.45.18 - - [17/Sep/2026:10:38:20 -0300] "POST /cpsess8770996163/3rdparty/roundcube/?_task=mail&_action=refresh HTTP/1.1" 200 1387 "https://webmail.espacofacial.com.br/cpsess8770996163/3rdparty/roundcube/?_task=mail&_mbox=INBOX.spam" "Mozilla/5.0 (Windows NT 10.0; Win64; x64) AppleWebKit/537.36 (KHTML, like Gecko) Chrome/152.0.0.0 Safari/537.36"
37.19.221.225 - - [17/Sep/2026:10:38:20 -0300] "POST /cpsess7211416590/3rdparty/roundcube/?_task=mail&_action=refresh HTTP/1.1" 200 1388 "https://webmail.espacofacial.com.br/cpsess7211416590/3rdparty/roundcube/?_task=mail&_mbox=INBOX" "Mozilla/5.0 (Windows NT 10.0; Win64; x64) AppleWebKit/537.36 (KHTML, like Gecko) Chrome/152.0.0.0 Safari/537.36"
52.15.147.27 - - [17/Sep/2026:10:38:28 -0300] "HEAD / HTTP/1.1" 200 - "https://espacofacial.com.br" "Mozilla/5.0+(compatible; UptimeRobot/2.0; http://www.uptimerobot.com/)"
3.149.57.90 - - [17/Sep/2026:10:38:28 -0300] "HEAD / HTTP/1.1" 200 - "https://espacofacial.com.br" "Mozilla/5.0+(compatible; UptimeRobot/2.0; http://www.uptimerobot.com/)"
52.167.144.157 - - [17/Sep/2026:10:38:33 -0300] "GET /unidade/americas-shopping-rj HTTP/1.1" 200 35424 "-" "Mozilla/5.0 AppleWebKit/537.36 (KHTML, like Gecko; compatible; bingbot/2.0; +http://www.bing.com/bingbot.htm) Chrome/116.0.1938.76 Safari/537.36"
186.205.10.91 - - [17/Sep/2026:10:38:33 -0300] "POST /cpsess9876102582/3rdparty/roundcube/?_task=mail&_action=refresh HTTP/1.1" 200 1388 "https://webmail.espacofacial.com.br/cpsess9876102582/3rdparty/roundcube/?_task=mail&_mbox=INBOX" "Mozilla/5.0 (Macintosh; Intel Mac OS X 10_15_7) AppleWebKit/537.36 (KHTML, like Gecko) Chrome/152.0.0.0 Safari/537.36"
2a06:98c0:3600::103 - - [17/Sep/2026:10:38:38 -0300] "GET /skunk/home/destaque_Home.mp4 HTTP/1.1" 200 17243980 "-" "Mozilla/5.0 (Windows NT 10.0; Win64; x64; rv:109.0) Gecko/20100101 Firefox/115.0"
186.205.10.91 - - [17/Sep/2026:10:38:59 -0300] "POST /cpsess1240618111/3rdparty/roundcube/?_task=mail&_action=refresh HTTP/1.1" 308 152 "https://webmail.espacofacial.com.br/cpsess1240618111/3rdparty/roundcube/?_task=mail&_mbox=INBOX.spam" "Mozilla/5.0 (Windows NT 10.0; Win64; x64) AppleWebKit/537.36 (KHTML, like Gecko) Chrome/152.0.0.0 Safari/537.36"
186.205.10.91 - - [17/Sep/2026:10:39:00 -0300] "POST /cpsess1240618111/3rdparty/roundcube/?_task=mail&_action=refresh HTTP/1.1" 200 1389 "https://webmail.espacofacial.com.br/cpsess1240618111/3rdparty/roundcube/?_task=mail&_mbox=INBOX.spam" "Mozilla/5.0 (Windows NT 10.0; Win64; x64) AppleWebKit/537.36 (KHTML, like Gecko) Chrome/152.0.0.0 Safari/537.36"
37.19.221.225 - - [17/Sep/2026:10:39:20 -0300] "POST /cpsess7211416590/3rdparty/roundcube/?_task=mail&_action=refresh HTTP/1.1" 200 1388 "https://webmail.espacofacial.com.br/cpsess7211416590/3rdparty/roundcube/?_task=mail&_mbox=INBOX" "Mozilla/5.0 (Windows NT 10.0; Win64; x64) AppleWebKit/537.36 (KHTML, like Gecko) Chrome/152.0.0.0 Safari/537.36"
200.167.89.98 - - [17/Sep/2026:10:39:21 -0300] "POST /cpsess8770996163/3rdparty/roundcube/?_task=mail&_action=refresh HTTP/1.1" 200 1387 "https://webmail.espacofacial.com.br/cpsess8770996163/3rdparty/roundcube/?_task=mail&_mbox=INBOX.spam" "Mozilla/5.0 (Windows NT 10.0; Win64; x64) AppleWebKit/537.36 (KHTML, like Gecko) Chrome/152.0.0.0 Safari/537.36"
186.205.10.91 - - [17/Sep/2026:10:39:33 -0300] "POST /cpsess9876102582/3rdparty/roundcube/?_task=mail&_action=refresh HTTP/1.1" 308 152 "https://webmail.espacofacial.com.br/cpsess9876102582/3rdparty/roundcube/?_task=mail&_mbox=INBOX" "Mozilla/5.0 (Macintosh; Intel Mac OS X 10_15_7) AppleWebKit/537.36 (KHTML, like Gecko) Chrome/152.0.0.0 Safari/537.36"
186.205.10.91 - - [17/Sep/2026:10:39:33 -0300] "POST /cpsess9876102582/3rdparty/roundcube/?_task=mail&_action=refresh HTTP/1.1" 200 1388 "https://webmail.espacofacial.com.br/cpsess9876102582/3rdparty/roundcube/?_task=mail&_mbox=INBOX" "Mozilla/5.0 (Macintosh; Intel Mac OS X 10_15_7) AppleWebKit/537.36 (KHTML, like Gecko) Chrome/152.0.0.0 Safari/537.36"
191.36.173.9 - - [17/Sep/2026:10:39:38 -0300] "GET /?utm_source=chatgpt.com HTTP/1.1" 200 143845 "-" "Mozilla/5.0 (Windows NT 10.0; Win64; x64) AppleWebKit/537.36 (KHTML, like Gecko) Chrome/152.0.0.0 Safari/537.36"
191.36.173.9 - - [17/Sep/2026:10:39:38 -0300] "GET /tim.php?src=uploads/unidades/2023/08/independencia-shopping-juiz-de-fora-mg.jpg&w=1600&h=800 HTTP/1.1" 200 183562 "https://espacofacial.com.br/" "Mozilla/5.0 (Windows NT 10.0; Win64; x64) AppleWebKit/537.36 (KHTML, like Gecko) Chrome/152.0.0.0 Safari/537.36"
191.36.173.9 - - [17/Sep/2026:10:39:38 -0300] "GET /tim.php?src=uploads/unidades/2023/08/shopping-millenium-barra-rj.jpg&w=1600&h=800 HTTP/1.1" 200 203551 "https://espacofacial.com.br/" "Mozilla/5.0 (Windows NT 10.0; Win64; x64) AppleWebKit/537.36 (KHTML, like Gecko) Chrome/152.0.0.0 Safari/537.36"
191.36.173.9 - - [17/Sep/2026:10:39:38 -0300] "GET /tim.php?src=uploads/unidades/2026/01/shopping-grande-rio.jpeg&w=1600&h=800 HTTP/1.1" 200 253924 "https://espacofacial.com.br/" "Mozilla/5.0 (Windows NT 10.0; Win64; x64) AppleWebKit/537.36 (KHTML, like Gecko) Chrome/152.0.0.0 Safari/537.36"
191.36.173.9 - - [17/Sep/2026:10:39:38 -0300] "GET /tim.php?src=uploads/unidades/2023/08/madureira-shopping-rj.jpg&w=1600&h=800 HTTP/1.1" 200 196351 "https://espacofacial.com.br/" "Mozilla/5.0 (Windows NT 10.0; Win64; x64) AppleWebKit/537.36 (KHTML, like Gecko) Chrome/152.0.0.0 Safari/537.36"
191.36.173.9 - - [17/Sep/2026:10:39:38 -0300] "GET /tim.php?src=uploads/unidades/2023/08/sao-vicente-sp.jpg&w=1600&h=800 HTTP/1.1" 200 297833 "https://espacofacial.com.br/" "Mozilla/5.0 (Windows NT 10.0; Win64; x64) AppleWebKit/537.36 (KHTML, like Gecko) Chrome/152.0.0.0 Safari/537.36"
191.36.173.9 - - [17/Sep/2026:10:39:38 -0300] "GET /tim.php?src=uploads/unidades/2025/12/Calcadao-de-Caxias.jpeg&w=1600&h=800 HTTP/1.1" 400 277 "https://espacofacial.com.br/" "Mozilla/5.0 (Windows NT 10.0; Win64; x64) AppleWebKit/537.36 (KHTML, like Gecko) Chrome/152.0.0.0 Safari/537.36"
191.36.173.9 - - [17/Sep/2026:10:39:38 -0300] "GET /tim.php?src=uploads/unidades/2024/03/nova-iguacu.jpg&w=1600&h=800 HTTP/1.1" 200 280187 "https://espacofacial.com.br/" "Mozilla/5.0 (Windows NT 10.0; Win64; x64) AppleWebKit/537.36 (KHTML, like Gecko) Chrome/152.0.0.0 Safari/537.36"
191.36.173.9 - - [17/Sep/2026:10:39:38 -0300] "GET /tim.php?src=uploads/unidades/2023/07/nilopolis.png&w=1600&h=800 HTTP/1.1" 200 848873 "https://espacofacial.com.br/" "Mozilla/5.0 (Windows NT 10.0; Win64; x64) AppleWebKit/537.36 (KHTML, like Gecko) Chrome/152.0.0.0 Safari/537.36"
191.36.173.9 - - [17/Sep/2026:10:39:38 -0300] "GET /tim.php?src=uploads/unidades/2023/08/caxias-shopping-rj.jpg&w=1600&h=800 HTTP/1.1" 200 188346 "https://espacofacial.com.br/" "Mozilla/5.0 (Windows NT 10.0; Win64; x64) AppleWebKit/537.36 (KHTML, like Gecko) Chrome/152.0.0.0 Safari/537.36"
191.36.173.9 - - [17/Sep/2026:10:39:38 -0300] "GET /tim.php?src=uploads/unidades/2026/05/Shopping-Partage-Campos-RJ.jpeg&w=1600&h=800 HTTP/1.1" 200 260538 "https://espacofacial.com.br/" "Mozilla/5.0 (Windows NT 10.0; Win64; x64) AppleWebKit/537.36 (KHTML, like Gecko) Chrome/152.0.0.0 Safari/537.36"
191.36.173.9 - - [17/Sep/2026:10:39:38 -0300] "GET /tim.php?src=uploads/unidades/2026/01/vila-velha.jpeg&w=1600&h=800 HTTP/1.1" 200 258003 "https://espacofacial.com.br/" "Mozilla/5.0 (Windows NT 10.0; Win64; x64) AppleWebKit/537.36 (KHTML, like Gecko) Chrome/152.0.0.0 Safari/537.36"
191.36.173.9 - - [17/Sep/2026:10:39:38 -0300] "GET /tim.php?src=uploads/unidades/2025/06/ilha-do-governador.jpg&w=1600&h=800 HTTP/1.1" 200 277566 "https://espacofacial.com.br/" "Mozilla/5.0 (Windows NT 10.0; Win64; x64) AppleWebKit/537.36 (KHTML, like Gecko) Chrome/152.0.0.0 Safari/537.36"
191.36.173.9 - - [17/Sep/2026:10:39:38 -0300] "GET /tim.php?src=uploads/unidades/2025/03/meier-rj.png&w=1600&h=800 HTTP/1.1" 200 412349 "https://espacofacial.com.br/" "Mozilla/5.0 (Windows NT 10.0; Win64; x64) AppleWebKit/537.36 (KHTML, like Gecko) Chrome/152.0.0.0 Safari/537.36"
191.36.173.9 - - [17/Sep/2026:10:39:38 -0300] "GET /tim.php?src=uploads/unidades/2025/06/jardim-botanico-rj.jpg&w=1600&h=800 HTTP/1.1" 200 204122 "https://espacofacial.com.br/" "Mozilla/5.0 (Windows NT 10.0; Win64; x64) AppleWebKit/537.36 (KHTML, like Gecko) Chrome/152.0.0.0 Safari/537.36"
191.36.173.9 - - [17/Sep/2026:10:39:38 -0300] "GET /tim.php?src=uploads/unidades/2023/08/sorocaba-sp.jpg&w=1600&h=800 HTTP/1.1" 200 153094 "https://espacofacial.com.br/" "Mozilla/5.0 (Windows NT 10.0; Win64; x64) AppleWebKit/537.36 (KHTML, like Gecko) Chrome/152.0.0.0 Safari/537.36"
191.36.173.9 - - [17/Sep/2026:10:39:38 -0300] "GET /tim.php?src=uploads/unidades/2023/08/bangu-shopping.jpg&w=1600&h=800 HTTP/1.1" 200 184642 "https://espacofacial.com.br/" "Mozilla/5.0 (Windows NT 10.0; Win64; x64) AppleWebKit/537.36 (KHTML, like Gecko) Chrome/152.0.0.0 Safari/537.36"
191.36.173.9 - - [17/Sep/2026:10:39:38 -0300] "GET /tim.php?src=uploads/unidades/2026/05/Shopping-Taubate.jpeg&w=1600&h=800 HTTP/1.1" 200 299753 "https://espacofacial.com.br/" "Mozilla/5.0 (Windows NT 10.0; Win64; x64) AppleWebKit/537.36 (KHTML, like Gecko) Chrome/152.0.0.0 Safari/537.36"
191.36.173.9 - - [17/Sep/2026:10:39:38 -0300] "GET /tim.php?src=uploads/unidades/2025/03/leme-rj.png&w=1600&h=800 HTTP/1.1" 200 565985 "https://espacofacial.com.br/" "Mozilla/5.0 (Windows NT 10.0; Win64; x64) AppleWebKit/537.36 (KHTML, like Gecko) Chrome/152.0.0.0 Safari/537.36"
191.36.173.9 - - [17/Sep/2026:10:39:38 -0300] "GET /tim.php?src=uploads/unidades/2023/08/americas-shopping-recreio-dos-bandeirantes-rj.jpg&w=1600&h=800 HTTP/1.1" 200 195924 "https://espacofacial.com.br/" "Mozilla/5.0 (Windows NT 10.0; Win64; x64) AppleWebKit/537.36 (KHTML, like Gecko) Chrome/152.0.0.0 Safari/537.36"
191.36.173.9 - - [17/Sep/2026:10:39:38 -0300] "GET /tim.php?src=uploads/unidades/2023/08/galeria-344-tijuca-rj.jpg&w=1600&h=800 HTTP/1.1" 200 260960 "https://espacofacial.com.br/" "Mozilla/5.0 (Windows NT 10.0; Win64; x64) AppleWebKit/537.36 (KHTML, like Gecko) Chrome/152.0.0.0 Safari/537.36"
191.36.173.9 - - [17/Sep/2026:10:39:38 -0300] "GET /tim.php?src=uploads/unidades/2026/05/macae.jpeg&w=1600&h=800 HTTP/1.1" 200 311429 "https://espacofacial.com.br/" "Mozilla/5.0 (Windows NT 10.0; Win64; x64) AppleWebKit/537.36 (KHTML, like Gecko) Chrome/152.0.0.0 Safari/537.36"
191.36.173.9 - - [17/Sep/2026:10:39:38 -0300] "GET /tim.php?src=uploads/unidades/2023/07/botafogo.png&w=1600&h=800 HTTP/1.1" 200 1072374 "https://espacofacial.com.br/" "Mozilla/5.0 (Windows NT 10.0; Win64; x64) AppleWebKit/537.36 (KHTML, like Gecko) Chrome/152.0.0.0 Safari/537.36"
191.36.173.9 - - [17/Sep/2026:10:39:38 -0300] "GET /tim.php?src=uploads/images/2023/08/artigo-de-exemplo-1691704956.jpeg&w=1600&h=800 HTTP/1.1" 200 89759 "https://espacofacial.com.br/" "Mozilla/5.0 (Windows NT 10.0; Win64; x64) AppleWebKit/537.36 (KHTML, like Gecko) Chrome/152.0.0.0 Safari/537.36"
191.36.173.9 - - [17/Sep/2026:10:39:38 -0300] "GET /tim.php?src=uploads/unidades/2026/05/Sulacap.jpeg&w=1600&h=800 HTTP/1.1" 200 250675 "https://espacofacial.com.br/" "Mozilla/5.0 (Windows NT 10.0; Win64; x64) AppleWebKit/537.36 (KHTML, like Gecko) Chrome/152.0.0.0 Safari/537.36"
191.36.173.9 - - [17/Sep/2026:10:39:38 -0300] "GET /tim.php?src=uploads/unidades/2026/01/cabo-frio.jpeg&w=1600&h=800 HTTP/1.1" 200 248236 "https://espacofacial.com.br/" "Mozilla/5.0 (Windows NT 10.0; Win64; x64) AppleWebKit/537.36 (KHTML, like Gecko) Chrome/152.0.0.0 Safari/537.36"
191.36.173.9 - - [17/Sep/2026:10:39:38 -0300] "GET /tim.php?src=uploads/unidades/2026/01/copacabana.jpeg&w=1600&h=800 HTTP/1.1" 200 251853 "https://espacofacial.com.br/" "Mozilla/5.0 (Windows NT 10.0; Win64; x64) AppleWebKit/537.36 (KHTML, like Gecko) Chrome/152.0.0.0 Safari/537.36"
191.36.173.9 - - [17/Sep/2026:10:39:38 -0300] "GET /tim.php?src=uploads/unidades/2026/01/shopping-barra-sul.jpeg&w=1600&h=800 HTTP/1.1" 200 250383 "https://espacofacial.com.br/" "Mozilla/5.0 (Windows NT 10.0; Win64; x64) AppleWebKit/537.36 (KHTML, like Gecko) Chrome/152.0.0.0 Safari/537.36"
191.36.173.9 - - [17/Sep/2026:10:39:38 -0300] "GET /tim.php?src=uploads/unidades/2025/12/Park-Jacarepagua.jpeg&w=1600&h=800 HTTP/1.1" 400 275 "https://espacofacial.com.br/" "Mozilla/5.0 (Windows NT 10.0; Win64; x64) AppleWebKit/537.36 (KHTML, like Gecko) Chrome/152.0.0.0 Safari/537.36"
191.36.173.9 - - [17/Sep/2026:10:39:38 -0300] "GET /tim.php?src=uploads/unidades/2023/08/recreio-shopping-rj.jpg&w=1600&h=800 HTTP/1.1" 200 220658 "https://espacofacial.com.br/" "Mozilla/5.0 (Windows NT 10.0; Win64; x64) AppleWebKit/537.36 (KHTML, like Gecko) Chrome/152.0.0.0 Safari/537.36"
191.36.173.9 - - [17/Sep/2026:10:39:38 -0300] "GET /tim.php?src=uploads/unidades/2023/07/downtown.png&w=1600&h=800 HTTP/1.1" 200 1038012 "https://espacofacial.com.br/" "Mozilla/5.0 (Windows NT 10.0; Win64; x64) AppleWebKit/537.36 (KHTML, like Gecko) Chrome/152.0.0.0 Safari/537.36"
191.36.173.9 - - [17/Sep/2026:10:39:38 -0300] "GET /tim.php?src=uploads/unidades/2023/08/shopping-nova-america-rj.jpg&w=1600&h=800 HTTP/1.1" 200 243285 "https://espacofacial.com.br/" "Mozilla/5.0 (Windows NT 10.0; Win64; x64) AppleWebKit/537.36 (KHTML, like Gecko) Chrome/152.0.0.0 Safari/537.36"
191.36.173.9 - - [17/Sep/2026:10:39:38 -0300] "GET /tim.php?src=uploads/unidades/2024/11/EF-Petroopolis.jpg&w=1600&h=800 HTTP/1.1" 400 272 "https://espacofacial.com.br/" "Mozilla/5.0 (Windows NT 10.0; Win64; x64) AppleWebKit/537.36 (KHTML, like Gecko) Chrome/152.0.0.0 Safari/537.36"
191.36.173.9 - - [17/Sep/2026:10:39:38 -0300] "GET /tim.php?src=uploads/unidades/2023/08/shopping-icarai-rj.jpeg&w=1600&h=800 HTTP/1.1" 200 225247 "https://espacofacial.com.br/" "Mozilla/5.0 (Windows NT 10.0; Win64; x64) AppleWebKit/537.36 (KHTML, like Gecko) Chrome/152.0.0.0 Safari/537.36"
191.36.173.9 - - [17/Sep/2026:10:39:38 -0300] "GET /tim.php?src=uploads/unidades/2026/05/cuiaba-mt.jpeg&w=1600&h=800 HTTP/1.1" 200 182013 "https://espacofacial.com.br/" "Mozilla/5.0 (Windows NT 10.0; Win64; x64) AppleWebKit/537.36 (KHTML, like Gecko) Chrome/152.0.0.0 Safari/537.36"
191.36.173.9 - - [17/Sep/2026:10:39:38 -0300] "GET /tim.php?src=uploads/images/2023/08/artigo-de-exemplo-03-1691705790.jpeg&w=1600&h=800 HTTP/1.1" 200 123977 "https://espacofacial.com.br/" "Mozilla/5.0 (Windows NT 10.0; Win64; x64) AppleWebKit/537.36 (KHTML, like Gecko) Chrome/152.0.0.0 Safari/537.36"
191.36.173.9 - - [17/Sep/2026:10:39:38 -0300] "GET /tim.php?src=uploads/unidades/2026/01/campo-grande.jpeg&w=1600&h=800 HTTP/1.1" 200 226150 "https://espacofacial.com.br/" "Mozilla/5.0 (Windows NT 10.0; Win64; x64) AppleWebKit/537.36 (KHTML, like Gecko) Chrome/152.0.0.0 Safari/537.36"
191.36.173.9 - - [17/Sep/2026:10:39:38 -0300] "GET /tim.php?src=uploads/unidades/2026/01/plaza-niteroi.jpeg&w=1600&h=800 HTTP/1.1" 200 189961 "https://espacofacial.com.br/" "Mozilla/5.0 (Windows NT 10.0; Win64; x64) AppleWebKit/537.36 (KHTML, like Gecko) Chrome/152.0.0.0 Safari/537.36"
191.36.173.9 - - [17/Sep/2026:10:39:38 -0300] "GET /tim.php?src=uploads/unidades/2023/08/shopping-tacaruna-rj.jpg&w=1600&h=800 HTTP/1.1" 200 227466 "https://espacofacial.com.br/" "Mozilla/5.0 (Windows NT 10.0; Win64; x64) AppleWebKit/537.36 (KHTML, like Gecko) Chrome/152.0.0.0 Safari/537.36"
191.36.173.9 - - [17/Sep/2026:10:39:38 -0300] "GET /tim.php?src=uploads/unidades/2023/07/norte-shopping.png&w=1600&h=800 HTTP/1.1" 200 886723 "https://espacofacial.com.br/" "Mozilla/5.0 (Windows NT 10.0; Win64; x64) AppleWebKit/537.36 (KHTML, like Gecko) Chrome/152.0.0.0 Safari/537.36"
191.36.173.9 - - [17/Sep/2026:10:39:38 -0300] "GET /tim.php?src=uploads/unidades/2024/12/barra-olimpica.png&w=1600&h=800 HTTP/1.1" 200 458449 "https://espacofacial.com.br/" "Mozilla/5.0 (Windows NT 10.0; Win64; x64) AppleWebKit/537.36 (KHTML, like Gecko) Chrome/152.0.0.0 Safari/537.36"
191.36.173.9 - - [17/Sep/2026:10:39:38 -0300] "GET /tim.php?src=uploads/images/2023/08/descubra-sculptra-o-queridinho-das-famosas-para-um-visual-deslumbrante-1691705557.jpeg&w=1600&h=800 HTTP/1.1" 200 166897 "https://espacofacial.com.br/" "Mozilla/5.0 (Windows NT 10.0; Win64; x64) AppleWebKit/537.36 (KHTML, like Gecko) Chrome/152.0.0.0 Safari/537.36"
191.36.173.9 - - [17/Sep/2026:10:39:38 -0300] "GET /tim.php?src=uploads/unidades/2026/05/Teresopolis-Shopping.jpeg&w=1600&h=800 HTTP/1.1" 200 186356 "https://espacofacial.com.br/" "Mozilla/5.0 (Windows NT 10.0; Win64; x64) AppleWebKit/537.36 (KHTML, like Gecko) Chrome/152.0.0.0 Safari/537.36"
191.36.173.9 - - [17/Sep/2026:10:39:38 -0300] "GET /tim.php?src=uploads/unidades/2024/11/alcantara%20.jpeg&w=1600&h=800 HTTP/1.1" 400 271 "https://espacofacial.com.br/" "Mozilla/5.0 (Windows NT 10.0; Win64; x64) AppleWebKit/537.36 (KHTML, like Gecko) Chrome/152.0.0.0 Safari/537.36"
191.36.173.9 - - [17/Sep/2026:10:39:38 -0300] "GET /tim.php?src=uploads/unidades/2023/07/sao-goncalo.png&w=1600&h=800 HTTP/1.1" 200 777324 "https://espacofacial.com.br/" "Mozilla/5.0 (Windows NT 10.0; Win64; x64) AppleWebKit/537.36 (KHTML, like Gecko) Chrome/152.0.0.0 Safari/537.36"
191.36.173.9 - - [17/Sep/2026:10:39:38 -0300] "GET /tim.php?src=uploads/unidades/2026/05/Shopping-Nova-Iguacu.jpeg&w=1600&h=800 HTTP/1.1" 200 260538 "https://espacofacial.com.br/" "Mozilla/5.0 (Windows NT 10.0; Win64; x64) AppleWebKit/537.36 (KHTML, like Gecko) Chrome/152.0.0.0 Safari/537.36"
191.36.173.9 - - [17/Sep/2026:10:39:38 -0300] "GET /tim.php?src=uploads/unidades/2026/05/Rio-das-Ostras.jpeg&w=1600&h=800 HTTP/1.1" 200 290767 "https://espacofacial.com.br/" "Mozilla/5.0 (Windows NT 10.0; Win64; x64) AppleWebKit/537.36 (KHTML, like Gecko) Chrome/152.0.0.0 Safari/537.36"
191.36.173.9 - - [17/Sep/2026:10:39:38 -0300] "GET /tim.php?src=uploads/unidades/2026/05/Shopping-Boulevard-RJ.jpeg&w=1600&h=800 HTTP/1.1" 200 182629 "https://espacofacial.com.br/" "Mozilla/5.0 (Windows NT 10.0; Win64; x64) AppleWebKit/537.36 (KHTML, like Gecko) Chrome/152.0.0.0 Safari/537.36"
191.36.173.9 - - [17/Sep/2026:10:39:38 -0300] "GET /tim.php?src=uploads/unidades/2025/12/Volta-Redonda.jpeg&w=1600&h=800 HTTP/1.1" 400 272 "https://espacofacial.com.br/" "Mozilla/5.0 (Windows NT 10.0; Win64; x64) AppleWebKit/537.36 (KHTML, like Gecko) Chrome/152.0.0.0 Safari/537.36"
191.36.173.9 - - [17/Sep/2026:10:39:38 -0300] "GET /tim.php?src=uploads/unidades/2023/08/novo-hamburgo.jpg&w=1600&h=800 HTTP/1.1" 200 132442 "https://espacofacial.com.br/" "Mozilla/5.0 (Windows NT 10.0; Win64; x64) AppleWebKit/537.36 (KHTML, like Gecko) Chrome/152.0.0.0 Safari/537.36"
191.36.173.9 - - [17/Sep/2026:10:39:38 -0300] "GET /tim.php?src=uploads/images/2023/08/a-crescente-importancia-da-harmonizacao-facial-na-era-da-longevidade-e-mentalidade-jovem-1692812254.jpeg&w=1600&h=800 HTTP/1.1" 200 88060 "https://espacofacial.com.br/" "Mozilla/5.0 (Windows NT 10.0; Win64; x64) AppleWebKit/537.36 (KHTML, like Gecko) Chrome/152.0.0.0 Safari/537.36"
191.36.173.9 - - [17/Sep/2026:10:39:38 -0300] "GET /tim.php?src=uploads/unidades/2025/06/Shopping-Metropolitano.jpg&w=1600&h=800 HTTP/1.1" 200 347227 "https://espacofacial.com.br/" "Mozilla/5.0 (Windows NT 10.0; Win64; x64) AppleWebKit/537.36 (KHTML, like Gecko) Chrome/152.0.0.0 Safari/537.36"
191.36.173.9 - - [17/Sep/2026:10:39:38 -0300] "GET /tim.php?src=uploads/unidades/2023/08/novo-hamburgo-rs.jpeg&w=1600&h=800 HTTP/1.1" 200 347368 "https://espacofacial.com.br/" "Mozilla/5.0 (Windows NT 10.0; Win64; x64) AppleWebKit/537.36 (KHTML, like Gecko) Chrome/152.0.0.0 Safari/537.36"
191.36.173.9 - - [17/Sep/2026:10:39:39 -0300] "GET /tim.php?src=uploads/unidades/2025/12/Park-Jacarepagua.jpeg&w=1600&h=800 HTTP/1.1" 400 275 "https://espacofacial.com.br/" "Mozilla/5.0 (Windows NT 10.0; Win64; x64) AppleWebKit/537.36 (KHTML, like Gecko) Chrome/152.0.0.0 Safari/537.36"
191.36.173.9 - - [17/Sep/2026:10:39:39 -0300] "GET /themes/wc_default/video/Verao_Espaco_Facial.mp4 HTTP/1.1" 200 21092 "https://espacofacial.com.br/?utm_source=chatgpt.com" "Mozilla/5.0 (Windows NT 10.0; Win64; x64) AppleWebKit/537.36 (KHTML, like Gecko) Chrome/152.0.0.0 Safari/537.36"
191.36.173.9 - - [17/Sep/2026:10:39:39 -0300] "GET /themes/wc_default/video/Verao_Espaco_Facial.mp4 HTTP/1.1" 200 21059 "https://espacofacial.com.br/?utm_source=chatgpt.com" "Mozilla/5.0 (Windows NT 10.0; Win64; x64) AppleWebKit/537.36 (KHTML, like Gecko) Chrome/152.0.0.0 Safari/537.36"
191.36.173.9 - - [17/Sep/2026:10:39:41 -0300] "GET /contato HTTP/1.1" 200 22075 "https://espacofacial.com.br/" "Mozilla/5.0 (Windows NT 10.0; Win64; x64) AppleWebKit/537.36 (KHTML, like Gecko) Chrome/152.0.0.0 Safari/537.36"
