186.207.45.76 - - [17/Sep/2026:12:29:18 -0300] "POST /cpsess6230199964/3rdparty/roundcube/?_task=mail&_action=refresh HTTP/1.1" 200 1387 "https://webmail.espacofacial.com.br/cpsess6230199964/3rdparty/roundcube/?_task=mail&_mbox=INBOX" "Mozilla/5.0 (Windows NT 10.0; Win64; x64) AppleWebKit/537.36 (KHTML, like Gecko) Chrome/152.0.0.0 Safari/537.36"
200.214.45.18 - - [17/Sep/2026:12:29:28 -0300] "POST /cpsess8770996163/3rdparty/roundcube/?_task=mail&_action=refresh HTTP/1.1" 308 152 "https://webmail.espacofacial.com.br/cpsess8770996163/3rdparty/roundcube/?_task=mail&_mbox=INBOX.spam" "Mozilla/5.0 (Windows NT 10.0; Win64; x64) AppleWebKit/537.36 (KHTML, like Gecko) Chrome/152.0.0.0 Safari/537.36"
200.214.45.18 - - [17/Sep/2026:12:29:28 -0300] "POST /cpsess8770996163/3rdparty/roundcube/?_task=mail&_action=refresh HTTP/1.1" 200 1387 "https://webmail.espacofacial.com.br/cpsess8770996163/3rdparty/roundcube/?_task=mail&_mbox=INBOX.spam" "Mozilla/5.0 (Windows NT 10.0; Win64; x64) AppleWebKit/537.36 (KHTML, like Gecko) Chrome/152.0.0.0 Safari/537.36"
2a03:2880:11ff:8:: - - [17/Sep/2026:12:29:32 -0300] "GET /unidade/teresopolis HTTP/1.1" 200 20865 "-" "Mozilla/5.0 (Windows NT 10.0; Win64; x64) AppleWebKit/537.36 (KHTML, like Gecko) Chrome/145.0.0.0 Safari/537.36 (compatible; meta-webindexer/1.1 (+https://developers.facebook.com/docs/sharing/webmasters/crawler))"
2a03:2880:16ff:20:: - - [17/Sep/2026:12:29:33 -0300] "GET /themes/wc_default/css/settings.css HTTP/1.1" 304 - "https://espacofacial.com.br/" "Mozilla/5.0 (Windows NT 10.0; Win64; x64) AppleWebKit/537.36 (KHTML, like Gecko) Chrome/145.0.0.0 Safari/537.36 (compatible; meta-webindexer/1.1 (+https://developers.facebook.com/docs/sharing/webmasters/crawler))"
2a03:2880:18ff:4e:: - - [17/Sep/2026:12:29:33 -0300] "GET /themes/wc_default/js/classie.js HTTP/1.1" 304 - "https://espacofacial.com.br/" "Mozilla/5.0 (Windows NT 10.0; Win64; x64) AppleWebKit/537.36 (KHTML, like Gecko) Chrome/145.0.0.0 Safari/537.36 (compatible; meta-webindexer/1.1 (+https://developers.facebook.com/docs/sharing/webmasters/crawler))"
2a03:2880:18ff:4e:: - - [17/Sep/2026:12:29:33 -0300] "GET /themes/wc_default/images/facebook.png HTTP/1.1" 304 - "https://espacofacial.com.br/" "Mozilla/5.0 (Windows NT 10.0; Win64; x64) AppleWebKit/537.36 (KHTML, like Gecko) Chrome/145.0.0.0 Safari/537.36 (compatible; meta-webindexer/1.1 (+https://developers.facebook.com/docs/sharing/webmasters/crawler))"
2a03:2880:15ff:55:: - - [17/Sep/2026:12:29:34 -0300] "GET /themes/wc_default/js/jquery-ui-1.10.3.custom.js HTTP/1.1" 304 - "https://espacofacial.com.br/" "Mozilla/5.0 (Windows NT 10.0; Win64; x64) AppleWebKit/537.36 (KHTML, like Gecko) Chrome/145.0.0.0 Safari/537.36 (compatible; meta-webindexer/1.1 (+https://developers.facebook.com/docs/sharing/webmasters/crawler))"
2a03:2880:10ff:23:: - - [17/Sep/2026:12:29:34 -0300] "GET /themes/wc_default/css/style.css HTTP/1.1" 304 - "https://espacofacial.com.br/" "Mozilla/5.0 (Windows NT 10.0; Win64; x64) AppleWebKit/537.36 (KHTML, like Gecko) Chrome/145.0.0.0 Safari/537.36 (compatible; meta-webindexer/1.1 (+https://developers.facebook.com/docs/sharing/webmasters/crawler))"
186.205.10.91 - - [17/Sep/2026:12:29:35 -0300] "POST /cpsess9876102582/3rdparty/roundcube/?_task=mail&_action=refresh HTTP/1.1" 200 1387 "https://webmail.espacofacial.com.br/cpsess9876102582/3rdparty/roundcube/?_task=mail&_mbox=INBOX" "Mozilla/5.0 (Macintosh; Intel Mac OS X 10_15_7) AppleWebKit/537.36 (KHTML, like Gecko) Chrome/152.0.0.0 Safari/537.36"
37.19.221.225 - - [17/Sep/2026:12:29:43 -0300] "POST /cpsess7211416590/3rdparty/roundcube/?_task=mail&_action=refresh HTTP/1.1" 308 152 "https://webmail.espacofacial.com.br/cpsess7211416590/3rdparty/roundcube/?_task=mail&_mbox=INBOX" "Mozilla/5.0 (Windows NT 10.0; Win64; x64) AppleWebKit/537.36 (KHTML, like Gecko) Chrome/152.0.0.0 Safari/537.36"
37.19.221.225 - - [17/Sep/2026:12:29:44 -0300] "POST /cpsess7211416590/3rdparty/roundcube/?_task=mail&_action=refresh HTTP/1.1" 200 1388 "https://webmail.espacofacial.com.br/cpsess7211416590/3rdparty/roundcube/?_task=mail&_mbox=INBOX" "Mozilla/5.0 (Windows NT 10.0; Win64; x64) AppleWebKit/537.36 (KHTML, like Gecko) Chrome/152.0.0.0 Safari/537.36"
186.207.45.76 - - [17/Sep/2026:12:29:48 -0300] "POST /cpsess6230199964/3rdparty/roundcube/?_task=mail&_action=refresh HTTP/1.1" 308 152 "https://webmail.espacofacial.com.br/cpsess6230199964/3rdparty/roundcube/?_task=mail&_mbox=INBOX" "Mozilla/5.0 (Windows NT 10.0; Win64; x64) AppleWebKit/537.36 (KHTML, like Gecko) Chrome/152.0.0.0 Safari/537.36"
186.207.45.76 - - [17/Sep/2026:12:29:49 -0300] "POST /cpsess6230199964/3rdparty/roundcube/?_task=mail&_action=refresh HTTP/1.1" 200 1387 "https://webmail.espacofacial.com.br/cpsess6230199964/3rdparty/roundcube/?_task=mail&_mbox=INBOX" "Mozilla/5.0 (Windows NT 10.0; Win64; x64) AppleWebKit/537.36 (KHTML, like Gecko) Chrome/152.0.0.0 Safari/537.36"
200.195.112.243 - - [17/Sep/2026:12:29:51 -0300] "POST /cpsess1974799990/3rdparty/roundcube/?_task=mail&_action=refresh HTTP/1.1" 308 152 "https://webmail.espacofacial.com.br/cpsess1974799990/3rdparty/roundcube/?_task=mail&_mbox=INBOX.spam" "Mozilla/5.0 (Windows NT 10.0; Win64; x64) AppleWebKit/537.36 (KHTML, like Gecko) Chrome/153.0.0.0 Safari/537.36"
200.195.112.243 - - [17/Sep/2026:12:29:51 -0300] "POST /cpsess1974799990/3rdparty/roundcube/?_task=mail&_action=refresh HTTP/1.1" 200 1390 "https://webmail.espacofacial.com.br/cpsess1974799990/3rdparty/roundcube/?_task=mail&_mbox=INBOX.spam" "Mozilla/5.0 (Windows NT 10.0; Win64; x64) AppleWebKit/537.36 (KHTML, like Gecko) Chrome/153.0.0.0 Safari/537.36"
186.205.10.91 - - [17/Sep/2026:12:29:58 -0300] "GET /cpsess1240618111/3rdparty/roundcube/?_task=mail&_action=list&_refresh=1&_layout=widescreen&_mbox=INBOX.Sent&_page=1&_remote=1&_unlock=loading1789658998282&_=1789651010083 HTTP/1.1" 200 4396 "https://webmail.espacofacial.com.br/cpsess1240618111/3rdparty/roundcube/?_task=mail&_mbox=INBOX" "Mozilla/5.0 (Windows NT 10.0; Win64; x64) AppleWebKit/537.36 (KHTML, like Gecko) Chrome/152.0.0.0 Safari/537.36"
186.205.10.91 - - [17/Sep/2026:12:30:00 -0300] "POST /cpsess1240618111/3rdparty/roundcube/?_task=mail&_action=refresh HTTP/1.1" 200 1387 "https://webmail.espacofacial.com.br/cpsess1240618111/3rdparty/roundcube/?_task=mail&_mbox=INBOX.Sent" "Mozilla/5.0 (Windows NT 10.0; Win64; x64) AppleWebKit/537.36 (KHTML, like Gecko) Chrome/152.0.0.0 Safari/537.36"
136.226.63.10 - - [17/Sep/2026:12:30:17 -0300] "POST /cpsess0043854602/3rdparty/roundcube/?_task=mail&_action=refresh HTTP/1.1" 308 152 "https://webmail.espacofacial.com.br/cpsess0043854602/3rdparty/roundcube/?_task=mail&_mbox=INBOX" "Mozilla/5.0 (Windows NT 10.0; Win64; x64) AppleWebKit/537.36 (KHTML, like Gecko) Chrome/153.0.0.0 Safari/537.36"
136.226.63.10 - - [17/Sep/2026:12:30:17 -0300] "POST /cpsess0043854602/3rdparty/roundcube/?_task=mail&_action=refresh HTTP/1.1" 200 1387 "https://webmail.espacofacial.com.br/cpsess0043854602/3rdparty/roundcube/?_task=mail&_mbox=INBOX" "Mozilla/5.0 (Windows NT 10.0; Win64; x64) AppleWebKit/537.36 (KHTML, like Gecko) Chrome/153.0.0.0 Safari/537.36"
178.156.187.238 - - [17/Sep/2026:12:30:24 -0300] "HEAD / HTTP/1.1" 200 - "https://espacofacial.com.br" "Mozilla/5.0+(compatible; UptimeRobot/2.0; http://www.uptimerobot.com/)"
5.161.177.47 - - [17/Sep/2026:12:30:24 -0300] "HEAD / HTTP/1.1" 200 - "https://espacofacial.com.br" "Mozilla/5.0+(compatible; UptimeRobot/2.0; http://www.uptimerobot.com/)"
200.214.45.18 - - [17/Sep/2026:12:30:28 -0300] "POST /cpsess8770996163/3rdparty/roundcube/?_task=mail&_action=refresh HTTP/1.1" 308 152 "https://webmail.espacofacial.com.br/cpsess8770996163/3rdparty/roundcube/?_task=mail&_mbox=INBOX.spam" "Mozilla/5.0 (Windows NT 10.0; Win64; x64) AppleWebKit/537.36 (KHTML, like Gecko) Chrome/152.0.0.0 Safari/537.36"
200.214.45.18 - - [17/Sep/2026:12:30:28 -0300] "POST /cpsess8770996163/3rdparty/roundcube/?_task=mail&_action=refresh HTTP/1.1" 200 1387 "https://webmail.espacofacial.com.br/cpsess8770996163/3rdparty/roundcube/?_task=mail&_mbox=INBOX.spam" "Mozilla/5.0 (Windows NT 10.0; Win64; x64) AppleWebKit/537.36 (KHTML, like Gecko) Chrome/152.0.0.0 Safari/537.36"
186.205.10.91 - - [17/Sep/2026:12:30:35 -0300] "POST /cpsess9876102582/3rdparty/roundcube/?_task=mail&_action=refresh HTTP/1.1" 308 152 "https://webmail.espacofacial.com.br/cpsess9876102582/3rdparty/roundcube/?_task=mail&_mbox=INBOX" "Mozilla/5.0 (Macintosh; Intel Mac OS X 10_15_7) AppleWebKit/537.36 (KHTML, like Gecko) Chrome/152.0.0.0 Safari/537.36"
186.205.10.91 - - [17/Sep/2026:12:30:35 -0300] "POST /cpsess9876102582/3rdparty/roundcube/?_task=mail&_action=refresh HTTP/1.1" 200 1386 "https://webmail.espacofacial.com.br/cpsess9876102582/3rdparty/roundcube/?_task=mail&_mbox=INBOX" "Mozilla/5.0 (Macintosh; Intel Mac OS X 10_15_7) AppleWebKit/537.36 (KHTML, like Gecko) Chrome/152.0.0.0 Safari/537.36"
186.205.10.91 - - [17/Sep/2026:12:30:44 -0300] "GET /cpsess1240618111/3rdparty/roundcube/?_task=mail&_mbox=INBOX.Sent&_action=compose&_extwin=1 HTTP/1.1" 308 187 "https://webmail.espacofacial.com.br/cpsess1240618111/3rdparty/roundcube/?_task=mail&_mbox=INBOX.Sent" "Mozilla/5.0 (Windows NT 10.0; Win64; x64) AppleWebKit/537.36 (KHTML, like Gecko) Chrome/152.0.0.0 Safari/537.36"
186.205.10.91 - - [17/Sep/2026:12:30:44 -0300] "GET /cpsess1240618111/3rdparty/roundcube/?_task=mail&_mbox=INBOX.Sent&_action=compose&_extwin=1 HTTP/1.1" 302 - "https://webmail.espacofacial.com.br/cpsess1240618111/3rdparty/roundcube/?_task=mail&_mbox=INBOX.Sent" "Mozilla/5.0 (Windows NT 10.0; Win64; x64) AppleWebKit/537.36 (KHTML, like Gecko) Chrome/152.0.0.0 Safari/537.36"
186.205.10.91 - - [17/Sep/2026:12:30:44 -0300] "GET /cpsess1240618111/3rdparty/roundcube/?_task=mail&_action=compose&_id=6700622676aac07a436604&_extwin=1 HTTP/1.1" 200 22269 "https://webmail.espacofacial.com.br/cpsess1240618111/3rdparty/roundcube/?_task=mail&_mbox=INBOX.Sent" "Mozilla/5.0 (Windows NT 10.0; Win64; x64) AppleWebKit/537.36 (KHTML, like Gecko) Chrome/152.0.0.0 Safari/537.36"
37.19.221.225 - - [17/Sep/2026:12:30:44 -0300] "POST /cpsess7211416590/3rdparty/roundcube/?_task=mail&_action=refresh HTTP/1.1" 308 152 "https://webmail.espacofacial.com.br/cpsess7211416590/3rdparty/roundcube/?_task=mail&_mbox=INBOX" "Mozilla/5.0 (Windows NT 10.0; Win64; x64) AppleWebKit/537.36 (KHTML, like Gecko) Chrome/152.0.0.0 Safari/537.36"
186.205.10.91 - - [17/Sep/2026:12:30:46 -0300] "POST /cpsess1240618111/3rdparty/roundcube/?_task=mail&_action=autocomplete HTTP/1.1" 200 1460 "https://webmail.espacofacial.com.br/cpsess1240618111/3rdparty/roundcube/?_task=mail&_action=compose&_id=6700622676aac07a436604&_extwin=1" "Mozilla/5.0 (Windows NT 10.0; Win64; x64) AppleWebKit/537.36 (KHTML, like Gecko) Chrome/152.0.0.0 Safari/537.36"
186.205.10.91 - - [17/Sep/2026:12:30:49 -0300] "POST /cpsess1240618111/3rdparty/roundcube/?_task=mail&_action=autocomplete HTTP/1.1" 200 1540 "https://webmail.espacofacial.com.br/cpsess1240618111/3rdparty/roundcube/?_task=mail&_action=compose&_id=6700622676aac07a436604&_extwin=1" "Mozilla/5.0 (Windows NT 10.0; Win64; x64) AppleWebKit/537.36 (KHTML, like Gecko) Chrome/152.0.0.0 Safari/537.36"
186.205.10.91 - - [17/Sep/2026:12:30:50 -0300] "POST /cpsess1240618111/3rdparty/roundcube/?_task=mail&_action=autocomplete HTTP/1.1" 200 1475 "https://webmail.espacofacial.com.br/cpsess1240618111/3rdparty/roundcube/?_task=mail&_action=compose&_id=6700622676aac07a436604&_extwin=1" "Mozilla/5.0 (Windows NT 10.0; Win64; x64) AppleWebKit/537.36 (KHTML, like Gecko) Chrome/152.0.0.0 Safari/537.36"
186.205.10.91 - - [17/Sep/2026:12:30:50 -0300] "POST /cpsess1240618111/3rdparty/roundcube/?_task=mail&_action=autocomplete HTTP/1.1" 200 1458 "https://webmail.espacofacial.com.br/cpsess1240618111/3rdparty/roundcube/?_task=mail&_action=compose&_id=6700622676aac07a436604&_extwin=1" "Mozilla/5.0 (Windows NT 10.0; Win64; x64) AppleWebKit/537.36 (KHTML, like Gecko) Chrome/152.0.0.0 Safari/537.36"
200.195.112.243 - - [17/Sep/2026:12:30:52 -0300] "POST /cpsess1974799990/3rdparty/roundcube/?_task=mail&_action=refresh HTTP/1.1" 308 152 "https://webmail.espacofacial.com.br/cpsess1974799990/3rdparty/roundcube/?_task=mail&_mbox=INBOX.spam" "Mozilla/5.0 (Windows NT 10.0; Win64; x64) AppleWebKit/537.36 (KHTML, like Gecko) Chrome/153.0.0.0 Safari/537.36"
200.195.112.243 - - [17/Sep/2026:12:30:52 -0300] "POST /cpsess1974799990/3rdparty/roundcube/?_task=mail&_action=refresh HTTP/1.1" 200 1390 "https://webmail.espacofacial.com.br/cpsess1974799990/3rdparty/roundcube/?_task=mail&_mbox=INBOX.spam" "Mozilla/5.0 (Windows NT 10.0; Win64; x64) AppleWebKit/537.36 (KHTML, like Gecko) Chrome/153.0.0.0 Safari/537.36"
186.205.10.91 - - [17/Sep/2026:12:30:52 -0300] "POST /cpsess1240618111/3rdparty/roundcube/?_task=mail&_action=autocomplete HTTP/1.1" 308 157 "https://webmail.espacofacial.com.br/cpsess1240618111/3rdparty/roundcube/?_task=mail&_action=compose&_id=6700622676aac07a436604&_extwin=1" "Mozilla/5.0 (Windows NT 10.0; Win64; x64) AppleWebKit/537.36 (KHTML, like Gecko) Chrome/152.0.0.0 Safari/537.36"
186.205.10.91 - - [17/Sep/2026:12:30:52 -0300] "POST /cpsess1240618111/3rdparty/roundcube/?_task=mail&_action=autocomplete HTTP/1.1" 200 1500 "https://webmail.espacofacial.com.br/cpsess1240618111/3rdparty/roundcube/?_task=mail&_action=compose&_id=6700622676aac07a436604&_extwin=1" "Mozilla/5.0 (Windows NT 10.0; Win64; x64) AppleWebKit/537.36 (KHTML, like Gecko) Chrome/152.0.0.0 Safari/537.36"
186.205.10.91 - - [17/Sep/2026:12:30:52 -0300] "POST /cpsess1240618111/3rdparty/roundcube/?_task=mail&_action=autocomplete HTTP/1.1" 200 1459 "https://webmail.espacofacial.com.br/cpsess1240618111/3rdparty/roundcube/?_task=mail&_action=compose&_id=6700622676aac07a436604&_extwin=1" "Mozilla/5.0 (Windows NT 10.0; Win64; x64) AppleWebKit/537.36 (KHTML, like Gecko) Chrome/152.0.0.0 Safari/537.36"
186.205.10.91 - - [17/Sep/2026:12:30:55 -0300] "POST /cpsess1240618111/3rdparty/roundcube/?_task=mail&_action=autocomplete HTTP/1.1" 200 1457 "https://webmail.espacofacial.com.br/cpsess1240618111/3rdparty/roundcube/?_task=mail&_action=compose&_id=6700622676aac07a436604&_extwin=1" "Mozilla/5.0 (Windows NT 10.0; Win64; x64) AppleWebKit/537.36 (KHTML, like Gecko) Chrome/152.0.0.0 Safari/537.36"
186.205.10.91 - - [17/Sep/2026:12:30:56 -0300] "POST /cpsess1240618111/3rdparty/roundcube/?_task=mail&_action=autocomplete HTTP/1.1" 200 1476 "https://webmail.espacofacial.com.br/cpsess1240618111/3rdparty/roundcube/?_task=mail&_action=compose&_id=6700622676aac07a436604&_extwin=1" "Mozilla/5.0 (Windows NT 10.0; Win64; x64) AppleWebKit/537.36 (KHTML, like Gecko) Chrome/152.0.0.0 Safari/537.36"
186.205.10.91 - - [17/Sep/2026:12:30:56 -0300] "POST /cpsess1240618111/3rdparty/roundcube/?_task=mail&_action=autocomplete HTTP/1.1" 200 1430 "https://webmail.espacofacial.com.br/cpsess1240618111/3rdparty/roundcube/?_task=mail&_action=compose&_id=6700622676aac07a436604&_extwin=1" "Mozilla/5.0 (Windows NT 10.0; Win64; x64) AppleWebKit/537.36 (KHTML, like Gecko) Chrome/152.0.0.0 Safari/537.36"
37.26.80.69 - - [17/Sep/2026:12:30:57 -0300] "GET /skunk/carrosel/carrosel.html HTTP/1.1" 200 36626 "https://www.skunk.com.br/" "Mozilla/5.0 (iPhone; CPU iPhone OS 18_7 like Mac OS X) AppleWebKit/605.1.15 (KHTML, like Gecko) Version/26.6.1 Mobile/15E148 Safari/604.1"
37.26.80.69 - - [17/Sep/2026:12:30:57 -0300] "GET /skunk/home/SHOP-NOW-1-VIDEO.mp4 HTTP/1.1" 200 1968070 "https://www.skunk.com.br/" "Mozilla/5.0 (iPhone; CPU iPhone OS 18_7 like Mac OS X) AppleWebKit/605.1.15 (KHTML, like Gecko) Version/26.6.1 Mobile/15E148 Safari/604.1"
37.26.80.69 - - [17/Sep/2026:12:30:57 -0300] "GET /skunk/home/banner_brincipal_M.mp4 HTTP/1.1" 200 2748657 "https://www.skunk.com.br/" "Mozilla/5.0 (iPhone; CPU iPhone OS 18_7 like Mac OS X) AppleWebKit/605.1.15 (KHTML, like Gecko) Version/26.6.1 Mobile/15E148 Safari/604.1"
37.26.80.69 - - [17/Sep/2026:12:30:57 -0300] "GET /skunk/home/destaque_Home.mp4 HTTP/1.1" 200 17243980 "https://www.skunk.com.br/" "Mozilla/5.0 (iPhone; CPU iPhone OS 18_7 like Mac OS X) AppleWebKit/605.1.15 (KHTML, like Gecko) Version/26.6.1 Mobile/15E148 Safari/604.1"
186.205.10.91 - - [17/Sep/2026:12:31:00 -0300] "POST /cpsess1240618111/3rdparty/roundcube/?_task=mail&_action=refresh HTTP/1.1" 200 1387 "https://webmail.espacofacial.com.br/cpsess1240618111/3rdparty/roundcube/?_task=mail&_mbox=INBOX.Sent" "Mozilla/5.0 (Windows NT 10.0; Win64; x64) AppleWebKit/537.36 (KHTML, like Gecko) Chrome/152.0.0.0 Safari/537.36"
186.205.10.91 - - [17/Sep/2026:12:31:12 -0300] "POST /cpsess1240618111/3rdparty/roundcube/?_task=utils&_action=text2html HTTP/1.1" 200 35 "https://webmail.espacofacial.com.br/cpsess1240618111/3rdparty/roundcube/?_task=mail&_action=compose&_id=6700622676aac07a436604&_extwin=1" "Mozilla/5.0 (Windows NT 10.0; Win64; x64) AppleWebKit/537.36 (KHTML, like Gecko) Chrome/152.0.0.0 Safari/537.36"
186.205.10.91 - - [17/Sep/2026:12:31:13 -0300] "GET /cpsess1240618111/3rdparty/roundcube/?_task=settings&_action=response-get&_id=1&_is_html=1&_remote=1&_unlock=loading1789659073337&_=1789659044287 HTTP/1.1" 200 1646 "https://webmail.espacofacial.com.br/cpsess1240618111/3rdparty/roundcube/?_task=mail&_action=compose&_id=6700622676aac07a436604&_extwin=1" "Mozilla/5.0 (Windows NT 10.0; Win64; x64) AppleWebKit/537.36 (KHTML, like Gecko) Chrome/152.0.0.0 Safari/537.36"
136.226.63.10 - - [17/Sep/2026:12:31:17 -0300] "POST /cpsess0043854602/3rdparty/roundcube/?_task=mail&_action=refresh HTTP/1.1" 308 152 "https://webmail.espacofacial.com.br/cpsess0043854602/3rdparty/roundcube/?_task=mail&_mbox=INBOX" "Mozilla/5.0 (Windows NT 10.0; Win64; x64) AppleWebKit/537.36 (KHTML, like Gecko) Chrome/153.0.0.0 Safari/537.36"
136.226.63.10 - - [17/Sep/2026:12:31:17 -0300] "POST /cpsess0043854602/3rdparty/roundcube/?_task=mail&_action=refresh HTTP/1.1" 200 1387 "https://webmail.espacofacial.com.br/cpsess0043854602/3rdparty/roundcube/?_task=mail&_mbox=INBOX" "Mozilla/5.0 (Windows NT 10.0; Win64; x64) AppleWebKit/537.36 (KHTML, like Gecko) Chrome/153.0.0.0 Safari/537.36"
186.207.45.76 - - [17/Sep/2026:12:31:18 -0300] "POST /cpsess6230199964/3rdparty/roundcube/?_task=mail&_action=refresh HTTP/1.1" 308 152 "https://webmail.espacofacial.com.br/cpsess6230199964/3rdparty/roundcube/?_task=mail&_mbox=INBOX" "Mozilla/5.0 (Windows NT 10.0; Win64; x64) AppleWebKit/537.36 (KHTML, like Gecko) Chrome/152.0.0.0 Safari/537.36"
186.207.45.76 - - [17/Sep/2026:12:31:19 -0300] "POST /cpsess6230199964/3rdparty/roundcube/?_task=mail&_action=refresh HTTP/1.1" 200 1388 "https://webmail.espacofacial.com.br/cpsess6230199964/3rdparty/roundcube/?_task=mail&_mbox=INBOX" "Mozilla/5.0 (Windows NT 10.0; Win64; x64) AppleWebKit/537.36 (KHTML, like Gecko) Chrome/152.0.0.0 Safari/537.36"
186.205.10.91 - - [17/Sep/2026:12:31:26 -0300] "POST /cpsess1240618111/3rdparty/roundcube/?_task=mail&_remote=1&_from=compose&_id=6700622676aac07a436604&_uploadid=upload1789659086006&_action=upload HTTP/1.1" 308 248 "https://webmail.espacofacial.com.br/cpsess1240618111/3rdparty/roundcube/?_task=mail&_action=compose&_id=6700622676aac07a436604&_extwin=1" "Mozilla/5.0 (Windows NT 10.0; Win64; x64) AppleWebKit/537.36 (KHTML, like Gecko) Chrome/152.0.0.0 Safari/537.36"
186.205.10.91 - - [17/Sep/2026:12:31:26 -0300] "POST /cpsess1240618111/3rdparty/roundcube/?_task=mail&_remote=1&_from=compose&_id=6700622676aac07a436604&_uploadid=upload1789659086006&_action=upload HTTP/1.1" 200 417 "https://webmail.espacofacial.com.br/cpsess1240618111/3rdparty/roundcube/?_task=mail&_action=compose&_id=6700622676aac07a436604&_extwin=1" "Mozilla/5.0 (Windows NT 10.0; Win64; x64) AppleWebKit/537.36 (KHTML, like Gecko) Chrome/152.0.0.0 Safari/537.36"
200.167.89.98 - - [17/Sep/2026:12:31:28 -0300] "POST /cpsess8770996163/3rdparty/roundcube/?_task=mail&_action=refresh HTTP/1.1" 308 152 "https://webmail.espacofacial.com.br/cpsess8770996163/3rdparty/roundcube/?_task=mail&_mbox=INBOX.spam" "Mozilla/5.0 (Windows NT 10.0; Win64; x64) AppleWebKit/537.36 (KHTML, like Gecko) Chrome/152.0.0.0 Safari/537.36"
200.167.89.98 - - [17/Sep/2026:12:31:28 -0300] "POST /cpsess8770996163/3rdparty/roundcube/?_task=mail&_action=refresh HTTP/1.1" 200 1388 "https://webmail.espacofacial.com.br/cpsess8770996163/3rdparty/roundcube/?_task=mail&_mbox=INBOX.spam" "Mozilla/5.0 (Windows NT 10.0; Win64; x64) AppleWebKit/537.36 (KHTML, like Gecko) Chrome/152.0.0.0 Safari/537.36"
186.205.10.91 - - [17/Sep/2026:12:31:27 -0300] "POST /cpsess1240618111/3rdparty/roundcube/?_task=mail&_unlock=loading1789659087609&_framed=1 HTTP/1.1" 200 345 "https://webmail.espacofacial.com.br/cpsess1240618111/3rdparty/roundcube/?_task=mail&_action=compose&_id=6700622676aac07a436604&_extwin=1" "Mozilla/5.0 (Windows NT 10.0; Win64; x64) AppleWebKit/537.36 (KHTML, like Gecko) Chrome/152.0.0.0 Safari/537.36"
186.205.10.91 - - [17/Sep/2026:12:31:29 -0300] "POST /cpsess1240618111/3rdparty/roundcube/?_task=mail&_action=check-recent HTTP/1.1" 200 3827 "https://webmail.espacofacial.com.br/cpsess1240618111/3rdparty/roundcube/?_task=mail&_mbox=INBOX.Sent" "Mozilla/5.0 (Windows NT 10.0; Win64; x64) AppleWebKit/537.36 (KHTML, like Gecko) Chrome/152.0.0.0 Safari/537.36"
186.205.10.91 - - [17/Sep/2026:12:31:35 -0300] "POST /cpsess9876102582/3rdparty/roundcube/?_task=mail&_action=refresh HTTP/1.1" 200 1387 "https://webmail.espacofacial.com.br/cpsess9876102582/3rdparty/roundcube/?_task=mail&_mbox=INBOX" "Mozilla/5.0 (Macintosh; Intel Mac OS X 10_15_7) AppleWebKit/537.36 (KHTML, like Gecko) Chrome/152.0.0.0 Safari/537.36"
186.205.10.91 - - [17/Sep/2026:12:31:39 -0300] "POST /cpsess8345060763/3rdparty/roundcube/?_task=mail&_action=refresh HTTP/1.1" 308 152 "https://webmail.espacofacial.com.br/cpsess8345060763/3rdparty/roundcube/?_task=mail&_mbox=INBOX" "Mozilla/5.0 (Windows NT 10.0; Win64; x64) AppleWebKit/537.36 (KHTML, like Gecko) Chrome/152.0.0.0 Safari/537.36"
186.205.10.91 - - [17/Sep/2026:12:31:39 -0300] "POST /cpsess8345060763/3rdparty/roundcube/?_task=mail&_action=refresh HTTP/1.1" 200 1415 "https://webmail.espacofacial.com.br/cpsess8345060763/3rdparty/roundcube/?_task=mail&_mbox=INBOX" "Mozilla/5.0 (Windows NT 10.0; Win64; x64) AppleWebKit/537.36 (KHTML, like Gecko) Chrome/152.0.0.0 Safari/537.36"
186.205.10.91 - - [17/Sep/2026:12:31:40 -0300] "GET /cpsess8345060763/3rdparty/roundcube/?_task=mail HTTP/1.1" 200 14419 "https://webmail.espacofacial.com.br/cpsess8345060763/3rdparty/roundcube/?_task=mail&_mbox=INBOX" "Mozilla/5.0 (Windows NT 10.0; Win64; x64) AppleWebKit/537.36 (KHTML, like Gecko) Chrome/152.0.0.0 Safari/537.36"
37.19.221.225 - - [17/Sep/2026:12:31:40 -0300] "POST /cpsess7211416590/3rdparty/roundcube/?_task=mail&_action=refresh HTTP/1.1" 200 1388 "https://webmail.espacofacial.com.br/cpsess7211416590/3rdparty/roundcube/?_task=mail&_mbox=INBOX" "Mozilla/5.0 (Windows NT 10.0; Win64; x64) AppleWebKit/537.36 (KHTML, like Gecko) Chrome/152.0.0.0 Safari/537.36"
186.205.10.91 - - [17/Sep/2026:12:31:41 -0300] "GET /cpsess8345060763/3rdparty/roundcube/skins/elastic/watermark.html HTTP/1.1" 200 494 "https://webmail.espacofacial.com.br/cpsess8345060763/3rdparty/roundcube/?_task=mail" "Mozilla/5.0 (Windows NT 10.0; Win64; x64) AppleWebKit/537.36 (KHTML, like Gecko) Chrome/152.0.0.0 Safari/537.36"
186.205.10.91 - - [17/Sep/2026:12:31:41 -0300] "GET /cpsess8345060763/3rdparty/roundcube/?_task=mail&_action=list&_refresh=1&_layout=widescreen&_mbox=INBOX&_page=&_remote=1&_unlock=loading1789659100103&_=1789659099904 HTTP/1.1" 200 4908 "https://webmail.espacofacial.com.br/cpsess8345060763/3rdparty/roundcube/?_task=mail" "Mozilla/5.0 (Windows NT 10.0; Win64; x64) AppleWebKit/537.36 (KHTML, like Gecko) Chrome/152.0.0.0 Safari/537.36"
186.205.10.91 - - [17/Sep/2026:12:31:41 -0300] "GET /cpsess8345060763/3rdparty/roundcube/?_task=mail&_action=getunread&_page=1&_remote=1&_unlock=0&_=1789659099905 HTTP/1.1" 200 1434 "https://webmail.espacofacial.com.br/cpsess8345060763/3rdparty/roundcube/?_task=mail&_mbox=INBOX" "Mozilla/5.0 (Windows NT 10.0; Win64; x64) AppleWebKit/537.36 (KHTML, like Gecko) Chrome/152.0.0.0 Safari/537.36"
186.205.10.91 - - [17/Sep/2026:12:31:43 -0300] "GET /cpsess8345060763/3rdparty/roundcube/?_task=mail&_caps=pdf%3D1%2Cflash%3D0%2Ctiff%3D0%2Cwebp%3D1%2Cpgpmime%3D0&_uid=5980&_mbox=INBOX&_framed=1&_action=preview HTTP/1.1" 200 10113 "https://webmail.espacofacial.com.br/cpsess8345060763/3rdparty/roundcube/?_task=mail&_mbox=INBOX" "Mozilla/5.0 (Windows NT 10.0; Win64; x64) AppleWebKit/537.36 (KHTML, like Gecko) Chrome/152.0.0.0 Safari/537.36"
186.205.10.91 - - [17/Sep/2026:12:31:43 -0300] "GET /cpsess8345060763/3rdparty/roundcube/?_task=mail&_action=get&_mbox=INBOX&_uid=5980&_token=SdBGYUNvfrStyTZx2yDEFnAH3qfKQKhG&_part=1.2.2&_embed=1&_mimeclass=image HTTP/1.1" 200 18341 "https://webmail.espacofacial.com.br/cpsess8345060763/3rdparty/roundcube/?_task=mail&_caps=pdf%3D1%2Cflash%3D0%2Ctiff%3D0%2Cwebp%3D1%2Cpgpmime%3D0&_uid=5980&_mbox=INBOX&_framed=1&_action=preview" "Mozilla/5.0 (Windows NT 10.0; Win64; x64) AppleWebKit/537.36 (KHTML, like Gecko) Chrome/152.0.0.0 Safari/537.36"
186.205.10.91 - - [17/Sep/2026:12:31:43 -0300] "GET /cpsess8345060763/3rdparty/roundcube/?_task=addressbook&_action=photo&_email=cpanel%40espacofacial.com.br&_error=1&_bgcolor=transparent HTTP/1.1" 204 - "https://webmail.espacofacial.com.br/cpsess8345060763/3rdparty/roundcube/?_task=mail&_caps=pdf%3D1%2Cflash%3D0%2Ctiff%3D0%2Cwebp%3D1%2Cpgpmime%3D0&_uid=5980&_mbox=INBOX&_framed=1&_action=preview" "Mozilla/5.0 (Windows NT 10.0; Win64; x64) AppleWebKit/537.36 (KHTML, like Gecko) Chrome/152.0.0.0 Safari/537.36"
200.195.112.243 - - [17/Sep/2026:12:31:51 -0300] "POST /cpsess1974799990/3rdparty/roundcube/?_task=mail&_action=refresh HTTP/1.1" 308 152 "https://webmail.espacofacial.com.br/cpsess1974799990/3rdparty/roundcube/?_task=mail&_mbox=INBOX.spam" "Mozilla/5.0 (Windows NT 10.0; Win64; x64) AppleWebKit/537.36 (KHTML, like Gecko) Chrome/153.0.0.0 Safari/537.36"
200.195.112.243 - - [17/Sep/2026:12:31:51 -0300] "POST /cpsess1974799990/3rdparty/roundcube/?_task=mail&_action=refresh HTTP/1.1" 200 1390 "https://webmail.espacofacial.com.br/cpsess1974799990/3rdparty/roundcube/?_task=mail&_mbox=INBOX.spam" "Mozilla/5.0 (Windows NT 10.0; Win64; x64) AppleWebKit/537.36 (KHTML, like Gecko) Chrome/153.0.0.0 Safari/537.36"
186.205.10.91 - - [17/Sep/2026:12:32:01 -0300] "POST /cpsess1240618111/3rdparty/roundcube/?_task=mail&_action=refresh HTTP/1.1" 200 1396 "https://webmail.espacofacial.com.br/cpsess1240618111/3rdparty/roundcube/?_task=mail&_mbox=INBOX.Sent" "Mozilla/5.0 (Windows NT 10.0; Win64; x64) AppleWebKit/537.36 (KHTML, like Gecko) Chrome/152.0.0.0 Safari/537.36"
52.141.45.117 - - [17/Sep/2026:12:32:15 -0300] "GET /wp-content/plugins/hellopress/wp_filemanager.php HTTP/1.1" 404 3474 "-" "-"
52.141.45.117 - - [17/Sep/2026:12:32:16 -0300] "GET /this_is_a_new_hello_world.php HTTP/1.1" 404 3474 "-" "-"
52.141.45.117 - - [17/Sep/2026:12:32:16 -0300] "GET /alfa.php HTTP/1.1" 404 3474 "-" "-"
52.141.45.117 - - [17/Sep/2026:12:32:16 -0300] "GET /222.php HTTP/1.1" 404 3474 "-" "-"
52.141.45.117 - - [17/Sep/2026:12:32:17 -0300] "GET /3PJcpMFsD8B.php HTTP/1.1" 404 3474 "-" "-"
136.226.63.10 - - [17/Sep/2026:12:32:17 -0300] "POST /cpsess0043854602/3rdparty/roundcube/?_task=mail&_action=refresh HTTP/1.1" 308 152 "https://webmail.espacofacial.com.br/cpsess0043854602/3rdparty/roundcube/?_task=mail&_mbox=INBOX" "Mozilla/5.0 (Windows NT 10.0; Win64; x64) AppleWebKit/537.36 (KHTML, like Gecko) Chrome/153.0.0.0 Safari/537.36"
136.226.63.10 - - [17/Sep/2026:12:32:17 -0300] "POST /cpsess0043854602/3rdparty/roundcube/?_task=mail&_action=refresh HTTP/1.1" 200 1387 "https://webmail.espacofacial.com.br/cpsess0043854602/3rdparty/roundcube/?_task=mail&_mbox=INBOX" "Mozilla/5.0 (Windows NT 10.0; Win64; x64) AppleWebKit/537.36 (KHTML, like Gecko) Chrome/153.0.0.0 Safari/537.36"
52.141.45.117 - - [17/Sep/2026:12:32:17 -0300] "GET /images.php HTTP/1.1" 404 3474 "-" "-"
52.141.45.117 - - [17/Sep/2026:12:32:17 -0300] "GET /goods.php HTTP/1.1" 404 3474 "-" "-"
52.141.45.117 - - [17/Sep/2026:12:32:18 -0300] "GET /k.php?p= HTTP/1.1" 404 3474 "-" "-"
52.141.45.117 - - [17/Sep/2026:12:32:18 -0300] "GET /media.php HTTP/1.1" 404 3474 "-" "-"
52.141.45.117 - - [17/Sep/2026:12:32:18 -0300] "GET /mac.php HTTP/1.1" 404 3474 "-" "-"
52.141.45.117 - - [17/Sep/2026:12:32:19 -0300] "GET /test1.php HTTP/1.1" 404 3474 "-" "-"
52.141.45.117 - - [17/Sep/2026:12:32:19 -0300] "GET /ops.php HTTP/1.1" 404 3474 "-" "-"
52.141.45.117 - - [17/Sep/2026:12:32:19 -0300] "GET /1.php HTTP/1.1" 404 3474 "-" "-"
186.207.45.76 - - [17/Sep/2026:12:32:19 -0300] "POST /cpsess6230199964/3rdparty/roundcube/?_task=mail&_action=refresh HTTP/1.1" 200 1388 "https://webmail.espacofacial.com.br/cpsess6230199964/3rdparty/roundcube/?_task=mail&_mbox=INBOX" "Mozilla/5.0 (Windows NT 10.0; Win64; x64) AppleWebKit/537.36 (KHTML, like Gecko) Chrome/152.0.0.0 Safari/537.36"
52.141.45.117 - - [17/Sep/2026:12:32:20 -0300] "GET /aaa.php?p= HTTP/1.1" 404 3474 "-" "-"
52.141.45.117 - - [17/Sep/2026:12:32:20 -0300] "GET /b8.php HTTP/1.1" 404 3474 "-" "-"
52.141.45.117 - - [17/Sep/2026:12:32:20 -0300] "GET /chosen.php HTTP/1.1" 404 3474 "-" "-"
52.141.45.117 - - [17/Sep/2026:12:32:21 -0300] "GET /2P.php HTTP/1.1" 404 3474 "-" "-"
52.141.45.117 - - [17/Sep/2026:12:32:21 -0300] "GET /min.php HTTP/1.1" 404 3474 "-" "-"
52.141.45.117 - - [17/Sep/2026:12:32:21 -0300] "GET /error_log.php HTTP/1.1" 404 3474 "-" "-"
52.141.45.117 - - [17/Sep/2026:12:32:22 -0300] "GET /hur.php HTTP/1.1" 404 3474 "-" "-"
52.141.45.117 - - [17/Sep/2026:12:32:22 -0300] "GET /crgio.php HTTP/1.1" 404 3474 "-" "-"
52.141.45.117 - - [17/Sep/2026:12:32:22 -0300] "GET /wp-admin/css/ HTTP/1.1" 404 3474 "-" "-"
52.141.45.117 - - [17/Sep/2026:12:32:23 -0300] "GET /great.php HTTP/1.1" 404 3474 "-" "-"
52.141.45.117 - - [17/Sep/2026:12:32:23 -0300] "GET /ff1.php HTTP/1.1" 404 3474 "-" "-"
52.141.45.117 - - [17/Sep/2026:12:32:23 -0300] "GET /BDKR28WP.php HTTP/1.1" 404 3474 "-" "-"
52.141.45.117 - - [17/Sep/2026:12:32:24 -0300] "GET /images2.php HTTP/1.1" 404 3474 "-" "-"
52.141.45.117 - - [17/Sep/2026:12:32:24 -0300] "GET ///admin.php HTTP/1.1" 404 3474 "-" "-"
52.141.45.117 - - [17/Sep/2026:12:32:24 -0300] "GET /prv8.php HTTP/1.1" 404 3474 "-" "-"
52.141.45.117 - - [17/Sep/2026:12:32:25 -0300] "GET //0.php HTTP/1.1" 404 3474 "-" "-"
52.141.45.117 - - [17/Sep/2026:12:32:25 -0300] "GET /gigi.php HTTP/1.1" 404 3474 "-" "-"
52.141.45.117 - - [17/Sep/2026:12:32:25 -0300] "GET /ba.php HTTP/1.1" 404 3474 "-" "-"
52.141.45.117 - - [17/Sep/2026:12:32:26 -0300] "GET /vpn.php HTTP/1.1" 404 3474 "-" "-"
52.141.45.117 - - [17/Sep/2026:12:32:26 -0300] "GET /mds.php HTTP/1.1" 404 3474 "-" "-"
52.141.45.117 - - [17/Sep/2026:12:32:26 -0300] "GET /mga.php HTTP/1.1" 404 3474 "-" "-"
52.141.45.117 - - [17/Sep/2026:12:32:27 -0300] "GET /ant.php HTTP/1.1" 404 3474 "-" "-"
52.141.45.117 - - [17/Sep/2026:12:32:27 -0300] "GET //uejvv.php HTTP/1.1" 404 3474 "-" "-"
52.141.45.117 - - [17/Sep/2026:12:32:27 -0300] "GET /we.php HTTP/1.1" 404 3474 "-" "-"
52.141.45.117 - - [17/Sep/2026:12:32:28 -0300] "GET /fffm.php?p= HTTP/1.1" 404 3474 "-" "-"
52.141.45.117 - - [17/Sep/2026:12:32:28 -0300] "GET /fix.php HTTP/1.1" 404 3474 "-" "-"
52.141.45.117 - - [17/Sep/2026:12:32:28 -0300] "GET /admin.php?attempt=1 HTTP/1.1" 404 3474 "-" "-"
179.49.205.248 - - [17/Sep/2026:12:32:28 -0300] "POST /cpsess8770996163/3rdparty/roundcube/?_task=mail&_action=refresh HTTP/1.1" 308 152 "https://webmail.espacofacial.com.br/cpsess8770996163/3rdparty/roundcube/?_task=mail&_mbox=INBOX.spam" "Mozilla/5.0 (Windows NT 10.0; Win64; x64) AppleWebKit/537.36 (KHTML, like Gecko) Chrome/152.0.0.0 Safari/537.36"
179.49.205.248 - - [17/Sep/2026:12:32:28 -0300] "POST /cpsess8770996163/3rdparty/roundcube/?_task=mail&_action=refresh HTTP/1.1" 200 1387 "https://webmail.espacofacial.com.br/cpsess8770996163/3rdparty/roundcube/?_task=mail&_mbox=INBOX.spam" "Mozilla/5.0 (Windows NT 10.0; Win64; x64) AppleWebKit/537.36 (KHTML, like Gecko) Chrome/152.0.0.0 Safari/537.36"
186.205.10.91 - - [17/Sep/2026:12:32:28 -0300] "GET /cpsess8345060763/3rdparty/roundcube/skins/elastic/watermark.html HTTP/1.1" 308 149 "https://webmail.espacofacial.com.br/cpsess8345060763/3rdparty/roundcube/?_task=mail&_mbox=INBOX" "Mozilla/5.0 (Windows NT 10.0; Win64; x64) AppleWebKit/537.36 (KHTML, like Gecko) Chrome/152.0.0.0 Safari/537.36"
52.141.45.117 - - [17/Sep/2026:12:32:29 -0300] "GET /wp-admin/css/colors/modern/ HTTP/1.1" 404 3474 "-" "-"
186.205.10.91 - - [17/Sep/2026:12:32:28 -0300] "GET /cpsess8345060763/3rdparty/roundcube/?_task=mail&_caps=pdf%3D1%2Cflash%3D0%2Ctiff%3D0%2Cwebp%3D1%2Cpgpmime%3D0&_uid=5979&_mbox=INBOX&_framed=1&_action=preview HTTP/1.1" 200 15937 "https://webmail.espacofacial.com.br/cpsess8345060763/3rdparty/roundcube/?_task=mail&_mbox=INBOX" "Mozilla/5.0 (Windows NT 10.0; Win64; x64) AppleWebKit/537.36 (KHTML, like Gecko) Chrome/152.0.0.0 Safari/537.36"
186.205.10.91 - - [17/Sep/2026:12:32:29 -0300] "POST /cpsess8345060763/3rdparty/roundcube/?_task=mail&_action=move HTTP/1.1" 200 2101 "https://webmail.espacofacial.com.br/cpsess8345060763/3rdparty/roundcube/?_task=mail&_mbox=INBOX" "Mozilla/5.0 (Windows NT 10.0; Win64; x64) AppleWebKit/537.36 (KHTML, like Gecko) Chrome/152.0.0.0 Safari/537.36"
186.205.10.91 - - [17/Sep/2026:12:32:29 -0300] "GET /cpsess8345060763/3rdparty/roundcube/?_task=addressbook&_action=photo&_email=relacionamento%40email.minhaclaro.com.br&_error=1&_bgcolor=transparent HTTP/1.1" 204 - "https://webmail.espacofacial.com.br/cpsess8345060763/3rdparty/roundcube/?_task=mail&_caps=pdf%3D1%2Cflash%3D0%2Ctiff%3D0%2Cwebp%3D1%2Cpgpmime%3D0&_uid=5979&_mbox=INBOX&_framed=1&_action=preview" "Mozilla/5.0 (Windows NT 10.0; Win64; x64) AppleWebKit/537.36 (KHTML, like Gecko) Chrome/152.0.0.0 Safari/537.36"
52.141.45.117 - - [17/Sep/2026:12:32:29 -0300] "GET /wp-admin/css/colors/sunrise/ HTTP/1.1" 404 3474 "-" "-"
52.141.45.117 - - [17/Sep/2026:12:32:29 -0300] "GET /file.php HTTP/1.1" 404 3474 "-" "-"
52.141.45.117 - - [17/Sep/2026:12:32:29 -0300] "GET /modules.php HTTP/1.1" 404 3474 "-" "-"
52.141.45.117 - - [17/Sep/2026:12:32:30 -0300] "GET /elements.php HTTP/1.1" 404 3474 "-" "-"
186.205.10.91 - - [17/Sep/2026:12:32:30 -0300] "POST /cpsess8345060763/3rdparty/roundcube/?_task=mail&_action=move HTTP/1.1" 200 2128 "https://webmail.espacofacial.com.br/cpsess8345060763/3rdparty/roundcube/?_task=mail&_mbox=INBOX" "Mozilla/5.0 (Windows NT 10.0; Win64; x64) AppleWebKit/537.36 (KHTML, like Gecko) Chrome/152.0.0.0 Safari/537.36"
186.205.10.91 - - [17/Sep/2026:12:32:30 -0300] "GET /cpsess8345060763/3rdparty/roundcube/skins/elastic/watermark.html HTTP/1.1" 200 494 "https://webmail.espacofacial.com.br/cpsess8345060763/3rdparty/roundcube/?_task=mail&_mbox=INBOX" "Mozilla/5.0 (Windows NT 10.0; Win64; x64) AppleWebKit/537.36 (KHTML, like Gecko) Chrome/152.0.0.0 Safari/537.36"
186.205.10.91 - - [17/Sep/2026:12:32:30 -0300] "GET /cpsess8345060763/3rdparty/roundcube/?_task=mail&_caps=pdf%3D1%2Cflash%3D0%2Ctiff%3D0%2Cwebp%3D1%2Cpgpmime%3D0&_uid=5978&_mbox=INBOX&_framed=1&_action=preview HTTP/1.1" 200 10673 "https://webmail.espacofacial.com.br/cpsess8345060763/3rdparty/roundcube/?_task=mail&_mbox=INBOX" "Mozilla/5.0 (Windows NT 10.0; Win64; x64) AppleWebKit/537.36 (KHTML, like Gecko) Chrome/152.0.0.0 Safari/537.36"
52.141.45.117 - - [17/Sep/2026:12:32:30 -0300] "GET /wp-22.php HTTP/1.1" 404 3474 "-" "-"
186.205.10.91 - - [17/Sep/2026:12:32:30 -0300] "GET /cpsess8345060763/3rdparty/roundcube/?_task=addressbook&_action=photo&_email=oportunidades%40portaldofranchising.com.br&_error=1&_bgcolor=transparent HTTP/1.1" 204 - "https://webmail.espacofacial.com.br/cpsess8345060763/3rdparty/roundcube/?_task=mail&_caps=pdf%3D1%2Cflash%3D0%2Ctiff%3D0%2Cwebp%3D1%2Cpgpmime%3D0&_uid=5978&_mbox=INBOX&_framed=1&_action=preview" "Mozilla/5.0 (Windows NT 10.0; Win64; x64) AppleWebKit/537.36 (KHTML, like Gecko) Chrome/152.0.0.0 Safari/537.36"
52.141.45.117 - - [17/Sep/2026:12:32:30 -0300] "GET /NewFile.php HTTP/1.1" 404 3474 "-" "-"
52.141.45.117 - - [17/Sep/2026:12:32:31 -0300] "GET /ded.php HTTP/1.1" 404 3474 "-" "-"
52.141.45.117 - - [17/Sep/2026:12:32:31 -0300] "GET /indo.php HTTP/1.1" 404 3474 "-" "-"
52.141.45.117 - - [17/Sep/2026:12:32:31 -0300] "GET /x.php HTTP/1.1" 404 3474 "-" "-"
52.141.45.117 - - [17/Sep/2026:12:32:32 -0300] "GET /ugmlxqxz.php HTTP/1.1" 404 3474 "-" "-"
52.141.45.117 - - [17/Sep/2026:12:32:32 -0300] "GET /mpwkxnos.php HTTP/1.1" 404 3474 "-" "-"
52.141.45.117 - - [17/Sep/2026:12:32:32 -0300] "GET /x33.php HTTP/1.1" 404 3474 "-" "-"
52.141.45.117 - - [17/Sep/2026:12:32:33 -0300] "GET /sitemap.php HTTP/1.1" 404 3474 "-" "-"
52.141.45.117 - - [17/Sep/2026:12:32:33 -0300] "GET /xetmolxr.php HTTP/1.1" 404 3474 "-" "-"
52.141.45.117 - - [17/Sep/2026:12:32:33 -0300] "GET /mk.php HTTP/1.1" 404 3474 "-" "-"
52.141.45.117 - - [17/Sep/2026:12:32:34 -0300] "GET /zpcutwcq.php HTTP/1.1" 404 3474 "-" "-"
52.141.45.117 - - [17/Sep/2026:12:32:34 -0300] "GET /blacks.php HTTP/1.1" 404 3474 "-" "-"
52.141.45.117 - - [17/Sep/2026:12:32:34 -0300] "GET /h2.php HTTP/1.1" 404 3474 "-" "-"
52.141.45.117 - - [17/Sep/2026:12:32:35 -0300] "GET /mini.php HTTP/1.1" 404 3474 "-" "-"
186.205.10.91 - - [17/Sep/2026:12:32:35 -0300] "POST /cpsess9876102582/3rdparty/roundcube/?_task=mail&_action=refresh HTTP/1.1" 308 152 "https://webmail.espacofacial.com.br/cpsess9876102582/3rdparty/roundcube/?_task=mail&_mbox=INBOX" "Mozilla/5.0 (Macintosh; Intel Mac OS X 10_15_7) AppleWebKit/537.36 (KHTML, like Gecko) Chrome/152.0.0.0 Safari/537.36"
186.205.10.91 - - [17/Sep/2026:12:32:35 -0300] "POST /cpsess9876102582/3rdparty/roundcube/?_task=mail&_action=refresh HTTP/1.1" 200 1387 "https://webmail.espacofacial.com.br/cpsess9876102582/3rdparty/roundcube/?_task=mail&_mbox=INBOX" "Mozilla/5.0 (Macintosh; Intel Mac OS X 10_15_7) AppleWebKit/537.36 (KHTML, like Gecko) Chrome/152.0.0.0 Safari/537.36"
52.141.45.117 - - [17/Sep/2026:12:32:35 -0300] "GET /rfgymredns.php HTTP/1.1" 404 3474 "-" "-"
52.141.45.117 - - [17/Sep/2026:12:32:35 -0300] "GET /inx.php HTTP/1.1" 404 3474 "-" "-"
52.141.45.117 - - [17/Sep/2026:12:32:36 -0300] "GET /zwso.php HTTP/1.1" 404 3474 "-" "-"
52.141.45.117 - - [17/Sep/2026:12:32:36 -0300] "GET /upgrtfg.php HTTP/1.1" 404 3474 "-" "-"
52.141.45.117 - - [17/Sep/2026:12:32:36 -0300] "GET /tiny.php?p= HTTP/1.1" 404 3474 "-" "-"
52.141.45.117 - - [17/Sep/2026:12:32:37 -0300] "GET /simple.php HTTP/1.1" 404 3474 "-" "-"
52.141.45.117 - - [17/Sep/2026:12:32:37 -0300] "GET /sallu.php HTTP/1.1" 404 3474 "-" "-"
52.141.45.117 - - [17/Sep/2026:12:32:37 -0300] "GET //buy.php HTTP/1.1" 404 3474 "-" "-"
52.141.45.117 - - [17/Sep/2026:12:32:38 -0300] "GET /ioxi-o.php HTTP/1.1" 404 3474 "-" "-"
52.141.45.117 - - [17/Sep/2026:12:32:38 -0300] "GET /kgb.php HTTP/1.1" 404 3474 "-" "-"
52.141.45.117 - - [17/Sep/2026:12:32:38 -0300] "GET /ega7IvFSLKi.php HTTP/1.1" 404 3474 "-" "-"
52.141.45.117 - - [17/Sep/2026:12:32:39 -0300] "GET /1wvekeybd9it2di2vyipgr6Cdefault.php HTTP/1.1" 404 3474 "-" "-"
52.141.45.117 - - [17/Sep/2026:12:32:39 -0300] "GET /ol.php HTTP/1.1" 404 3474 "-" "-"
52.141.45.117 - - [17/Sep/2026:12:32:39 -0300] "GET /vast.php HTTP/1.1" 404 3474 "-" "-"
52.141.45.117 - - [17/Sep/2026:12:32:40 -0300] "GET /fling.php?p= HTTP/1.1" 404 3474 "-" "-"
52.141.45.117 - - [17/Sep/2026:12:32:40 -0300] "GET /z1nfmwd3.php HTTP/1.1" 404 3474 "-" "-"
37.19.221.225 - - [17/Sep/2026:12:32:40 -0300] "POST /cpsess7211416590/3rdparty/roundcube/?_task=mail&_action=refresh HTTP/1.1" 308 152 "https://webmail.espacofacial.com.br/cpsess7211416590/3rdparty/roundcube/?_task=mail&_mbox=INBOX" "Mozilla/5.0 (Windows NT 10.0; Win64; x64) AppleWebKit/537.36 (KHTML, like Gecko) Chrome/152.0.0.0 Safari/537.36"
52.141.45.117 - - [17/Sep/2026:12:32:40 -0300] "GET /ans.php HTTP/1.1" 404 3474 "-" "-"
52.141.45.117 - - [17/Sep/2026:12:32:41 -0300] "GET /fs.php HTTP/1.1" 404 3474 "-" "-"
37.19.221.225 - - [17/Sep/2026:12:32:41 -0300] "POST /cpsess7211416590/3rdparty/roundcube/?_task=mail&_action=refresh HTTP/1.1" 200 1387 "https://webmail.espacofacial.com.br/cpsess7211416590/3rdparty/roundcube/?_task=mail&_mbox=INBOX" "Mozilla/5.0 (Windows NT 10.0; Win64; x64) AppleWebKit/537.36 (KHTML, like Gecko) Chrome/152.0.0.0 Safari/537.36"
186.205.10.91 - - [17/Sep/2026:12:32:41 -0300] "POST /cpsess8345060763/3rdparty/roundcube/?_task=mail&_action=refresh HTTP/1.1" 308 152 "https://webmail.espacofacial.com.br/cpsess8345060763/3rdparty/roundcube/?_task=mail&_mbox=INBOX" "Mozilla/5.0 (Windows NT 10.0; Win64; x64) AppleWebKit/537.36 (KHTML, like Gecko) Chrome/152.0.0.0 Safari/537.36"
52.141.45.117 - - [17/Sep/2026:12:32:41 -0300] "GET /gf.php HTTP/1.1" 404 3474 "-" "-"
186.205.10.91 - - [17/Sep/2026:12:32:41 -0300] "POST /cpsess8345060763/3rdparty/roundcube/?_task=mail&_action=refresh HTTP/1.1" 200 1400 "https://webmail.espacofacial.com.br/cpsess8345060763/3rdparty/roundcube/?_task=mail&_mbox=INBOX" "Mozilla/5.0 (Windows NT 10.0; Win64; x64) AppleWebKit/537.36 (KHTML, like Gecko) Chrome/152.0.0.0 Safari/537.36"
52.141.45.117 - - [17/Sep/2026:12:32:41 -0300] "GET /man.php HTTP/1.1" 404 3474 "-" "-"
52.141.45.117 - - [17/Sep/2026:12:32:42 -0300] "GET /n30n.php HTTP/1.1" 404 3474 "-" "-"
52.141.45.117 - - [17/Sep/2026:12:32:42 -0300] "GET /olpsa.php HTTP/1.1" 404 3474 "-" "-"
52.141.45.117 - - [17/Sep/2026:12:32:42 -0300] "GET /about.php HTTP/1.1" 404 3474 "-" "-"
52.141.45.117 - - [17/Sep/2026:12:32:43 -0300] "GET /dev.php?p= HTTP/1.1" 404 3474 "-" "-"
52.141.45.117 - - [17/Sep/2026:12:32:43 -0300] "GET /ms-edit.php HTTP/1.1" 404 3474 "-" "-"
52.141.45.117 - - [17/Sep/2026:12:32:43 -0300] "GET /settings.php HTTP/1.1" 404 3474 "-" "-"
52.141.45.117 - - [17/Sep/2026:12:32:44 -0300] "GET /kj.php HTTP/1.1" 404 3474 "-" "-"
52.141.45.117 - - [17/Sep/2026:12:32:44 -0300] "GET /asw.php HTTP/1.1" 404 3474 "-" "-"
52.141.45.117 - - [17/Sep/2026:12:32:44 -0300] "GET /kk.php HTTP/1.1" 404 3474 "-" "-"
52.141.45.117 - - [17/Sep/2026:12:32:45 -0300] "GET /wp-includes/core.php HTTP/1.1" 404 3474 "-" "-"
52.141.45.117 - - [17/Sep/2026:12:32:45 -0300] "GET /wp-admin/includes/class-wp-site-list.php HTTP/1.1" 404 3474 "-" "-"
52.141.45.117 - - [17/Sep/2026:12:32:45 -0300] "GET //CAE-2.5.php HTTP/1.1" 404 3474 "-" "-"
200.195.112.243 - - [17/Sep/2026:12:32:51 -0300] "POST /cpsess1974799990/3rdparty/roundcube/?_task=mail&_action=refresh HTTP/1.1" 308 152 "https://webmail.espacofacial.com.br/cpsess1974799990/3rdparty/roundcube/?_task=mail&_mbox=INBOX.spam" "Mozilla/5.0 (Windows NT 10.0; Win64; x64) AppleWebKit/537.36 (KHTML, like Gecko) Chrome/153.0.0.0 Safari/537.36"
200.195.112.243 - - [17/Sep/2026:12:32:51 -0300] "POST /cpsess1974799990/3rdparty/roundcube/?_task=mail&_action=refresh HTTP/1.1" 200 1389 "https://webmail.espacofacial.com.br/cpsess1974799990/3rdparty/roundcube/?_task=mail&_mbox=INBOX.spam" "Mozilla/5.0 (Windows NT 10.0; Win64; x64) AppleWebKit/537.36 (KHTML, like Gecko) Chrome/153.0.0.0 Safari/537.36"
186.205.10.91 - - [17/Sep/2026:12:33:02 -0300] "POST /cpsess1240618111/3rdparty/roundcube/?_task=mail&_action=refresh HTTP/1.1" 308 152 "https://webmail.espacofacial.com.br/cpsess1240618111/3rdparty/roundcube/?_task=mail&_mbox=INBOX.Sent" "Mozilla/5.0 (Windows NT 10.0; Win64; x64) AppleWebKit/537.36 (KHTML, like Gecko) Chrome/152.0.0.0 Safari/537.36"
186.205.10.91 - - [17/Sep/2026:12:33:03 -0300] "POST /cpsess1240618111/3rdparty/roundcube/?_task=mail&_action=refresh HTTP/1.1" 200 1388 "https://webmail.espacofacial.com.br/cpsess1240618111/3rdparty/roundcube/?_task=mail&_mbox=INBOX.Sent" "Mozilla/5.0 (Windows NT 10.0; Win64; x64) AppleWebKit/537.36 (KHTML, like Gecko) Chrome/152.0.0.0 Safari/537.36"
136.226.63.10 - - [17/Sep/2026:12:33:17 -0300] "POST /cpsess0043854602/3rdparty/roundcube/?_task=mail&_action=refresh HTTP/1.1" 200 1388 "https://webmail.espacofacial.com.br/cpsess0043854602/3rdparty/roundcube/?_task=mail&_mbox=INBOX" "Mozilla/5.0 (Windows NT 10.0; Win64; x64) AppleWebKit/537.36 (KHTML, like Gecko) Chrome/153.0.0.0 Safari/537.36"
186.207.45.76 - - [17/Sep/2026:12:33:20 -0300] "POST /cpsess6230199964/3rdparty/roundcube/?_task=mail&_action=refresh HTTP/1.1" 308 152 "https://webmail.espacofacial.com.br/cpsess6230199964/3rdparty/roundcube/?_task=mail&_mbox=INBOX" "Mozilla/5.0 (Windows NT 10.0; Win64; x64) AppleWebKit/537.36 (KHTML, like Gecko) Chrome/152.0.0.0 Safari/537.36"
186.207.45.76 - - [17/Sep/2026:12:33:20 -0300] "POST /cpsess6230199964/3rdparty/roundcube/?_task=mail&_action=refresh HTTP/1.1" 200 1388 "https://webmail.espacofacial.com.br/cpsess6230199964/3rdparty/roundcube/?_task=mail&_mbox=INBOX" "Mozilla/5.0 (Windows NT 10.0; Win64; x64) AppleWebKit/537.36 (KHTML, like Gecko) Chrome/152.0.0.0 Safari/537.36"
179.49.205.248 - - [17/Sep/2026:12:33:28 -0300] "POST /cpsess8770996163/3rdparty/roundcube/?_task=mail&_action=refresh HTTP/1.1" 308 152 "https://webmail.espacofacial.com.br/cpsess8770996163/3rdparty/roundcube/?_task=mail&_mbox=INBOX.spam" "Mozilla/5.0 (Windows NT 10.0; Win64; x64) AppleWebKit/537.36 (KHTML, like Gecko) Chrome/152.0.0.0 Safari/537.36"
179.49.205.248 - - [17/Sep/2026:12:33:28 -0300] "POST /cpsess8770996163/3rdparty/roundcube/?_task=mail&_action=refresh HTTP/1.1" 200 1388 "https://webmail.espacofacial.com.br/cpsess8770996163/3rdparty/roundcube/?_task=mail&_mbox=INBOX.spam" "Mozilla/5.0 (Windows NT 10.0; Win64; x64) AppleWebKit/537.36 (KHTML, like Gecko) Chrome/152.0.0.0 Safari/537.36"
186.205.10.91 - - [17/Sep/2026:12:33:35 -0300] "POST /cpsess9876102582/3rdparty/roundcube/?_task=mail&_action=refresh HTTP/1.1" 308 152 "https://webmail.espacofacial.com.br/cpsess9876102582/3rdparty/roundcube/?_task=mail&_mbox=INBOX" "Mozilla/5.0 (Macintosh; Intel Mac OS X 10_15_7) AppleWebKit/537.36 (KHTML, like Gecko) Chrome/152.0.0.0 Safari/537.36"
186.205.10.91 - - [17/Sep/2026:12:33:35 -0300] "POST /cpsess9876102582/3rdparty/roundcube/?_task=mail&_action=refresh HTTP/1.1" 200 1388 "https://webmail.espacofacial.com.br/cpsess9876102582/3rdparty/roundcube/?_task=mail&_mbox=INBOX" "Mozilla/5.0 (Macintosh; Intel Mac OS X 10_15_7) AppleWebKit/537.36 (KHTML, like Gecko) Chrome/152.0.0.0 Safari/537.36"
186.205.10.91 - - [17/Sep/2026:12:33:41 -0300] "POST /cpsess8345060763/3rdparty/roundcube/?_task=mail&_action=refresh HTTP/1.1" 308 152 "https://webmail.espacofacial.com.br/cpsess8345060763/3rdparty/roundcube/?_task=mail&_mbox=INBOX" "Mozilla/5.0 (Windows NT 10.0; Win64; x64) AppleWebKit/537.36 (KHTML, like Gecko) Chrome/152.0.0.0 Safari/537.36"
186.205.10.91 - - [17/Sep/2026:12:33:41 -0300] "POST /cpsess8345060763/3rdparty/roundcube/?_task=mail&_action=refresh HTTP/1.1" 200 1390 "https://webmail.espacofacial.com.br/cpsess8345060763/3rdparty/roundcube/?_task=mail&_mbox=INBOX" "Mozilla/5.0 (Windows NT 10.0; Win64; x64) AppleWebKit/537.36 (KHTML, like Gecko) Chrome/152.0.0.0 Safari/537.36"
37.19.221.225 - - [17/Sep/2026:12:33:41 -0300] "POST /cpsess7211416590/3rdparty/roundcube/?_task=mail&_action=refresh HTTP/1.1" 308 152 "https://webmail.espacofacial.com.br/cpsess7211416590/3rdparty/roundcube/?_task=mail&_mbox=INBOX" "Mozilla/5.0 (Windows NT 10.0; Win64; x64) AppleWebKit/537.36 (KHTML, like Gecko) Chrome/152.0.0.0 Safari/537.36"
37.19.221.225 - - [17/Sep/2026:12:33:42 -0300] "POST /cpsess7211416590/3rdparty/roundcube/?_task=mail&_action=refresh HTTP/1.1" 200 1388 "https://webmail.espacofacial.com.br/cpsess7211416590/3rdparty/roundcube/?_task=mail&_mbox=INBOX" "Mozilla/5.0 (Windows NT 10.0; Win64; x64) AppleWebKit/537.36 (KHTML, like Gecko) Chrome/152.0.0.0 Safari/537.36"
168.195.21.201 - - [17/Sep/2026:12:33:42 -0300] "GET / HTTP/1.1" 308 85 "-" "Mozilla/5.0 (Windows NT 10.0; Win64; x64) AppleWebKit/537.36 (KHTML, like Gecko) Chrome/153.0.0.0 Safari/537.36 Edg/153.0.0.0"
168.195.21.201 - - [17/Sep/2026:12:33:42 -0300] "GET / HTTP/1.1" 200 12542 "-" "Mozilla/5.0 (Windows NT 10.0; Win64; x64) AppleWebKit/537.36 (KHTML, like Gecko) Chrome/153.0.0.0 Safari/537.36 Edg/153.0.0.0"
168.195.21.201 - - [17/Sep/2026:12:33:43 -0300] "POST /login/?login_only=1 HTTP/1.1" 200 139 "https://webmail.espacofacial.com.br/" "Mozilla/5.0 (Windows NT 10.0; Win64; x64) AppleWebKit/537.36 (KHTML, like Gecko) Chrome/153.0.0.0 Safari/537.36 Edg/153.0.0.0"
168.195.21.201 - - [17/Sep/2026:12:33:44 -0300] "GET /cpsess3635716939/?=undefined&login=1&post_login=59472947767638 HTTP/1.1" 302 130 "https://webmail.espacofacial.com.br/" "Mozilla/5.0 (Windows NT 10.0; Win64; x64) AppleWebKit/537.36 (KHTML, like Gecko) Chrome/153.0.0.0 Safari/537.36 Edg/153.0.0.0"
168.195.21.201 - - [17/Sep/2026:12:33:44 -0300] "GET /cpsess3635716939/3rdparty/roundcube/index.php HTTP/1.1" 302 - "https://webmail.espacofacial.com.br/" "Mozilla/5.0 (Windows NT 10.0; Win64; x64) AppleWebKit/537.36 (KHTML, like Gecko) Chrome/153.0.0.0 Safari/537.36 Edg/153.0.0.0"
168.195.21.201 - - [17/Sep/2026:12:33:44 -0300] "GET /cpsess3635716939/3rdparty/roundcube/?_task=mail&_token=MhdJ8STiZa9ak5xlvobHM2HePf0JE4Th HTTP/1.1" 200 14214 "https://webmail.espacofacial.com.br/" "Mozilla/5.0 (Windows NT 10.0; Win64; x64) AppleWebKit/537.36 (KHTML, like Gecko) Chrome/153.0.0.0 Safari/537.36 Edg/153.0.0.0"
168.195.21.201 - - [17/Sep/2026:12:33:44 -0300] "GET /cpsess3635716939/3rdparty/roundcube/skins/elastic/styles/styles.min.css?s=1788683399 HTTP/1.1" 200 24006 "https://webmail.espacofacial.com.br/cpsess3635716939/3rdparty/roundcube/?_task=mail&_token=MhdJ8STiZa9ak5xlvobHM2HePf0JE4Th" "Mozilla/5.0 (Windows NT 10.0; Win64; x64) AppleWebKit/537.36 (KHTML, like Gecko) Chrome/153.0.0.0 Safari/537.36 Edg/153.0.0.0"
168.195.21.201 - - [17/Sep/2026:12:33:44 -0300] "GET /cpsess3635716939/3rdparty/roundcube/skins/elastic/deps/bootstrap.min.css?s=1788683403 HTTP/1.1" 200 25867 "https://webmail.espacofacial.com.br/cpsess3635716939/3rdparty/roundcube/?_task=mail&_token=MhdJ8STiZa9ak5xlvobHM2HePf0JE4Th" "Mozilla/5.0 (Windows NT 10.0; Win64; x64) AppleWebKit/537.36 (KHTML, like Gecko) Chrome/153.0.0.0 Safari/537.36 Edg/153.0.0.0"
