186.216.198.247 - - [17/Sep/2026:10:05:25 -0300] "GET /cpsess7211416590/3rdparty/roundcube/program/js/common.min.js?s=1788683399 HTTP/1.1" 200 4959 "https://webmail.espacofacial.com.br/cpsess7211416590/3rdparty/roundcube/?_task=mail&_token=PKDUEfYDJsM3KB71nwdHpIpFYizqT1xV" "Mozilla/5.0 (Windows NT 10.0; Win64; x64) AppleWebKit/537.36 (KHTML, like Gecko) Chrome/152.0.0.0 Safari/537.36"
186.216.198.247 - - [17/Sep/2026:10:05:25 -0300] "GET /cpsess7211416590/3rdparty/roundcube/program/js/app.min.js?s=1788683399 HTTP/1.1" 200 50616 "https://webmail.espacofacial.com.br/cpsess7211416590/3rdparty/roundcube/?_task=mail&_token=PKDUEfYDJsM3KB71nwdHpIpFYizqT1xV" "Mozilla/5.0 (Windows NT 10.0; Win64; x64) AppleWebKit/537.36 (KHTML, like Gecko) Chrome/152.0.0.0 Safari/537.36"
186.216.198.247 - - [17/Sep/2026:10:05:26 -0300] "GET /cpsess7211416590/3rdparty/roundcube/plugins/return_to_webmail/skins/elastic/return_to_webmail.css?s=1749492914 HTTP/1.1" 200 863 "https://webmail.espacofacial.com.br/cpsess7211416590/3rdparty/roundcube/?_task=mail&_token=PKDUEfYDJsM3KB71nwdHpIpFYizqT1xV" "Mozilla/5.0 (Windows NT 10.0; Win64; x64) AppleWebKit/537.36 (KHTML, like Gecko) Chrome/152.0.0.0 Safari/537.36"
186.216.198.247 - - [17/Sep/2026:10:05:26 -0300] "GET /cpsess7211416590/3rdparty/roundcube/program/js/treelist.min.js?s=1788683399 HTTP/1.1" 200 5390 "https://webmail.espacofacial.com.br/cpsess7211416590/3rdparty/roundcube/?_task=mail&_token=PKDUEfYDJsM3KB71nwdHpIpFYizqT1xV" "Mozilla/5.0 (Windows NT 10.0; Win64; x64) AppleWebKit/537.36 (KHTML, like Gecko) Chrome/152.0.0.0 Safari/537.36"
186.216.198.247 - - [17/Sep/2026:10:05:26 -0300] "GET /cpsess7211416590/3rdparty/roundcube/program/js/list.min.js?s=1788683399 HTTP/1.1" 200 8316 "https://webmail.espacofacial.com.br/cpsess7211416590/3rdparty/roundcube/?_task=mail&_token=PKDUEfYDJsM3KB71nwdHpIpFYizqT1xV" "Mozilla/5.0 (Windows NT 10.0; Win64; x64) AppleWebKit/537.36 (KHTML, like Gecko) Chrome/152.0.0.0 Safari/537.36"
186.216.198.247 - - [17/Sep/2026:10:05:26 -0300] "GET /cpsess7211416590/3rdparty/roundcube/plugins/return_to_webmail/return_to_webmail.js?s=1749492914 HTTP/1.1" 200 773 "https://webmail.espacofacial.com.br/cpsess7211416590/3rdparty/roundcube/?_task=mail&_token=PKDUEfYDJsM3KB71nwdHpIpFYizqT1xV" "Mozilla/5.0 (Windows NT 10.0; Win64; x64) AppleWebKit/537.36 (KHTML, like Gecko) Chrome/152.0.0.0 Safari/537.36"
186.216.198.247 - - [17/Sep/2026:10:05:26 -0300] "GET /cpsess7211416590/3rdparty/roundcube/plugins/archive/archive.min.js?s=1788683399 HTTP/1.1" 200 743 "https://webmail.espacofacial.com.br/cpsess7211416590/3rdparty/roundcube/?_task=mail&_token=PKDUEfYDJsM3KB71nwdHpIpFYizqT1xV" "Mozilla/5.0 (Windows NT 10.0; Win64; x64) AppleWebKit/537.36 (KHTML, like Gecko) Chrome/152.0.0.0 Safari/537.36"
186.216.198.247 - - [17/Sep/2026:10:05:26 -0300] "GET /cpsess7211416590/3rdparty/roundcube/plugins/markasjunk/markasjunk.min.js?s=1788683399 HTTP/1.1" 200 1144 "https://webmail.espacofacial.com.br/cpsess7211416590/3rdparty/roundcube/?_task=mail&_token=PKDUEfYDJsM3KB71nwdHpIpFYizqT1xV" "Mozilla/5.0 (Windows NT 10.0; Win64; x64) AppleWebKit/537.36 (KHTML, like Gecko) Chrome/152.0.0.0 Safari/537.36"
186.216.198.247 - - [17/Sep/2026:10:05:26 -0300] "GET /cpsess7211416590/3rdparty/roundcube/plugins/managesieve/managesieve.min.js?s=1788683399 HTTP/1.1" 200 7006 "https://webmail.espacofacial.com.br/cpsess7211416590/3rdparty/roundcube/?_task=mail&_token=PKDUEfYDJsM3KB71nwdHpIpFYizqT1xV" "Mozilla/5.0 (Windows NT 10.0; Win64; x64) AppleWebKit/537.36 (KHTML, like Gecko) Chrome/152.0.0.0 Safari/537.36"
186.216.198.247 - - [17/Sep/2026:10:05:26 -0300] "GET /cpsess7211416590/3rdparty/roundcube/plugins/mixpanel_analytics/mixpanel_analytics_include.js?s=1785188616 HTTP/1.1" 200 974 "https://webmail.espacofacial.com.br/cpsess7211416590/3rdparty/roundcube/?_task=mail&_token=PKDUEfYDJsM3KB71nwdHpIpFYizqT1xV" "Mozilla/5.0 (Windows NT 10.0; Win64; x64) AppleWebKit/537.36 (KHTML, like Gecko) Chrome/152.0.0.0 Safari/537.36"
186.216.198.247 - - [17/Sep/2026:10:05:26 -0300] "GET /cpsess7211416590/3rdparty/roundcube/plugins/calendar/calendar_base.js?s=1788880745 HTTP/1.1" 200 1766 "https://webmail.espacofacial.com.br/cpsess7211416590/3rdparty/roundcube/?_task=mail&_token=PKDUEfYDJsM3KB71nwdHpIpFYizqT1xV" "Mozilla/5.0 (Windows NT 10.0; Win64; x64) AppleWebKit/537.36 (KHTML, like Gecko) Chrome/152.0.0.0 Safari/537.36"
186.216.198.247 - - [17/Sep/2026:10:05:26 -0300] "GET /cpsess7211416590/3rdparty/roundcube/plugins/jqueryui/js/jquery-ui.min.js?s=1788683399 HTTP/1.1" 200 74366 "https://webmail.espacofacial.com.br/cpsess7211416590/3rdparty/roundcube/?_task=mail&_token=PKDUEfYDJsM3KB71nwdHpIpFYizqT1xV" "Mozilla/5.0 (Windows NT 10.0; Win64; x64) AppleWebKit/537.36 (KHTML, like Gecko) Chrome/152.0.0.0 Safari/537.36"
186.216.198.247 - - [17/Sep/2026:10:05:26 -0300] "GET /cpsess7211416590/3rdparty/roundcube/plugins/jqueryui/js/i18n/datepicker-pt-BR.js?s=1788683399 HTTP/1.1" 200 660 "https://webmail.espacofacial.com.br/cpsess7211416590/3rdparty/roundcube/?_task=mail&_token=PKDUEfYDJsM3KB71nwdHpIpFYizqT1xV" "Mozilla/5.0 (Windows NT 10.0; Win64; x64) AppleWebKit/537.36 (KHTML, like Gecko) Chrome/152.0.0.0 Safari/537.36"
186.216.198.247 - - [17/Sep/2026:10:05:26 -0300] "GET /cpsess7211416590/3rdparty/roundcube/plugins/libcalendaring/libcalendaring.js?s=1788880745 HTTP/1.1" 200 15738 "https://webmail.espacofacial.com.br/cpsess7211416590/3rdparty/roundcube/?_task=mail&_token=PKDUEfYDJsM3KB71nwdHpIpFYizqT1xV" "Mozilla/5.0 (Windows NT 10.0; Win64; x64) AppleWebKit/537.36 (KHTML, like Gecko) Chrome/152.0.0.0 Safari/537.36"
186.216.198.247 - - [17/Sep/2026:10:05:26 -0300] "GET /cpsess7211416590/3rdparty/roundcube/skins/elastic/images/logo.svg?s=1788683399 HTTP/1.1" 200 397 "https://webmail.espacofacial.com.br/cpsess7211416590/3rdparty/roundcube/?_task=mail&_token=PKDUEfYDJsM3KB71nwdHpIpFYizqT1xV" "Mozilla/5.0 (Windows NT 10.0; Win64; x64) AppleWebKit/537.36 (KHTML, like Gecko) Chrome/152.0.0.0 Safari/537.36"
186.216.198.247 - - [17/Sep/2026:10:05:26 -0300] "GET /cpsess7211416590/3rdparty/roundcube/skins/elastic/deps/bootstrap.bundle.min.js?s=1788683403 HTTP/1.1" 200 23054 "https://webmail.espacofacial.com.br/cpsess7211416590/3rdparty/roundcube/?_task=mail&_token=PKDUEfYDJsM3KB71nwdHpIpFYizqT1xV" "Mozilla/5.0 (Windows NT 10.0; Win64; x64) AppleWebKit/537.36 (KHTML, like Gecko) Chrome/152.0.0.0 Safari/537.36"
186.216.198.247 - - [17/Sep/2026:10:05:26 -0300] "GET /cpsess7211416590/3rdparty/roundcube/skins/elastic/watermark.html HTTP/1.1" 200 494 "https://webmail.espacofacial.com.br/cpsess7211416590/3rdparty/roundcube/?_task=mail&_token=PKDUEfYDJsM3KB71nwdHpIpFYizqT1xV" "Mozilla/5.0 (Windows NT 10.0; Win64; x64) AppleWebKit/537.36 (KHTML, like Gecko) Chrome/152.0.0.0 Safari/537.36"
186.216.198.247 - - [17/Sep/2026:10:05:26 -0300] "GET /cpsess7211416590/3rdparty/roundcube/skins/elastic/ui.min.js?s=1788683399 HTTP/1.1" 200 20576 "https://webmail.espacofacial.com.br/cpsess7211416590/3rdparty/roundcube/?_task=mail&_token=PKDUEfYDJsM3KB71nwdHpIpFYizqT1xV" "Mozilla/5.0 (Windows NT 10.0; Win64; x64) AppleWebKit/537.36 (KHTML, like Gecko) Chrome/152.0.0.0 Safari/537.36"
186.216.198.247 - - [17/Sep/2026:10:05:26 -0300] "GET /cpsess7211416590/3rdparty/roundcube/skins/elastic/images/logo.svg HTTP/1.1" 200 397 "https://webmail.espacofacial.com.br/cpsess7211416590/3rdparty/roundcube/skins/elastic/watermark.html" "Mozilla/5.0 (Windows NT 10.0; Win64; x64) AppleWebKit/537.36 (KHTML, like Gecko) Chrome/152.0.0.0 Safari/537.36"
186.216.198.247 - - [17/Sep/2026:10:05:27 -0300] "GET /cpsess7211416590/3rdparty/roundcube/skins/elastic/images/favicon.ico?s=1788683399 HTTP/1.1" 200 1871 "https://webmail.espacofacial.com.br/cpsess7211416590/3rdparty/roundcube/?_task=mail&_mbox=INBOX" "Mozilla/5.0 (Windows NT 10.0; Win64; x64) AppleWebKit/537.36 (KHTML, like Gecko) Chrome/152.0.0.0 Safari/537.36"
186.216.198.247 - - [17/Sep/2026:10:05:27 -0300] "GET /cpsess7211416590/3rdparty/roundcube/program/resources/blank.webp HTTP/1.1" 200 86 "https://webmail.espacofacial.com.br/cpsess7211416590/3rdparty/roundcube/?_task=mail&_mbox=INBOX" "Mozilla/5.0 (Windows NT 10.0; Win64; x64) AppleWebKit/537.36 (KHTML, like Gecko) Chrome/152.0.0.0 Safari/537.36"
186.216.198.247 - - [17/Sep/2026:10:05:27 -0300] "GET /cpsess7211416590/3rdparty/roundcube/?_task=mail&_action=list&_refresh=1&_layout=widescreen&_mbox=INBOX&_page=&_remote=1&_unlock=loading1789650325156&_=1789650324202 HTTP/1.1" 200 4562 "https://webmail.espacofacial.com.br/cpsess7211416590/3rdparty/roundcube/?_task=mail&_token=PKDUEfYDJsM3KB71nwdHpIpFYizqT1xV" "Mozilla/5.0 (Windows NT 10.0; Win64; x64) AppleWebKit/537.36 (KHTML, like Gecko) Chrome/152.0.0.0 Safari/537.36"
186.216.198.247 - - [17/Sep/2026:10:05:27 -0300] "GET /cpsess7211416590/3rdparty/roundcube/?_task=mail&_action=getunread&_page=1&_remote=1&_unlock=0&_=1789650324203 HTTP/1.1" 200 1387 "https://webmail.espacofacial.com.br/cpsess7211416590/3rdparty/roundcube/?_task=mail&_mbox=INBOX" "Mozilla/5.0 (Windows NT 10.0; Win64; x64) AppleWebKit/537.36 (KHTML, like Gecko) Chrome/152.0.0.0 Safari/537.36"
186.216.198.247 - - [17/Sep/2026:10:05:27 -0300] "GET /cpsess7211416590/3rdparty/roundcube/program/resources/blank.tiff HTTP/1.1" 200 270 "https://webmail.espacofacial.com.br/cpsess7211416590/3rdparty/roundcube/?_task=mail&_mbox=INBOX" "Mozilla/5.0 (Windows NT 10.0; Win64; x64) AppleWebKit/537.36 (KHTML, like Gecko) Chrome/152.0.0.0 Safari/537.36"
200.215.226.190 - - [17/Sep/2026:10:05:32 -0300] "POST /cpsess7592551980/3rdparty/roundcube/?_task=mail&_action=refresh HTTP/1.1" 308 152 "https://webmail.espacofacial.com.br/cpsess7592551980/3rdparty/roundcube/?_task=mail&_mbox=INBOX" "Mozilla/5.0 (Windows NT 10.0; Win64; x64) AppleWebKit/537.36 (KHTML, like Gecko) Chrome/152.0.0.0 Safari/537.36"
200.215.226.190 - - [17/Sep/2026:10:05:32 -0300] "POST /cpsess7592551980/3rdparty/roundcube/?_task=mail&_action=refresh HTTP/1.1" 200 1388 "https://webmail.espacofacial.com.br/cpsess7592551980/3rdparty/roundcube/?_task=mail&_mbox=INBOX" "Mozilla/5.0 (Windows NT 10.0; Win64; x64) AppleWebKit/537.36 (KHTML, like Gecko) Chrome/152.0.0.0 Safari/537.36"
186.205.10.91 - - [17/Sep/2026:10:05:33 -0300] "POST /cpsess9876102582/3rdparty/roundcube/?_task=mail&_action=refresh HTTP/1.1" 308 152 "https://webmail.espacofacial.com.br/cpsess9876102582/3rdparty/roundcube/?_task=mail&_mbox=INBOX" "Mozilla/5.0 (Macintosh; Intel Mac OS X 10_15_7) AppleWebKit/537.36 (KHTML, like Gecko) Chrome/152.0.0.0 Safari/537.36"
186.205.10.91 - - [17/Sep/2026:10:05:33 -0300] "POST /cpsess9876102582/3rdparty/roundcube/?_task=mail&_action=refresh HTTP/1.1" 200 1387 "https://webmail.espacofacial.com.br/cpsess9876102582/3rdparty/roundcube/?_task=mail&_mbox=INBOX" "Mozilla/5.0 (Macintosh; Intel Mac OS X 10_15_7) AppleWebKit/537.36 (KHTML, like Gecko) Chrome/152.0.0.0 Safari/537.36"
2804:389:10e4:e326:5f1:f2ba:5471:2ad1 - - [17/Sep/2026:10:06:11 -0300] "GET /skunk/carrosel/carrosel.html HTTP/1.1" 200 36626 "https://www.skunk.com.br/" "Mozilla/5.0 (iPhone; CPU iPhone OS 26_6_2 like Mac OS X) AppleWebKit/605.1.15 (KHTML, like Gecko) Mobile/23G90 Instagram 447.0.0.34.80 (iPhone15,2; iOS 26_6_2; pt_BR; pt; scale=3.00; 1179x2556; IABMV/1; 1065993616) Safari/604.1"
37.19.221.225 - - [17/Sep/2026:10:06:12 -0300] "GET /cpsess7211416590/3rdparty/roundcube/?_task=mail&_caps=pdf%3D1%2Cflash%3D0%2Ctiff%3D0%2Cwebp%3D1%2Cpgpmime%3D0&_uid=336&_mbox=INBOX&_framed=1&_action=preview HTTP/1.1" 308 261 "https://webmail.espacofacial.com.br/cpsess7211416590/3rdparty/roundcube/?_task=mail&_mbox=INBOX" "Mozilla/5.0 (Windows NT 10.0; Win64; x64) AppleWebKit/537.36 (KHTML, like Gecko) Chrome/152.0.0.0 Safari/537.36"
37.19.221.225 - - [17/Sep/2026:10:06:13 -0300] "GET /cpsess7211416590/3rdparty/roundcube/?_task=mail&_caps=pdf%3d1%2cflash%3d0%2ctiff%3d0%2cwebp%3d1%2cpgpmime%3d0&_uid=336&_mbox=INBOX&_framed=1&_action=preview HTTP/1.1" 200 7886 "https://webmail.espacofacial.com.br/cpsess7211416590/3rdparty/roundcube/?_task=mail&_mbox=INBOX" "Mozilla/5.0 (Windows NT 10.0; Win64; x64) AppleWebKit/537.36 (KHTML, like Gecko) Chrome/152.0.0.0 Safari/537.36"
37.19.221.225 - - [17/Sep/2026:10:06:14 -0300] "GET /cpsess7211416590/3rdparty/roundcube/?_task=addressbook&_action=photo&_email=jose.eduardo%40grupourbam.com.br&_error=1&_bgcolor=transparent HTTP/1.1" 204 - "https://webmail.espacofacial.com.br/cpsess7211416590/3rdparty/roundcube/?_task=mail&_caps=pdf%3d1%2cflash%3d0%2ctiff%3d0%2cwebp%3d1%2cpgpmime%3d0&_uid=336&_mbox=INBOX&_framed=1&_action=preview" "Mozilla/5.0 (Windows NT 10.0; Win64; x64) AppleWebKit/537.36 (KHTML, like Gecko) Chrome/152.0.0.0 Safari/537.36"
37.19.221.225 - - [17/Sep/2026:10:06:14 -0300] "GET /cpsess7211416590/3rdparty/roundcube/skins/elastic/images/contactpic.svg HTTP/1.1" 200 367 "https://webmail.espacofacial.com.br/cpsess7211416590/3rdparty/roundcube/?_task=mail&_caps=pdf%3d1%2cflash%3d0%2ctiff%3d0%2cwebp%3d1%2cpgpmime%3d0&_uid=336&_mbox=INBOX&_framed=1&_action=preview" "Mozilla/5.0 (Windows NT 10.0; Win64; x64) AppleWebKit/537.36 (KHTML, like Gecko) Chrome/152.0.0.0 Safari/537.36"
186.205.10.91 - - [17/Sep/2026:10:06:25 -0300] "POST /cpsess5916152695/3rdparty/roundcube/?_task=mail&_action=refresh HTTP/1.1" 308 152 "https://webmail.espacofacial.com.br/cpsess5916152695/3rdparty/roundcube/?_task=mail&_mbox=INBOX" "Mozilla/5.0 (Windows NT 10.0; Win64; x64) AppleWebKit/537.36 (KHTML, like Gecko) Chrome/152.0.0.0 Safari/537.36"
186.205.10.91 - - [17/Sep/2026:10:06:25 -0300] "POST /cpsess5916152695/3rdparty/roundcube/?_task=mail&_action=refresh HTTP/1.1" 200 1387 "https://webmail.espacofacial.com.br/cpsess5916152695/3rdparty/roundcube/?_task=mail&_mbox=INBOX" "Mozilla/5.0 (Windows NT 10.0; Win64; x64) AppleWebKit/537.36 (KHTML, like Gecko) Chrome/152.0.0.0 Safari/537.36"
37.19.221.225 - - [17/Sep/2026:10:06:27 -0300] "POST /cpsess7211416590/3rdparty/roundcube/?_task=mail&_action=refresh HTTP/1.1" 200 1395 "https://webmail.espacofacial.com.br/cpsess7211416590/3rdparty/roundcube/?_task=mail&_mbox=INBOX" "Mozilla/5.0 (Windows NT 10.0; Win64; x64) AppleWebKit/537.36 (KHTML, like Gecko) Chrome/152.0.0.0 Safari/537.36"
200.215.226.190 - - [17/Sep/2026:10:06:32 -0300] "POST /cpsess7592551980/3rdparty/roundcube/?_task=mail&_action=refresh HTTP/1.1" 308 152 "https://webmail.espacofacial.com.br/cpsess7592551980/3rdparty/roundcube/?_task=mail&_mbox=INBOX" "Mozilla/5.0 (Windows NT 10.0; Win64; x64) AppleWebKit/537.36 (KHTML, like Gecko) Chrome/152.0.0.0 Safari/537.36"
200.215.226.190 - - [17/Sep/2026:10:06:32 -0300] "POST /cpsess7592551980/3rdparty/roundcube/?_task=mail&_action=refresh HTTP/1.1" 200 1388 "https://webmail.espacofacial.com.br/cpsess7592551980/3rdparty/roundcube/?_task=mail&_mbox=INBOX" "Mozilla/5.0 (Windows NT 10.0; Win64; x64) AppleWebKit/537.36 (KHTML, like Gecko) Chrome/152.0.0.0 Safari/537.36"
186.205.10.91 - - [17/Sep/2026:10:06:33 -0300] "POST /cpsess9876102582/3rdparty/roundcube/?_task=mail&_action=refresh HTTP/1.1" 308 152 "https://webmail.espacofacial.com.br/cpsess9876102582/3rdparty/roundcube/?_task=mail&_mbox=INBOX" "Mozilla/5.0 (Macintosh; Intel Mac OS X 10_15_7) AppleWebKit/537.36 (KHTML, like Gecko) Chrome/152.0.0.0 Safari/537.36"
186.205.10.91 - - [17/Sep/2026:10:06:33 -0300] "POST /cpsess9876102582/3rdparty/roundcube/?_task=mail&_action=refresh HTTP/1.1" 200 1388 "https://webmail.espacofacial.com.br/cpsess9876102582/3rdparty/roundcube/?_task=mail&_mbox=INBOX" "Mozilla/5.0 (Macintosh; Intel Mac OS X 10_15_7) AppleWebKit/537.36 (KHTML, like Gecko) Chrome/152.0.0.0 Safari/537.36"
2804:1b1:ba01:fddf:5d40:a1f2:6ebe:5049 - - [17/Sep/2026:10:06:57 -0300] "GET /skunk/carrosel/carrosel.html HTTP/1.1" 200 36626 "https://www.skunk.com.br/" "Mozilla/5.0 (Linux; Android 13; moto g62 5G Build/T1SSS33.1-119-8-16) AppleWebKit/537.36 (KHTML, like Gecko) Version/4.0 Chrome/153.0.8010.33 Mobile Safari/537.36 [FB_IAB/FB4A;FBAV/578.0.0.40.75;IABMV/1;]"
66.249.88.96 - - [17/Sep/2026:10:07:07 -0300] "GET /.well-known/traffic-advice HTTP/1.1" 200 21064 "-" "Chrome Privacy Preserving Prefetch Proxy"
2001:4860:7:1103::cd - - [17/Sep/2026:10:07:08 -0300] "GET / HTTP/1.1" 200 143847 "https://www.google.com/" "Mozilla/5.0 (Windows NT 10.0; Win64; x64) AppleWebKit/537.36 (KHTML, like Gecko) Chrome/152.0.0.0 Safari/537.36"
186.205.10.91 - - [17/Sep/2026:10:07:26 -0300] "POST /cpsess5916152695/3rdparty/roundcube/?_task=mail&_action=refresh HTTP/1.1" 308 152 "https://webmail.espacofacial.com.br/cpsess5916152695/3rdparty/roundcube/?_task=mail&_mbox=INBOX" "Mozilla/5.0 (Windows NT 10.0; Win64; x64) AppleWebKit/537.36 (KHTML, like Gecko) Chrome/152.0.0.0 Safari/537.36"
186.205.10.91 - - [17/Sep/2026:10:07:26 -0300] "POST /cpsess5916152695/3rdparty/roundcube/?_task=mail&_action=refresh HTTP/1.1" 200 1386 "https://webmail.espacofacial.com.br/cpsess5916152695/3rdparty/roundcube/?_task=mail&_mbox=INBOX" "Mozilla/5.0 (Windows NT 10.0; Win64; x64) AppleWebKit/537.36 (KHTML, like Gecko) Chrome/152.0.0.0 Safari/537.36"
200.215.226.190 - - [17/Sep/2026:10:07:32 -0300] "POST /cpsess7592551980/3rdparty/roundcube/?_task=mail&_action=refresh HTTP/1.1" 200 1388 "https://webmail.espacofacial.com.br/cpsess7592551980/3rdparty/roundcube/?_task=mail&_mbox=INBOX" "Mozilla/5.0 (Windows NT 10.0; Win64; x64) AppleWebKit/537.36 (KHTML, like Gecko) Chrome/152.0.0.0 Safari/537.36"
186.205.10.91 - - [17/Sep/2026:10:07:33 -0300] "POST /cpsess9876102582/3rdparty/roundcube/?_task=mail&_action=refresh HTTP/1.1" 200 1388 "https://webmail.espacofacial.com.br/cpsess9876102582/3rdparty/roundcube/?_task=mail&_mbox=INBOX" "Mozilla/5.0 (Macintosh; Intel Mac OS X 10_15_7) AppleWebKit/537.36 (KHTML, like Gecko) Chrome/152.0.0.0 Safari/537.36"
37.19.221.225 - - [17/Sep/2026:10:07:44 -0300] "POST /cpsess7211416590/3rdparty/roundcube/?_task=mail&_action=refresh HTTP/1.1" 200 1388 "https://webmail.espacofacial.com.br/cpsess7211416590/3rdparty/roundcube/?_task=mail&_mbox=INBOX" "Mozilla/5.0 (Windows NT 10.0; Win64; x64) AppleWebKit/537.36 (KHTML, like Gecko) Chrome/152.0.0.0 Safari/537.36"
54.167.223.174 - - [17/Sep/2026:10:07:52 -0300] "HEAD / HTTP/1.1" 200 - "https://espacofacial.com.br" "Mozilla/5.0+(compatible; UptimeRobot/2.0; http://www.uptimerobot.com/)"
52.22.236.30 - - [17/Sep/2026:10:07:53 -0300] "HEAD / HTTP/1.1" 200 - "https://espacofacial.com.br" "Mozilla/5.0+(compatible; UptimeRobot/2.0; http://www.uptimerobot.com/)"
37.19.221.225 - - [17/Sep/2026:10:08:29 -0300] "POST /cpsess7211416590/3rdparty/roundcube/?_task=mail&_action=refresh HTTP/1.1" 308 152 "https://webmail.espacofacial.com.br/cpsess7211416590/3rdparty/roundcube/?_task=mail&_mbox=INBOX" "Mozilla/5.0 (Windows NT 10.0; Win64; x64) AppleWebKit/537.36 (KHTML, like Gecko) Chrome/152.0.0.0 Safari/537.36"
37.19.221.225 - - [17/Sep/2026:10:08:29 -0300] "POST /cpsess7211416590/3rdparty/roundcube/?_task=mail&_action=refresh HTTP/1.1" 200 1387 "https://webmail.espacofacial.com.br/cpsess7211416590/3rdparty/roundcube/?_task=mail&_mbox=INBOX" "Mozilla/5.0 (Windows NT 10.0; Win64; x64) AppleWebKit/537.36 (KHTML, like Gecko) Chrome/152.0.0.0 Safari/537.36"
200.215.226.190 - - [17/Sep/2026:10:08:32 -0300] "POST /cpsess7592551980/3rdparty/roundcube/?_task=mail&_action=refresh HTTP/1.1" 200 1388 "https://webmail.espacofacial.com.br/cpsess7592551980/3rdparty/roundcube/?_task=mail&_mbox=INBOX" "Mozilla/5.0 (Windows NT 10.0; Win64; x64) AppleWebKit/537.36 (KHTML, like Gecko) Chrome/152.0.0.0 Safari/537.36"
186.205.10.91 - - [17/Sep/2026:10:08:33 -0300] "POST /cpsess9876102582/3rdparty/roundcube/?_task=mail&_action=refresh HTTP/1.1" 308 152 "https://webmail.espacofacial.com.br/cpsess9876102582/3rdparty/roundcube/?_task=mail&_mbox=INBOX" "Mozilla/5.0 (Macintosh; Intel Mac OS X 10_15_7) AppleWebKit/537.36 (KHTML, like Gecko) Chrome/152.0.0.0 Safari/537.36"
186.205.10.91 - - [17/Sep/2026:10:08:33 -0300] "POST /cpsess9876102582/3rdparty/roundcube/?_task=mail&_action=refresh HTTP/1.1" 200 1387 "https://webmail.espacofacial.com.br/cpsess9876102582/3rdparty/roundcube/?_task=mail&_mbox=INBOX" "Mozilla/5.0 (Macintosh; Intel Mac OS X 10_15_7) AppleWebKit/537.36 (KHTML, like Gecko) Chrome/152.0.0.0 Safari/537.36"
2001:4860:7:1103::f5 - - [17/Sep/2026:10:09:06 -0300] "GET / HTTP/1.1" 200 143835 "https://www.google.com/" "Mozilla/5.0 (Windows NT 10.0; Win64; x64) AppleWebKit/537.36 (KHTML, like Gecko) Chrome/153.0.0.0 Safari/537.36"
186.205.10.91 - - [17/Sep/2026:10:09:10 -0300] "POST /cpsess5916152695/3rdparty/roundcube/?_task=mail&_action=refresh HTTP/1.1" 200 1388 "https://webmail.espacofacial.com.br/cpsess5916152695/3rdparty/roundcube/?_task=mail&_mbox=INBOX" "Mozilla/5.0 (Windows NT 10.0; Win64; x64) AppleWebKit/537.36 (KHTML, like Gecko) Chrome/152.0.0.0 Safari/537.36"
37.19.221.225 - - [17/Sep/2026:10:09:28 -0300] "POST /cpsess7211416590/3rdparty/roundcube/?_task=mail&_action=refresh HTTP/1.1" 308 152 "https://webmail.espacofacial.com.br/cpsess7211416590/3rdparty/roundcube/?_task=mail&_mbox=INBOX" "Mozilla/5.0 (Windows NT 10.0; Win64; x64) AppleWebKit/537.36 (KHTML, like Gecko) Chrome/152.0.0.0 Safari/537.36"
37.19.221.225 - - [17/Sep/2026:10:09:29 -0300] "POST /cpsess7211416590/3rdparty/roundcube/?_task=mail&_action=refresh HTTP/1.1" 200 1388 "https://webmail.espacofacial.com.br/cpsess7211416590/3rdparty/roundcube/?_task=mail&_mbox=INBOX" "Mozilla/5.0 (Windows NT 10.0; Win64; x64) AppleWebKit/537.36 (KHTML, like Gecko) Chrome/152.0.0.0 Safari/537.36"
200.215.226.190 - - [17/Sep/2026:10:09:33 -0300] "POST /cpsess7592551980/3rdparty/roundcube/?_task=mail&_action=refresh HTTP/1.1" 308 152 "https://webmail.espacofacial.com.br/cpsess7592551980/3rdparty/roundcube/?_task=mail&_mbox=INBOX" "Mozilla/5.0 (Windows NT 10.0; Win64; x64) AppleWebKit/537.36 (KHTML, like Gecko) Chrome/152.0.0.0 Safari/537.36"
200.215.226.190 - - [17/Sep/2026:10:09:33 -0300] "POST /cpsess7592551980/3rdparty/roundcube/?_task=mail&_action=refresh HTTP/1.1" 200 1387 "https://webmail.espacofacial.com.br/cpsess7592551980/3rdparty/roundcube/?_task=mail&_mbox=INBOX" "Mozilla/5.0 (Windows NT 10.0; Win64; x64) AppleWebKit/537.36 (KHTML, like Gecko) Chrome/152.0.0.0 Safari/537.36"
186.205.10.91 - - [17/Sep/2026:10:09:33 -0300] "POST /cpsess9876102582/3rdparty/roundcube/?_task=mail&_action=refresh HTTP/1.1" 308 152 "https://webmail.espacofacial.com.br/cpsess9876102582/3rdparty/roundcube/?_task=mail&_mbox=INBOX" "Mozilla/5.0 (Macintosh; Intel Mac OS X 10_15_7) AppleWebKit/537.36 (KHTML, like Gecko) Chrome/152.0.0.0 Safari/537.36"
186.205.10.91 - - [17/Sep/2026:10:09:33 -0300] "POST /cpsess9876102582/3rdparty/roundcube/?_task=mail&_action=refresh HTTP/1.1" 200 1388 "https://webmail.espacofacial.com.br/cpsess9876102582/3rdparty/roundcube/?_task=mail&_mbox=INBOX" "Mozilla/5.0 (Macintosh; Intel Mac OS X 10_15_7) AppleWebKit/537.36 (KHTML, like Gecko) Chrome/152.0.0.0 Safari/537.36"
2001:4860:7:1103::ff - - [17/Sep/2026:10:09:42 -0300] "GET /unidades HTTP/1.1" 200 122444 "https://www.google.com/" "Mozilla/5.0 (Windows NT 10.0; Win64; x64) AppleWebKit/537.36 (KHTML, like Gecko) Chrome/153.0.0.0 Safari/537.36"
2001:4860:7:f03::ff - - [17/Sep/2026:10:09:52 -0300] "GET / HTTP/1.1" 200 143863 "https://www.google.com/" "Mozilla/5.0 (Windows NT 10.0; Win64; x64) AppleWebKit/537.36 (KHTML, like Gecko) Chrome/153.0.0.0 Safari/537.36"
186.205.10.91 - - [17/Sep/2026:10:10:10 -0300] "POST /cpsess5916152695/3rdparty/roundcube/?_task=mail&_action=refresh HTTP/1.1" 200 1388 "https://webmail.espacofacial.com.br/cpsess5916152695/3rdparty/roundcube/?_task=mail&_mbox=INBOX" "Mozilla/5.0 (Windows NT 10.0; Win64; x64) AppleWebKit/537.36 (KHTML, like Gecko) Chrome/152.0.0.0 Safari/537.36"
2001:4860:7:70e::c - - [17/Sep/2026:10:10:20 -0300] "GET / HTTP/1.1" 200 143829 "https://www.google.com/" "Mozilla/5.0 (Windows NT 10.0; Win64; x64) AppleWebKit/537.36 (KHTML, like Gecko) Chrome/153.0.0.0 Safari/537.36"
37.19.221.225 - - [17/Sep/2026:10:10:28 -0300] "POST /cpsess7211416590/3rdparty/roundcube/?_task=mail&_action=refresh HTTP/1.1" 308 152 "https://webmail.espacofacial.com.br/cpsess7211416590/3rdparty/roundcube/?_task=mail&_mbox=INBOX" "Mozilla/5.0 (Windows NT 10.0; Win64; x64) AppleWebKit/537.36 (KHTML, like Gecko) Chrome/152.0.0.0 Safari/537.36"
37.19.221.225 - - [17/Sep/2026:10:10:29 -0300] "POST /cpsess7211416590/3rdparty/roundcube/?_task=mail&_action=refresh HTTP/1.1" 200 1388 "https://webmail.espacofacial.com.br/cpsess7211416590/3rdparty/roundcube/?_task=mail&_mbox=INBOX" "Mozilla/5.0 (Windows NT 10.0; Win64; x64) AppleWebKit/537.36 (KHTML, like Gecko) Chrome/152.0.0.0 Safari/537.36"
186.205.10.91 - - [17/Sep/2026:10:10:33 -0300] "POST /cpsess9876102582/3rdparty/roundcube/?_task=mail&_action=refresh HTTP/1.1" 200 1387 "https://webmail.espacofacial.com.br/cpsess9876102582/3rdparty/roundcube/?_task=mail&_mbox=INBOX" "Mozilla/5.0 (Macintosh; Intel Mac OS X 10_15_7) AppleWebKit/537.36 (KHTML, like Gecko) Chrome/152.0.0.0 Safari/537.36"
200.215.226.190 - - [17/Sep/2026:10:10:34 -0300] "POST /cpsess7592551980/3rdparty/roundcube/?_task=mail&_action=refresh HTTP/1.1" 308 152 "https://webmail.espacofacial.com.br/cpsess7592551980/3rdparty/roundcube/?_task=mail&_mbox=INBOX" "Mozilla/5.0 (Windows NT 10.0; Win64; x64) AppleWebKit/537.36 (KHTML, like Gecko) Chrome/152.0.0.0 Safari/537.36"
200.215.226.190 - - [17/Sep/2026:10:10:34 -0300] "POST /cpsess7592551980/3rdparty/roundcube/?_task=mail&_action=refresh HTTP/1.1" 200 1388 "https://webmail.espacofacial.com.br/cpsess7592551980/3rdparty/roundcube/?_task=mail&_mbox=INBOX" "Mozilla/5.0 (Windows NT 10.0; Win64; x64) AppleWebKit/537.36 (KHTML, like Gecko) Chrome/152.0.0.0 Safari/537.36"
2001:4860:7:703::d8 - - [17/Sep/2026:10:11:07 -0300] "GET /unidades HTTP/1.1" 200 122459 "https://www.google.com/" "Mozilla/5.0 (Windows NT 10.0; Win64; x64) AppleWebKit/537.36 (KHTML, like Gecko) Chrome/153.0.0.0 Safari/537.36"
186.205.10.91 - - [17/Sep/2026:10:11:10 -0300] "POST /cpsess5916152695/3rdparty/roundcube/?_task=mail&_action=refresh HTTP/1.1" 200 1388 "https://webmail.espacofacial.com.br/cpsess5916152695/3rdparty/roundcube/?_task=mail&_mbox=INBOX" "Mozilla/5.0 (Windows NT 10.0; Win64; x64) AppleWebKit/537.36 (KHTML, like Gecko) Chrome/152.0.0.0 Safari/537.36"
2001:4860:7:f03::fa - - [17/Sep/2026:10:11:20 -0300] "GET / HTTP/1.1" 200 143850 "https://www.google.com/" "Mozilla/5.0 (Linux; Android 10; K) AppleWebKit/537.36 (KHTML, like Gecko) Chrome/153.0.0.0 Mobile Safari/537.36"
192.141.113.41 - - [17/Sep/2026:10:11:25 -0300] "GET /tim.php?src=uploads/unidades/2023/08/shopping-millenium-barra-rj.jpg&w=1600&h=800 HTTP/1.1" 200 203551 "https://espacofacial.com.br/" "Mozilla/5.0 (Linux; Android 10; K) AppleWebKit/537.36 (KHTML, like Gecko) Chrome/153.0.0.0 Mobile Safari/537.36"
192.141.113.41 - - [17/Sep/2026:10:11:25 -0300] "GET /tim.php?src=uploads/unidades/2023/08/sorocaba-sp.jpg&w=1600&h=800 HTTP/1.1" 200 153094 "https://espacofacial.com.br/" "Mozilla/5.0 (Linux; Android 10; K) AppleWebKit/537.36 (KHTML, like Gecko) Chrome/153.0.0.0 Mobile Safari/537.36"
192.141.113.41 - - [17/Sep/2026:10:11:25 -0300] "GET /tim.php?src=uploads/unidades/2023/08/sao-vicente-sp.jpg&w=1600&h=800 HTTP/1.1" 200 297833 "https://espacofacial.com.br/" "Mozilla/5.0 (Linux; Android 10; K) AppleWebKit/537.36 (KHTML, like Gecko) Chrome/153.0.0.0 Mobile Safari/537.36"
192.141.113.41 - - [17/Sep/2026:10:11:25 -0300] "GET /tim.php?src=uploads/unidades/2024/03/nova-iguacu.jpg&w=1600&h=800 HTTP/1.1" 200 280187 "https://espacofacial.com.br/" "Mozilla/5.0 (Linux; Android 10; K) AppleWebKit/537.36 (KHTML, like Gecko) Chrome/153.0.0.0 Mobile Safari/537.36"
192.141.113.41 - - [17/Sep/2026:10:11:25 -0300] "GET /tim.php?src=uploads/unidades/2023/08/americas-shopping-recreio-dos-bandeirantes-rj.jpg&w=1600&h=800 HTTP/1.1" 200 195924 "https://espacofacial.com.br/" "Mozilla/5.0 (Linux; Android 10; K) AppleWebKit/537.36 (KHTML, like Gecko) Chrome/153.0.0.0 Mobile Safari/537.36"
192.141.113.41 - - [17/Sep/2026:10:11:25 -0300] "GET /tim.php?src=uploads/unidades/2023/08/bangu-shopping.jpg&w=1600&h=800 HTTP/1.1" 200 184642 "https://espacofacial.com.br/" "Mozilla/5.0 (Linux; Android 10; K) AppleWebKit/537.36 (KHTML, like Gecko) Chrome/153.0.0.0 Mobile Safari/537.36"
192.141.113.41 - - [17/Sep/2026:10:11:25 -0300] "GET /themes/wc_default/video/Verao_Espaco_Facial.mp4 HTTP/1.1" 200 21065 "https://espacofacial.com.br/" "Mozilla/5.0 (Linux; Android 10; K) AppleWebKit/537.36 (KHTML, like Gecko) Chrome/153.0.0.0 Mobile Safari/537.36"
192.141.113.41 - - [17/Sep/2026:10:11:26 -0300] "GET /themes/wc_default/video/Verao_Espaco_Facial.mp4 HTTP/1.1" 200 21065 "https://espacofacial.com.br/" "Mozilla/5.0 (Linux; Android 10; K) AppleWebKit/537.36 (KHTML, like Gecko) Chrome/153.0.0.0 Mobile Safari/537.36"
192.141.113.41 - - [17/Sep/2026:10:11:26 -0300] "GET /tim.php?src=uploads/unidades/2023/07/botafogo.png&w=1600&h=800 HTTP/1.1" 200 1072374 "https://espacofacial.com.br/" "Mozilla/5.0 (Linux; Android 10; K) AppleWebKit/537.36 (KHTML, like Gecko) Chrome/153.0.0.0 Mobile Safari/537.36"
192.141.113.41 - - [17/Sep/2026:10:11:26 -0300] "GET /tim.php?src=uploads/unidades/2025/06/jardim-botanico-rj.jpg&w=1600&h=800 HTTP/1.1" 200 204122 "https://espacofacial.com.br/" "Mozilla/5.0 (Linux; Android 10; K) AppleWebKit/537.36 (KHTML, like Gecko) Chrome/153.0.0.0 Mobile Safari/537.36"
192.141.113.41 - - [17/Sep/2026:10:11:27 -0300] "GET /tim.php?src=uploads/unidades/2026/05/Shopping-Taubate.jpeg&w=1600&h=800 HTTP/1.1" 200 299753 "https://espacofacial.com.br/" "Mozilla/5.0 (Linux; Android 10; K) AppleWebKit/537.36 (KHTML, like Gecko) Chrome/153.0.0.0 Mobile Safari/537.36"
192.141.113.41 - - [17/Sep/2026:10:11:27 -0300] "GET /tim.php?src=uploads/unidades/2025/12/Calcadao-de-Caxias.jpeg&w=1600&h=800 HTTP/1.1" 400 277 "https://espacofacial.com.br/" "Mozilla/5.0 (Linux; Android 10; K) AppleWebKit/537.36 (KHTML, like Gecko) Chrome/153.0.0.0 Mobile Safari/537.36"
192.141.113.41 - - [17/Sep/2026:10:11:27 -0300] "GET /tim.php?src=uploads/unidades/2023/08/caxias-shopping-rj.jpg&w=1600&h=800 HTTP/1.1" 200 188346 "https://espacofacial.com.br/" "Mozilla/5.0 (Linux; Android 10; K) AppleWebKit/537.36 (KHTML, like Gecko) Chrome/153.0.0.0 Mobile Safari/537.36"
192.141.113.41 - - [17/Sep/2026:10:11:27 -0300] "GET /tim.php?src=uploads/unidades/2023/08/galeria-344-tijuca-rj.jpg&w=1600&h=800 HTTP/1.1" 200 260960 "https://espacofacial.com.br/" "Mozilla/5.0 (Linux; Android 10; K) AppleWebKit/537.36 (KHTML, like Gecko) Chrome/153.0.0.0 Mobile Safari/537.36"
192.141.113.41 - - [17/Sep/2026:10:11:27 -0300] "GET /tim.php?src=uploads/unidades/2025/06/ilha-do-governador.jpg&w=1600&h=800 HTTP/1.1" 200 277566 "https://espacofacial.com.br/" "Mozilla/5.0 (Linux; Android 10; K) AppleWebKit/537.36 (KHTML, like Gecko) Chrome/153.0.0.0 Mobile Safari/537.36"
192.141.113.41 - - [17/Sep/2026:10:11:28 -0300] "GET /tim.php?src=uploads/unidades/2025/03/leme-rj.png&w=1600&h=800 HTTP/1.1" 200 565985 "https://espacofacial.com.br/" "Mozilla/5.0 (Linux; Android 10; K) AppleWebKit/537.36 (KHTML, like Gecko) Chrome/153.0.0.0 Mobile Safari/537.36"
192.141.113.41 - - [17/Sep/2026:10:11:28 -0300] "GET /tim.php?src=uploads/unidades/2026/05/macae.jpeg&w=1600&h=800 HTTP/1.1" 200 311429 "https://espacofacial.com.br/" "Mozilla/5.0 (Linux; Android 10; K) AppleWebKit/537.36 (KHTML, like Gecko) Chrome/153.0.0.0 Mobile Safari/537.36"
37.19.221.225 - - [17/Sep/2026:10:11:28 -0300] "POST /cpsess7211416590/3rdparty/roundcube/?_task=mail&_action=refresh HTTP/1.1" 308 152 "https://webmail.espacofacial.com.br/cpsess7211416590/3rdparty/roundcube/?_task=mail&_mbox=INBOX" "Mozilla/5.0 (Windows NT 10.0; Win64; x64) AppleWebKit/537.36 (KHTML, like Gecko) Chrome/152.0.0.0 Safari/537.36"
192.141.113.41 - - [17/Sep/2026:10:11:29 -0300] "GET /tim.php?src=uploads/unidades/2025/03/meier-rj.png&w=1600&h=800 HTTP/1.1" 200 412349 "https://espacofacial.com.br/" "Mozilla/5.0 (Linux; Android 10; K) AppleWebKit/537.36 (KHTML, like Gecko) Chrome/153.0.0.0 Mobile Safari/537.36"
37.19.221.225 - - [17/Sep/2026:10:11:29 -0300] "POST /cpsess7211416590/3rdparty/roundcube/?_task=mail&_action=refresh HTTP/1.1" 200 1387 "https://webmail.espacofacial.com.br/cpsess7211416590/3rdparty/roundcube/?_task=mail&_mbox=INBOX" "Mozilla/5.0 (Windows NT 10.0; Win64; x64) AppleWebKit/537.36 (KHTML, like Gecko) Chrome/152.0.0.0 Safari/537.36"
192.141.113.41 - - [17/Sep/2026:10:11:29 -0300] "GET /tim.php?src=uploads/unidades/2026/01/shopping-grande-rio.jpeg&w=1600&h=800 HTTP/1.1" 200 253924 "https://espacofacial.com.br/" "Mozilla/5.0 (Linux; Android 10; K) AppleWebKit/537.36 (KHTML, like Gecko) Chrome/153.0.0.0 Mobile Safari/537.36"
192.141.113.41 - - [17/Sep/2026:10:11:29 -0300] "GET /tim.php?src=uploads/unidades/2026/05/Shopping-Partage-Campos-RJ.jpeg&w=1600&h=800 HTTP/1.1" 200 260538 "https://espacofacial.com.br/" "Mozilla/5.0 (Linux; Android 10; K) AppleWebKit/537.36 (KHTML, like Gecko) Chrome/153.0.0.0 Mobile Safari/537.36"
192.141.113.41 - - [17/Sep/2026:10:11:30 -0300] "GET /tim.php?src=uploads/unidades/2026/01/vila-velha.jpeg&w=1600&h=800 HTTP/1.1" 200 258003 "https://espacofacial.com.br/" "Mozilla/5.0 (Linux; Android 10; K) AppleWebKit/537.36 (KHTML, like Gecko) Chrome/153.0.0.0 Mobile Safari/537.36"
192.141.113.41 - - [17/Sep/2026:10:11:31 -0300] "GET /tim.php?src=uploads/unidades/2023/08/independencia-shopping-juiz-de-fora-mg.jpg&w=1600&h=800 HTTP/1.1" 200 183562 "https://espacofacial.com.br/" "Mozilla/5.0 (Linux; Android 10; K) AppleWebKit/537.36 (KHTML, like Gecko) Chrome/153.0.0.0 Mobile Safari/537.36"
192.141.113.41 - - [17/Sep/2026:10:11:31 -0300] "GET /tim.php?src=uploads/unidades/2023/08/madureira-shopping-rj.jpg&w=1600&h=800 HTTP/1.1" 200 196351 "https://espacofacial.com.br/" "Mozilla/5.0 (Linux; Android 10; K) AppleWebKit/537.36 (KHTML, like Gecko) Chrome/153.0.0.0 Mobile Safari/537.36"
192.141.113.41 - - [17/Sep/2026:10:11:31 -0300] "GET /tim.php?src=uploads/unidades/2023/07/nilopolis.png&w=1600&h=800 HTTP/1.1" 200 848873 "https://espacofacial.com.br/" "Mozilla/5.0 (Linux; Android 10; K) AppleWebKit/537.36 (KHTML, like Gecko) Chrome/153.0.0.0 Mobile Safari/537.36"
192.141.113.41 - - [17/Sep/2026:10:11:31 -0300] "GET /tim.php?src=uploads/unidades/2023/07/norte-shopping.png&w=1600&h=800 HTTP/1.1" 200 886723 "https://espacofacial.com.br/" "Mozilla/5.0 (Linux; Android 10; K) AppleWebKit/537.36 (KHTML, like Gecko) Chrome/153.0.0.0 Mobile Safari/537.36"
192.141.113.41 - - [17/Sep/2026:10:11:31 -0300] "GET /tim.php?src=uploads/unidades/2023/08/recreio-shopping-rj.jpg&w=1600&h=800 HTTP/1.1" 200 220658 "https://espacofacial.com.br/" "Mozilla/5.0 (Linux; Android 10; K) AppleWebKit/537.36 (KHTML, like Gecko) Chrome/153.0.0.0 Mobile Safari/537.36"
192.141.113.41 - - [17/Sep/2026:10:11:31 -0300] "GET /tim.php?src=uploads/unidades/2023/08/novo-hamburgo-rs.jpeg&w=1600&h=800 HTTP/1.1" 200 347368 "https://espacofacial.com.br/" "Mozilla/5.0 (Linux; Android 10; K) AppleWebKit/537.36 (KHTML, like Gecko) Chrome/153.0.0.0 Mobile Safari/537.36"
192.141.113.41 - - [17/Sep/2026:10:11:31 -0300] "GET /tim.php?src=uploads/unidades/2023/07/sao-goncalo.png&w=1600&h=800 HTTP/1.1" 200 777324 "https://espacofacial.com.br/" "Mozilla/5.0 (Linux; Android 10; K) AppleWebKit/537.36 (KHTML, like Gecko) Chrome/153.0.0.0 Mobile Safari/537.36"
192.141.113.41 - - [17/Sep/2026:10:11:32 -0300] "GET /tim.php?src=uploads/unidades/2023/08/shopping-nova-america-rj.jpg&w=1600&h=800 HTTP/1.1" 200 243285 "https://espacofacial.com.br/" "Mozilla/5.0 (Linux; Android 10; K) AppleWebKit/537.36 (KHTML, like Gecko) Chrome/153.0.0.0 Mobile Safari/537.36"
192.141.113.41 - - [17/Sep/2026:10:11:32 -0300] "GET /tim.php?src=uploads/unidades/2023/08/shopping-tacaruna-rj.jpg&w=1600&h=800 HTTP/1.1" 200 227466 "https://espacofacial.com.br/" "Mozilla/5.0 (Linux; Android 10; K) AppleWebKit/537.36 (KHTML, like Gecko) Chrome/153.0.0.0 Mobile Safari/537.36"
192.141.113.41 - - [17/Sep/2026:10:11:32 -0300] "GET /tim.php?src=uploads/unidades/2023/07/downtown.png&w=1600&h=800 HTTP/1.1" 200 1038012 "https://espacofacial.com.br/" "Mozilla/5.0 (Linux; Android 10; K) AppleWebKit/537.36 (KHTML, like Gecko) Chrome/153.0.0.0 Mobile Safari/537.36"
192.141.113.41 - - [17/Sep/2026:10:11:33 -0300] "GET /tim.php?src=uploads/unidades/2023/08/shopping-icarai-rj.jpeg&w=1600&h=800 HTTP/1.1" 200 225247 "https://espacofacial.com.br/" "Mozilla/5.0 (Linux; Android 10; K) AppleWebKit/537.36 (KHTML, like Gecko) Chrome/153.0.0.0 Mobile Safari/537.36"
192.141.113.41 - - [17/Sep/2026:10:11:33 -0300] "GET /tim.php?src=uploads/unidades/2024/11/alcantara%20.jpeg&w=1600&h=800 HTTP/1.1" 400 271 "https://espacofacial.com.br/" "Mozilla/5.0 (Linux; Android 10; K) AppleWebKit/537.36 (KHTML, like Gecko) Chrome/153.0.0.0 Mobile Safari/537.36"
192.141.113.41 - - [17/Sep/2026:10:11:33 -0300] "GET /tim.php?src=uploads/unidades/2024/12/barra-olimpica.png&w=1600&h=800 HTTP/1.1" 200 458449 "https://espacofacial.com.br/" "Mozilla/5.0 (Linux; Android 10; K) AppleWebKit/537.36 (KHTML, like Gecko) Chrome/153.0.0.0 Mobile Safari/537.36"
192.141.113.41 - - [17/Sep/2026:10:11:33 -0300] "GET /tim.php?src=uploads/unidades/2026/01/cabo-frio.jpeg&w=1600&h=800 HTTP/1.1" 200 248236 "https://espacofacial.com.br/" "Mozilla/5.0 (Linux; Android 10; K) AppleWebKit/537.36 (KHTML, like Gecko) Chrome/153.0.0.0 Mobile Safari/537.36"
192.141.113.41 - - [17/Sep/2026:10:11:33 -0300] "GET /tim.php?src=uploads/unidades/2026/01/campo-grande.jpeg&w=1600&h=800 HTTP/1.1" 200 226150 "https://espacofacial.com.br/" "Mozilla/5.0 (Linux; Android 10; K) AppleWebKit/537.36 (KHTML, like Gecko) Chrome/153.0.0.0 Mobile Safari/537.36"
192.141.113.41 - - [17/Sep/2026:10:11:33 -0300] "GET /tim.php?src=uploads/unidades/2026/05/cuiaba-mt.jpeg&w=1600&h=800 HTTP/1.1" 200 182013 "https://espacofacial.com.br/" "Mozilla/5.0 (Linux; Android 10; K) AppleWebKit/537.36 (KHTML, like Gecko) Chrome/153.0.0.0 Mobile Safari/537.36"
192.141.113.41 - - [17/Sep/2026:10:11:33 -0300] "GET /tim.php?src=uploads/unidades/2026/01/copacabana.jpeg&w=1600&h=800 HTTP/1.1" 200 251853 "https://espacofacial.com.br/" "Mozilla/5.0 (Linux; Android 10; K) AppleWebKit/537.36 (KHTML, like Gecko) Chrome/153.0.0.0 Mobile Safari/537.36"
186.205.10.91 - - [17/Sep/2026:10:11:33 -0300] "POST /cpsess9876102582/3rdparty/roundcube/?_task=mail&_action=refresh HTTP/1.1" 200 1387 "https://webmail.espacofacial.com.br/cpsess9876102582/3rdparty/roundcube/?_task=mail&_mbox=INBOX" "Mozilla/5.0 (Macintosh; Intel Mac OS X 10_15_7) AppleWebKit/537.36 (KHTML, like Gecko) Chrome/152.0.0.0 Safari/537.36"
192.141.113.41 - - [17/Sep/2026:10:11:34 -0300] "GET /tim.php?src=uploads/unidades/2025/12/Park-Jacarepagua.jpeg&w=1600&h=800 HTTP/1.1" 400 275 "https://espacofacial.com.br/" "Mozilla/5.0 (Linux; Android 10; K) AppleWebKit/537.36 (KHTML, like Gecko) Chrome/153.0.0.0 Mobile Safari/537.36"
192.141.113.41 - - [17/Sep/2026:10:11:34 -0300] "GET /tim.php?src=uploads/unidades/2023/08/novo-hamburgo.jpg&w=1600&h=800 HTTP/1.1" 200 132442 "https://espacofacial.com.br/" "Mozilla/5.0 (Linux; Android 10; K) AppleWebKit/537.36 (KHTML, like Gecko) Chrome/153.0.0.0 Mobile Safari/537.36"
192.141.113.41 - - [17/Sep/2026:10:11:34 -0300] "GET /tim.php?src=uploads/unidades/2024/11/EF-Petroopolis.jpg&w=1600&h=800 HTTP/1.1" 400 272 "https://espacofacial.com.br/" "Mozilla/5.0 (Linux; Android 10; K) AppleWebKit/537.36 (KHTML, like Gecko) Chrome/153.0.0.0 Mobile Safari/537.36"
192.141.113.41 - - [17/Sep/2026:10:11:34 -0300] "GET /tim.php?src=uploads/unidades/2026/01/plaza-niteroi.jpeg&w=1600&h=800 HTTP/1.1" 200 189961 "https://espacofacial.com.br/" "Mozilla/5.0 (Linux; Android 10; K) AppleWebKit/537.36 (KHTML, like Gecko) Chrome/153.0.0.0 Mobile Safari/537.36"
192.141.113.41 - - [17/Sep/2026:10:11:34 -0300] "GET /tim.php?src=uploads/unidades/2026/01/shopping-barra-sul.jpeg&w=1600&h=800 HTTP/1.1" 200 250383 "https://espacofacial.com.br/" "Mozilla/5.0 (Linux; Android 10; K) AppleWebKit/537.36 (KHTML, like Gecko) Chrome/153.0.0.0 Mobile Safari/537.36"
192.141.113.41 - - [17/Sep/2026:10:11:34 -0300] "GET /tim.php?src=uploads/unidades/2026/05/Rio-das-Ostras.jpeg&w=1600&h=800 HTTP/1.1" 200 290767 "https://espacofacial.com.br/" "Mozilla/5.0 (Linux; Android 10; K) AppleWebKit/537.36 (KHTML, like Gecko) Chrome/153.0.0.0 Mobile Safari/537.36"
192.141.113.41 - - [17/Sep/2026:10:11:34 -0300] "GET /tim.php?src=uploads/unidades/2026/05/Shopping-Boulevard-RJ.jpeg&w=1600&h=800 HTTP/1.1" 200 182629 "https://espacofacial.com.br/" "Mozilla/5.0 (Linux; Android 10; K) AppleWebKit/537.36 (KHTML, like Gecko) Chrome/153.0.0.0 Mobile Safari/537.36"
192.141.113.41 - - [17/Sep/2026:10:11:34 -0300] "GET /tim.php?src=uploads/unidades/2025/06/Shopping-Metropolitano.jpg&w=1600&h=800 HTTP/1.1" 200 347227 "https://espacofacial.com.br/" "Mozilla/5.0 (Linux; Android 10; K) AppleWebKit/537.36 (KHTML, like Gecko) Chrome/153.0.0.0 Mobile Safari/537.36"
192.141.113.41 - - [17/Sep/2026:10:11:34 -0300] "GET /tim.php?src=uploads/unidades/2026/05/Shopping-Nova-Iguacu.jpeg&w=1600&h=800 HTTP/1.1" 200 260538 "https://espacofacial.com.br/" "Mozilla/5.0 (Linux; Android 10; K) AppleWebKit/537.36 (KHTML, like Gecko) Chrome/153.0.0.0 Mobile Safari/537.36"
192.141.113.41 - - [17/Sep/2026:10:11:34 -0300] "GET /tim.php?src=uploads/unidades/2026/05/Sulacap.jpeg&w=1600&h=800 HTTP/1.1" 200 250675 "https://espacofacial.com.br/" "Mozilla/5.0 (Linux; Android 10; K) AppleWebKit/537.36 (KHTML, like Gecko) Chrome/153.0.0.0 Mobile Safari/537.36"
192.141.113.41 - - [17/Sep/2026:10:11:34 -0300] "GET /tim.php?src=uploads/unidades/2026/05/Teresopolis-Shopping.jpeg&w=1600&h=800 HTTP/1.1" 200 186356 "https://espacofacial.com.br/" "Mozilla/5.0 (Linux; Android 10; K) AppleWebKit/537.36 (KHTML, like Gecko) Chrome/153.0.0.0 Mobile Safari/537.36"
192.141.113.41 - - [17/Sep/2026:10:11:34 -0300] "GET /tim.php?src=uploads/unidades/2025/12/Volta-Redonda.jpeg&w=1600&h=800 HTTP/1.1" 400 272 "https://espacofacial.com.br/" "Mozilla/5.0 (Linux; Android 10; K) AppleWebKit/537.36 (KHTML, like Gecko) Chrome/153.0.0.0 Mobile Safari/537.36"
192.141.113.41 - - [17/Sep/2026:10:11:34 -0300] "GET /tim.php?src=uploads/images/2023/08/a-crescente-importancia-da-harmonizacao-facial-na-era-da-longevidade-e-mentalidade-jovem-1692812254.jpeg&w=1600&h=800 HTTP/1.1" 200 88060 "https://espacofacial.com.br/" "Mozilla/5.0 (Linux; Android 10; K) AppleWebKit/537.36 (KHTML, like Gecko) Chrome/153.0.0.0 Mobile Safari/537.36"
192.141.113.41 - - [17/Sep/2026:10:11:34 -0300] "GET /tim.php?src=uploads/images/2023/08/artigo-de-exemplo-1691704956.jpeg&w=1600&h=800 HTTP/1.1" 200 89759 "https://espacofacial.com.br/" "Mozilla/5.0 (Linux; Android 10; K) AppleWebKit/537.36 (KHTML, like Gecko) Chrome/153.0.0.0 Mobile Safari/537.36"
192.141.113.41 - - [17/Sep/2026:10:11:35 -0300] "GET /tim.php?src=uploads/images/2023/08/descubra-sculptra-o-queridinho-das-famosas-para-um-visual-deslumbrante-1691705557.jpeg&w=1600&h=800 HTTP/1.1" 200 166897 "https://espacofacial.com.br/" "Mozilla/5.0 (Linux; Android 10; K) AppleWebKit/537.36 (KHTML, like Gecko) Chrome/153.0.0.0 Mobile Safari/537.36"
192.141.113.41 - - [17/Sep/2026:10:11:35 -0300] "GET /tim.php?src=uploads/images/2023/08/artigo-de-exemplo-03-1691705790.jpeg&w=1600&h=800 HTTP/1.1" 200 123977 "https://espacofacial.com.br/" "Mozilla/5.0 (Linux; Android 10; K) AppleWebKit/537.36 (KHTML, like Gecko) Chrome/153.0.0.0 Mobile Safari/537.36"
200.215.226.190 - - [17/Sep/2026:10:11:35 -0300] "POST /cpsess7592551980/3rdparty/roundcube/?_task=mail&_action=refresh HTTP/1.1" 200 1387 "https://webmail.espacofacial.com.br/cpsess7592551980/3rdparty/roundcube/?_task=mail&_mbox=INBOX" "Mozilla/5.0 (Windows NT 10.0; Win64; x64) AppleWebKit/537.36 (KHTML, like Gecko) Chrome/152.0.0.0 Safari/537.36"
192.141.113.41 - - [17/Sep/2026:10:11:41 -0300] "GET /tratamentos HTTP/1.1" 200 30958 "https://espacofacial.com.br/" "Mozilla/5.0 (Linux; Android 10; K) AppleWebKit/537.36 (KHTML, like Gecko) Chrome/153.0.0.0 Mobile Safari/537.36"
192.141.113.41 - - [17/Sep/2026:10:11:41 -0300] "GET /tim.php?src=uploads/images/2023/07/1690568146.png&w=716&h=716 HTTP/1.1" 200 820687 "https://espacofacial.com.br/" "Mozilla/5.0 (Linux; Android 10; K) AppleWebKit/537.36 (KHTML, like Gecko) Chrome/153.0.0.0 Mobile Safari/537.36"
192.141.113.41 - - [17/Sep/2026:10:11:41 -0300] "GET /tim.php?src=uploads/images/2023/07/preenchimento-facial-1690565956.png&w=716&h=716 HTTP/1.1" 200 753479 "https://espacofacial.com.br/" "Mozilla/5.0 (Linux; Android 10; K) AppleWebKit/537.36 (KHTML, like Gecko) Chrome/153.0.0.0 Mobile Safari/537.36"
192.141.113.41 - - [17/Sep/2026:10:11:41 -0300] "GET /tim.php?src=uploads/images/2023/07/skinbooster-1690570247.png&w=716&h=716 HTTP/1.1" 200 815885 "https://espacofacial.com.br/" "Mozilla/5.0 (Linux; Android 10; K) AppleWebKit/537.36 (KHTML, like Gecko) Chrome/153.0.0.0 Mobile Safari/537.36"
192.141.113.41 - - [17/Sep/2026:10:11:41 -0300] "GET /tim.php?src=uploads/images/2023/07/especialidade-01-1690554061.png&w=716&h=716 HTTP/1.1" 200 892927 "https://espacofacial.com.br/" "Mozilla/5.0 (Linux; Android 10; K) AppleWebKit/537.36 (KHTML, like Gecko) Chrome/153.0.0.0 Mobile Safari/537.36"
192.141.113.41 - - [17/Sep/2026:10:11:41 -0300] "GET /tim.php?src=uploads/images/2023/07/fios-de-sustentacao-1690569020.png&w=716&h=716 HTTP/1.1" 200 724413 "https://espacofacial.com.br/" "Mozilla/5.0 (Linux; Android 10; K) AppleWebKit/537.36 (KHTML, like Gecko) Chrome/153.0.0.0 Mobile Safari/537.36"
192.141.113.41 - - [17/Sep/2026:10:11:41 -0300] "GET /tim.php?src=uploads/images/2023/07/bioestimuladores-1690568551.png&w=716&h=716 HTTP/1.1" 200 808588 "https://espacofacial.com.br/" "Mozilla/5.0 (Linux; Android 10; K) AppleWebKit/537.36 (KHTML, like Gecko) Chrome/153.0.0.0 Mobile Safari/537.36"
192.141.113.41 - - [17/Sep/2026:10:11:43 -0300] "GET /tim.php?src=uploads/images/2023/07/microagulhamento-1690567949.png&w=716&h=716 HTTP/1.1" 200 771613 "https://espacofacial.com.br/" "Mozilla/5.0 (Linux; Android 10; K) AppleWebKit/537.36 (KHTML, like Gecko) Chrome/153.0.0.0 Mobile Safari/537.36"
192.141.113.41 - - [17/Sep/2026:10:11:43 -0300] "GET /tim.php?src=uploads/images/2023/07/fox-yaes-1690566350.png&w=716&h=716 HTTP/1.1" 200 847725 "https://espacofacial.com.br/" "Mozilla/5.0 (Linux; Android 10; K) AppleWebKit/537.36 (KHTML, like Gecko) Chrome/153.0.0.0 Mobile Safari/537.36"
192.141.113.41 - - [17/Sep/2026:10:11:43 -0300] "GET /tim.php?src=uploads/images/2023/07/fios-dpdo-1690566679.png&w=716&h=716 HTTP/1.1" 200 756911 "https://espacofacial.com.br/" "Mozilla/5.0 (Linux; Android 10; K) AppleWebKit/537.36 (KHTML, like Gecko) Chrome/153.0.0.0 Mobile Safari/537.36"
192.141.113.41 - - [17/Sep/2026:10:11:43 -0300] "GET /tim.php?src=uploads/images/2023/07/lipo-de-papada-nao-cirurgica-1690567092.png&w=716&h=716 HTTP/1.1" 200 751870 "https://espacofacial.com.br/" "Mozilla/5.0 (Linux; Android 10; K) AppleWebKit/537.36 (KHTML, like Gecko) Chrome/153.0.0.0 Mobile Safari/537.36"
200.167.89.98 - - [17/Sep/2026:10:11:57 -0300] "GET /cpsess3473626894/3rdparty/roundcube/?_task=mail&_mbox=INBOX HTTP/1.1" 308 148 "-" "Mozilla/5.0 (Windows NT 10.0; Win64; x64) AppleWebKit/537.36 (KHTML, like Gecko) Chrome/152.0.0.0 Safari/537.36"
200.167.89.98 - - [17/Sep/2026:10:11:57 -0300] "GET /cpsess3473626894/3rdparty/roundcube/?_task=mail&_mbox=INBOX HTTP/1.1" 200 12542 "-" "Mozilla/5.0 (Windows NT 10.0; Win64; x64) AppleWebKit/537.36 (KHTML, like Gecko) Chrome/152.0.0.0 Safari/537.36"
179.49.205.248 - - [17/Sep/2026:10:11:57 -0300] "GET /cpsess3473626894/3rdparty/roundcube/?_task=mail&_mbox=INBOX HTTP/1.1" 200 12547 "-" "Mozilla/5.0 (Windows NT 10.0; Win64; x64) AppleWebKit/537.36 (KHTML, like Gecko) Chrome/152.0.0.0 Safari/537.36"
179.49.205.248 - - [17/Sep/2026:10:11:58 -0300] "POST /login/?login_only=1 HTTP/1.1" 200 170 "https://webmail.espacofacial.com.br/cpsess3473626894/3rdparty/roundcube/?_task=mail&_mbox=INBOX" "Mozilla/5.0 (Windows NT 10.0; Win64; x64) AppleWebKit/537.36 (KHTML, like Gecko) Chrome/152.0.0.0 Safari/537.36"
179.49.205.248 - - [17/Sep/2026:10:11:58 -0300] "GET /cpsess8770996163/3rdparty/roundcube/?_task=mail&_mbox=INBOX&login=1&post_login=52056226767042 HTTP/1.1" 302 - "https://webmail.espacofacial.com.br/cpsess3473626894/3rdparty/roundcube/?_task=mail&_mbox=INBOX" "Mozilla/5.0 (Windows NT 10.0; Win64; x64) AppleWebKit/537.36 (KHTML, like Gecko) Chrome/152.0.0.0 Safari/537.36"
179.49.205.248 - - [17/Sep/2026:10:11:59 -0300] "GET /cpsess8770996163/3rdparty/roundcube/?_task=mail&_token=groxTVrCrkd5EkfOoALmxlkx4bdTwouX HTTP/1.1" 200 14215 "https://webmail.espacofacial.com.br/cpsess3473626894/3rdparty/roundcube/?_task=mail&_mbox=INBOX" "Mozilla/5.0 (Windows NT 10.0; Win64; x64) AppleWebKit/537.36 (KHTML, like Gecko) Chrome/152.0.0.0 Safari/537.36"
179.49.205.248 - - [17/Sep/2026:10:11:59 -0300] "GET /cpsess8770996163/3rdparty/roundcube/skins/elastic/styles/styles.min.css?s=1788683399 HTTP/1.1" 200 24006 "https://webmail.espacofacial.com.br/cpsess8770996163/3rdparty/roundcube/?_task=mail&_token=groxTVrCrkd5EkfOoALmxlkx4bdTwouX" "Mozilla/5.0 (Windows NT 10.0; Win64; x64) AppleWebKit/537.36 (KHTML, like Gecko) Chrome/152.0.0.0 Safari/537.36"
179.49.205.248 - - [17/Sep/2026:10:11:59 -0300] "GET /cpsess8770996163/3rdparty/roundcube/plugins/return_to_webmail/skins/elastic/return_to_webmail.css?s=1749492914 HTTP/1.1" 200 863 "https://webmail.espacofacial.com.br/cpsess8770996163/3rdparty/roundcube/?_task=mail&_token=groxTVrCrkd5EkfOoALmxlkx4bdTwouX" "Mozilla/5.0 (Windows NT 10.0; Win64; x64) AppleWebKit/537.36 (KHTML, like Gecko) Chrome/152.0.0.0 Safari/537.36"
179.49.205.248 - - [17/Sep/2026:10:11:59 -0300] "GET /cpsess8770996163/3rdparty/roundcube/program/js/app.min.js?s=1788683399 HTTP/1.1" 200 50616 "https://webmail.espacofacial.com.br/cpsess8770996163/3rdparty/roundcube/?_task=mail&_token=groxTVrCrkd5EkfOoALmxlkx4bdTwouX" "Mozilla/5.0 (Windows NT 10.0; Win64; x64) AppleWebKit/537.36 (KHTML, like Gecko) Chrome/152.0.0.0 Safari/537.36"
