167.235.141.10 - - [17/Sep/2026:12:08:43 -0300] "GET /themes/wc_default/js/jquery.mmenu.min.all.js HTTP/1.1" 304 - "https://espacofacial.com.br/" "Mozilla/5.0 (Windows NT 10.0; Win64; x64) AppleWebKit/537.36 (KHTML, like Gecko) Chrome/120.0.0.0 Safari/537.36"
167.235.141.10 - - [17/Sep/2026:12:08:43 -0300] "GET /themes/wc_default/js/tabs.js HTTP/1.1" 304 - "https://espacofacial.com.br/" "Mozilla/5.0 (Windows NT 10.0; Win64; x64) AppleWebKit/537.36 (KHTML, like Gecko) Chrome/120.0.0.0 Safari/537.36"
167.235.141.10 - - [17/Sep/2026:12:08:43 -0300] "GET /themes/wc_default/js/custom.js HTTP/1.1" 304 - "https://espacofacial.com.br/" "Mozilla/5.0 (Windows NT 10.0; Win64; x64) AppleWebKit/537.36 (KHTML, like Gecko) Chrome/120.0.0.0 Safari/537.36"
167.235.141.10 - - [17/Sep/2026:12:08:43 -0300] "GET /themes/wc_default/js/owl.carousel.js HTTP/1.1" 304 - "https://espacofacial.com.br/" "Mozilla/5.0 (Windows NT 10.0; Win64; x64) AppleWebKit/537.36 (KHTML, like Gecko) Chrome/120.0.0.0 Safari/537.36"
167.235.141.10 - - [17/Sep/2026:12:08:43 -0300] "GET /themes/wc_default/js/jquery-ui-1.10.3.custom.js HTTP/1.1" 304 - "https://espacofacial.com.br/" "Mozilla/5.0 (Windows NT 10.0; Win64; x64) AppleWebKit/537.36 (KHTML, like Gecko) Chrome/120.0.0.0 Safari/537.36"
167.235.141.10 - - [17/Sep/2026:12:08:43 -0300] "GET /themes/wc_default/js/image-changer.js HTTP/1.1" 304 - "https://espacofacial.com.br/" "Mozilla/5.0 (Windows NT 10.0; Win64; x64) AppleWebKit/537.36 (KHTML, like Gecko) Chrome/120.0.0.0 Safari/537.36"
167.235.141.10 - - [17/Sep/2026:12:08:43 -0300] "GET /themes/wc_default/js/event.move.js HTTP/1.1" 304 - "https://espacofacial.com.br/" "Mozilla/5.0 (Windows NT 10.0; Win64; x64) AppleWebKit/537.36 (KHTML, like Gecko) Chrome/120.0.0.0 Safari/537.36"
167.235.141.10 - - [17/Sep/2026:12:08:44 -0300] "GET /tim.php?src=uploads/unidades/2025/12/Park-Jacarepagua.jpeg&w=1600&h=800 HTTP/1.1" 400 275 "https://espacofacial.com.br/" "Mozilla/5.0 (Windows NT 10.0; Win64; x64) AppleWebKit/537.36 (KHTML, like Gecko) Chrome/120.0.0.0 Safari/537.36"
167.235.141.10 - - [17/Sep/2026:12:08:44 -0300] "GET /uploads/slides/2026/set/17/banner_1.jpeg HTTP/1.1" 200 52886 "https://espacofacial.com.br/" "Mozilla/5.0 (Windows NT 10.0; Win64; x64) AppleWebKit/537.36 (KHTML, like Gecko) Chrome/120.0.0.0 Safari/537.36"
167.235.141.10 - - [17/Sep/2026:12:08:44 -0300] "GET /uploads/slides/2026/set/17/banner_2.jpeg HTTP/1.1" 200 25919 "https://espacofacial.com.br/" "Mozilla/5.0 (Windows NT 10.0; Win64; x64) AppleWebKit/537.36 (KHTML, like Gecko) Chrome/120.0.0.0 Safari/537.36"
167.235.141.10 - - [17/Sep/2026:12:08:44 -0300] "GET /themes/wc_default/video/Verao_Espaco_Facial.mp4 HTTP/1.1" 200 21067 "https://espacofacial.com.br/" "Mozilla/5.0 (Windows NT 10.0; Win64; x64) AppleWebKit/537.36 (KHTML, like Gecko) Chrome/120.0.0.0 Safari/537.36"
167.235.141.10 - - [17/Sep/2026:12:08:44 -0300] "GET /uploads/slides/2026/set/17/banner_3.jpeg HTTP/1.1" 200 50992 "https://espacofacial.com.br/" "Mozilla/5.0 (Windows NT 10.0; Win64; x64) AppleWebKit/537.36 (KHTML, like Gecko) Chrome/120.0.0.0 Safari/537.36"
89.241.75.180 - - [17/Sep/2026:12:08:46 -0300] "GET /tim.php?src=uploads/unidades/2025/12/Park-Jacarepagua.jpeg&w=800&h=400 HTTP/1.1" 400 274 "https://www.espacofacial.com.br/unidades" "Mozilla/5.0 (Windows NT 10.0; Win64; x64; rv:59.0.2) Gecko/20100101 Firefox/59.0.2"
200.195.112.243 - - [17/Sep/2026:12:09:06 -0300] "POST /cpsess1974799990/3rdparty/roundcube/?_task=mail&_action=refresh HTTP/1.1" 308 152 "https://webmail.espacofacial.com.br/cpsess1974799990/3rdparty/roundcube/?_task=mail&_mbox=INBOX.spam" "Mozilla/5.0 (Windows NT 10.0; Win64; x64) AppleWebKit/537.36 (KHTML, like Gecko) Chrome/153.0.0.0 Safari/537.36"
200.195.112.243 - - [17/Sep/2026:12:09:06 -0300] "POST /cpsess1974799990/3rdparty/roundcube/?_task=mail&_action=refresh HTTP/1.1" 200 1390 "https://webmail.espacofacial.com.br/cpsess1974799990/3rdparty/roundcube/?_task=mail&_mbox=INBOX.spam" "Mozilla/5.0 (Windows NT 10.0; Win64; x64) AppleWebKit/537.36 (KHTML, like Gecko) Chrome/153.0.0.0 Safari/537.36"
200.215.226.190 - - [17/Sep/2026:12:09:10 -0300] "POST /cpsess7592551980/3rdparty/roundcube/?_task=mail&_action=refresh HTTP/1.1" 200 1388 "https://webmail.espacofacial.com.br/cpsess7592551980/3rdparty/roundcube/?_task=mail&_mbox=INBOX" "Mozilla/5.0 (Windows NT 10.0; Win64; x64) AppleWebKit/537.36 (KHTML, like Gecko) Chrome/152.0.0.0 Safari/537.36"
186.205.10.91 - - [17/Sep/2026:12:09:13 -0300] "POST /cpsess9876102582/3rdparty/roundcube/?_task=mail&_action=refresh HTTP/1.1" 308 152 "https://webmail.espacofacial.com.br/cpsess9876102582/3rdparty/roundcube/?_task=mail&_mbox=INBOX" "Mozilla/5.0 (Macintosh; Intel Mac OS X 10_15_7) AppleWebKit/537.36 (KHTML, like Gecko) Chrome/152.0.0.0 Safari/537.36"
186.205.10.91 - - [17/Sep/2026:12:09:13 -0300] "POST /cpsess9876102582/3rdparty/roundcube/?_task=mail&_action=refresh HTTP/1.1" 200 1387 "https://webmail.espacofacial.com.br/cpsess9876102582/3rdparty/roundcube/?_task=mail&_mbox=INBOX" "Mozilla/5.0 (Macintosh; Intel Mac OS X 10_15_7) AppleWebKit/537.36 (KHTML, like Gecko) Chrome/152.0.0.0 Safari/537.36"
186.205.10.91 - - [17/Sep/2026:12:09:15 -0300] "POST /cpsess1240618111/3rdparty/roundcube/?_task=mail&_action=refresh HTTP/1.1" 308 152 "https://webmail.espacofacial.com.br/cpsess1240618111/3rdparty/roundcube/?_task=mail&_mbox=INBOX.Sent" "Mozilla/5.0 (Windows NT 10.0; Win64; x64) AppleWebKit/537.36 (KHTML, like Gecko) Chrome/152.0.0.0 Safari/537.36"
186.205.10.91 - - [17/Sep/2026:12:09:16 -0300] "POST /cpsess1240618111/3rdparty/roundcube/?_task=mail&_action=refresh HTTP/1.1" 200 1387 "https://webmail.espacofacial.com.br/cpsess1240618111/3rdparty/roundcube/?_task=mail&_mbox=INBOX.Sent" "Mozilla/5.0 (Windows NT 10.0; Win64; x64) AppleWebKit/537.36 (KHTML, like Gecko) Chrome/152.0.0.0 Safari/537.36"
136.226.63.10 - - [17/Sep/2026:12:09:17 -0300] "POST /cpsess0043854602/3rdparty/roundcube/?_task=mail&_action=refresh HTTP/1.1" 308 152 "https://webmail.espacofacial.com.br/cpsess0043854602/3rdparty/roundcube/?_task=mail&_mbox=INBOX" "Mozilla/5.0 (Windows NT 10.0; Win64; x64) AppleWebKit/537.36 (KHTML, like Gecko) Chrome/153.0.0.0 Safari/537.36"
136.226.63.10 - - [17/Sep/2026:12:09:17 -0300] "POST /cpsess0043854602/3rdparty/roundcube/?_task=mail&_action=refresh HTTP/1.1" 200 1388 "https://webmail.espacofacial.com.br/cpsess0043854602/3rdparty/roundcube/?_task=mail&_mbox=INBOX" "Mozilla/5.0 (Windows NT 10.0; Win64; x64) AppleWebKit/537.36 (KHTML, like Gecko) Chrome/153.0.0.0 Safari/537.36"
186.207.45.76 - - [17/Sep/2026:12:09:21 -0300] "POST /cpsess6230199964/3rdparty/roundcube/?_task=mail&_action=refresh HTTP/1.1" 200 1388 "https://webmail.espacofacial.com.br/cpsess6230199964/3rdparty/roundcube/?_task=mail&_mbox=INBOX" "Mozilla/5.0 (Windows NT 10.0; Win64; x64) AppleWebKit/537.36 (KHTML, like Gecko) Chrome/152.0.0.0 Safari/537.36"
200.214.45.18 - - [17/Sep/2026:12:09:28 -0300] "POST /cpsess8770996163/3rdparty/roundcube/?_task=mail&_action=refresh HTTP/1.1" 308 152 "https://webmail.espacofacial.com.br/cpsess8770996163/3rdparty/roundcube/?_task=mail&_mbox=INBOX.spam" "Mozilla/5.0 (Windows NT 10.0; Win64; x64) AppleWebKit/537.36 (KHTML, like Gecko) Chrome/152.0.0.0 Safari/537.36"
200.214.45.18 - - [17/Sep/2026:12:09:28 -0300] "POST /cpsess8770996163/3rdparty/roundcube/?_task=mail&_action=refresh HTTP/1.1" 200 1387 "https://webmail.espacofacial.com.br/cpsess8770996163/3rdparty/roundcube/?_task=mail&_mbox=INBOX.spam" "Mozilla/5.0 (Windows NT 10.0; Win64; x64) AppleWebKit/537.36 (KHTML, like Gecko) Chrome/152.0.0.0 Safari/537.36"
37.19.221.225 - - [17/Sep/2026:12:09:41 -0300] "POST /cpsess7211416590/3rdparty/roundcube/?_task=mail&_action=refresh HTTP/1.1" 308 152 "https://webmail.espacofacial.com.br/cpsess7211416590/3rdparty/roundcube/?_task=mail&_mbox=INBOX" "Mozilla/5.0 (Windows NT 10.0; Win64; x64) AppleWebKit/537.36 (KHTML, like Gecko) Chrome/152.0.0.0 Safari/537.36"
37.19.221.225 - - [17/Sep/2026:12:09:42 -0300] "POST /cpsess7211416590/3rdparty/roundcube/?_task=mail&_action=refresh HTTP/1.1" 200 1387 "https://webmail.espacofacial.com.br/cpsess7211416590/3rdparty/roundcube/?_task=mail&_mbox=INBOX" "Mozilla/5.0 (Windows NT 10.0; Win64; x64) AppleWebKit/537.36 (KHTML, like Gecko) Chrome/152.0.0.0 Safari/537.36"
5.161.117.52 - - [17/Sep/2026:12:10:01 -0300] "HEAD / HTTP/1.1" 200 - "https://espacofacial.com.br" "Mozilla/5.0+(compatible; UptimeRobot/2.0; http://www.uptimerobot.com/)"
178.156.185.231 - - [17/Sep/2026:12:10:01 -0300] "HEAD / HTTP/1.1" 200 - "https://espacofacial.com.br" "Mozilla/5.0+(compatible; UptimeRobot/2.0; http://www.uptimerobot.com/)"
200.195.112.243 - - [17/Sep/2026:12:10:06 -0300] "POST /cpsess1974799990/3rdparty/roundcube/?_task=mail&_action=refresh HTTP/1.1" 200 1390 "https://webmail.espacofacial.com.br/cpsess1974799990/3rdparty/roundcube/?_task=mail&_mbox=INBOX.spam" "Mozilla/5.0 (Windows NT 10.0; Win64; x64) AppleWebKit/537.36 (KHTML, like Gecko) Chrome/153.0.0.0 Safari/537.36"
200.215.226.190 - - [17/Sep/2026:12:10:10 -0300] "POST /cpsess7592551980/3rdparty/roundcube/?_task=mail&_action=refresh HTTP/1.1" 308 152 "https://webmail.espacofacial.com.br/cpsess7592551980/3rdparty/roundcube/?_task=mail&_mbox=INBOX" "Mozilla/5.0 (Windows NT 10.0; Win64; x64) AppleWebKit/537.36 (KHTML, like Gecko) Chrome/152.0.0.0 Safari/537.36"
200.215.226.190 - - [17/Sep/2026:12:10:10 -0300] "POST /cpsess7592551980/3rdparty/roundcube/?_task=mail&_action=refresh HTTP/1.1" 200 1387 "https://webmail.espacofacial.com.br/cpsess7592551980/3rdparty/roundcube/?_task=mail&_mbox=INBOX" "Mozilla/5.0 (Windows NT 10.0; Win64; x64) AppleWebKit/537.36 (KHTML, like Gecko) Chrome/152.0.0.0 Safari/537.36"
186.205.10.91 - - [17/Sep/2026:12:10:14 -0300] "POST /cpsess9876102582/3rdparty/roundcube/?_task=mail&_action=refresh HTTP/1.1" 200 1387 "https://webmail.espacofacial.com.br/cpsess9876102582/3rdparty/roundcube/?_task=mail&_mbox=INBOX" "Mozilla/5.0 (Macintosh; Intel Mac OS X 10_15_7) AppleWebKit/537.36 (KHTML, like Gecko) Chrome/152.0.0.0 Safari/537.36"
186.205.10.91 - - [17/Sep/2026:12:10:16 -0300] "POST /cpsess1240618111/3rdparty/roundcube/?_task=mail&_action=refresh HTTP/1.1" 308 152 "https://webmail.espacofacial.com.br/cpsess1240618111/3rdparty/roundcube/?_task=mail&_mbox=INBOX.Sent" "Mozilla/5.0 (Windows NT 10.0; Win64; x64) AppleWebKit/537.36 (KHTML, like Gecko) Chrome/152.0.0.0 Safari/537.36"
186.205.10.91 - - [17/Sep/2026:12:10:17 -0300] "POST /cpsess1240618111/3rdparty/roundcube/?_task=mail&_action=refresh HTTP/1.1" 200 1387 "https://webmail.espacofacial.com.br/cpsess1240618111/3rdparty/roundcube/?_task=mail&_mbox=INBOX.Sent" "Mozilla/5.0 (Windows NT 10.0; Win64; x64) AppleWebKit/537.36 (KHTML, like Gecko) Chrome/152.0.0.0 Safari/537.36"
136.226.63.10 - - [17/Sep/2026:12:10:17 -0300] "POST /cpsess0043854602/3rdparty/roundcube/?_task=mail&_action=refresh HTTP/1.1" 200 1387 "https://webmail.espacofacial.com.br/cpsess0043854602/3rdparty/roundcube/?_task=mail&_mbox=INBOX" "Mozilla/5.0 (Windows NT 10.0; Win64; x64) AppleWebKit/537.36 (KHTML, like Gecko) Chrome/153.0.0.0 Safari/537.36"
186.207.45.76 - - [17/Sep/2026:12:10:21 -0300] "POST /cpsess6230199964/3rdparty/roundcube/?_task=mail&_action=refresh HTTP/1.1" 308 152 "https://webmail.espacofacial.com.br/cpsess6230199964/3rdparty/roundcube/?_task=mail&_mbox=INBOX" "Mozilla/5.0 (Windows NT 10.0; Win64; x64) AppleWebKit/537.36 (KHTML, like Gecko) Chrome/152.0.0.0 Safari/537.36"
186.207.45.76 - - [17/Sep/2026:12:10:21 -0300] "POST /cpsess6230199964/3rdparty/roundcube/?_task=mail&_action=refresh HTTP/1.1" 200 1388 "https://webmail.espacofacial.com.br/cpsess6230199964/3rdparty/roundcube/?_task=mail&_mbox=INBOX" "Mozilla/5.0 (Windows NT 10.0; Win64; x64) AppleWebKit/537.36 (KHTML, like Gecko) Chrome/152.0.0.0 Safari/537.36"
179.49.205.248 - - [17/Sep/2026:12:10:28 -0300] "POST /cpsess8770996163/3rdparty/roundcube/?_task=mail&_action=refresh HTTP/1.1" 308 152 "https://webmail.espacofacial.com.br/cpsess8770996163/3rdparty/roundcube/?_task=mail&_mbox=INBOX.spam" "Mozilla/5.0 (Windows NT 10.0; Win64; x64) AppleWebKit/537.36 (KHTML, like Gecko) Chrome/152.0.0.0 Safari/537.36"
179.49.205.248 - - [17/Sep/2026:12:10:28 -0300] "POST /cpsess8770996163/3rdparty/roundcube/?_task=mail&_action=refresh HTTP/1.1" 200 1388 "https://webmail.espacofacial.com.br/cpsess8770996163/3rdparty/roundcube/?_task=mail&_mbox=INBOX.spam" "Mozilla/5.0 (Windows NT 10.0; Win64; x64) AppleWebKit/537.36 (KHTML, like Gecko) Chrome/152.0.0.0 Safari/537.36"
37.19.221.225 - - [17/Sep/2026:12:10:42 -0300] "POST /cpsess7211416590/3rdparty/roundcube/?_task=mail&_action=refresh HTTP/1.1" 308 152 "https://webmail.espacofacial.com.br/cpsess7211416590/3rdparty/roundcube/?_task=mail&_mbox=INBOX" "Mozilla/5.0 (Windows NT 10.0; Win64; x64) AppleWebKit/537.36 (KHTML, like Gecko) Chrome/152.0.0.0 Safari/537.36"
37.19.221.225 - - [17/Sep/2026:12:10:43 -0300] "POST /cpsess7211416590/3rdparty/roundcube/?_task=mail&_action=refresh HTTP/1.1" 200 1388 "https://webmail.espacofacial.com.br/cpsess7211416590/3rdparty/roundcube/?_task=mail&_mbox=INBOX" "Mozilla/5.0 (Windows NT 10.0; Win64; x64) AppleWebKit/537.36 (KHTML, like Gecko) Chrome/152.0.0.0 Safari/537.36"
200.195.112.243 - - [17/Sep/2026:12:11:06 -0300] "POST /cpsess1974799990/3rdparty/roundcube/?_task=mail&_action=refresh HTTP/1.1" 308 152 "https://webmail.espacofacial.com.br/cpsess1974799990/3rdparty/roundcube/?_task=mail&_mbox=INBOX.spam" "Mozilla/5.0 (Windows NT 10.0; Win64; x64) AppleWebKit/537.36 (KHTML, like Gecko) Chrome/153.0.0.0 Safari/537.36"
200.195.112.243 - - [17/Sep/2026:12:11:06 -0300] "POST /cpsess1974799990/3rdparty/roundcube/?_task=mail&_action=refresh HTTP/1.1" 200 1390 "https://webmail.espacofacial.com.br/cpsess1974799990/3rdparty/roundcube/?_task=mail&_mbox=INBOX.spam" "Mozilla/5.0 (Windows NT 10.0; Win64; x64) AppleWebKit/537.36 (KHTML, like Gecko) Chrome/153.0.0.0 Safari/537.36"
200.215.226.190 - - [17/Sep/2026:12:11:10 -0300] "POST /cpsess7592551980/3rdparty/roundcube/?_task=mail&_action=refresh HTTP/1.1" 308 152 "https://webmail.espacofacial.com.br/cpsess7592551980/3rdparty/roundcube/?_task=mail&_mbox=INBOX" "Mozilla/5.0 (Windows NT 10.0; Win64; x64) AppleWebKit/537.36 (KHTML, like Gecko) Chrome/152.0.0.0 Safari/537.36"
200.215.226.190 - - [17/Sep/2026:12:11:10 -0300] "POST /cpsess7592551980/3rdparty/roundcube/?_task=mail&_action=refresh HTTP/1.1" 200 1388 "https://webmail.espacofacial.com.br/cpsess7592551980/3rdparty/roundcube/?_task=mail&_mbox=INBOX" "Mozilla/5.0 (Windows NT 10.0; Win64; x64) AppleWebKit/537.36 (KHTML, like Gecko) Chrome/152.0.0.0 Safari/537.36"
186.205.10.91 - - [17/Sep/2026:12:11:15 -0300] "POST /cpsess9876102582/3rdparty/roundcube/?_task=mail&_action=refresh HTTP/1.1" 308 152 "https://webmail.espacofacial.com.br/cpsess9876102582/3rdparty/roundcube/?_task=mail&_mbox=INBOX" "Mozilla/5.0 (Macintosh; Intel Mac OS X 10_15_7) AppleWebKit/537.36 (KHTML, like Gecko) Chrome/152.0.0.0 Safari/537.36"
186.205.10.91 - - [17/Sep/2026:12:11:15 -0300] "POST /cpsess9876102582/3rdparty/roundcube/?_task=mail&_action=refresh HTTP/1.1" 200 1388 "https://webmail.espacofacial.com.br/cpsess9876102582/3rdparty/roundcube/?_task=mail&_mbox=INBOX" "Mozilla/5.0 (Macintosh; Intel Mac OS X 10_15_7) AppleWebKit/537.36 (KHTML, like Gecko) Chrome/152.0.0.0 Safari/537.36"
136.226.63.10 - - [17/Sep/2026:12:11:17 -0300] "POST /cpsess0043854602/3rdparty/roundcube/?_task=mail&_action=refresh HTTP/1.1" 200 1388 "https://webmail.espacofacial.com.br/cpsess0043854602/3rdparty/roundcube/?_task=mail&_mbox=INBOX" "Mozilla/5.0 (Windows NT 10.0; Win64; x64) AppleWebKit/537.36 (KHTML, like Gecko) Chrome/153.0.0.0 Safari/537.36"
186.205.10.91 - - [17/Sep/2026:12:11:17 -0300] "POST /cpsess1240618111/3rdparty/roundcube/?_task=mail&_action=refresh HTTP/1.1" 308 152 "https://webmail.espacofacial.com.br/cpsess1240618111/3rdparty/roundcube/?_task=mail&_mbox=INBOX.Sent" "Mozilla/5.0 (Windows NT 10.0; Win64; x64) AppleWebKit/537.36 (KHTML, like Gecko) Chrome/152.0.0.0 Safari/537.36"
186.205.10.91 - - [17/Sep/2026:12:11:18 -0300] "POST /cpsess1240618111/3rdparty/roundcube/?_task=mail&_action=refresh HTTP/1.1" 200 1387 "https://webmail.espacofacial.com.br/cpsess1240618111/3rdparty/roundcube/?_task=mail&_mbox=INBOX.Sent" "Mozilla/5.0 (Windows NT 10.0; Win64; x64) AppleWebKit/537.36 (KHTML, like Gecko) Chrome/152.0.0.0 Safari/537.36"
186.207.45.76 - - [17/Sep/2026:12:11:21 -0300] "POST /cpsess6230199964/3rdparty/roundcube/?_task=mail&_action=refresh HTTP/1.1" 200 1388 "https://webmail.espacofacial.com.br/cpsess6230199964/3rdparty/roundcube/?_task=mail&_mbox=INBOX" "Mozilla/5.0 (Windows NT 10.0; Win64; x64) AppleWebKit/537.36 (KHTML, like Gecko) Chrome/152.0.0.0 Safari/537.36"
2804:3108:34:7500:a5fd:8262:8809:c0c3 - - [17/Sep/2026:12:11:28 -0300] "GET /skunk/carrosel/carrosel.html HTTP/1.1" 200 36626 "https://www.skunk.com.br/" "Mozilla/5.0 (iPhone; CPU iPhone OS 26_6_1 like Mac OS X) AppleWebKit/605.1.15 (KHTML, like Gecko) Mobile/23G83 Instagram 447.0.0.34.80 (iPhone17,1; iOS 26_6_1; pt_BR; pt; scale=3.00; 1206x2622; IABMV/1; 1065993616) Safari/604.1"
179.49.205.248 - - [17/Sep/2026:12:11:28 -0300] "POST /cpsess8770996163/3rdparty/roundcube/?_task=mail&_action=refresh HTTP/1.1" 308 152 "https://webmail.espacofacial.com.br/cpsess8770996163/3rdparty/roundcube/?_task=mail&_mbox=INBOX.spam" "Mozilla/5.0 (Windows NT 10.0; Win64; x64) AppleWebKit/537.36 (KHTML, like Gecko) Chrome/152.0.0.0 Safari/537.36"
179.49.205.248 - - [17/Sep/2026:12:11:28 -0300] "POST /cpsess8770996163/3rdparty/roundcube/?_task=mail&_action=refresh HTTP/1.1" 200 1388 "https://webmail.espacofacial.com.br/cpsess8770996163/3rdparty/roundcube/?_task=mail&_mbox=INBOX.spam" "Mozilla/5.0 (Windows NT 10.0; Win64; x64) AppleWebKit/537.36 (KHTML, like Gecko) Chrome/152.0.0.0 Safari/537.36"
37.19.221.225 - - [17/Sep/2026:12:11:43 -0300] "POST /cpsess7211416590/3rdparty/roundcube/?_task=mail&_action=refresh HTTP/1.1" 308 152 "https://webmail.espacofacial.com.br/cpsess7211416590/3rdparty/roundcube/?_task=mail&_mbox=INBOX" "Mozilla/5.0 (Windows NT 10.0; Win64; x64) AppleWebKit/537.36 (KHTML, like Gecko) Chrome/152.0.0.0 Safari/537.36"
37.19.221.225 - - [17/Sep/2026:12:11:44 -0300] "POST /cpsess7211416590/3rdparty/roundcube/?_task=mail&_action=refresh HTTP/1.1" 200 1388 "https://webmail.espacofacial.com.br/cpsess7211416590/3rdparty/roundcube/?_task=mail&_mbox=INBOX" "Mozilla/5.0 (Windows NT 10.0; Win64; x64) AppleWebKit/537.36 (KHTML, like Gecko) Chrome/152.0.0.0 Safari/537.36"
200.195.112.243 - - [17/Sep/2026:12:12:06 -0300] "POST /cpsess1974799990/3rdparty/roundcube/?_task=mail&_action=refresh HTTP/1.1" 308 152 "https://webmail.espacofacial.com.br/cpsess1974799990/3rdparty/roundcube/?_task=mail&_mbox=INBOX.spam" "Mozilla/5.0 (Windows NT 10.0; Win64; x64) AppleWebKit/537.36 (KHTML, like Gecko) Chrome/153.0.0.0 Safari/537.36"
200.195.112.243 - - [17/Sep/2026:12:12:06 -0300] "POST /cpsess1974799990/3rdparty/roundcube/?_task=mail&_action=refresh HTTP/1.1" 200 1390 "https://webmail.espacofacial.com.br/cpsess1974799990/3rdparty/roundcube/?_task=mail&_mbox=INBOX.spam" "Mozilla/5.0 (Windows NT 10.0; Win64; x64) AppleWebKit/537.36 (KHTML, like Gecko) Chrome/153.0.0.0 Safari/537.36"
200.215.226.190 - - [17/Sep/2026:12:12:10 -0300] "POST /cpsess7592551980/3rdparty/roundcube/?_task=mail&_action=refresh HTTP/1.1" 308 152 "https://webmail.espacofacial.com.br/cpsess7592551980/3rdparty/roundcube/?_task=mail&_mbox=INBOX" "Mozilla/5.0 (Windows NT 10.0; Win64; x64) AppleWebKit/537.36 (KHTML, like Gecko) Chrome/152.0.0.0 Safari/537.36"
200.215.226.190 - - [17/Sep/2026:12:12:10 -0300] "POST /cpsess7592551980/3rdparty/roundcube/?_task=mail&_action=refresh HTTP/1.1" 200 1387 "https://webmail.espacofacial.com.br/cpsess7592551980/3rdparty/roundcube/?_task=mail&_mbox=INBOX" "Mozilla/5.0 (Windows NT 10.0; Win64; x64) AppleWebKit/537.36 (KHTML, like Gecko) Chrome/152.0.0.0 Safari/537.36"
186.205.10.91 - - [17/Sep/2026:12:12:15 -0300] "POST /cpsess9876102582/3rdparty/roundcube/?_task=mail&_action=refresh HTTP/1.1" 308 152 "https://webmail.espacofacial.com.br/cpsess9876102582/3rdparty/roundcube/?_task=mail&_mbox=INBOX" "Mozilla/5.0 (Macintosh; Intel Mac OS X 10_15_7) AppleWebKit/537.36 (KHTML, like Gecko) Chrome/152.0.0.0 Safari/537.36"
186.205.10.91 - - [17/Sep/2026:12:12:16 -0300] "POST /cpsess9876102582/3rdparty/roundcube/?_task=mail&_action=refresh HTTP/1.1" 200 1388 "https://webmail.espacofacial.com.br/cpsess9876102582/3rdparty/roundcube/?_task=mail&_mbox=INBOX" "Mozilla/5.0 (Macintosh; Intel Mac OS X 10_15_7) AppleWebKit/537.36 (KHTML, like Gecko) Chrome/152.0.0.0 Safari/537.36"
136.226.63.10 - - [17/Sep/2026:12:12:17 -0300] "POST /cpsess0043854602/3rdparty/roundcube/?_task=mail&_action=refresh HTTP/1.1" 308 152 "https://webmail.espacofacial.com.br/cpsess0043854602/3rdparty/roundcube/?_task=mail&_mbox=INBOX" "Mozilla/5.0 (Windows NT 10.0; Win64; x64) AppleWebKit/537.36 (KHTML, like Gecko) Chrome/153.0.0.0 Safari/537.36"
136.226.63.10 - - [17/Sep/2026:12:12:17 -0300] "POST /cpsess0043854602/3rdparty/roundcube/?_task=mail&_action=refresh HTTP/1.1" 200 1387 "https://webmail.espacofacial.com.br/cpsess0043854602/3rdparty/roundcube/?_task=mail&_mbox=INBOX" "Mozilla/5.0 (Windows NT 10.0; Win64; x64) AppleWebKit/537.36 (KHTML, like Gecko) Chrome/153.0.0.0 Safari/537.36"
186.205.10.91 - - [17/Sep/2026:12:12:19 -0300] "POST /cpsess1240618111/3rdparty/roundcube/?_task=mail&_action=refresh HTTP/1.1" 308 152 "https://webmail.espacofacial.com.br/cpsess1240618111/3rdparty/roundcube/?_task=mail&_mbox=INBOX.Sent" "Mozilla/5.0 (Windows NT 10.0; Win64; x64) AppleWebKit/537.36 (KHTML, like Gecko) Chrome/152.0.0.0 Safari/537.36"
186.205.10.91 - - [17/Sep/2026:12:12:19 -0300] "POST /cpsess1240618111/3rdparty/roundcube/?_task=mail&_action=refresh HTTP/1.1" 200 1387 "https://webmail.espacofacial.com.br/cpsess1240618111/3rdparty/roundcube/?_task=mail&_mbox=INBOX.Sent" "Mozilla/5.0 (Windows NT 10.0; Win64; x64) AppleWebKit/537.36 (KHTML, like Gecko) Chrome/152.0.0.0 Safari/537.36"
186.207.45.76 - - [17/Sep/2026:12:12:21 -0300] "POST /cpsess6230199964/3rdparty/roundcube/?_task=mail&_action=refresh HTTP/1.1" 308 152 "https://webmail.espacofacial.com.br/cpsess6230199964/3rdparty/roundcube/?_task=mail&_mbox=INBOX" "Mozilla/5.0 (Windows NT 10.0; Win64; x64) AppleWebKit/537.36 (KHTML, like Gecko) Chrome/152.0.0.0 Safari/537.36"
186.207.45.76 - - [17/Sep/2026:12:12:21 -0300] "POST /cpsess6230199964/3rdparty/roundcube/?_task=mail&_action=refresh HTTP/1.1" 200 1388 "https://webmail.espacofacial.com.br/cpsess6230199964/3rdparty/roundcube/?_task=mail&_mbox=INBOX" "Mozilla/5.0 (Windows NT 10.0; Win64; x64) AppleWebKit/537.36 (KHTML, like Gecko) Chrome/152.0.0.0 Safari/537.36"
200.167.89.98 - - [17/Sep/2026:12:12:28 -0300] "POST /cpsess8770996163/3rdparty/roundcube/?_task=mail&_action=refresh HTTP/1.1" 308 152 "https://webmail.espacofacial.com.br/cpsess8770996163/3rdparty/roundcube/?_task=mail&_mbox=INBOX.spam" "Mozilla/5.0 (Windows NT 10.0; Win64; x64) AppleWebKit/537.36 (KHTML, like Gecko) Chrome/152.0.0.0 Safari/537.36"
200.167.89.98 - - [17/Sep/2026:12:12:28 -0300] "POST /cpsess8770996163/3rdparty/roundcube/?_task=mail&_action=refresh HTTP/1.1" 200 1388 "https://webmail.espacofacial.com.br/cpsess8770996163/3rdparty/roundcube/?_task=mail&_mbox=INBOX.spam" "Mozilla/5.0 (Windows NT 10.0; Win64; x64) AppleWebKit/537.36 (KHTML, like Gecko) Chrome/152.0.0.0 Safari/537.36"
66.249.88.104 - - [17/Sep/2026:12:12:29 -0300] "GET /.well-known/traffic-advice HTTP/1.1" 200 21062 "-" "Chrome Privacy Preserving Prefetch Proxy"
2804:73f8:1266:1600:248c:1d24:b435:9726 - - [17/Sep/2026:12:12:29 -0300] "GET /themes/wc_default/css/bootstrap.css HTTP/1.1" 304 - "https://espacofacial.com.br/" "Mozilla/5.0 (Macintosh; Intel Mac OS X 10_15_7) AppleWebKit/537.36 (KHTML, like Gecko) Chrome/153.0.0.0 Safari/537.36"
2804:73f8:1266:1600:248c:1d24:b435:9726 - - [17/Sep/2026:12:12:29 -0300] "GET /themes/wc_default/css/medical-guide.css HTTP/1.1" 304 - "https://espacofacial.com.br/" "Mozilla/5.0 (Macintosh; Intel Mac OS X 10_15_7) AppleWebKit/537.36 (KHTML, like Gecko) Chrome/153.0.0.0 Safari/537.36"
2804:73f8:1266:1600:248c:1d24:b435:9726 - - [17/Sep/2026:12:12:29 -0300] "GET /themes/wc_default/css/style.css HTTP/1.1" 304 - "https://espacofacial.com.br/" "Mozilla/5.0 (Macintosh; Intel Mac OS X 10_15_7) AppleWebKit/537.36 (KHTML, like Gecko) Chrome/153.0.0.0 Safari/537.36"
2804:73f8:1266:1600:248c:1d24:b435:9726 - - [17/Sep/2026:12:12:29 -0300] "GET /themes/wc_default/css/extralayers.css HTTP/1.1" 304 - "https://espacofacial.com.br/" "Mozilla/5.0 (Macintosh; Intel Mac OS X 10_15_7) AppleWebKit/537.36 (KHTML, like Gecko) Chrome/153.0.0.0 Safari/537.36"
2804:73f8:1266:1600:248c:1d24:b435:9726 - - [17/Sep/2026:12:12:29 -0300] "GET /themes/wc_default/style.css HTTP/1.1" 304 - "https://espacofacial.com.br/" "Mozilla/5.0 (Macintosh; Intel Mac OS X 10_15_7) AppleWebKit/537.36 (KHTML, like Gecko) Chrome/153.0.0.0 Safari/537.36"
2804:73f8:1266:1600:248c:1d24:b435:9726 - - [17/Sep/2026:12:12:29 -0300] "GET /themes/wc_default/css/sticky-header.css HTTP/1.1" 304 - "https://espacofacial.com.br/" "Mozilla/5.0 (Macintosh; Intel Mac OS X 10_15_7) AppleWebKit/537.36 (KHTML, like Gecko) Chrome/153.0.0.0 Safari/537.36"
2804:73f8:1266:1600:248c:1d24:b435:9726 - - [17/Sep/2026:12:12:29 -0300] "GET /themes/wc_default/css/jquery.mmenu.all.css HTTP/1.1" 304 - "https://espacofacial.com.br/" "Mozilla/5.0 (Macintosh; Intel Mac OS X 10_15_7) AppleWebKit/537.36 (KHTML, like Gecko) Chrome/153.0.0.0 Safari/537.36"
2804:73f8:1266:1600:248c:1d24:b435:9726 - - [17/Sep/2026:12:12:29 -0300] "GET /themes/wc_default/css/tabs.css HTTP/1.1" 304 - "https://espacofacial.com.br/" "Mozilla/5.0 (Macintosh; Intel Mac OS X 10_15_7) AppleWebKit/537.36 (KHTML, like Gecko) Chrome/153.0.0.0 Safari/537.36"
2804:73f8:1266:1600:248c:1d24:b435:9726 - - [17/Sep/2026:12:12:29 -0300] "GET /uploads/slides/2026/set/17/banner_3.jpeg HTTP/1.1" 304 - "https://espacofacial.com.br/" "Mozilla/5.0 (Macintosh; Intel Mac OS X 10_15_7) AppleWebKit/537.36 (KHTML, like Gecko) Chrome/153.0.0.0 Safari/537.36"
2804:73f8:1266:1600:248c:1d24:b435:9726 - - [17/Sep/2026:12:12:29 -0300] "GET /themes/wc_default/css/demo.css HTTP/1.1" 304 - "https://espacofacial.com.br/" "Mozilla/5.0 (Macintosh; Intel Mac OS X 10_15_7) AppleWebKit/537.36 (KHTML, like Gecko) Chrome/153.0.0.0 Safari/537.36"
2804:73f8:1266:1600:248c:1d24:b435:9726 - - [17/Sep/2026:12:12:29 -0300] "GET /themes/wc_default/css/dropmenu.css HTTP/1.1" 304 - "https://espacofacial.com.br/" "Mozilla/5.0 (Macintosh; Intel Mac OS X 10_15_7) AppleWebKit/537.36 (KHTML, like Gecko) Chrome/153.0.0.0 Safari/537.36"
2804:73f8:1266:1600:248c:1d24:b435:9726 - - [17/Sep/2026:12:12:29 -0300] "GET /themes/wc_default/css/owl.carousel.css HTTP/1.1" 304 - "https://espacofacial.com.br/" "Mozilla/5.0 (Macintosh; Intel Mac OS X 10_15_7) AppleWebKit/537.36 (KHTML, like Gecko) Chrome/153.0.0.0 Safari/537.36"
2804:73f8:1266:1600:248c:1d24:b435:9726 - - [17/Sep/2026:12:12:29 -0300] "GET /themes/wc_default/fonts/medical-guide-icons.css HTTP/1.1" 304 - "https://espacofacial.com.br/" "Mozilla/5.0 (Macintosh; Intel Mac OS X 10_15_7) AppleWebKit/537.36 (KHTML, like Gecko) Chrome/153.0.0.0 Safari/537.36"
2804:73f8:1266:1600:248c:1d24:b435:9726 - - [17/Sep/2026:12:12:29 -0300] "GET /uploads/slides/2026/set/17/banner_1.jpeg HTTP/1.1" 304 - "https://espacofacial.com.br/" "Mozilla/5.0 (Macintosh; Intel Mac OS X 10_15_7) AppleWebKit/537.36 (KHTML, like Gecko) Chrome/153.0.0.0 Safari/537.36"
2804:73f8:1266:1600:248c:1d24:b435:9726 - - [17/Sep/2026:12:12:29 -0300] "GET /themes/wc_default/css/default-color.css HTTP/1.1" 304 - "https://espacofacial.com.br/" "Mozilla/5.0 (Macintosh; Intel Mac OS X 10_15_7) AppleWebKit/537.36 (KHTML, like Gecko) Chrome/153.0.0.0 Safari/537.36"
2804:73f8:1266:1600:248c:1d24:b435:9726 - - [17/Sep/2026:12:12:29 -0300] "GET /themes/wc_default/css/accordion.css HTTP/1.1" 304 - "https://espacofacial.com.br/" "Mozilla/5.0 (Macintosh; Intel Mac OS X 10_15_7) AppleWebKit/537.36 (KHTML, like Gecko) Chrome/153.0.0.0 Safari/537.36"
2804:73f8:1266:1600:248c:1d24:b435:9726 - - [17/Sep/2026:12:12:29 -0300] "GET /themes/wc_default/css/beauty.css HTTP/1.1" 304 - "https://espacofacial.com.br/" "Mozilla/5.0 (Macintosh; Intel Mac OS X 10_15_7) AppleWebKit/537.36 (KHTML, like Gecko) Chrome/153.0.0.0 Safari/537.36"
2001:4860:7:1103::fc - - [17/Sep/2026:12:12:29 -0300] "GET / HTTP/1.1" 200 143830 "https://www.google.com/" "Mozilla/5.0 (Macintosh; Intel Mac OS X 10_15_7) AppleWebKit/537.36 (KHTML, like Gecko) Chrome/153.0.0.0 Safari/537.36"
2804:73f8:1266:1600:248c:1d24:b435:9726 - - [17/Sep/2026:12:12:29 -0300] "GET /tim.php?src=uploads/unidades/2023/08/sorocaba-sp.jpg&w=1600&h=800 HTTP/1.1" 200 153094 "https://espacofacial.com.br/" "Mozilla/5.0 (Macintosh; Intel Mac OS X 10_15_7) AppleWebKit/537.36 (KHTML, like Gecko) Chrome/153.0.0.0 Safari/537.36"
2804:73f8:1266:1600:248c:1d24:b435:9726 - - [17/Sep/2026:12:12:30 -0300] "GET /tim.php?src=uploads/unidades/2023/08/americas-shopping-recreio-dos-bandeirantes-rj.jpg&w=1600&h=800 HTTP/1.1" 200 195924 "https://espacofacial.com.br/" "Mozilla/5.0 (Macintosh; Intel Mac OS X 10_15_7) AppleWebKit/537.36 (KHTML, like Gecko) Chrome/153.0.0.0 Safari/537.36"
2804:73f8:1266:1600:248c:1d24:b435:9726 - - [17/Sep/2026:12:12:30 -0300] "GET /tim.php?src=uploads/unidades/2023/08/sao-vicente-sp.jpg&w=1600&h=800 HTTP/1.1" 200 297833 "https://espacofacial.com.br/" "Mozilla/5.0 (Macintosh; Intel Mac OS X 10_15_7) AppleWebKit/537.36 (KHTML, like Gecko) Chrome/153.0.0.0 Safari/537.36"
2804:73f8:1266:1600:248c:1d24:b435:9726 - - [17/Sep/2026:12:12:30 -0300] "GET /tim.php?src=uploads/unidades/2024/03/nova-iguacu.jpg&w=1600&h=800 HTTP/1.1" 200 280187 "https://espacofacial.com.br/" "Mozilla/5.0 (Macintosh; Intel Mac OS X 10_15_7) AppleWebKit/537.36 (KHTML, like Gecko) Chrome/153.0.0.0 Safari/537.36"
2804:73f8:1266:1600:248c:1d24:b435:9726 - - [17/Sep/2026:12:12:30 -0300] "GET /tim.php?src=uploads/unidades/2023/08/shopping-millenium-barra-rj.jpg&w=1600&h=800 HTTP/1.1" 200 203551 "https://espacofacial.com.br/" "Mozilla/5.0 (Macintosh; Intel Mac OS X 10_15_7) AppleWebKit/537.36 (KHTML, like Gecko) Chrome/153.0.0.0 Safari/537.36"
2804:73f8:1266:1600:248c:1d24:b435:9726 - - [17/Sep/2026:12:12:30 -0300] "GET /tim.php?src=uploads/unidades/2023/08/bangu-shopping.jpg&w=1600&h=800 HTTP/1.1" 200 184642 "https://espacofacial.com.br/" "Mozilla/5.0 (Macintosh; Intel Mac OS X 10_15_7) AppleWebKit/537.36 (KHTML, like Gecko) Chrome/153.0.0.0 Safari/537.36"
2804:73f8:1266:1600:248c:1d24:b435:9726 - - [17/Sep/2026:12:12:30 -0300] "GET /tim.php?src=uploads/unidades/2023/07/botafogo.png&w=1600&h=800 HTTP/1.1" 200 1072374 "https://espacofacial.com.br/" "Mozilla/5.0 (Macintosh; Intel Mac OS X 10_15_7) AppleWebKit/537.36 (KHTML, like Gecko) Chrome/153.0.0.0 Safari/537.36"
2804:73f8:1266:1600:248c:1d24:b435:9726 - - [17/Sep/2026:12:12:30 -0300] "GET /themes/wc_default/js/scroll-desktop-smooth.js HTTP/1.1" 304 - "https://espacofacial.com.br/" "Mozilla/5.0 (Macintosh; Intel Mac OS X 10_15_7) AppleWebKit/537.36 (KHTML, like Gecko) Chrome/153.0.0.0 Safari/537.36"
2804:73f8:1266:1600:248c:1d24:b435:9726 - - [17/Sep/2026:12:12:30 -0300] "GET /themes/wc_default/js/classie.js HTTP/1.1" 304 - "https://espacofacial.com.br/" "Mozilla/5.0 (Macintosh; Intel Mac OS X 10_15_7) AppleWebKit/537.36 (KHTML, like Gecko) Chrome/153.0.0.0 Safari/537.36"
2804:73f8:1266:1600:248c:1d24:b435:9726 - - [17/Sep/2026:12:12:30 -0300] "GET /themes/wc_default/js/counter.js HTTP/1.1" 304 - "https://espacofacial.com.br/" "Mozilla/5.0 (Macintosh; Intel Mac OS X 10_15_7) AppleWebKit/537.36 (KHTML, like Gecko) Chrome/153.0.0.0 Safari/537.36"
2804:73f8:1266:1600:248c:1d24:b435:9726 - - [17/Sep/2026:12:12:30 -0300] "GET /themes/wc_default/js/jquery.mmenu.min.all.js HTTP/1.1" 304 - "https://espacofacial.com.br/" "Mozilla/5.0 (Macintosh; Intel Mac OS X 10_15_7) AppleWebKit/537.36 (KHTML, like Gecko) Chrome/153.0.0.0 Safari/537.36"
2804:73f8:1266:1600:248c:1d24:b435:9726 - - [17/Sep/2026:12:12:30 -0300] "GET /themes/wc_default/js/event.move.js HTTP/1.1" 304 - "https://espacofacial.com.br/" "Mozilla/5.0 (Macintosh; Intel Mac OS X 10_15_7) AppleWebKit/537.36 (KHTML, like Gecko) Chrome/153.0.0.0 Safari/537.36"
2804:73f8:1266:1600:248c:1d24:b435:9726 - - [17/Sep/2026:12:12:30 -0300] "GET /tim.php?src=uploads/unidades/2025/06/jardim-botanico-rj.jpg&w=1600&h=800 HTTP/1.1" 200 204122 "https://espacofacial.com.br/" "Mozilla/5.0 (Macintosh; Intel Mac OS X 10_15_7) AppleWebKit/537.36 (KHTML, like Gecko) Chrome/153.0.0.0 Safari/537.36"
2804:73f8:1266:1600:248c:1d24:b435:9726 - - [17/Sep/2026:12:12:30 -0300] "GET /themes/wc_default/js/custom.js HTTP/1.1" 304 - "https://espacofacial.com.br/" "Mozilla/5.0 (Macintosh; Intel Mac OS X 10_15_7) AppleWebKit/537.36 (KHTML, like Gecko) Chrome/153.0.0.0 Safari/537.36"
2804:73f8:1266:1600:248c:1d24:b435:9726 - - [17/Sep/2026:12:12:30 -0300] "GET /tim.php?src=uploads/unidades/2026/05/Shopping-Taubate.jpeg&w=1600&h=800 HTTP/1.1" 200 299753 "https://espacofacial.com.br/" "Mozilla/5.0 (Macintosh; Intel Mac OS X 10_15_7) AppleWebKit/537.36 (KHTML, like Gecko) Chrome/153.0.0.0 Safari/537.36"
2804:73f8:1266:1600:248c:1d24:b435:9726 - - [17/Sep/2026:12:12:30 -0300] "GET /themes/wc_default/js/image-changer.js HTTP/1.1" 304 - "https://espacofacial.com.br/" "Mozilla/5.0 (Macintosh; Intel Mac OS X 10_15_7) AppleWebKit/537.36 (KHTML, like Gecko) Chrome/153.0.0.0 Safari/537.36"
2804:73f8:1266:1600:248c:1d24:b435:9726 - - [17/Sep/2026:12:12:30 -0300] "GET /tim.php?src=uploads/unidades/2025/12/Calcadao-de-Caxias.jpeg&w=1600&h=800 HTTP/1.1" 400 277 "https://espacofacial.com.br/" "Mozilla/5.0 (Macintosh; Intel Mac OS X 10_15_7) AppleWebKit/537.36 (KHTML, like Gecko) Chrome/153.0.0.0 Safari/537.36"
2804:73f8:1266:1600:248c:1d24:b435:9726 - - [17/Sep/2026:12:12:30 -0300] "GET /tim.php?src=uploads/unidades/2023/08/caxias-shopping-rj.jpg&w=1600&h=800 HTTP/1.1" 200 188346 "https://espacofacial.com.br/" "Mozilla/5.0 (Macintosh; Intel Mac OS X 10_15_7) AppleWebKit/537.36 (KHTML, like Gecko) Chrome/153.0.0.0 Safari/537.36"
2804:73f8:1266:1600:248c:1d24:b435:9726 - - [17/Sep/2026:12:12:30 -0300] "GET /uploads/conteudos/2023/07/club-botox-1690845418.png HTTP/1.1" 304 - "https://espacofacial.com.br/" "Mozilla/5.0 (Macintosh; Intel Mac OS X 10_15_7) AppleWebKit/537.36 (KHTML, like Gecko) Chrome/153.0.0.0 Safari/537.36"
2804:73f8:1266:1600:248c:1d24:b435:9726 - - [17/Sep/2026:12:12:30 -0300] "GET /themes/wc_default/images/back-top.png HTTP/1.1" 304 - "https://espacofacial.com.br/themes/wc_default/css/medical-guide.css" "Mozilla/5.0 (Macintosh; Intel Mac OS X 10_15_7) AppleWebKit/537.36 (KHTML, like Gecko) Chrome/153.0.0.0 Safari/537.36"
2804:73f8:1266:1600:248c:1d24:b435:9726 - - [17/Sep/2026:12:12:30 -0300] "GET /tim.php?src=uploads/unidades/2025/03/leme-rj.png&w=1600&h=800 HTTP/1.1" 200 565985 "https://espacofacial.com.br/" "Mozilla/5.0 (Macintosh; Intel Mac OS X 10_15_7) AppleWebKit/537.36 (KHTML, like Gecko) Chrome/153.0.0.0 Safari/537.36"
2804:73f8:1266:1600:248c:1d24:b435:9726 - - [17/Sep/2026:12:12:30 -0300] "GET /tim.php?src=uploads/unidades/2025/06/ilha-do-governador.jpg&w=1600&h=800 HTTP/1.1" 200 277566 "https://espacofacial.com.br/" "Mozilla/5.0 (Macintosh; Intel Mac OS X 10_15_7) AppleWebKit/537.36 (KHTML, like Gecko) Chrome/153.0.0.0 Safari/537.36"
2804:73f8:1266:1600:248c:1d24:b435:9726 - - [17/Sep/2026:12:12:30 -0300] "GET /tim.php?src=uploads/unidades/2023/08/galeria-344-tijuca-rj.jpg&w=1600&h=800 HTTP/1.1" 200 260960 "https://espacofacial.com.br/" "Mozilla/5.0 (Macintosh; Intel Mac OS X 10_15_7) AppleWebKit/537.36 (KHTML, like Gecko) Chrome/153.0.0.0 Safari/537.36"
2804:73f8:1266:1600:248c:1d24:b435:9726 - - [17/Sep/2026:12:12:30 -0300] "GET /tim.php?src=uploads/unidades/2025/03/meier-rj.png&w=1600&h=800 HTTP/1.1" 200 412349 "https://espacofacial.com.br/" "Mozilla/5.0 (Macintosh; Intel Mac OS X 10_15_7) AppleWebKit/537.36 (KHTML, like Gecko) Chrome/153.0.0.0 Safari/537.36"
2804:73f8:1266:1600:248c:1d24:b435:9726 - - [17/Sep/2026:12:12:30 -0300] "GET /tim.php?src=uploads/unidades/2026/05/macae.jpeg&w=1600&h=800 HTTP/1.1" 200 311429 "https://espacofacial.com.br/" "Mozilla/5.0 (Macintosh; Intel Mac OS X 10_15_7) AppleWebKit/537.36 (KHTML, like Gecko) Chrome/153.0.0.0 Safari/537.36"
2804:73f8:1266:1600:248c:1d24:b435:9726 - - [17/Sep/2026:12:12:30 -0300] "GET /tim.php?src=uploads/unidades/2026/01/shopping-grande-rio.jpeg&w=1600&h=800 HTTP/1.1" 200 253924 "https://espacofacial.com.br/" "Mozilla/5.0 (Macintosh; Intel Mac OS X 10_15_7) AppleWebKit/537.36 (KHTML, like Gecko) Chrome/153.0.0.0 Safari/537.36"
2804:73f8:1266:1600:248c:1d24:b435:9726 - - [17/Sep/2026:12:12:30 -0300] "GET /themes/wc_default/video/Verao_Espaco_Facial.mp4 HTTP/1.1" 200 21101 "https://espacofacial.com.br/" "Mozilla/5.0 (Macintosh; Intel Mac OS X 10_15_7) AppleWebKit/537.36 (KHTML, like Gecko) Chrome/153.0.0.0 Safari/537.36"
2804:73f8:1266:1600:248c:1d24:b435:9726 - - [17/Sep/2026:12:12:30 -0300] "GET /themes/wc_default/images/arrow-cro.png HTTP/1.1" 304 - "https://espacofacial.com.br/themes/wc_default/css/owl.carousel.css" "Mozilla/5.0 (Macintosh; Intel Mac OS X 10_15_7) AppleWebKit/537.36 (KHTML, like Gecko) Chrome/153.0.0.0 Safari/537.36"
2804:73f8:1266:1600:248c:1d24:b435:9726 - - [17/Sep/2026:12:12:30 -0300] "GET /themes/wc_default/images/slides/right-arrow.jpg HTTP/1.1" 304 - "https://espacofacial.com.br/themes/wc_default/css/settings.css" "Mozilla/5.0 (Macintosh; Intel Mac OS X 10_15_7) AppleWebKit/537.36 (KHTML, like Gecko) Chrome/153.0.0.0 Safari/537.36"
2804:73f8:1266:1600:248c:1d24:b435:9726 - - [17/Sep/2026:12:12:30 -0300] "GET /tim.php?src=uploads/unidades/2026/01/vila-velha.jpeg&w=1600&h=800 HTTP/1.1" 200 258003 "https://espacofacial.com.br/" "Mozilla/5.0 (Macintosh; Intel Mac OS X 10_15_7) AppleWebKit/537.36 (KHTML, like Gecko) Chrome/153.0.0.0 Safari/537.36"
2804:73f8:1266:1600:248c:1d24:b435:9726 - - [17/Sep/2026:12:12:30 -0300] "GET /tim.php?src=uploads/unidades/2026/05/Shopping-Partage-Campos-RJ.jpeg&w=1600&h=800 HTTP/1.1" 200 260538 "https://espacofacial.com.br/" "Mozilla/5.0 (Macintosh; Intel Mac OS X 10_15_7) AppleWebKit/537.36 (KHTML, like Gecko) Chrome/153.0.0.0 Safari/537.36"
2804:73f8:1266:1600:248c:1d24:b435:9726 - - [17/Sep/2026:12:12:30 -0300] "GET /themes/wc_default/video/Verao_Espaco_Facial.mp4 HTTP/1.1" 200 21041 "https://espacofacial.com.br/" "Mozilla/5.0 (Macintosh; Intel Mac OS X 10_15_7) AppleWebKit/537.36 (KHTML, like Gecko) Chrome/153.0.0.0 Safari/537.36"
2804:73f8:1266:1600:248c:1d24:b435:9726 - - [17/Sep/2026:12:12:30 -0300] "GET /themes/wc_default/images/slides/left-arrow.jpg HTTP/1.1" 304 - "https://espacofacial.com.br/themes/wc_default/css/settings.css" "Mozilla/5.0 (Macintosh; Intel Mac OS X 10_15_7) AppleWebKit/537.36 (KHTML, like Gecko) Chrome/153.0.0.0 Safari/537.36"
2804:73f8:1266:1600:248c:1d24:b435:9726 - - [17/Sep/2026:12:12:30 -0300] "GET /tim.php?src=uploads/unidades/2023/08/independencia-shopping-juiz-de-fora-mg.jpg&w=1600&h=800 HTTP/1.1" 200 183562 "https://espacofacial.com.br/" "Mozilla/5.0 (Macintosh; Intel Mac OS X 10_15_7) AppleWebKit/537.36 (KHTML, like Gecko) Chrome/153.0.0.0 Safari/537.36"
2804:73f8:1266:1600:248c:1d24:b435:9726 - - [17/Sep/2026:12:12:30 -0300] "GET /tim.php?src=uploads/unidades/2023/08/madureira-shopping-rj.jpg&w=1600&h=800 HTTP/1.1" 200 196351 "https://espacofacial.com.br/" "Mozilla/5.0 (Macintosh; Intel Mac OS X 10_15_7) AppleWebKit/537.36 (KHTML, like Gecko) Chrome/153.0.0.0 Safari/537.36"
2804:73f8:1266:1600:248c:1d24:b435:9726 - - [17/Sep/2026:12:12:30 -0300] "GET /tim.php?src=uploads/unidades/2023/07/norte-shopping.png&w=1600&h=800 HTTP/1.1" 200 886723 "https://espacofacial.com.br/" "Mozilla/5.0 (Macintosh; Intel Mac OS X 10_15_7) AppleWebKit/537.36 (KHTML, like Gecko) Chrome/153.0.0.0 Safari/537.36"
2804:73f8:1266:1600:248c:1d24:b435:9726 - - [17/Sep/2026:12:12:30 -0300] "GET /tim.php?src=uploads/unidades/2023/07/nilopolis.png&w=1600&h=800 HTTP/1.1" 200 848873 "https://espacofacial.com.br/" "Mozilla/5.0 (Macintosh; Intel Mac OS X 10_15_7) AppleWebKit/537.36 (KHTML, like Gecko) Chrome/153.0.0.0 Safari/537.36"
2804:73f8:1266:1600:248c:1d24:b435:9726 - - [17/Sep/2026:12:12:30 -0300] "GET /tim.php?src=uploads/unidades/2023/08/novo-hamburgo-rs.jpeg&w=1600&h=800 HTTP/1.1" 200 347368 "https://espacofacial.com.br/" "Mozilla/5.0 (Macintosh; Intel Mac OS X 10_15_7) AppleWebKit/537.36 (KHTML, like Gecko) Chrome/153.0.0.0 Safari/537.36"
2804:73f8:1266:1600:248c:1d24:b435:9726 - - [17/Sep/2026:12:12:30 -0300] "GET /tim.php?src=uploads/unidades/2023/08/recreio-shopping-rj.jpg&w=1600&h=800 HTTP/1.1" 200 220658 "https://espacofacial.com.br/" "Mozilla/5.0 (Macintosh; Intel Mac OS X 10_15_7) AppleWebKit/537.36 (KHTML, like Gecko) Chrome/153.0.0.0 Safari/537.36"
2804:73f8:1266:1600:248c:1d24:b435:9726 - - [17/Sep/2026:12:12:30 -0300] "GET /tim.php?src=uploads/unidades/2023/08/shopping-nova-america-rj.jpg&w=1600&h=800 HTTP/1.1" 200 243285 "https://espacofacial.com.br/" "Mozilla/5.0 (Macintosh; Intel Mac OS X 10_15_7) AppleWebKit/537.36 (KHTML, like Gecko) Chrome/153.0.0.0 Safari/537.36"
2804:73f8:1266:1600:248c:1d24:b435:9726 - - [17/Sep/2026:12:12:30 -0300] "GET /tim.php?src=uploads/unidades/2023/07/sao-goncalo.png&w=1600&h=800 HTTP/1.1" 200 777324 "https://espacofacial.com.br/" "Mozilla/5.0 (Macintosh; Intel Mac OS X 10_15_7) AppleWebKit/537.36 (KHTML, like Gecko) Chrome/153.0.0.0 Safari/537.36"
2804:73f8:1266:1600:248c:1d24:b435:9726 - - [17/Sep/2026:12:12:30 -0300] "GET /tim.php?src=uploads/unidades/2023/08/shopping-tacaruna-rj.jpg&w=1600&h=800 HTTP/1.1" 200 227466 "https://espacofacial.com.br/" "Mozilla/5.0 (Macintosh; Intel Mac OS X 10_15_7) AppleWebKit/537.36 (KHTML, like Gecko) Chrome/153.0.0.0 Safari/537.36"
2804:73f8:1266:1600:248c:1d24:b435:9726 - - [17/Sep/2026:12:12:30 -0300] "GET /tim.php?src=uploads/unidades/2023/07/downtown.png&w=1600&h=800 HTTP/1.1" 200 1038012 "https://espacofacial.com.br/" "Mozilla/5.0 (Macintosh; Intel Mac OS X 10_15_7) AppleWebKit/537.36 (KHTML, like Gecko) Chrome/153.0.0.0 Safari/537.36"
2804:73f8:1266:1600:248c:1d24:b435:9726 - - [17/Sep/2026:12:12:30 -0300] "GET /tim.php?src=uploads/unidades/2023/08/shopping-icarai-rj.jpeg&w=1600&h=800 HTTP/1.1" 200 225247 "https://espacofacial.com.br/" "Mozilla/5.0 (Macintosh; Intel Mac OS X 10_15_7) AppleWebKit/537.36 (KHTML, like Gecko) Chrome/153.0.0.0 Safari/537.36"
2804:73f8:1266:1600:248c:1d24:b435:9726 - - [17/Sep/2026:12:12:30 -0300] "GET /tim.php?src=uploads/unidades/2024/11/alcantara%20.jpeg&w=1600&h=800 HTTP/1.1" 400 271 "https://espacofacial.com.br/" "Mozilla/5.0 (Macintosh; Intel Mac OS X 10_15_7) AppleWebKit/537.36 (KHTML, like Gecko) Chrome/153.0.0.0 Safari/537.36"
2804:73f8:1266:1600:248c:1d24:b435:9726 - - [17/Sep/2026:12:12:30 -0300] "GET /tim.php?src=uploads/unidades/2024/12/barra-olimpica.png&w=1600&h=800 HTTP/1.1" 200 458449 "https://espacofacial.com.br/" "Mozilla/5.0 (Macintosh; Intel Mac OS X 10_15_7) AppleWebKit/537.36 (KHTML, like Gecko) Chrome/153.0.0.0 Safari/537.36"
2804:73f8:1266:1600:248c:1d24:b435:9726 - - [17/Sep/2026:12:12:30 -0300] "GET /tim.php?src=uploads/unidades/2026/01/cabo-frio.jpeg&w=1600&h=800 HTTP/1.1" 200 248236 "https://espacofacial.com.br/" "Mozilla/5.0 (Macintosh; Intel Mac OS X 10_15_7) AppleWebKit/537.36 (KHTML, like Gecko) Chrome/153.0.0.0 Safari/537.36"
2804:73f8:1266:1600:248c:1d24:b435:9726 - - [17/Sep/2026:12:12:30 -0300] "GET /tim.php?src=uploads/unidades/2026/01/campo-grande.jpeg&w=1600&h=800 HTTP/1.1" 200 226150 "https://espacofacial.com.br/" "Mozilla/5.0 (Macintosh; Intel Mac OS X 10_15_7) AppleWebKit/537.36 (KHTML, like Gecko) Chrome/153.0.0.0 Safari/537.36"
2804:73f8:1266:1600:248c:1d24:b435:9726 - - [17/Sep/2026:12:12:30 -0300] "GET /tim.php?src=uploads/unidades/2026/01/copacabana.jpeg&w=1600&h=800 HTTP/1.1" 200 251853 "https://espacofacial.com.br/" "Mozilla/5.0 (Macintosh; Intel Mac OS X 10_15_7) AppleWebKit/537.36 (KHTML, like Gecko) Chrome/153.0.0.0 Safari/537.36"
2804:73f8:1266:1600:248c:1d24:b435:9726 - - [17/Sep/2026:12:12:30 -0300] "GET /tim.php?src=uploads/unidades/2026/05/cuiaba-mt.jpeg&w=1600&h=800 HTTP/1.1" 200 182013 "https://espacofacial.com.br/" "Mozilla/5.0 (Macintosh; Intel Mac OS X 10_15_7) AppleWebKit/537.36 (KHTML, like Gecko) Chrome/153.0.0.0 Safari/537.36"
2804:73f8:1266:1600:248c:1d24:b435:9726 - - [17/Sep/2026:12:12:30 -0300] "GET /tim.php?src=uploads/unidades/2025/12/Park-Jacarepagua.jpeg&w=1600&h=800 HTTP/1.1" 400 275 "https://espacofacial.com.br/" "Mozilla/5.0 (Macintosh; Intel Mac OS X 10_15_7) AppleWebKit/537.36 (KHTML, like Gecko) Chrome/153.0.0.0 Safari/537.36"
2804:73f8:1266:1600:248c:1d24:b435:9726 - - [17/Sep/2026:12:12:30 -0300] "GET /tim.php?src=uploads/unidades/2023/08/novo-hamburgo.jpg&w=1600&h=800 HTTP/1.1" 200 132442 "https://espacofacial.com.br/" "Mozilla/5.0 (Macintosh; Intel Mac OS X 10_15_7) AppleWebKit/537.36 (KHTML, like Gecko) Chrome/153.0.0.0 Safari/537.36"
2804:73f8:1266:1600:248c:1d24:b435:9726 - - [17/Sep/2026:12:12:30 -0300] "GET /tim.php?src=uploads/unidades/2024/11/EF-Petroopolis.jpg&w=1600&h=800 HTTP/1.1" 400 272 "https://espacofacial.com.br/" "Mozilla/5.0 (Macintosh; Intel Mac OS X 10_15_7) AppleWebKit/537.36 (KHTML, like Gecko) Chrome/153.0.0.0 Safari/537.36"
2804:73f8:1266:1600:248c:1d24:b435:9726 - - [17/Sep/2026:12:12:30 -0300] "GET /tim.php?src=uploads/unidades/2026/01/shopping-barra-sul.jpeg&w=1600&h=800 HTTP/1.1" 200 250383 "https://espacofacial.com.br/" "Mozilla/5.0 (Macintosh; Intel Mac OS X 10_15_7) AppleWebKit/537.36 (KHTML, like Gecko) Chrome/153.0.0.0 Safari/537.36"
2804:73f8:1266:1600:248c:1d24:b435:9726 - - [17/Sep/2026:12:12:30 -0300] "GET /tim.php?src=uploads/unidades/2026/01/plaza-niteroi.jpeg&w=1600&h=800 HTTP/1.1" 200 189961 "https://espacofacial.com.br/" "Mozilla/5.0 (Macintosh; Intel Mac OS X 10_15_7) AppleWebKit/537.36 (KHTML, like Gecko) Chrome/153.0.0.0 Safari/537.36"
2804:73f8:1266:1600:248c:1d24:b435:9726 - - [17/Sep/2026:12:12:30 -0300] "GET /tim.php?src=uploads/unidades/2026/05/Rio-das-Ostras.jpeg&w=1600&h=800 HTTP/1.1" 200 290767 "https://espacofacial.com.br/" "Mozilla/5.0 (Macintosh; Intel Mac OS X 10_15_7) AppleWebKit/537.36 (KHTML, like Gecko) Chrome/153.0.0.0 Safari/537.36"
2804:73f8:1266:1600:248c:1d24:b435:9726 - - [17/Sep/2026:12:12:30 -0300] "GET /tim.php?src=uploads/unidades/2026/05/Shopping-Boulevard-RJ.jpeg&w=1600&h=800 HTTP/1.1" 200 182629 "https://espacofacial.com.br/" "Mozilla/5.0 (Macintosh; Intel Mac OS X 10_15_7) AppleWebKit/537.36 (KHTML, like Gecko) Chrome/153.0.0.0 Safari/537.36"
2804:73f8:1266:1600:248c:1d24:b435:9726 - - [17/Sep/2026:12:12:30 -0300] "GET /tim.php?src=uploads/unidades/2025/06/Shopping-Metropolitano.jpg&w=1600&h=800 HTTP/1.1" 200 347227 "https://espacofacial.com.br/" "Mozilla/5.0 (Macintosh; Intel Mac OS X 10_15_7) AppleWebKit/537.36 (KHTML, like Gecko) Chrome/153.0.0.0 Safari/537.36"
2804:73f8:1266:1600:248c:1d24:b435:9726 - - [17/Sep/2026:12:12:30 -0300] "GET /tim.php?src=uploads/unidades/2026/05/Shopping-Nova-Iguacu.jpeg&w=1600&h=800 HTTP/1.1" 200 260538 "https://espacofacial.com.br/" "Mozilla/5.0 (Macintosh; Intel Mac OS X 10_15_7) AppleWebKit/537.36 (KHTML, like Gecko) Chrome/153.0.0.0 Safari/537.36"
2804:73f8:1266:1600:248c:1d24:b435:9726 - - [17/Sep/2026:12:12:30 -0300] "GET /tim.php?src=uploads/unidades/2026/05/Sulacap.jpeg&w=1600&h=800 HTTP/1.1" 200 250675 "https://espacofacial.com.br/" "Mozilla/5.0 (Macintosh; Intel Mac OS X 10_15_7) AppleWebKit/537.36 (KHTML, like Gecko) Chrome/153.0.0.0 Safari/537.36"
2804:73f8:1266:1600:248c:1d24:b435:9726 - - [17/Sep/2026:12:12:30 -0300] "GET /tim.php?src=uploads/unidades/2026/05/Teresopolis-Shopping.jpeg&w=1600&h=800 HTTP/1.1" 200 186356 "https://espacofacial.com.br/" "Mozilla/5.0 (Macintosh; Intel Mac OS X 10_15_7) AppleWebKit/537.36 (KHTML, like Gecko) Chrome/153.0.0.0 Safari/537.36"
2804:73f8:1266:1600:248c:1d24:b435:9726 - - [17/Sep/2026:12:12:30 -0300] "GET /tim.php?src=uploads/unidades/2025/12/Volta-Redonda.jpeg&w=1600&h=800 HTTP/1.1" 400 272 "https://espacofacial.com.br/" "Mozilla/5.0 (Macintosh; Intel Mac OS X 10_15_7) AppleWebKit/537.36 (KHTML, like Gecko) Chrome/153.0.0.0 Safari/537.36"
2804:73f8:1266:1600:248c:1d24:b435:9726 - - [17/Sep/2026:12:12:30 -0300] "GET /tim.php?src=uploads/images/2023/08/a-crescente-importancia-da-harmonizacao-facial-na-era-da-longevidade-e-mentalidade-jovem-1692812254.jpeg&w=1600&h=800 HTTP/1.1" 200 88060 "https://espacofacial.com.br/" "Mozilla/5.0 (Macintosh; Intel Mac OS X 10_15_7) AppleWebKit/537.36 (KHTML, like Gecko) Chrome/153.0.0.0 Safari/537.36"
2804:73f8:1266:1600:248c:1d24:b435:9726 - - [17/Sep/2026:12:12:30 -0300] "GET /tim.php?src=uploads/images/2023/08/artigo-de-exemplo-1691704956.jpeg&w=1600&h=800 HTTP/1.1" 200 89759 "https://espacofacial.com.br/" "Mozilla/5.0 (Macintosh; Intel Mac OS X 10_15_7) AppleWebKit/537.36 (KHTML, like Gecko) Chrome/153.0.0.0 Safari/537.36"
2804:73f8:1266:1600:248c:1d24:b435:9726 - - [17/Sep/2026:12:12:30 -0300] "GET /tim.php?src=uploads/images/2023/08/artigo-de-exemplo-03-1691705790.jpeg&w=1600&h=800 HTTP/1.1" 200 123977 "https://espacofacial.com.br/" "Mozilla/5.0 (Macintosh; Intel Mac OS X 10_15_7) AppleWebKit/537.36 (KHTML, like Gecko) Chrome/153.0.0.0 Safari/537.36"
2804:73f8:1266:1600:248c:1d24:b435:9726 - - [17/Sep/2026:12:12:30 -0300] "GET /tim.php?src=uploads/images/2023/08/descubra-sculptra-o-queridinho-das-famosas-para-um-visual-deslumbrante-1691705557.jpeg&w=1600&h=800 HTTP/1.1" 200 166897 "https://espacofacial.com.br/" "Mozilla/5.0 (Macintosh; Intel Mac OS X 10_15_7) AppleWebKit/537.36 (KHTML, like Gecko) Chrome/153.0.0.0 Safari/537.36"
