2804:18:4843:a284:e4a1:83:9f42:3c1d - - [17/Sep/2026:12:01:21 -0300] "GET / HTTP/1.1" 200 143821 "-" "Mozilla/5.0 (iPhone; CPU iPhone OS 18_7 like Mac OS X) AppleWebKit/605.1.15 (KHTML, like Gecko) Version/26.6.1 Mobile/15E148 Safari/604.1"
2804:18:4843:a284:e4a1:83:9f42:3c1d - - [17/Sep/2026:12:01:22 -0300] "GET /themes/wc_default/video/Verao_Espaco_Facial.mp4 HTTP/1.1" 200 21083 "https://espacofacial.com.br/" "Mozilla/5.0 (iPhone; CPU iPhone OS 18_7 like Mac OS X) AppleWebKit/605.1.15 (KHTML, like Gecko) Version/26.6.1 Mobile/15E148 Safari/604.1"
2804:18:4843:a284:e4a1:83:9f42:3c1d - - [17/Sep/2026:12:01:22 -0300] "GET /tim.php?src=uploads/unidades/2024/03/nova-iguacu.jpg&w=1600&h=800 HTTP/1.1" 200 280187 "https://espacofacial.com.br/" "Mozilla/5.0 (iPhone; CPU iPhone OS 18_7 like Mac OS X) AppleWebKit/605.1.15 (KHTML, like Gecko) Version/26.6.1 Mobile/15E148 Safari/604.1"
2804:18:4843:a284:e4a1:83:9f42:3c1d - - [17/Sep/2026:12:01:22 -0300] "GET /tim.php?src=uploads/unidades/2023/08/sorocaba-sp.jpg&w=1600&h=800 HTTP/1.1" 200 153094 "https://espacofacial.com.br/" "Mozilla/5.0 (iPhone; CPU iPhone OS 18_7 like Mac OS X) AppleWebKit/605.1.15 (KHTML, like Gecko) Version/26.6.1 Mobile/15E148 Safari/604.1"
2804:18:4843:a284:e4a1:83:9f42:3c1d - - [17/Sep/2026:12:01:22 -0300] "GET /tim.php?src=uploads/unidades/2023/08/caxias-shopping-rj.jpg&w=1600&h=800 HTTP/1.1" 200 188346 "https://espacofacial.com.br/" "Mozilla/5.0 (iPhone; CPU iPhone OS 18_7 like Mac OS X) AppleWebKit/605.1.15 (KHTML, like Gecko) Version/26.6.1 Mobile/15E148 Safari/604.1"
2804:18:4843:a284:e4a1:83:9f42:3c1d - - [17/Sep/2026:12:01:23 -0300] "GET /tim.php?src=uploads/unidades/2025/12/Calcadao-de-Caxias.jpeg&w=1600&h=800 HTTP/1.1" 400 277 "https://espacofacial.com.br/" "Mozilla/5.0 (iPhone; CPU iPhone OS 18_7 like Mac OS X) AppleWebKit/605.1.15 (KHTML, like Gecko) Version/26.6.1 Mobile/15E148 Safari/604.1"
2804:18:4843:a284:e4a1:83:9f42:3c1d - - [17/Sep/2026:12:01:23 -0300] "GET /tim.php?src=uploads/unidades/2026/05/macae.jpeg&w=1600&h=800 HTTP/1.1" 200 311429 "https://espacofacial.com.br/" "Mozilla/5.0 (iPhone; CPU iPhone OS 18_7 like Mac OS X) AppleWebKit/605.1.15 (KHTML, like Gecko) Version/26.6.1 Mobile/15E148 Safari/604.1"
2804:18:4843:a284:e4a1:83:9f42:3c1d - - [17/Sep/2026:12:01:23 -0300] "GET /tim.php?src=uploads/unidades/2023/07/nilopolis.png&w=1600&h=800 HTTP/1.1" 200 848873 "https://espacofacial.com.br/" "Mozilla/5.0 (iPhone; CPU iPhone OS 18_7 like Mac OS X) AppleWebKit/605.1.15 (KHTML, like Gecko) Version/26.6.1 Mobile/15E148 Safari/604.1"
2804:18:4843:a284:e4a1:83:9f42:3c1d - - [17/Sep/2026:12:01:23 -0300] "GET /tim.php?src=uploads/unidades/2024/11/alcantara%20.jpeg&w=1600&h=800 HTTP/1.1" 400 271 "https://espacofacial.com.br/" "Mozilla/5.0 (iPhone; CPU iPhone OS 18_7 like Mac OS X) AppleWebKit/605.1.15 (KHTML, like Gecko) Version/26.6.1 Mobile/15E148 Safari/604.1"
2804:18:4843:a284:e4a1:83:9f42:3c1d - - [17/Sep/2026:12:01:23 -0300] "GET /tim.php?src=uploads/unidades/2024/11/EF-Petroopolis.jpg&w=1600&h=800 HTTP/1.1" 400 272 "https://espacofacial.com.br/" "Mozilla/5.0 (iPhone; CPU iPhone OS 18_7 like Mac OS X) AppleWebKit/605.1.15 (KHTML, like Gecko) Version/26.6.1 Mobile/15E148 Safari/604.1"
2804:18:4843:a284:e4a1:83:9f42:3c1d - - [17/Sep/2026:12:01:23 -0300] "GET /tim.php?src=uploads/unidades/2025/12/Volta-Redonda.jpeg&w=1600&h=800 HTTP/1.1" 400 272 "https://espacofacial.com.br/" "Mozilla/5.0 (iPhone; CPU iPhone OS 18_7 like Mac OS X) AppleWebKit/605.1.15 (KHTML, like Gecko) Version/26.6.1 Mobile/15E148 Safari/604.1"
2804:18:4843:a284:e4a1:83:9f42:3c1d - - [17/Sep/2026:12:01:23 -0300] "GET /tim.php?src=uploads/unidades/2023/08/shopping-tacaruna-rj.jpg&w=1600&h=800 HTTP/1.1" 200 227466 "https://espacofacial.com.br/" "Mozilla/5.0 (iPhone; CPU iPhone OS 18_7 like Mac OS X) AppleWebKit/605.1.15 (KHTML, like Gecko) Version/26.6.1 Mobile/15E148 Safari/604.1"
2804:18:4843:a284:e4a1:83:9f42:3c1d - - [17/Sep/2026:12:01:23 -0300] "GET /tim.php?src=uploads/unidades/2026/01/copacabana.jpeg&w=1600&h=800 HTTP/1.1" 200 251853 "https://espacofacial.com.br/" "Mozilla/5.0 (iPhone; CPU iPhone OS 18_7 like Mac OS X) AppleWebKit/605.1.15 (KHTML, like Gecko) Version/26.6.1 Mobile/15E148 Safari/604.1"
2804:18:4843:a284:e4a1:83:9f42:3c1d - - [17/Sep/2026:12:01:23 -0300] "GET /tim.php?src=uploads/unidades/2023/08/shopping-icarai-rj.jpeg&w=1600&h=800 HTTP/1.1" 200 225247 "https://espacofacial.com.br/" "Mozilla/5.0 (iPhone; CPU iPhone OS 18_7 like Mac OS X) AppleWebKit/605.1.15 (KHTML, like Gecko) Version/26.6.1 Mobile/15E148 Safari/604.1"
2804:18:4843:a284:e4a1:83:9f42:3c1d - - [17/Sep/2026:12:01:23 -0300] "GET /tim.php?src=uploads/unidades/2023/08/galeria-344-tijuca-rj.jpg&w=1600&h=800 HTTP/1.1" 200 260960 "https://espacofacial.com.br/" "Mozilla/5.0 (iPhone; CPU iPhone OS 18_7 like Mac OS X) AppleWebKit/605.1.15 (KHTML, like Gecko) Version/26.6.1 Mobile/15E148 Safari/604.1"
2804:18:4843:a284:e4a1:83:9f42:3c1d - - [17/Sep/2026:12:01:23 -0300] "GET /tim.php?src=uploads/unidades/2026/05/Shopping-Partage-Campos-RJ.jpeg&w=1600&h=800 HTTP/1.1" 200 260538 "https://espacofacial.com.br/" "Mozilla/5.0 (iPhone; CPU iPhone OS 18_7 like Mac OS X) AppleWebKit/605.1.15 (KHTML, like Gecko) Version/26.6.1 Mobile/15E148 Safari/604.1"
2804:18:4843:a284:e4a1:83:9f42:3c1d - - [17/Sep/2026:12:01:23 -0300] "GET /tim.php?src=uploads/unidades/2026/05/Rio-das-Ostras.jpeg&w=1600&h=800 HTTP/1.1" 200 290767 "https://espacofacial.com.br/" "Mozilla/5.0 (iPhone; CPU iPhone OS 18_7 like Mac OS X) AppleWebKit/605.1.15 (KHTML, like Gecko) Version/26.6.1 Mobile/15E148 Safari/604.1"
2804:18:4843:a284:e4a1:83:9f42:3c1d - - [17/Sep/2026:12:01:23 -0300] "GET /tim.php?src=uploads/unidades/2023/07/downtown.png&w=1600&h=800 HTTP/1.1" 200 1038012 "https://espacofacial.com.br/" "Mozilla/5.0 (iPhone; CPU iPhone OS 18_7 like Mac OS X) AppleWebKit/605.1.15 (KHTML, like Gecko) Version/26.6.1 Mobile/15E148 Safari/604.1"
2804:18:4843:a284:e4a1:83:9f42:3c1d - - [17/Sep/2026:12:01:23 -0300] "GET /tim.php?src=uploads/unidades/2026/05/Teresopolis-Shopping.jpeg&w=1600&h=800 HTTP/1.1" 200 186356 "https://espacofacial.com.br/" "Mozilla/5.0 (iPhone; CPU iPhone OS 18_7 like Mac OS X) AppleWebKit/605.1.15 (KHTML, like Gecko) Version/26.6.1 Mobile/15E148 Safari/604.1"
2804:18:4843:a284:e4a1:83:9f42:3c1d - - [17/Sep/2026:12:01:23 -0300] "GET /tim.php?src=uploads/unidades/2025/12/Park-Jacarepagua.jpeg&w=1600&h=800 HTTP/1.1" 400 275 "https://espacofacial.com.br/" "Mozilla/5.0 (iPhone; CPU iPhone OS 18_7 like Mac OS X) AppleWebKit/605.1.15 (KHTML, like Gecko) Version/26.6.1 Mobile/15E148 Safari/604.1"
2804:18:4843:a284:e4a1:83:9f42:3c1d - - [17/Sep/2026:12:01:23 -0300] "GET /tim.php?src=uploads/images/2023/08/descubra-sculptra-o-queridinho-das-famosas-para-um-visual-deslumbrante-1691705557.jpeg&w=1600&h=800 HTTP/1.1" 200 166897 "https://espacofacial.com.br/" "Mozilla/5.0 (iPhone; CPU iPhone OS 18_7 like Mac OS X) AppleWebKit/605.1.15 (KHTML, like Gecko) Version/26.6.1 Mobile/15E148 Safari/604.1"
2804:18:4843:a284:e4a1:83:9f42:3c1d - - [17/Sep/2026:12:01:23 -0300] "GET /tim.php?src=uploads/images/2023/08/artigo-de-exemplo-03-1691705790.jpeg&w=1600&h=800 HTTP/1.1" 200 123977 "https://espacofacial.com.br/" "Mozilla/5.0 (iPhone; CPU iPhone OS 18_7 like Mac OS X) AppleWebKit/605.1.15 (KHTML, like Gecko) Version/26.6.1 Mobile/15E148 Safari/604.1"
2804:18:4843:a284:e4a1:83:9f42:3c1d - - [17/Sep/2026:12:01:23 -0300] "GET /tim.php?src=uploads/unidades/2026/05/Shopping-Nova-Iguacu.jpeg&w=1600&h=800 HTTP/1.1" 200 260538 "https://espacofacial.com.br/" "Mozilla/5.0 (iPhone; CPU iPhone OS 18_7 like Mac OS X) AppleWebKit/605.1.15 (KHTML, like Gecko) Version/26.6.1 Mobile/15E148 Safari/604.1"
2804:18:4843:a284:e4a1:83:9f42:3c1d - - [17/Sep/2026:12:01:23 -0300] "GET /tim.php?src=uploads/unidades/2026/05/Shopping-Boulevard-RJ.jpeg&w=1600&h=800 HTTP/1.1" 200 182629 "https://espacofacial.com.br/" "Mozilla/5.0 (iPhone; CPU iPhone OS 18_7 like Mac OS X) AppleWebKit/605.1.15 (KHTML, like Gecko) Version/26.6.1 Mobile/15E148 Safari/604.1"
2804:18:4843:a284:e4a1:83:9f42:3c1d - - [17/Sep/2026:12:01:23 -0300] "GET /tim.php?src=uploads/unidades/2026/01/campo-grande.jpeg&w=1600&h=800 HTTP/1.1" 200 226150 "https://espacofacial.com.br/" "Mozilla/5.0 (iPhone; CPU iPhone OS 18_7 like Mac OS X) AppleWebKit/605.1.15 (KHTML, like Gecko) Version/26.6.1 Mobile/15E148 Safari/604.1"
2804:18:4843:a284:e4a1:83:9f42:3c1d - - [17/Sep/2026:12:01:23 -0300] "GET /tim.php?src=uploads/unidades/2025/06/Shopping-Metropolitano.jpg&w=1600&h=800 HTTP/1.1" 200 347227 "https://espacofacial.com.br/" "Mozilla/5.0 (iPhone; CPU iPhone OS 18_7 like Mac OS X) AppleWebKit/605.1.15 (KHTML, like Gecko) Version/26.6.1 Mobile/15E148 Safari/604.1"
2804:18:4843:a284:e4a1:83:9f42:3c1d - - [17/Sep/2026:12:01:23 -0300] "GET /tim.php?src=uploads/unidades/2023/07/sao-goncalo.png&w=1600&h=800 HTTP/1.1" 200 777324 "https://espacofacial.com.br/" "Mozilla/5.0 (iPhone; CPU iPhone OS 18_7 like Mac OS X) AppleWebKit/605.1.15 (KHTML, like Gecko) Version/26.6.1 Mobile/15E148 Safari/604.1"
200.214.45.18 - - [17/Sep/2026:12:01:28 -0300] "POST /cpsess8770996163/3rdparty/roundcube/?_task=mail&_action=refresh HTTP/1.1" 308 152 "https://webmail.espacofacial.com.br/cpsess8770996163/3rdparty/roundcube/?_task=mail&_mbox=INBOX.spam" "Mozilla/5.0 (Windows NT 10.0; Win64; x64) AppleWebKit/537.36 (KHTML, like Gecko) Chrome/152.0.0.0 Safari/537.36"
200.214.45.18 - - [17/Sep/2026:12:01:28 -0300] "POST /cpsess8770996163/3rdparty/roundcube/?_task=mail&_action=refresh HTTP/1.1" 200 4373 "https://webmail.espacofacial.com.br/cpsess8770996163/3rdparty/roundcube/?_task=mail&_mbox=INBOX.spam" "Mozilla/5.0 (Windows NT 10.0; Win64; x64) AppleWebKit/537.36 (KHTML, like Gecko) Chrome/152.0.0.0 Safari/537.36"
200.195.112.243 - - [17/Sep/2026:12:01:39 -0300] "GET /cpsess1974799990/3rdparty/roundcube/?_task=mail&_caps=pdf%3D1%2Cflash%3D0%2Ctiff%3D0%2Cwebp%3D1%2Cpgpmime%3D0&_uid=4829&_mbox=INBOX&_framed=1&_search=831d5daabe4a231ad0214b49ca0390bc&_action=preview HTTP/1.1" 308 307 "https://webmail.espacofacial.com.br/cpsess1974799990/3rdparty/roundcube/?_task=mail&_mbox=INBOX" "Mozilla/5.0 (Windows NT 10.0; Win64; x64) AppleWebKit/537.36 (KHTML, like Gecko) Chrome/153.0.0.0 Safari/537.36"
200.195.112.243 - - [17/Sep/2026:12:01:39 -0300] "GET /cpsess1974799990/3rdparty/roundcube/?_task=mail&_caps=pdf%3d1%2cflash%3d0%2ctiff%3d0%2cwebp%3d1%2cpgpmime%3d0&_uid=4829&_mbox=INBOX&_framed=1&_search=831d5daabe4a231ad0214b49ca0390bc&_action=preview HTTP/1.1" 200 9038 "https://webmail.espacofacial.com.br/cpsess1974799990/3rdparty/roundcube/?_task=mail&_mbox=INBOX" "Mozilla/5.0 (Windows NT 10.0; Win64; x64) AppleWebKit/537.36 (KHTML, like Gecko) Chrome/153.0.0.0 Safari/537.36"
200.195.112.243 - - [17/Sep/2026:12:01:39 -0300] "GET /cpsess1974799990/3rdparty/roundcube/?_task=addressbook&_action=photo&_email=karina.gurgel%40mvrcontabilidade.com.br&_error=1&_bgcolor=transparent HTTP/1.1" 204 - "https://webmail.espacofacial.com.br/cpsess1974799990/3rdparty/roundcube/?_task=mail&_caps=pdf%3d1%2cflash%3d0%2ctiff%3d0%2cwebp%3d1%2cpgpmime%3d0&_uid=4829&_mbox=INBOX&_framed=1&_search=831d5daabe4a231ad0214b49ca0390bc&_action=preview" "Mozilla/5.0 (Windows NT 10.0; Win64; x64) AppleWebKit/537.36 (KHTML, like Gecko) Chrome/153.0.0.0 Safari/537.36"
200.195.112.243 - - [17/Sep/2026:12:01:42 -0300] "POST /cpsess1974799990/3rdparty/roundcube/?_task=mail&_action=mark HTTP/1.1" 200 1444 "https://webmail.espacofacial.com.br/cpsess1974799990/3rdparty/roundcube/?_task=mail&_mbox=INBOX" "Mozilla/5.0 (Windows NT 10.0; Win64; x64) AppleWebKit/537.36 (KHTML, like Gecko) Chrome/153.0.0.0 Safari/537.36"
200.195.112.243 - - [17/Sep/2026:12:01:43 -0300] "GET /cpsess1974799990/3rdparty/roundcube/skins/elastic/watermark.html HTTP/1.1" 200 494 "https://webmail.espacofacial.com.br/cpsess1974799990/3rdparty/roundcube/?_task=mail&_mbox=INBOX" "Mozilla/5.0 (Windows NT 10.0; Win64; x64) AppleWebKit/537.36 (KHTML, like Gecko) Chrome/153.0.0.0 Safari/537.36"
200.195.112.243 - - [17/Sep/2026:12:01:43 -0300] "GET /cpsess1974799990/3rdparty/roundcube/?_task=mail&_action=list&_refresh=1&_layout=widescreen&_mbox=INBOX.spam&_page=1&_remote=1&_unlock=loading1789657303791&_=1789655236255 HTTP/1.1" 200 5011 "https://webmail.espacofacial.com.br/cpsess1974799990/3rdparty/roundcube/?_task=mail&_mbox=INBOX" "Mozilla/5.0 (Windows NT 10.0; Win64; x64) AppleWebKit/537.36 (KHTML, like Gecko) Chrome/153.0.0.0 Safari/537.36"
37.19.221.225 - - [17/Sep/2026:12:01:59 -0300] "GET /cpsess7211416590/3rdparty/roundcube/?_task=mail&_mbox=INBOX HTTP/1.1" 308 148 "https://webmail.espacofacial.com.br/cpsess9910936766/3rdparty/roundcube/?_task=mail&_mbox=INBOX" "Mozilla/5.0 (Windows NT 10.0; Win64; x64) AppleWebKit/537.36 (KHTML, like Gecko) Chrome/152.0.0.0 Safari/537.36"
37.19.221.225 - - [17/Sep/2026:12:01:59 -0300] "GET /cpsess7211416590/3rdparty/roundcube/?_task=mail&_mbox=INBOX HTTP/1.1" 302 - "https://webmail.espacofacial.com.br/cpsess9910936766/3rdparty/roundcube/?_task=mail&_mbox=INBOX" "Mozilla/5.0 (Windows NT 10.0; Win64; x64) AppleWebKit/537.36 (KHTML, like Gecko) Chrome/152.0.0.0 Safari/537.36"
200.195.112.243 - - [17/Sep/2026:12:02:00 -0300] "GET /cpsess1974799990/3rdparty/roundcube/?_task=mail&_caps=pdf%3D1%2Cflash%3D0%2Ctiff%3D0%2Cwebp%3D1%2Cpgpmime%3D0&_uid=234&_mbox=INBOX.spam&_framed=1&_action=preview HTTP/1.1" 200 24792 "https://webmail.espacofacial.com.br/cpsess1974799990/3rdparty/roundcube/?_task=mail&_mbox=INBOX.spam" "Mozilla/5.0 (Windows NT 10.0; Win64; x64) AppleWebKit/537.36 (KHTML, like Gecko) Chrome/153.0.0.0 Safari/537.36"
200.195.112.243 - - [17/Sep/2026:12:02:00 -0300] "GET /cpsess1974799990/3rdparty/roundcube/?_task=addressbook&_action=photo&_email=news%40mkt.constance.com.br&_error=1&_bgcolor=transparent HTTP/1.1" 204 - "https://webmail.espacofacial.com.br/cpsess1974799990/3rdparty/roundcube/?_task=mail&_caps=pdf%3D1%2Cflash%3D0%2Ctiff%3D0%2Cwebp%3D1%2Cpgpmime%3D0&_uid=234&_mbox=INBOX.spam&_framed=1&_action=preview" "Mozilla/5.0 (Windows NT 10.0; Win64; x64) AppleWebKit/537.36 (KHTML, like Gecko) Chrome/153.0.0.0 Safari/537.36"
37.19.221.225 - - [17/Sep/2026:12:02:00 -0300] "GET /cpsess7211416590/3rdparty/roundcube/?_task=mail&_token=lQFkmSkP6jXYEUPrf2jX6PzacZJ4QkDH HTTP/1.1" 200 14224 "https://webmail.espacofacial.com.br/cpsess9910936766/3rdparty/roundcube/?_task=mail&_mbox=INBOX" "Mozilla/5.0 (Windows NT 10.0; Win64; x64) AppleWebKit/537.36 (KHTML, like Gecko) Chrome/152.0.0.0 Safari/537.36"
37.19.221.225 - - [17/Sep/2026:12:02:01 -0300] "GET /cpsess7211416590/3rdparty/roundcube/skins/elastic/watermark.html HTTP/1.1" 200 494 "https://webmail.espacofacial.com.br/cpsess7211416590/3rdparty/roundcube/?_task=mail&_token=lQFkmSkP6jXYEUPrf2jX6PzacZJ4QkDH" "Mozilla/5.0 (Windows NT 10.0; Win64; x64) AppleWebKit/537.36 (KHTML, like Gecko) Chrome/152.0.0.0 Safari/537.36"
37.19.221.225 - - [17/Sep/2026:12:02:01 -0300] "GET /cpsess7211416590/3rdparty/roundcube/skins/elastic/watermark.html HTTP/1.1" 308 149 "https://webmail.espacofacial.com.br/cpsess7211416590/3rdparty/roundcube/?_task=mail&_token=lQFkmSkP6jXYEUPrf2jX6PzacZJ4QkDH" "Mozilla/5.0 (Windows NT 10.0; Win64; x64) AppleWebKit/537.36 (KHTML, like Gecko) Chrome/152.0.0.0 Safari/537.36"
37.19.221.225 - - [17/Sep/2026:12:02:01 -0300] "GET /cpsess7211416590/3rdparty/roundcube/?_task=mail&_action=list&_refresh=1&_layout=widescreen&_mbox=INBOX&_page=&_remote=1&_unlock=loading1789657320960&_=1789657320862 HTTP/1.1" 200 4554 "https://webmail.espacofacial.com.br/cpsess7211416590/3rdparty/roundcube/?_task=mail&_token=lQFkmSkP6jXYEUPrf2jX6PzacZJ4QkDH" "Mozilla/5.0 (Windows NT 10.0; Win64; x64) AppleWebKit/537.36 (KHTML, like Gecko) Chrome/152.0.0.0 Safari/537.36"
200.195.112.243 - - [17/Sep/2026:12:02:01 -0300] "GET /cpsess1974799990/3rdparty/roundcube/?_task=mail&_caps=pdf%3D1%2Cflash%3D0%2Ctiff%3D0%2Cwebp%3D1%2Cpgpmime%3D0&_uid=233&_mbox=INBOX.spam&_framed=1&_action=preview HTTP/1.1" 308 266 "https://webmail.espacofacial.com.br/cpsess1974799990/3rdparty/roundcube/?_task=mail&_mbox=INBOX.spam" "Mozilla/5.0 (Windows NT 10.0; Win64; x64) AppleWebKit/537.36 (KHTML, like Gecko) Chrome/153.0.0.0 Safari/537.36"
37.19.221.225 - - [17/Sep/2026:12:02:01 -0300] "GET /cpsess7211416590/3rdparty/roundcube/skins/elastic/watermark.html HTTP/1.1" 200 494 "https://webmail.espacofacial.com.br/cpsess7211416590/3rdparty/roundcube/?_task=mail&_token=lQFkmSkP6jXYEUPrf2jX6PzacZJ4QkDH" "Mozilla/5.0 (Windows NT 10.0; Win64; x64) AppleWebKit/537.36 (KHTML, like Gecko) Chrome/152.0.0.0 Safari/537.36"
37.19.221.225 - - [17/Sep/2026:12:02:01 -0300] "GET /cpsess7211416590/3rdparty/roundcube/?_task=mail&_action=getunread&_page=1&_remote=1&_unlock=0&_=1789657320863 HTTP/1.1" 308 214 "https://webmail.espacofacial.com.br/cpsess7211416590/3rdparty/roundcube/?_task=mail&_mbox=INBOX" "Mozilla/5.0 (Windows NT 10.0; Win64; x64) AppleWebKit/537.36 (KHTML, like Gecko) Chrome/152.0.0.0 Safari/537.36"
200.195.112.243 - - [17/Sep/2026:12:02:01 -0300] "GET /cpsess1974799990/3rdparty/roundcube/?_task=mail&_caps=pdf%3d1%2cflash%3d0%2ctiff%3d0%2cwebp%3d1%2cpgpmime%3d0&_uid=233&_mbox=INBOX.spam&_framed=1&_action=preview HTTP/1.1" 200 8569 "https://webmail.espacofacial.com.br/cpsess1974799990/3rdparty/roundcube/?_task=mail&_mbox=INBOX.spam" "Mozilla/5.0 (Windows NT 10.0; Win64; x64) AppleWebKit/537.36 (KHTML, like Gecko) Chrome/153.0.0.0 Safari/537.36"
200.195.112.243 - - [17/Sep/2026:12:02:01 -0300] "GET /cpsess1974799990/3rdparty/roundcube/?_task=addressbook&_action=photo&_email=karina.gurgel%40mvrcontabilidade.com.br&_error=1&_bgcolor=transparent HTTP/1.1" 204 - "https://webmail.espacofacial.com.br/cpsess1974799990/3rdparty/roundcube/?_task=mail&_caps=pdf%3d1%2cflash%3d0%2ctiff%3d0%2cwebp%3d1%2cpgpmime%3d0&_uid=233&_mbox=INBOX.spam&_framed=1&_action=preview" "Mozilla/5.0 (Windows NT 10.0; Win64; x64) AppleWebKit/537.36 (KHTML, like Gecko) Chrome/153.0.0.0 Safari/537.36"
186.205.10.91 - - [17/Sep/2026:12:02:02 -0300] "POST /cpsess8345060763/3rdparty/roundcube/?_task=mail&_action=refresh HTTP/1.1" 308 152 "https://webmail.espacofacial.com.br/cpsess8345060763/3rdparty/roundcube/?_task=mail&_mbox=INBOX" "Mozilla/5.0 (Windows NT 10.0; Win64; x64) AppleWebKit/537.36 (KHTML, like Gecko) Chrome/152.0.0.0 Safari/537.36"
37.19.221.225 - - [17/Sep/2026:12:02:02 -0300] "GET /cpsess7211416590/3rdparty/roundcube/skins/elastic/watermark.html HTTP/1.1" 200 494 "https://webmail.espacofacial.com.br/cpsess7211416590/3rdparty/roundcube/?_task=mail&_mbox=INBOX" "Mozilla/5.0 (Windows NT 10.0; Win64; x64) AppleWebKit/537.36 (KHTML, like Gecko) Chrome/152.0.0.0 Safari/537.36"
186.205.10.91 - - [17/Sep/2026:12:02:02 -0300] "POST /cpsess8345060763/3rdparty/roundcube/?_task=mail&_action=refresh HTTP/1.1" 308 152 "https://webmail.espacofacial.com.br/cpsess8345060763/3rdparty/roundcube/?_task=mail&_mbox=INBOX" "Mozilla/5.0 (Windows NT 10.0; Win64; x64) AppleWebKit/537.36 (KHTML, like Gecko) Chrome/152.0.0.0 Safari/537.36"
37.19.221.225 - - [17/Sep/2026:12:02:02 -0300] "GET /cpsess7211416590/3rdparty/roundcube/?_task=mail&_action=getunread&_page=1&_remote=1&_unlock=0&_=1789657320863 HTTP/1.1" 200 1388 "https://webmail.espacofacial.com.br/cpsess7211416590/3rdparty/roundcube/?_task=mail&_mbox=INBOX" "Mozilla/5.0 (Windows NT 10.0; Win64; x64) AppleWebKit/537.36 (KHTML, like Gecko) Chrome/152.0.0.0 Safari/537.36"
186.205.10.91 - - [17/Sep/2026:12:02:02 -0300] "POST /cpsess8345060763/3rdparty/roundcube/?_task=mail&_action=refresh HTTP/1.1" 200 1390 "https://webmail.espacofacial.com.br/cpsess8345060763/3rdparty/roundcube/?_task=mail&_mbox=INBOX" "Mozilla/5.0 (Windows NT 10.0; Win64; x64) AppleWebKit/537.36 (KHTML, like Gecko) Chrome/152.0.0.0 Safari/537.36"
186.205.10.91 - - [17/Sep/2026:12:02:06 -0300] "POST /cpsess9876102582/3rdparty/roundcube/?_task=mail&_action=refresh HTTP/1.1" 308 152 "https://webmail.espacofacial.com.br/cpsess9876102582/3rdparty/roundcube/?_task=mail&_mbox=INBOX" "Mozilla/5.0 (Macintosh; Intel Mac OS X 10_15_7) AppleWebKit/537.36 (KHTML, like Gecko) Chrome/152.0.0.0 Safari/537.36"
186.205.10.91 - - [17/Sep/2026:12:02:06 -0300] "POST /cpsess9876102582/3rdparty/roundcube/?_task=mail&_action=refresh HTTP/1.1" 200 1388 "https://webmail.espacofacial.com.br/cpsess9876102582/3rdparty/roundcube/?_task=mail&_mbox=INBOX" "Mozilla/5.0 (Macintosh; Intel Mac OS X 10_15_7) AppleWebKit/537.36 (KHTML, like Gecko) Chrome/152.0.0.0 Safari/537.36"
186.205.10.91 - - [17/Sep/2026:12:02:09 -0300] "POST /cpsess1240618111/3rdparty/roundcube/?_task=mail&_action=refresh HTTP/1.1" 308 152 "https://webmail.espacofacial.com.br/cpsess1240618111/3rdparty/roundcube/?_task=mail&_mbox=INBOX.Sent" "Mozilla/5.0 (Windows NT 10.0; Win64; x64) AppleWebKit/537.36 (KHTML, like Gecko) Chrome/152.0.0.0 Safari/537.36"
186.205.10.91 - - [17/Sep/2026:12:02:09 -0300] "POST /cpsess1240618111/3rdparty/roundcube/?_task=mail&_action=refresh HTTP/1.1" 200 1388 "https://webmail.espacofacial.com.br/cpsess1240618111/3rdparty/roundcube/?_task=mail&_mbox=INBOX.Sent" "Mozilla/5.0 (Windows NT 10.0; Win64; x64) AppleWebKit/537.36 (KHTML, like Gecko) Chrome/152.0.0.0 Safari/537.36"
200.215.226.190 - - [17/Sep/2026:12:02:11 -0300] "POST /cpsess7592551980/3rdparty/roundcube/?_task=mail&_action=refresh HTTP/1.1" 308 152 "https://webmail.espacofacial.com.br/cpsess7592551980/3rdparty/roundcube/?_task=mail&_mbox=INBOX" "Mozilla/5.0 (Windows NT 10.0; Win64; x64) AppleWebKit/537.36 (KHTML, like Gecko) Chrome/152.0.0.0 Safari/537.36"
200.215.226.190 - - [17/Sep/2026:12:02:11 -0300] "POST /cpsess7592551980/3rdparty/roundcube/?_task=mail&_action=refresh HTTP/1.1" 200 1387 "https://webmail.espacofacial.com.br/cpsess7592551980/3rdparty/roundcube/?_task=mail&_mbox=INBOX" "Mozilla/5.0 (Windows NT 10.0; Win64; x64) AppleWebKit/537.36 (KHTML, like Gecko) Chrome/152.0.0.0 Safari/537.36"
200.195.112.243 - - [17/Sep/2026:12:02:16 -0300] "POST /cpsess1974799990/3rdparty/roundcube/?_task=mail&_action=refresh HTTP/1.1" 308 152 "https://webmail.espacofacial.com.br/cpsess1974799990/3rdparty/roundcube/?_task=mail&_mbox=INBOX.spam" "Mozilla/5.0 (Windows NT 10.0; Win64; x64) AppleWebKit/537.36 (KHTML, like Gecko) Chrome/153.0.0.0 Safari/537.36"
200.195.112.243 - - [17/Sep/2026:12:02:16 -0300] "POST /cpsess1974799990/3rdparty/roundcube/?_task=mail&_action=refresh HTTP/1.1" 200 1403 "https://webmail.espacofacial.com.br/cpsess1974799990/3rdparty/roundcube/?_task=mail&_mbox=INBOX.spam" "Mozilla/5.0 (Windows NT 10.0; Win64; x64) AppleWebKit/537.36 (KHTML, like Gecko) Chrome/153.0.0.0 Safari/537.36"
136.226.63.10 - - [17/Sep/2026:12:02:17 -0300] "POST /cpsess0043854602/3rdparty/roundcube/?_task=mail&_action=refresh HTTP/1.1" 308 152 "https://webmail.espacofacial.com.br/cpsess0043854602/3rdparty/roundcube/?_task=mail&_mbox=INBOX" "Mozilla/5.0 (Windows NT 10.0; Win64; x64) AppleWebKit/537.36 (KHTML, like Gecko) Chrome/153.0.0.0 Safari/537.36"
136.226.63.10 - - [17/Sep/2026:12:02:17 -0300] "POST /cpsess0043854602/3rdparty/roundcube/?_task=mail&_action=refresh HTTP/1.1" 200 1387 "https://webmail.espacofacial.com.br/cpsess0043854602/3rdparty/roundcube/?_task=mail&_mbox=INBOX" "Mozilla/5.0 (Windows NT 10.0; Win64; x64) AppleWebKit/537.36 (KHTML, like Gecko) Chrome/153.0.0.0 Safari/537.36"
186.207.45.76 - - [17/Sep/2026:12:02:22 -0300] "POST /cpsess6230199964/3rdparty/roundcube/?_task=mail&_action=refresh HTTP/1.1" 308 152 "https://webmail.espacofacial.com.br/cpsess6230199964/3rdparty/roundcube/?_task=mail&_mbox=INBOX" "Mozilla/5.0 (Windows NT 10.0; Win64; x64) AppleWebKit/537.36 (KHTML, like Gecko) Chrome/152.0.0.0 Safari/537.36"
186.207.45.76 - - [17/Sep/2026:12:02:22 -0300] "POST /cpsess6230199964/3rdparty/roundcube/?_task=mail&_action=refresh HTTP/1.1" 200 1387 "https://webmail.espacofacial.com.br/cpsess6230199964/3rdparty/roundcube/?_task=mail&_mbox=INBOX" "Mozilla/5.0 (Windows NT 10.0; Win64; x64) AppleWebKit/537.36 (KHTML, like Gecko) Chrome/152.0.0.0 Safari/537.36"
200.195.112.243 - - [17/Sep/2026:12:02:25 -0300] "GET /cpsess1974799990/3rdparty/roundcube/?_task=mail&_caps=pdf%3D1%2Cflash%3D0%2Ctiff%3D0%2Cwebp%3D1%2Cpgpmime%3D0&_uid=232&_mbox=INBOX.spam&_framed=1&_action=preview HTTP/1.1" 200 8570 "https://webmail.espacofacial.com.br/cpsess1974799990/3rdparty/roundcube/?_task=mail&_mbox=INBOX.spam" "Mozilla/5.0 (Windows NT 10.0; Win64; x64) AppleWebKit/537.36 (KHTML, like Gecko) Chrome/153.0.0.0 Safari/537.36"
200.195.112.243 - - [17/Sep/2026:12:02:25 -0300] "GET /cpsess1974799990/3rdparty/roundcube/?_task=addressbook&_action=photo&_email=cobranca%40hospinova.com.br&_error=1&_bgcolor=transparent HTTP/1.1" 204 - "https://webmail.espacofacial.com.br/cpsess1974799990/3rdparty/roundcube/?_task=mail&_caps=pdf%3D1%2Cflash%3D0%2Ctiff%3D0%2Cwebp%3D1%2Cpgpmime%3D0&_uid=232&_mbox=INBOX.spam&_framed=1&_action=preview" "Mozilla/5.0 (Windows NT 10.0; Win64; x64) AppleWebKit/537.36 (KHTML, like Gecko) Chrome/153.0.0.0 Safari/537.36"
200.167.89.98 - - [17/Sep/2026:12:02:28 -0300] "POST /cpsess8770996163/3rdparty/roundcube/?_task=mail&_action=refresh HTTP/1.1" 200 1393 "https://webmail.espacofacial.com.br/cpsess8770996163/3rdparty/roundcube/?_task=mail&_mbox=INBOX.spam" "Mozilla/5.0 (Windows NT 10.0; Win64; x64) AppleWebKit/537.36 (KHTML, like Gecko) Chrome/152.0.0.0 Safari/537.36"
200.195.112.243 - - [17/Sep/2026:12:02:31 -0300] "GET /cpsess1974799990/3rdparty/roundcube/?_task=mail&_frame=1&_mbox=INBOX.spam&_uid=232&_part=2&_action=get&_extwin=1 HTTP/1.1" 308 221 "https://webmail.espacofacial.com.br/cpsess1974799990/3rdparty/roundcube/?_task=mail&_caps=pdf%3D1%2Cflash%3D0%2Ctiff%3D0%2Cwebp%3D1%2Cpgpmime%3D0&_uid=232&_mbox=INBOX.spam&_framed=1&_action=preview" "Mozilla/5.0 (Windows NT 10.0; Win64; x64) AppleWebKit/537.36 (KHTML, like Gecko) Chrome/153.0.0.0 Safari/537.36"
200.195.112.243 - - [17/Sep/2026:12:02:31 -0300] "GET /cpsess1974799990/3rdparty/roundcube/?_task=mail&_frame=1&_mbox=INBOX.spam&_uid=232&_part=2&_action=get&_extwin=1 HTTP/1.1" 200 6289 "https://webmail.espacofacial.com.br/cpsess1974799990/3rdparty/roundcube/?_task=mail&_caps=pdf%3D1%2Cflash%3D0%2Ctiff%3D0%2Cwebp%3D1%2Cpgpmime%3D0&_uid=232&_mbox=INBOX.spam&_framed=1&_action=preview" "Mozilla/5.0 (Windows NT 10.0; Win64; x64) AppleWebKit/537.36 (KHTML, like Gecko) Chrome/153.0.0.0 Safari/537.36"
200.195.112.243 - - [17/Sep/2026:12:02:31 -0300] "GET /cpsess1974799990/3rdparty/roundcube/?_task=mail&_mbox=INBOX.spam&_uid=232&_part=2&_action=get&_extwin=1&_preload=1&_framed=1 HTTP/1.1" 200 348 "https://webmail.espacofacial.com.br/cpsess1974799990/3rdparty/roundcube/?_task=mail&_frame=1&_mbox=INBOX.spam&_uid=232&_part=2&_action=get&_extwin=1" "Mozilla/5.0 (Windows NT 10.0; Win64; x64) AppleWebKit/537.36 (KHTML, like Gecko) Chrome/153.0.0.0 Safari/537.36"
200.195.112.243 - - [17/Sep/2026:12:02:31 -0300] "GET /cpsess1974799990/3rdparty/roundcube/?_task=mail&_mbox=INBOX.spam&_uid=232&_part=2&_action=get&_extwin=1&_framed=1&_mimewarning=1&_embed=1 HTTP/1.1" 200 25935 "https://webmail.espacofacial.com.br/cpsess1974799990/3rdparty/roundcube/?_task=mail&_mbox=INBOX.spam&_uid=232&_part=2&_action=get&_extwin=1&_preload=1&_framed=1" "Mozilla/5.0 (Windows NT 10.0; Win64; x64) AppleWebKit/537.36 (KHTML, like Gecko) Chrome/153.0.0.0 Safari/537.36"
200.195.112.243 - - [17/Sep/2026:12:02:43 -0300] "GET /cpsess1974799990/3rdparty/roundcube/?_task=mail&_mbox=INBOX.spam&_uid=232&_part=3&_download=1&_action=get&_token=ITtjN1KU98b9ZoUAuFY9Cl8DWSP4usyO HTTP/1.1" 200 8838 "https://webmail.espacofacial.com.br/cpsess1974799990/3rdparty/roundcube/?_task=mail&_mbox=INBOX.spam" "Mozilla/5.0 (Windows NT 10.0; Win64; x64) AppleWebKit/537.36 (KHTML, like Gecko) Chrome/153.0.0.0 Safari/537.36"
200.195.112.243 - - [17/Sep/2026:12:02:57 -0300] "GET /cpsess1974799990/3rdparty/roundcube/?_task=mail&_caps=pdf%3D1%2Cflash%3D0%2Ctiff%3D0%2Cwebp%3D1%2Cpgpmime%3D0&_uid=231&_mbox=INBOX.spam&_framed=1&_action=preview HTTP/1.1" 200 9965 "https://webmail.espacofacial.com.br/cpsess1974799990/3rdparty/roundcube/?_task=mail&_mbox=INBOX.spam" "Mozilla/5.0 (Windows NT 10.0; Win64; x64) AppleWebKit/537.36 (KHTML, like Gecko) Chrome/153.0.0.0 Safari/537.36"
200.195.112.243 - - [17/Sep/2026:12:02:57 -0300] "GET /cpsess1974799990/3rdparty/roundcube/?_task=addressbook&_action=photo&_email=contato%40innovapharma.com&_error=1&_bgcolor=transparent HTTP/1.1" 204 - "https://webmail.espacofacial.com.br/cpsess1974799990/3rdparty/roundcube/?_task=mail&_caps=pdf%3D1%2Cflash%3D0%2Ctiff%3D0%2Cwebp%3D1%2Cpgpmime%3D0&_uid=231&_mbox=INBOX.spam&_framed=1&_action=preview" "Mozilla/5.0 (Windows NT 10.0; Win64; x64) AppleWebKit/537.36 (KHTML, like Gecko) Chrome/153.0.0.0 Safari/537.36"
200.195.112.243 - - [17/Sep/2026:12:02:58 -0300] "GET /cpsess1974799990/3rdparty/roundcube/?_task=mail&_caps=pdf%3D1%2Cflash%3D0%2Ctiff%3D0%2Cwebp%3D1%2Cpgpmime%3D0&_uid=230&_mbox=INBOX.spam&_framed=1&_action=preview HTTP/1.1" 200 8671 "https://webmail.espacofacial.com.br/cpsess1974799990/3rdparty/roundcube/?_task=mail&_mbox=INBOX.spam" "Mozilla/5.0 (Windows NT 10.0; Win64; x64) AppleWebKit/537.36 (KHTML, like Gecko) Chrome/153.0.0.0 Safari/537.36"
200.195.112.243 - - [17/Sep/2026:12:02:58 -0300] "GET /cpsess1974799990/3rdparty/roundcube/?_task=addressbook&_action=photo&_email=cobranca%40hospinova.com.br&_error=1&_bgcolor=transparent HTTP/1.1" 204 - "https://webmail.espacofacial.com.br/cpsess1974799990/3rdparty/roundcube/?_task=mail&_caps=pdf%3D1%2Cflash%3D0%2Ctiff%3D0%2Cwebp%3D1%2Cpgpmime%3D0&_uid=230&_mbox=INBOX.spam&_framed=1&_action=preview" "Mozilla/5.0 (Windows NT 10.0; Win64; x64) AppleWebKit/537.36 (KHTML, like Gecko) Chrome/153.0.0.0 Safari/537.36"
200.195.112.243 - - [17/Sep/2026:12:03:01 -0300] "GET /cpsess1974799990/3rdparty/roundcube/?_task=mail&_caps=pdf%3D1%2Cflash%3D0%2Ctiff%3D0%2Cwebp%3D1%2Cpgpmime%3D0&_uid=229&_mbox=INBOX.spam&_framed=1&_action=preview HTTP/1.1" 200 9966 "https://webmail.espacofacial.com.br/cpsess1974799990/3rdparty/roundcube/?_task=mail&_mbox=INBOX.spam" "Mozilla/5.0 (Windows NT 10.0; Win64; x64) AppleWebKit/537.36 (KHTML, like Gecko) Chrome/153.0.0.0 Safari/537.36"
200.195.112.243 - - [17/Sep/2026:12:03:01 -0300] "GET /cpsess1974799990/3rdparty/roundcube/?_task=addressbook&_action=photo&_email=contato%40innovapharma.com&_error=1&_bgcolor=transparent HTTP/1.1" 204 - "https://webmail.espacofacial.com.br/cpsess1974799990/3rdparty/roundcube/?_task=mail&_caps=pdf%3D1%2Cflash%3D0%2Ctiff%3D0%2Cwebp%3D1%2Cpgpmime%3D0&_uid=229&_mbox=INBOX.spam&_framed=1&_action=preview" "Mozilla/5.0 (Windows NT 10.0; Win64; x64) AppleWebKit/537.36 (KHTML, like Gecko) Chrome/153.0.0.0 Safari/537.36"
186.205.10.91 - - [17/Sep/2026:12:03:02 -0300] "POST /cpsess8345060763/3rdparty/roundcube/?_task=mail&_action=refresh HTTP/1.1" 308 152 "https://webmail.espacofacial.com.br/cpsess8345060763/3rdparty/roundcube/?_task=mail&_mbox=INBOX" "Mozilla/5.0 (Windows NT 10.0; Win64; x64) AppleWebKit/537.36 (KHTML, like Gecko) Chrome/152.0.0.0 Safari/537.36"
186.205.10.91 - - [17/Sep/2026:12:03:02 -0300] "POST /cpsess8345060763/3rdparty/roundcube/?_task=mail&_action=refresh HTTP/1.1" 200 1390 "https://webmail.espacofacial.com.br/cpsess8345060763/3rdparty/roundcube/?_task=mail&_mbox=INBOX" "Mozilla/5.0 (Windows NT 10.0; Win64; x64) AppleWebKit/537.36 (KHTML, like Gecko) Chrome/152.0.0.0 Safari/537.36"
200.195.112.243 - - [17/Sep/2026:12:03:02 -0300] "GET /cpsess1974799990/3rdparty/roundcube/?_task=mail&_caps=pdf%3D1%2Cflash%3D0%2Ctiff%3D0%2Cwebp%3D1%2Cpgpmime%3D0&_uid=228&_mbox=INBOX.spam&_framed=1&_action=preview HTTP/1.1" 200 9970 "https://webmail.espacofacial.com.br/cpsess1974799990/3rdparty/roundcube/?_task=mail&_mbox=INBOX.spam" "Mozilla/5.0 (Windows NT 10.0; Win64; x64) AppleWebKit/537.36 (KHTML, like Gecko) Chrome/153.0.0.0 Safari/537.36"
200.195.112.243 - - [17/Sep/2026:12:03:02 -0300] "GET /cpsess1974799990/3rdparty/roundcube/?_task=addressbook&_action=photo&_email=contato%40innovapharma.com&_error=1&_bgcolor=transparent HTTP/1.1" 204 - "https://webmail.espacofacial.com.br/cpsess1974799990/3rdparty/roundcube/?_task=mail&_caps=pdf%3D1%2Cflash%3D0%2Ctiff%3D0%2Cwebp%3D1%2Cpgpmime%3D0&_uid=228&_mbox=INBOX.spam&_framed=1&_action=preview" "Mozilla/5.0 (Windows NT 10.0; Win64; x64) AppleWebKit/537.36 (KHTML, like Gecko) Chrome/153.0.0.0 Safari/537.36"
37.19.221.225 - - [17/Sep/2026:12:03:02 -0300] "POST /cpsess7211416590/3rdparty/roundcube/?_task=mail&_action=refresh HTTP/1.1" 200 1387 "https://webmail.espacofacial.com.br/cpsess7211416590/3rdparty/roundcube/?_task=mail&_mbox=INBOX" "Mozilla/5.0 (Windows NT 10.0; Win64; x64) AppleWebKit/537.36 (KHTML, like Gecko) Chrome/152.0.0.0 Safari/537.36"
200.195.112.243 - - [17/Sep/2026:12:03:02 -0300] "GET /cpsess1974799990/3rdparty/roundcube/?_task=mail&_caps=pdf%3D1%2Cflash%3D0%2Ctiff%3D0%2Cwebp%3D1%2Cpgpmime%3D0&_uid=227&_mbox=INBOX.spam&_framed=1&_action=preview HTTP/1.1" 200 25649 "https://webmail.espacofacial.com.br/cpsess1974799990/3rdparty/roundcube/?_task=mail&_mbox=INBOX.spam" "Mozilla/5.0 (Windows NT 10.0; Win64; x64) AppleWebKit/537.36 (KHTML, like Gecko) Chrome/153.0.0.0 Safari/537.36"
200.195.112.243 - - [17/Sep/2026:12:03:03 -0300] "GET /cpsess1974799990/3rdparty/roundcube/?_task=addressbook&_action=photo&_email=news%40mkt.constance.com.br&_error=1&_bgcolor=transparent HTTP/1.1" 204 - "https://webmail.espacofacial.com.br/cpsess1974799990/3rdparty/roundcube/?_task=mail&_caps=pdf%3D1%2Cflash%3D0%2Ctiff%3D0%2Cwebp%3D1%2Cpgpmime%3D0&_uid=227&_mbox=INBOX.spam&_framed=1&_action=preview" "Mozilla/5.0 (Windows NT 10.0; Win64; x64) AppleWebKit/537.36 (KHTML, like Gecko) Chrome/153.0.0.0 Safari/537.36"
200.195.112.243 - - [17/Sep/2026:12:03:03 -0300] "GET /cpsess1974799990/3rdparty/roundcube/?_task=mail&_caps=pdf%3D1%2Cflash%3D0%2Ctiff%3D0%2Cwebp%3D1%2Cpgpmime%3D0&_uid=226&_mbox=INBOX.spam&_framed=1&_action=preview HTTP/1.1" 200 12147 "https://webmail.espacofacial.com.br/cpsess1974799990/3rdparty/roundcube/?_task=mail&_mbox=INBOX.spam" "Mozilla/5.0 (Windows NT 10.0; Win64; x64) AppleWebKit/537.36 (KHTML, like Gecko) Chrome/153.0.0.0 Safari/537.36"
200.195.112.243 - - [17/Sep/2026:12:03:03 -0300] "GET /cpsess1974799990/3rdparty/roundcube/?_task=addressbook&_action=photo&_email=noreply%40rd.bancosc.com.br&_error=1&_bgcolor=transparent HTTP/1.1" 204 - "https://webmail.espacofacial.com.br/cpsess1974799990/3rdparty/roundcube/?_task=mail&_caps=pdf%3D1%2Cflash%3D0%2Ctiff%3D0%2Cwebp%3D1%2Cpgpmime%3D0&_uid=226&_mbox=INBOX.spam&_framed=1&_action=preview" "Mozilla/5.0 (Windows NT 10.0; Win64; x64) AppleWebKit/537.36 (KHTML, like Gecko) Chrome/153.0.0.0 Safari/537.36"
186.205.10.91 - - [17/Sep/2026:12:03:07 -0300] "POST /cpsess9876102582/3rdparty/roundcube/?_task=mail&_action=refresh HTTP/1.1" 308 152 "https://webmail.espacofacial.com.br/cpsess9876102582/3rdparty/roundcube/?_task=mail&_mbox=INBOX" "Mozilla/5.0 (Macintosh; Intel Mac OS X 10_15_7) AppleWebKit/537.36 (KHTML, like Gecko) Chrome/152.0.0.0 Safari/537.36"
186.205.10.91 - - [17/Sep/2026:12:03:07 -0300] "POST /cpsess9876102582/3rdparty/roundcube/?_task=mail&_action=refresh HTTP/1.1" 200 1387 "https://webmail.espacofacial.com.br/cpsess9876102582/3rdparty/roundcube/?_task=mail&_mbox=INBOX" "Mozilla/5.0 (Macintosh; Intel Mac OS X 10_15_7) AppleWebKit/537.36 (KHTML, like Gecko) Chrome/152.0.0.0 Safari/537.36"
186.205.10.91 - - [17/Sep/2026:12:03:09 -0300] "POST /cpsess1240618111/3rdparty/roundcube/?_task=mail&_action=refresh HTTP/1.1" 308 152 "https://webmail.espacofacial.com.br/cpsess1240618111/3rdparty/roundcube/?_task=mail&_mbox=INBOX.Sent" "Mozilla/5.0 (Windows NT 10.0; Win64; x64) AppleWebKit/537.36 (KHTML, like Gecko) Chrome/152.0.0.0 Safari/537.36"
186.205.10.91 - - [17/Sep/2026:12:03:10 -0300] "POST /cpsess1240618111/3rdparty/roundcube/?_task=mail&_action=refresh HTTP/1.1" 200 1387 "https://webmail.espacofacial.com.br/cpsess1240618111/3rdparty/roundcube/?_task=mail&_mbox=INBOX.Sent" "Mozilla/5.0 (Windows NT 10.0; Win64; x64) AppleWebKit/537.36 (KHTML, like Gecko) Chrome/152.0.0.0 Safari/537.36"
200.215.226.190 - - [17/Sep/2026:12:03:10 -0300] "POST /cpsess7592551980/3rdparty/roundcube/?_task=mail&_action=refresh HTTP/1.1" 308 152 "https://webmail.espacofacial.com.br/cpsess7592551980/3rdparty/roundcube/?_task=mail&_mbox=INBOX" "Mozilla/5.0 (Windows NT 10.0; Win64; x64) AppleWebKit/537.36 (KHTML, like Gecko) Chrome/152.0.0.0 Safari/537.36"
200.215.226.190 - - [17/Sep/2026:12:03:10 -0300] "POST /cpsess7592551980/3rdparty/roundcube/?_task=mail&_action=refresh HTTP/1.1" 200 1387 "https://webmail.espacofacial.com.br/cpsess7592551980/3rdparty/roundcube/?_task=mail&_mbox=INBOX" "Mozilla/5.0 (Windows NT 10.0; Win64; x64) AppleWebKit/537.36 (KHTML, like Gecko) Chrome/152.0.0.0 Safari/537.36"
200.195.112.243 - - [17/Sep/2026:12:03:16 -0300] "POST /cpsess1974799990/3rdparty/roundcube/?_task=mail&_action=refresh HTTP/1.1" 200 1420 "https://webmail.espacofacial.com.br/cpsess1974799990/3rdparty/roundcube/?_task=mail&_mbox=INBOX.spam" "Mozilla/5.0 (Windows NT 10.0; Win64; x64) AppleWebKit/537.36 (KHTML, like Gecko) Chrome/153.0.0.0 Safari/537.36"
136.226.63.10 - - [17/Sep/2026:12:03:17 -0300] "POST /cpsess0043854602/3rdparty/roundcube/?_task=mail&_action=refresh HTTP/1.1" 308 152 "https://webmail.espacofacial.com.br/cpsess0043854602/3rdparty/roundcube/?_task=mail&_mbox=INBOX" "Mozilla/5.0 (Windows NT 10.0; Win64; x64) AppleWebKit/537.36 (KHTML, like Gecko) Chrome/153.0.0.0 Safari/537.36"
136.226.63.10 - - [17/Sep/2026:12:03:17 -0300] "POST /cpsess0043854602/3rdparty/roundcube/?_task=mail&_action=refresh HTTP/1.1" 200 1388 "https://webmail.espacofacial.com.br/cpsess0043854602/3rdparty/roundcube/?_task=mail&_mbox=INBOX" "Mozilla/5.0 (Windows NT 10.0; Win64; x64) AppleWebKit/537.36 (KHTML, like Gecko) Chrome/153.0.0.0 Safari/537.36"
186.207.45.76 - - [17/Sep/2026:12:03:21 -0300] "POST /cpsess6230199964/3rdparty/roundcube/?_task=mail&_action=refresh HTTP/1.1" 308 152 "https://webmail.espacofacial.com.br/cpsess6230199964/3rdparty/roundcube/?_task=mail&_mbox=INBOX" "Mozilla/5.0 (Windows NT 10.0; Win64; x64) AppleWebKit/537.36 (KHTML, like Gecko) Chrome/152.0.0.0 Safari/537.36"
186.207.45.76 - - [17/Sep/2026:12:03:21 -0300] "POST /cpsess6230199964/3rdparty/roundcube/?_task=mail&_action=refresh HTTP/1.1" 200 1388 "https://webmail.espacofacial.com.br/cpsess6230199964/3rdparty/roundcube/?_task=mail&_mbox=INBOX" "Mozilla/5.0 (Windows NT 10.0; Win64; x64) AppleWebKit/537.36 (KHTML, like Gecko) Chrome/152.0.0.0 Safari/537.36"
200.214.45.18 - - [17/Sep/2026:12:03:28 -0300] "POST /cpsess8770996163/3rdparty/roundcube/?_task=mail&_action=refresh HTTP/1.1" 308 152 "https://webmail.espacofacial.com.br/cpsess8770996163/3rdparty/roundcube/?_task=mail&_mbox=INBOX.spam" "Mozilla/5.0 (Windows NT 10.0; Win64; x64) AppleWebKit/537.36 (KHTML, like Gecko) Chrome/152.0.0.0 Safari/537.36"
200.214.45.18 - - [17/Sep/2026:12:03:28 -0300] "POST /cpsess8770996163/3rdparty/roundcube/?_task=mail&_action=refresh HTTP/1.1" 200 1387 "https://webmail.espacofacial.com.br/cpsess8770996163/3rdparty/roundcube/?_task=mail&_mbox=INBOX.spam" "Mozilla/5.0 (Windows NT 10.0; Win64; x64) AppleWebKit/537.36 (KHTML, like Gecko) Chrome/152.0.0.0 Safari/537.36"
37.19.221.225 - - [17/Sep/2026:12:04:03 -0300] "POST /cpsess7211416590/3rdparty/roundcube/?_task=mail&_action=refresh HTTP/1.1" 308 152 "https://webmail.espacofacial.com.br/cpsess7211416590/3rdparty/roundcube/?_task=mail&_mbox=INBOX" "Mozilla/5.0 (Windows NT 10.0; Win64; x64) AppleWebKit/537.36 (KHTML, like Gecko) Chrome/152.0.0.0 Safari/537.36"
37.19.221.225 - - [17/Sep/2026:12:04:03 -0300] "POST /cpsess7211416590/3rdparty/roundcube/?_task=mail&_action=refresh HTTP/1.1" 200 1387 "https://webmail.espacofacial.com.br/cpsess7211416590/3rdparty/roundcube/?_task=mail&_mbox=INBOX" "Mozilla/5.0 (Windows NT 10.0; Win64; x64) AppleWebKit/537.36 (KHTML, like Gecko) Chrome/152.0.0.0 Safari/537.36"
186.205.10.91 - - [17/Sep/2026:12:04:08 -0300] "POST /cpsess9876102582/3rdparty/roundcube/?_task=mail&_action=refresh HTTP/1.1" 308 152 "https://webmail.espacofacial.com.br/cpsess9876102582/3rdparty/roundcube/?_task=mail&_mbox=INBOX" "Mozilla/5.0 (Macintosh; Intel Mac OS X 10_15_7) AppleWebKit/537.36 (KHTML, like Gecko) Chrome/152.0.0.0 Safari/537.36"
186.205.10.91 - - [17/Sep/2026:12:04:08 -0300] "POST /cpsess9876102582/3rdparty/roundcube/?_task=mail&_action=refresh HTTP/1.1" 200 1388 "https://webmail.espacofacial.com.br/cpsess9876102582/3rdparty/roundcube/?_task=mail&_mbox=INBOX" "Mozilla/5.0 (Macintosh; Intel Mac OS X 10_15_7) AppleWebKit/537.36 (KHTML, like Gecko) Chrome/152.0.0.0 Safari/537.36"
200.215.226.190 - - [17/Sep/2026:12:04:10 -0300] "POST /cpsess7592551980/3rdparty/roundcube/?_task=mail&_action=refresh HTTP/1.1" 308 152 "https://webmail.espacofacial.com.br/cpsess7592551980/3rdparty/roundcube/?_task=mail&_mbox=INBOX" "Mozilla/5.0 (Windows NT 10.0; Win64; x64) AppleWebKit/537.36 (KHTML, like Gecko) Chrome/152.0.0.0 Safari/537.36"
200.215.226.190 - - [17/Sep/2026:12:04:10 -0300] "POST /cpsess7592551980/3rdparty/roundcube/?_task=mail&_action=refresh HTTP/1.1" 200 1388 "https://webmail.espacofacial.com.br/cpsess7592551980/3rdparty/roundcube/?_task=mail&_mbox=INBOX" "Mozilla/5.0 (Windows NT 10.0; Win64; x64) AppleWebKit/537.36 (KHTML, like Gecko) Chrome/152.0.0.0 Safari/537.36"
186.205.10.91 - - [17/Sep/2026:12:04:10 -0300] "POST /cpsess1240618111/3rdparty/roundcube/?_task=mail&_action=refresh HTTP/1.1" 308 152 "https://webmail.espacofacial.com.br/cpsess1240618111/3rdparty/roundcube/?_task=mail&_mbox=INBOX.Sent" "Mozilla/5.0 (Windows NT 10.0; Win64; x64) AppleWebKit/537.36 (KHTML, like Gecko) Chrome/152.0.0.0 Safari/537.36"
186.205.10.91 - - [17/Sep/2026:12:04:11 -0300] "POST /cpsess1240618111/3rdparty/roundcube/?_task=mail&_action=refresh HTTP/1.1" 200 1388 "https://webmail.espacofacial.com.br/cpsess1240618111/3rdparty/roundcube/?_task=mail&_mbox=INBOX.Sent" "Mozilla/5.0 (Windows NT 10.0; Win64; x64) AppleWebKit/537.36 (KHTML, like Gecko) Chrome/152.0.0.0 Safari/537.36"
200.195.112.243 - - [17/Sep/2026:12:04:16 -0300] "POST /cpsess1974799990/3rdparty/roundcube/?_task=mail&_action=refresh HTTP/1.1" 308 152 "https://webmail.espacofacial.com.br/cpsess1974799990/3rdparty/roundcube/?_task=mail&_mbox=INBOX.spam" "Mozilla/5.0 (Windows NT 10.0; Win64; x64) AppleWebKit/537.36 (KHTML, like Gecko) Chrome/153.0.0.0 Safari/537.36"
200.195.112.243 - - [17/Sep/2026:12:04:16 -0300] "POST /cpsess1974799990/3rdparty/roundcube/?_task=mail&_action=refresh HTTP/1.1" 200 1390 "https://webmail.espacofacial.com.br/cpsess1974799990/3rdparty/roundcube/?_task=mail&_mbox=INBOX.spam" "Mozilla/5.0 (Windows NT 10.0; Win64; x64) AppleWebKit/537.36 (KHTML, like Gecko) Chrome/153.0.0.0 Safari/537.36"
136.226.63.10 - - [17/Sep/2026:12:04:17 -0300] "POST /cpsess0043854602/3rdparty/roundcube/?_task=mail&_action=refresh HTTP/1.1" 308 152 "https://webmail.espacofacial.com.br/cpsess0043854602/3rdparty/roundcube/?_task=mail&_mbox=INBOX" "Mozilla/5.0 (Windows NT 10.0; Win64; x64) AppleWebKit/537.36 (KHTML, like Gecko) Chrome/153.0.0.0 Safari/537.36"
136.226.63.10 - - [17/Sep/2026:12:04:17 -0300] "POST /cpsess0043854602/3rdparty/roundcube/?_task=mail&_action=refresh HTTP/1.1" 200 1387 "https://webmail.espacofacial.com.br/cpsess0043854602/3rdparty/roundcube/?_task=mail&_mbox=INBOX" "Mozilla/5.0 (Windows NT 10.0; Win64; x64) AppleWebKit/537.36 (KHTML, like Gecko) Chrome/153.0.0.0 Safari/537.36"
186.207.45.76 - - [17/Sep/2026:12:04:21 -0300] "POST /cpsess6230199964/3rdparty/roundcube/?_task=mail&_action=refresh HTTP/1.1" 308 152 "https://webmail.espacofacial.com.br/cpsess6230199964/3rdparty/roundcube/?_task=mail&_mbox=INBOX" "Mozilla/5.0 (Windows NT 10.0; Win64; x64) AppleWebKit/537.36 (KHTML, like Gecko) Chrome/152.0.0.0 Safari/537.36"
186.207.45.76 - - [17/Sep/2026:12:04:21 -0300] "POST /cpsess6230199964/3rdparty/roundcube/?_task=mail&_action=refresh HTTP/1.1" 200 1387 "https://webmail.espacofacial.com.br/cpsess6230199964/3rdparty/roundcube/?_task=mail&_mbox=INBOX" "Mozilla/5.0 (Windows NT 10.0; Win64; x64) AppleWebKit/537.36 (KHTML, like Gecko) Chrome/152.0.0.0 Safari/537.36"
200.167.89.98 - - [17/Sep/2026:12:04:28 -0300] "POST /cpsess8770996163/3rdparty/roundcube/?_task=mail&_action=refresh HTTP/1.1" 308 152 "https://webmail.espacofacial.com.br/cpsess8770996163/3rdparty/roundcube/?_task=mail&_mbox=INBOX.spam" "Mozilla/5.0 (Windows NT 10.0; Win64; x64) AppleWebKit/537.36 (KHTML, like Gecko) Chrome/152.0.0.0 Safari/537.36"
200.167.89.98 - - [17/Sep/2026:12:04:28 -0300] "POST /cpsess8770996163/3rdparty/roundcube/?_task=mail&_action=refresh HTTP/1.1" 200 1387 "https://webmail.espacofacial.com.br/cpsess8770996163/3rdparty/roundcube/?_task=mail&_mbox=INBOX.spam" "Mozilla/5.0 (Windows NT 10.0; Win64; x64) AppleWebKit/537.36 (KHTML, like Gecko) Chrome/152.0.0.0 Safari/537.36"
3.149.57.90 - - [17/Sep/2026:12:04:56 -0300] "HEAD / HTTP/1.1" 200 - "https://espacofacial.com.br" "Mozilla/5.0+(compatible; UptimeRobot/2.0; http://www.uptimerobot.com/)"
5.161.113.195 - - [17/Sep/2026:12:04:57 -0300] "HEAD / HTTP/1.1" 200 - "https://espacofacial.com.br" "Mozilla/5.0+(compatible; UptimeRobot/2.0; http://www.uptimerobot.com/)"
37.19.221.225 - - [17/Sep/2026:12:05:02 -0300] "POST /cpsess7211416590/3rdparty/roundcube/?_task=mail&_action=refresh HTTP/1.1" 200 1387 "https://webmail.espacofacial.com.br/cpsess7211416590/3rdparty/roundcube/?_task=mail&_mbox=INBOX" "Mozilla/5.0 (Windows NT 10.0; Win64; x64) AppleWebKit/537.36 (KHTML, like Gecko) Chrome/152.0.0.0 Safari/537.36"
186.205.10.91 - - [17/Sep/2026:12:05:08 -0300] "POST /cpsess9876102582/3rdparty/roundcube/?_task=mail&_action=refresh HTTP/1.1" 200 1387 "https://webmail.espacofacial.com.br/cpsess9876102582/3rdparty/roundcube/?_task=mail&_mbox=INBOX" "Mozilla/5.0 (Macintosh; Intel Mac OS X 10_15_7) AppleWebKit/537.36 (KHTML, like Gecko) Chrome/152.0.0.0 Safari/537.36"
200.215.226.190 - - [17/Sep/2026:12:05:10 -0300] "POST /cpsess7592551980/3rdparty/roundcube/?_task=mail&_action=refresh HTTP/1.1" 308 152 "https://webmail.espacofacial.com.br/cpsess7592551980/3rdparty/roundcube/?_task=mail&_mbox=INBOX" "Mozilla/5.0 (Windows NT 10.0; Win64; x64) AppleWebKit/537.36 (KHTML, like Gecko) Chrome/152.0.0.0 Safari/537.36"
200.215.226.190 - - [17/Sep/2026:12:05:10 -0300] "POST /cpsess7592551980/3rdparty/roundcube/?_task=mail&_action=refresh HTTP/1.1" 200 1388 "https://webmail.espacofacial.com.br/cpsess7592551980/3rdparty/roundcube/?_task=mail&_mbox=INBOX" "Mozilla/5.0 (Windows NT 10.0; Win64; x64) AppleWebKit/537.36 (KHTML, like Gecko) Chrome/152.0.0.0 Safari/537.36"
186.205.10.91 - - [17/Sep/2026:12:05:12 -0300] "POST /cpsess1240618111/3rdparty/roundcube/?_task=mail&_action=refresh HTTP/1.1" 308 152 "https://webmail.espacofacial.com.br/cpsess1240618111/3rdparty/roundcube/?_task=mail&_mbox=INBOX.Sent" "Mozilla/5.0 (Windows NT 10.0; Win64; x64) AppleWebKit/537.36 (KHTML, like Gecko) Chrome/152.0.0.0 Safari/537.36"
186.205.10.91 - - [17/Sep/2026:12:05:12 -0300] "POST /cpsess1240618111/3rdparty/roundcube/?_task=mail&_action=refresh HTTP/1.1" 200 1387 "https://webmail.espacofacial.com.br/cpsess1240618111/3rdparty/roundcube/?_task=mail&_mbox=INBOX.Sent" "Mozilla/5.0 (Windows NT 10.0; Win64; x64) AppleWebKit/537.36 (KHTML, like Gecko) Chrome/152.0.0.0 Safari/537.36"
200.195.112.243 - - [17/Sep/2026:12:05:16 -0300] "POST /cpsess1974799990/3rdparty/roundcube/?_task=mail&_action=refresh HTTP/1.1" 308 152 "https://webmail.espacofacial.com.br/cpsess1974799990/3rdparty/roundcube/?_task=mail&_mbox=INBOX.spam" "Mozilla/5.0 (Windows NT 10.0; Win64; x64) AppleWebKit/537.36 (KHTML, like Gecko) Chrome/153.0.0.0 Safari/537.36"
200.195.112.243 - - [17/Sep/2026:12:05:16 -0300] "POST /cpsess1974799990/3rdparty/roundcube/?_task=mail&_action=refresh HTTP/1.1" 200 1389 "https://webmail.espacofacial.com.br/cpsess1974799990/3rdparty/roundcube/?_task=mail&_mbox=INBOX.spam" "Mozilla/5.0 (Windows NT 10.0; Win64; x64) AppleWebKit/537.36 (KHTML, like Gecko) Chrome/153.0.0.0 Safari/537.36"
136.226.63.10 - - [17/Sep/2026:12:05:17 -0300] "POST /cpsess0043854602/3rdparty/roundcube/?_task=mail&_action=refresh HTTP/1.1" 308 152 "https://webmail.espacofacial.com.br/cpsess0043854602/3rdparty/roundcube/?_task=mail&_mbox=INBOX" "Mozilla/5.0 (Windows NT 10.0; Win64; x64) AppleWebKit/537.36 (KHTML, like Gecko) Chrome/153.0.0.0 Safari/537.36"
136.226.63.10 - - [17/Sep/2026:12:05:17 -0300] "POST /cpsess0043854602/3rdparty/roundcube/?_task=mail&_action=refresh HTTP/1.1" 200 1388 "https://webmail.espacofacial.com.br/cpsess0043854602/3rdparty/roundcube/?_task=mail&_mbox=INBOX" "Mozilla/5.0 (Windows NT 10.0; Win64; x64) AppleWebKit/537.36 (KHTML, like Gecko) Chrome/153.0.0.0 Safari/537.36"
186.207.45.76 - - [17/Sep/2026:12:05:21 -0300] "POST /cpsess6230199964/3rdparty/roundcube/?_task=mail&_action=refresh HTTP/1.1" 308 152 "https://webmail.espacofacial.com.br/cpsess6230199964/3rdparty/roundcube/?_task=mail&_mbox=INBOX" "Mozilla/5.0 (Windows NT 10.0; Win64; x64) AppleWebKit/537.36 (KHTML, like Gecko) Chrome/152.0.0.0 Safari/537.36"
186.207.45.76 - - [17/Sep/2026:12:05:21 -0300] "POST /cpsess6230199964/3rdparty/roundcube/?_task=mail&_action=refresh HTTP/1.1" 200 1387 "https://webmail.espacofacial.com.br/cpsess6230199964/3rdparty/roundcube/?_task=mail&_mbox=INBOX" "Mozilla/5.0 (Windows NT 10.0; Win64; x64) AppleWebKit/537.36 (KHTML, like Gecko) Chrome/152.0.0.0 Safari/537.36"
200.214.45.18 - - [17/Sep/2026:12:05:28 -0300] "POST /cpsess8770996163/3rdparty/roundcube/?_task=mail&_action=refresh HTTP/1.1" 308 152 "https://webmail.espacofacial.com.br/cpsess8770996163/3rdparty/roundcube/?_task=mail&_mbox=INBOX.spam" "Mozilla/5.0 (Windows NT 10.0; Win64; x64) AppleWebKit/537.36 (KHTML, like Gecko) Chrome/152.0.0.0 Safari/537.36"
200.214.45.18 - - [17/Sep/2026:12:05:28 -0300] "POST /cpsess8770996163/3rdparty/roundcube/?_task=mail&_action=refresh HTTP/1.1" 200 1387 "https://webmail.espacofacial.com.br/cpsess8770996163/3rdparty/roundcube/?_task=mail&_mbox=INBOX.spam" "Mozilla/5.0 (Windows NT 10.0; Win64; x64) AppleWebKit/537.36 (KHTML, like Gecko) Chrome/152.0.0.0 Safari/537.36"
