37.19.221.225 - - [17/Sep/2026:12:12:44 -0300] "POST /cpsess7211416590/3rdparty/roundcube/?_task=mail&_action=refresh HTTP/1.1" 308 152 "https://webmail.espacofacial.com.br/cpsess7211416590/3rdparty/roundcube/?_task=mail&_mbox=INBOX" "Mozilla/5.0 (Windows NT 10.0; Win64; x64) AppleWebKit/537.36 (KHTML, like Gecko) Chrome/152.0.0.0 Safari/537.36"
2804:14d:5c63:92b6::1001 - - [17/Sep/2026:12:13:00 -0300] "POST /cpsess6513951447/3rdparty/phpMyAdmin/index.php?route=/ HTTP/1.1" 200 1517 "https://cpanel.espacofacial.com.br/cpsess6513951447/3rdparty/phpMyAdmin/index.php?route=/table/change&db=espa7358_new&table=ws_slides&where_clause=%60ws_slides%60.%60slide_id%60+%3D+38&where_clause_signature=946b7c64e90af26e9c5c438de243e0d939a4095b96c4cad44adcc24d632f5df8&clause_is_unique=1&sql_query=SELECT+%2A+FROM+%60ws_slides%60&sql_signature=7d928d9292ac1a2eb800fabc6ef364f26bbc69e7a2868fbdea795e1982d817c7&goto=index.php%3Froute%3D%2Fsql&default_action=update" "Mozilla/5.0 (Windows NT 10.0; Win64; x64) AppleWebKit/537.36 (KHTML, like Gecko) Chrome/153.0.0.0 Safari/537.36"
200.195.112.243 - - [17/Sep/2026:12:13:06 -0300] "POST /cpsess1974799990/3rdparty/roundcube/?_task=mail&_action=refresh HTTP/1.1" 200 1390 "https://webmail.espacofacial.com.br/cpsess1974799990/3rdparty/roundcube/?_task=mail&_mbox=INBOX.spam" "Mozilla/5.0 (Windows NT 10.0; Win64; x64) AppleWebKit/537.36 (KHTML, like Gecko) Chrome/153.0.0.0 Safari/537.36"
2a09:bac3:ac9:1b9::2c:14e - - [17/Sep/2026:12:13:07 -0300] "GET / HTTP/1.1" 200 143834 "-" "Mozilla/5.0 (Macintosh; Intel Mac OS X 10_11_1) AppleWebKit/601.2.4 (KHTML, like Gecko) Version/9.0.1 Safari/601.2.4 facebookexternalhit/1.1 Facebot Twitterbot/1.0"
200.215.226.190 - - [17/Sep/2026:12:13:10 -0300] "POST /cpsess7592551980/3rdparty/roundcube/?_task=mail&_action=refresh HTTP/1.1" 200 1387 "https://webmail.espacofacial.com.br/cpsess7592551980/3rdparty/roundcube/?_task=mail&_mbox=INBOX" "Mozilla/5.0 (Windows NT 10.0; Win64; x64) AppleWebKit/537.36 (KHTML, like Gecko) Chrome/152.0.0.0 Safari/537.36"
186.207.45.76 - - [17/Sep/2026:12:13:14 -0300] "POST /cpsess6230199964/3rdparty/roundcube/?_task=mail&_action=refresh HTTP/1.1" 308 152 "https://webmail.espacofacial.com.br/cpsess6230199964/3rdparty/roundcube/?_task=mail&_mbox=INBOX" "Mozilla/5.0 (Windows NT 10.0; Win64; x64) AppleWebKit/537.36 (KHTML, like Gecko) Chrome/152.0.0.0 Safari/537.36"
186.207.45.76 - - [17/Sep/2026:12:13:14 -0300] "POST /cpsess6230199964/3rdparty/roundcube/?_task=mail&_action=refresh HTTP/1.1" 200 1388 "https://webmail.espacofacial.com.br/cpsess6230199964/3rdparty/roundcube/?_task=mail&_mbox=INBOX" "Mozilla/5.0 (Windows NT 10.0; Win64; x64) AppleWebKit/537.36 (KHTML, like Gecko) Chrome/152.0.0.0 Safari/537.36"
186.205.10.91 - - [17/Sep/2026:12:13:17 -0300] "POST /cpsess9876102582/3rdparty/roundcube/?_task=mail&_action=refresh HTTP/1.1" 308 152 "https://webmail.espacofacial.com.br/cpsess9876102582/3rdparty/roundcube/?_task=mail&_mbox=INBOX" "Mozilla/5.0 (Macintosh; Intel Mac OS X 10_15_7) AppleWebKit/537.36 (KHTML, like Gecko) Chrome/152.0.0.0 Safari/537.36"
186.205.10.91 - - [17/Sep/2026:12:13:17 -0300] "POST /cpsess9876102582/3rdparty/roundcube/?_task=mail&_action=refresh HTTP/1.1" 200 1387 "https://webmail.espacofacial.com.br/cpsess9876102582/3rdparty/roundcube/?_task=mail&_mbox=INBOX" "Mozilla/5.0 (Macintosh; Intel Mac OS X 10_15_7) AppleWebKit/537.36 (KHTML, like Gecko) Chrome/152.0.0.0 Safari/537.36"
136.226.63.10 - - [17/Sep/2026:12:13:17 -0300] "POST /cpsess0043854602/3rdparty/roundcube/?_task=mail&_action=refresh HTTP/1.1" 308 152 "https://webmail.espacofacial.com.br/cpsess0043854602/3rdparty/roundcube/?_task=mail&_mbox=INBOX" "Mozilla/5.0 (Windows NT 10.0; Win64; x64) AppleWebKit/537.36 (KHTML, like Gecko) Chrome/153.0.0.0 Safari/537.36"
136.226.63.10 - - [17/Sep/2026:12:13:17 -0300] "POST /cpsess0043854602/3rdparty/roundcube/?_task=mail&_action=refresh HTTP/1.1" 200 1388 "https://webmail.espacofacial.com.br/cpsess0043854602/3rdparty/roundcube/?_task=mail&_mbox=INBOX" "Mozilla/5.0 (Windows NT 10.0; Win64; x64) AppleWebKit/537.36 (KHTML, like Gecko) Chrome/153.0.0.0 Safari/537.36"
186.205.10.91 - - [17/Sep/2026:12:13:19 -0300] "POST /cpsess1240618111/3rdparty/roundcube/?_task=mail&_action=refresh HTTP/1.1" 308 152 "https://webmail.espacofacial.com.br/cpsess1240618111/3rdparty/roundcube/?_task=mail&_mbox=INBOX.Sent" "Mozilla/5.0 (Windows NT 10.0; Win64; x64) AppleWebKit/537.36 (KHTML, like Gecko) Chrome/152.0.0.0 Safari/537.36"
186.205.10.91 - - [17/Sep/2026:12:13:20 -0300] "POST /cpsess1240618111/3rdparty/roundcube/?_task=mail&_action=refresh HTTP/1.1" 200 1387 "https://webmail.espacofacial.com.br/cpsess1240618111/3rdparty/roundcube/?_task=mail&_mbox=INBOX.Sent" "Mozilla/5.0 (Windows NT 10.0; Win64; x64) AppleWebKit/537.36 (KHTML, like Gecko) Chrome/152.0.0.0 Safari/537.36"
200.214.45.18 - - [17/Sep/2026:12:13:28 -0300] "POST /cpsess8770996163/3rdparty/roundcube/?_task=mail&_action=refresh HTTP/1.1" 308 152 "https://webmail.espacofacial.com.br/cpsess8770996163/3rdparty/roundcube/?_task=mail&_mbox=INBOX.spam" "Mozilla/5.0 (Windows NT 10.0; Win64; x64) AppleWebKit/537.36 (KHTML, like Gecko) Chrome/152.0.0.0 Safari/537.36"
200.214.45.18 - - [17/Sep/2026:12:13:28 -0300] "POST /cpsess8770996163/3rdparty/roundcube/?_task=mail&_action=refresh HTTP/1.1" 200 1387 "https://webmail.espacofacial.com.br/cpsess8770996163/3rdparty/roundcube/?_task=mail&_mbox=INBOX.spam" "Mozilla/5.0 (Windows NT 10.0; Win64; x64) AppleWebKit/537.36 (KHTML, like Gecko) Chrome/152.0.0.0 Safari/537.36"
37.19.221.225 - - [17/Sep/2026:12:13:40 -0300] "POST /cpsess7211416590/3rdparty/roundcube/?_task=mail&_action=refresh HTTP/1.1" 308 152 "https://webmail.espacofacial.com.br/cpsess7211416590/3rdparty/roundcube/?_task=mail&_mbox=INBOX" "Mozilla/5.0 (Windows NT 10.0; Win64; x64) AppleWebKit/537.36 (KHTML, like Gecko) Chrome/152.0.0.0 Safari/537.36"
37.19.221.225 - - [17/Sep/2026:12:13:41 -0300] "POST /cpsess7211416590/3rdparty/roundcube/?_task=mail&_action=refresh HTTP/1.1" 200 1387 "https://webmail.espacofacial.com.br/cpsess7211416590/3rdparty/roundcube/?_task=mail&_mbox=INBOX" "Mozilla/5.0 (Windows NT 10.0; Win64; x64) AppleWebKit/537.36 (KHTML, like Gecko) Chrome/152.0.0.0 Safari/537.36"
186.207.45.76 - - [17/Sep/2026:12:13:48 -0300] "POST /cpsess6230199964/3rdparty/roundcube/?_task=mail&_action=refresh HTTP/1.1" 308 152 "https://webmail.espacofacial.com.br/cpsess6230199964/3rdparty/roundcube/?_task=mail&_mbox=INBOX" "Mozilla/5.0 (Windows NT 10.0; Win64; x64) AppleWebKit/537.36 (KHTML, like Gecko) Chrome/152.0.0.0 Safari/537.36"
186.207.45.76 - - [17/Sep/2026:12:13:48 -0300] "POST /cpsess6230199964/3rdparty/roundcube/?_task=mail&_action=refresh HTTP/1.1" 200 1388 "https://webmail.espacofacial.com.br/cpsess6230199964/3rdparty/roundcube/?_task=mail&_mbox=INBOX" "Mozilla/5.0 (Windows NT 10.0; Win64; x64) AppleWebKit/537.36 (KHTML, like Gecko) Chrome/152.0.0.0 Safari/537.36"
2804:18:141:6c61:cca5:f957:ca3a:b362 - - [17/Sep/2026:12:14:00 -0300] "GET /skunk/carrosel/carrosel.html HTTP/1.1" 200 36626 "https://www.skunk.com.br/" "Mozilla/5.0 (iPhone; CPU iPhone OS 26_6_2 like Mac OS X) AppleWebKit/605.1.15 (KHTML, like Gecko) Mobile/23G90 Instagram 447.0.0.34.80 (iPhone18,1; iOS 26_6_2; pt_BR; pt; scale=3.00; 1206x2622; IABMV/1; 1065993616) Safari/604.1"
200.195.112.243 - - [17/Sep/2026:12:14:06 -0300] "POST /cpsess1974799990/3rdparty/roundcube/?_task=mail&_action=refresh HTTP/1.1" 308 152 "https://webmail.espacofacial.com.br/cpsess1974799990/3rdparty/roundcube/?_task=mail&_mbox=INBOX.spam" "Mozilla/5.0 (Windows NT 10.0; Win64; x64) AppleWebKit/537.36 (KHTML, like Gecko) Chrome/153.0.0.0 Safari/537.36"
200.195.112.243 - - [17/Sep/2026:12:14:06 -0300] "POST /cpsess1974799990/3rdparty/roundcube/?_task=mail&_action=refresh HTTP/1.1" 200 1390 "https://webmail.espacofacial.com.br/cpsess1974799990/3rdparty/roundcube/?_task=mail&_mbox=INBOX.spam" "Mozilla/5.0 (Windows NT 10.0; Win64; x64) AppleWebKit/537.36 (KHTML, like Gecko) Chrome/153.0.0.0 Safari/537.36"
200.215.226.190 - - [17/Sep/2026:12:14:10 -0300] "POST /cpsess7592551980/3rdparty/roundcube/?_task=mail&_action=refresh HTTP/1.1" 308 152 "https://webmail.espacofacial.com.br/cpsess7592551980/3rdparty/roundcube/?_task=mail&_mbox=INBOX" "Mozilla/5.0 (Windows NT 10.0; Win64; x64) AppleWebKit/537.36 (KHTML, like Gecko) Chrome/152.0.0.0 Safari/537.36"
200.215.226.190 - - [17/Sep/2026:12:14:10 -0300] "POST /cpsess7592551980/3rdparty/roundcube/?_task=mail&_action=refresh HTTP/1.1" 200 1387 "https://webmail.espacofacial.com.br/cpsess7592551980/3rdparty/roundcube/?_task=mail&_mbox=INBOX" "Mozilla/5.0 (Windows NT 10.0; Win64; x64) AppleWebKit/537.36 (KHTML, like Gecko) Chrome/152.0.0.0 Safari/537.36"
136.226.63.10 - - [17/Sep/2026:12:14:17 -0300] "POST /cpsess0043854602/3rdparty/roundcube/?_task=mail&_action=refresh HTTP/1.1" 308 152 "https://webmail.espacofacial.com.br/cpsess0043854602/3rdparty/roundcube/?_task=mail&_mbox=INBOX" "Mozilla/5.0 (Windows NT 10.0; Win64; x64) AppleWebKit/537.36 (KHTML, like Gecko) Chrome/153.0.0.0 Safari/537.36"
136.226.63.10 - - [17/Sep/2026:12:14:17 -0300] "POST /cpsess0043854602/3rdparty/roundcube/?_task=mail&_action=refresh HTTP/1.1" 200 1387 "https://webmail.espacofacial.com.br/cpsess0043854602/3rdparty/roundcube/?_task=mail&_mbox=INBOX" "Mozilla/5.0 (Windows NT 10.0; Win64; x64) AppleWebKit/537.36 (KHTML, like Gecko) Chrome/153.0.0.0 Safari/537.36"
186.205.10.91 - - [17/Sep/2026:12:14:18 -0300] "POST /cpsess9876102582/3rdparty/roundcube/?_task=mail&_action=refresh HTTP/1.1" 200 1385 "https://webmail.espacofacial.com.br/cpsess9876102582/3rdparty/roundcube/?_task=mail&_mbox=INBOX" "Mozilla/5.0 (Macintosh; Intel Mac OS X 10_15_7) AppleWebKit/537.36 (KHTML, like Gecko) Chrome/152.0.0.0 Safari/537.36"
186.205.10.91 - - [17/Sep/2026:12:14:20 -0300] "POST /cpsess1240618111/3rdparty/roundcube/?_task=mail&_action=refresh HTTP/1.1" 200 1387 "https://webmail.espacofacial.com.br/cpsess1240618111/3rdparty/roundcube/?_task=mail&_mbox=INBOX.Sent" "Mozilla/5.0 (Windows NT 10.0; Win64; x64) AppleWebKit/537.36 (KHTML, like Gecko) Chrome/152.0.0.0 Safari/537.36"
179.49.205.248 - - [17/Sep/2026:12:14:29 -0300] "POST /cpsess8770996163/3rdparty/roundcube/?_task=mail&_action=refresh HTTP/1.1" 308 152 "https://webmail.espacofacial.com.br/cpsess8770996163/3rdparty/roundcube/?_task=mail&_mbox=INBOX.spam" "Mozilla/5.0 (Windows NT 10.0; Win64; x64) AppleWebKit/537.36 (KHTML, like Gecko) Chrome/152.0.0.0 Safari/537.36"
179.49.205.248 - - [17/Sep/2026:12:14:29 -0300] "POST /cpsess8770996163/3rdparty/roundcube/?_task=mail&_action=refresh HTTP/1.1" 200 1387 "https://webmail.espacofacial.com.br/cpsess8770996163/3rdparty/roundcube/?_task=mail&_mbox=INBOX.spam" "Mozilla/5.0 (Windows NT 10.0; Win64; x64) AppleWebKit/537.36 (KHTML, like Gecko) Chrome/152.0.0.0 Safari/537.36"
37.19.221.225 - - [17/Sep/2026:12:14:40 -0300] "POST /cpsess7211416590/3rdparty/roundcube/?_task=mail&_action=refresh HTTP/1.1" 308 152 "https://webmail.espacofacial.com.br/cpsess7211416590/3rdparty/roundcube/?_task=mail&_mbox=INBOX" "Mozilla/5.0 (Windows NT 10.0; Win64; x64) AppleWebKit/537.36 (KHTML, like Gecko) Chrome/152.0.0.0 Safari/537.36"
37.19.221.225 - - [17/Sep/2026:12:14:41 -0300] "POST /cpsess7211416590/3rdparty/roundcube/?_task=mail&_action=refresh HTTP/1.1" 200 1387 "https://webmail.espacofacial.com.br/cpsess7211416590/3rdparty/roundcube/?_task=mail&_mbox=INBOX" "Mozilla/5.0 (Windows NT 10.0; Win64; x64) AppleWebKit/537.36 (KHTML, like Gecko) Chrome/152.0.0.0 Safari/537.36"
200.195.112.243 - - [17/Sep/2026:12:15:06 -0300] "POST /cpsess1974799990/3rdparty/roundcube/?_task=mail&_action=refresh HTTP/1.1" 308 152 "https://webmail.espacofacial.com.br/cpsess1974799990/3rdparty/roundcube/?_task=mail&_mbox=INBOX.spam" "Mozilla/5.0 (Windows NT 10.0; Win64; x64) AppleWebKit/537.36 (KHTML, like Gecko) Chrome/153.0.0.0 Safari/537.36"
200.195.112.243 - - [17/Sep/2026:12:15:06 -0300] "POST /cpsess1974799990/3rdparty/roundcube/?_task=mail&_action=refresh HTTP/1.1" 200 1390 "https://webmail.espacofacial.com.br/cpsess1974799990/3rdparty/roundcube/?_task=mail&_mbox=INBOX.spam" "Mozilla/5.0 (Windows NT 10.0; Win64; x64) AppleWebKit/537.36 (KHTML, like Gecko) Chrome/153.0.0.0 Safari/537.36"
52.87.72.16 - - [17/Sep/2026:12:15:07 -0300] "HEAD / HTTP/1.1" 200 - "https://espacofacial.com.br" "Mozilla/5.0+(compatible; UptimeRobot/2.0; http://www.uptimerobot.com/)"
52.22.236.30 - - [17/Sep/2026:12:15:07 -0300] "HEAD / HTTP/1.1" 200 - "https://espacofacial.com.br" "Mozilla/5.0+(compatible; UptimeRobot/2.0; http://www.uptimerobot.com/)"
200.215.226.190 - - [17/Sep/2026:12:15:10 -0300] "POST /cpsess7592551980/3rdparty/roundcube/?_task=mail&_action=refresh HTTP/1.1" 200 1388 "https://webmail.espacofacial.com.br/cpsess7592551980/3rdparty/roundcube/?_task=mail&_mbox=INBOX" "Mozilla/5.0 (Windows NT 10.0; Win64; x64) AppleWebKit/537.36 (KHTML, like Gecko) Chrome/152.0.0.0 Safari/537.36"
158.69.117.45 - - [17/Sep/2026:12:15:14 -0300] "GET / HTTP/1.1" 200 143808 "-" "Mozilla/5.0 (Windows NT 10.0; Win64; x64) AppleWebKit/537.36 (KHTML, like Gecko) Chrome/124.0.0.0 Safari/537.36"
158.69.117.45 - - [17/Sep/2026:12:15:15 -0300] "GET /themes/wc_default/js/scroll-desktop-smooth.js HTTP/1.1" 304 - "https://www.espacofacial.com.br/themes/wc_default/js/scroll-desktop-smooth.js" "Mozilla/5.0 (Windows NT 10.0; Win64; x64) AppleWebKit/537.36 (KHTML, like Gecko) Chrome/124.0.0.0 Safari/537.36"
158.69.117.45 - - [17/Sep/2026:12:15:15 -0300] "GET /themes/wc_default/js/classie.js HTTP/1.1" 304 - "https://www.espacofacial.com.br/themes/wc_default/js/classie.js" "Mozilla/5.0 (Windows NT 10.0; Win64; x64) AppleWebKit/537.36 (KHTML, like Gecko) Chrome/124.0.0.0 Safari/537.36"
158.69.117.45 - - [17/Sep/2026:12:15:15 -0300] "GET /themes/wc_default/js/counter.js HTTP/1.1" 304 - "https://www.espacofacial.com.br/themes/wc_default/js/counter.js" "Mozilla/5.0 (Windows NT 10.0; Win64; x64) AppleWebKit/537.36 (KHTML, like Gecko) Chrome/124.0.0.0 Safari/537.36"
158.69.117.45 - - [17/Sep/2026:12:15:15 -0300] "GET /themes/wc_default/js/jquery.js HTTP/1.1" 304 - "https://www.espacofacial.com.br/themes/wc_default/js/jquery.js" "Mozilla/5.0 (Windows NT 10.0; Win64; x64) AppleWebKit/537.36 (KHTML, like Gecko) Chrome/124.0.0.0 Safari/537.36"
158.69.117.45 - - [17/Sep/2026:12:15:15 -0300] "GET /themes/wc_default/js/jquery.themepunch.revolution.min.js HTTP/1.1" 304 - "https://www.espacofacial.com.br/themes/wc_default/js/jquery.themepunch.revolution.min.js" "Mozilla/5.0 (Windows NT 10.0; Win64; x64) AppleWebKit/537.36 (KHTML, like Gecko) Chrome/124.0.0.0 Safari/537.36"
158.69.117.45 - - [17/Sep/2026:12:15:16 -0300] "GET /themes/wc_default/js/jquery-ui-1.10.3.custom.js HTTP/1.1" 304 - "https://www.espacofacial.com.br/themes/wc_default/js/jquery-ui-1.10.3.custom.js" "Mozilla/5.0 (Windows NT 10.0; Win64; x64) AppleWebKit/537.36 (KHTML, like Gecko) Chrome/124.0.0.0 Safari/537.36"
158.69.117.45 - - [17/Sep/2026:12:15:16 -0300] "GET /themes/wc_default/js/scroll-desktop.js HTTP/1.1" 304 - "https://www.espacofacial.com.br/themes/wc_default/js/scroll-desktop.js" "Mozilla/5.0 (Windows NT 10.0; Win64; x64) AppleWebKit/537.36 (KHTML, like Gecko) Chrome/124.0.0.0 Safari/537.36"
158.69.117.45 - - [17/Sep/2026:12:15:16 -0300] "GET /themes/wc_default/js/jquery.themepunch.tools.min.js HTTP/1.1" 304 - "https://www.espacofacial.com.br/themes/wc_default/js/jquery.themepunch.tools.min.js" "Mozilla/5.0 (Windows NT 10.0; Win64; x64) AppleWebKit/537.36 (KHTML, like Gecko) Chrome/124.0.0.0 Safari/537.36"
158.69.117.45 - - [17/Sep/2026:12:15:16 -0300] "GET /themes/wc_default/js/jquery.mmenu.min.all.js HTTP/1.1" 304 - "https://www.espacofacial.com.br/themes/wc_default/js/jquery.mmenu.min.all.js" "Mozilla/5.0 (Windows NT 10.0; Win64; x64) AppleWebKit/537.36 (KHTML, like Gecko) Chrome/124.0.0.0 Safari/537.36"
158.69.117.45 - - [17/Sep/2026:12:15:16 -0300] "GET /themes/wc_default/js/tabs.js HTTP/1.1" 304 - "https://www.espacofacial.com.br/themes/wc_default/js/tabs.js" "Mozilla/5.0 (Windows NT 10.0; Win64; x64) AppleWebKit/537.36 (KHTML, like Gecko) Chrome/124.0.0.0 Safari/537.36"
158.69.117.45 - - [17/Sep/2026:12:15:16 -0300] "GET /themes/wc_default/js/event.move.js HTTP/1.1" 304 - "https://www.espacofacial.com.br/themes/wc_default/js/event.move.js" "Mozilla/5.0 (Windows NT 10.0; Win64; x64) AppleWebKit/537.36 (KHTML, like Gecko) Chrome/124.0.0.0 Safari/537.36"
158.69.117.45 - - [17/Sep/2026:12:15:16 -0300] "GET /themes/wc_default/js/owl.carousel.js HTTP/1.1" 304 - "https://www.espacofacial.com.br/themes/wc_default/js/owl.carousel.js" "Mozilla/5.0 (Windows NT 10.0; Win64; x64) AppleWebKit/537.36 (KHTML, like Gecko) Chrome/124.0.0.0 Safari/537.36"
158.69.117.45 - - [17/Sep/2026:12:15:16 -0300] "GET /themes/wc_default/js/image-changer.js HTTP/1.1" 304 - "https://www.espacofacial.com.br/themes/wc_default/js/image-changer.js" "Mozilla/5.0 (Windows NT 10.0; Win64; x64) AppleWebKit/537.36 (KHTML, like Gecko) Chrome/124.0.0.0 Safari/537.36"
158.69.117.45 - - [17/Sep/2026:12:15:16 -0300] "GET /empresa HTTP/1.1" 200 38825 "https://www.espacofacial.com.br/empresa" "Mozilla/5.0 (Windows NT 10.0; Win64; x64) AppleWebKit/537.36 (KHTML, like Gecko) Chrome/124.0.0.0 Safari/537.36"
158.69.117.45 - - [17/Sep/2026:12:15:16 -0300] "GET /themes/wc_default/js/custom.js HTTP/1.1" 304 - "https://www.espacofacial.com.br/themes/wc_default/js/custom.js" "Mozilla/5.0 (Windows NT 10.0; Win64; x64) AppleWebKit/537.36 (KHTML, like Gecko) Chrome/124.0.0.0 Safari/537.36"
158.69.117.45 - - [17/Sep/2026:12:15:16 -0300] "GET /clube HTTP/1.1" 200 24516 "https://www.espacofacial.com.br/clube" "Mozilla/5.0 (Windows NT 10.0; Win64; x64) AppleWebKit/537.36 (KHTML, like Gecko) Chrome/124.0.0.0 Safari/537.36"
158.69.117.45 - - [17/Sep/2026:12:15:16 -0300] "GET /tratamentos HTTP/1.1" 200 30989 "https://www.espacofacial.com.br/tratamentos" "Mozilla/5.0 (Windows NT 10.0; Win64; x64) AppleWebKit/537.36 (KHTML, like Gecko) Chrome/124.0.0.0 Safari/537.36"
158.69.117.45 - - [17/Sep/2026:12:15:16 -0300] "GET /club HTTP/1.1" 200 21004 "https://www.espacofacial.com.br/club" "Mozilla/5.0 (Windows NT 10.0; Win64; x64) AppleWebKit/537.36 (KHTML, like Gecko) Chrome/124.0.0.0 Safari/537.36"
158.69.117.45 - - [17/Sep/2026:12:15:16 -0300] "GET /tratamento/skinbooster HTTP/1.1" 200 26759 "https://www.espacofacial.com.br/tratamento/skinbooster" "Mozilla/5.0 (Windows NT 10.0; Win64; x64) AppleWebKit/537.36 (KHTML, like Gecko) Chrome/124.0.0.0 Safari/537.36"
158.69.117.45 - - [17/Sep/2026:12:15:16 -0300] "GET /tratamento/peeling-quimico HTTP/1.1" 200 24676 "https://www.espacofacial.com.br/tratamento/peeling-quimico" "Mozilla/5.0 (Windows NT 10.0; Win64; x64) AppleWebKit/537.36 (KHTML, like Gecko) Chrome/124.0.0.0 Safari/537.36"
158.69.117.45 - - [17/Sep/2026:12:15:16 -0300] "GET /contato HTTP/1.1" 200 22114 "https://www.espacofacial.com.br/contato" "Mozilla/5.0 (Windows NT 10.0; Win64; x64) AppleWebKit/537.36 (KHTML, like Gecko) Chrome/124.0.0.0 Safari/537.36"
158.69.117.45 - - [17/Sep/2026:12:15:16 -0300] "GET /tratamento/preenchimento-facial HTTP/1.1" 200 26665 "https://www.espacofacial.com.br/tratamento/preenchimento-facial" "Mozilla/5.0 (Windows NT 10.0; Win64; x64) AppleWebKit/537.36 (KHTML, like Gecko) Chrome/124.0.0.0 Safari/537.36"
158.69.117.45 - - [17/Sep/2026:12:15:16 -0300] "GET /tratamento/fios-de-sustentacao HTTP/1.1" 200 25909 "https://www.espacofacial.com.br/tratamento/fios-de-sustentacao" "Mozilla/5.0 (Windows NT 10.0; Win64; x64) AppleWebKit/537.36 (KHTML, like Gecko) Chrome/124.0.0.0 Safari/537.36"
158.69.117.45 - - [17/Sep/2026:12:15:16 -0300] "GET /tratamento/bioestimuladores HTTP/1.1" 200 26033 "https://www.espacofacial.com.br/tratamento/bioestimuladores" "Mozilla/5.0 (Windows NT 10.0; Win64; x64) AppleWebKit/537.36 (KHTML, like Gecko) Chrome/124.0.0.0 Safari/537.36"
158.69.117.45 - - [17/Sep/2026:12:15:16 -0300] "GET /tratamento/fox-eyes HTTP/1.1" 200 25158 "https://www.espacofacial.com.br/tratamento/fox-eyes" "Mozilla/5.0 (Windows NT 10.0; Win64; x64) AppleWebKit/537.36 (KHTML, like Gecko) Chrome/124.0.0.0 Safari/537.36"
158.69.117.45 - - [17/Sep/2026:12:15:16 -0300] "GET /tratamento/microagulhamento HTTP/1.1" 200 25040 "https://www.espacofacial.com.br/tratamento/microagulhamento" "Mozilla/5.0 (Windows NT 10.0; Win64; x64) AppleWebKit/537.36 (KHTML, like Gecko) Chrome/124.0.0.0 Safari/537.36"
158.69.117.45 - - [17/Sep/2026:12:15:16 -0300] "GET /tratamento/fios-dpo HTTP/1.1" 200 24677 "https://www.espacofacial.com.br/tratamento/fios-dpo" "Mozilla/5.0 (Windows NT 10.0; Win64; x64) AppleWebKit/537.36 (KHTML, like Gecko) Chrome/124.0.0.0 Safari/537.36"
158.69.117.45 - - [17/Sep/2026:12:15:16 -0300] "GET /tratamento/lipo-de-papada-nao-cirurgica HTTP/1.1" 200 25168 "https://www.espacofacial.com.br/tratamento/lipo-de-papada-nao-cirurgica" "Mozilla/5.0 (Windows NT 10.0; Win64; x64) AppleWebKit/537.36 (KHTML, like Gecko) Chrome/124.0.0.0 Safari/537.36"
158.69.117.45 - - [17/Sep/2026:12:15:16 -0300] "GET /unidades HTTP/1.1" 200 122469 "-" "Mozilla/5.0 (Windows NT 10.0; Win64; x64) AppleWebKit/537.36 (KHTML, like Gecko) Chrome/124.0.0.0 Safari/537.36"
158.69.117.45 - - [17/Sep/2026:12:15:16 -0300] "GET /tratamento/toxina-botulinica HTTP/1.1" 200 26647 "https://www.espacofacial.com.br/tratamento/toxina-botulinica" "Mozilla/5.0 (Windows NT 10.0; Win64; x64) AppleWebKit/537.36 (KHTML, like Gecko) Chrome/124.0.0.0 Safari/537.36"
158.69.117.45 - - [17/Sep/2026:12:15:17 -0300] "GET /unidade/iguatemi-esplanada-sp HTTP/1.1" 200 34717 "https://www.espacofacial.com.br/unidade/iguatemi-esplanada-sp" "Mozilla/5.0 (Windows NT 10.0; Win64; x64) AppleWebKit/537.36 (KHTML, like Gecko) Chrome/124.0.0.0 Safari/537.36"
158.69.117.45 - - [17/Sep/2026:12:15:17 -0300] "GET /unidade/shopping-brisamar-sp HTTP/1.1" 200 34395 "https://www.espacofacial.com.br/unidade/shopping-brisamar-sp" "Mozilla/5.0 (Windows NT 10.0; Win64; x64) AppleWebKit/537.36 (KHTML, like Gecko) Chrome/124.0.0.0 Safari/537.36"
158.69.117.45 - - [17/Sep/2026:12:15:17 -0300] "GET /unidade/shopping-millenium-rj HTTP/1.1" 200 34795 "https://www.espacofacial.com.br/unidade/shopping-millenium-rj" "Mozilla/5.0 (Windows NT 10.0; Win64; x64) AppleWebKit/537.36 (KHTML, like Gecko) Chrome/124.0.0.0 Safari/537.36"
158.69.117.45 - - [17/Sep/2026:12:15:17 -0300] "GET /unidade/shopping-nova-iguacu HTTP/1.1" 200 34388 "https://www.espacofacial.com.br/unidade/shopping-nova-iguacu" "Mozilla/5.0 (Windows NT 10.0; Win64; x64) AppleWebKit/537.36 (KHTML, like Gecko) Chrome/124.0.0.0 Safari/537.36"
158.69.117.45 - - [17/Sep/2026:12:15:17 -0300] "GET /unidade/americas-shopping-rj HTTP/1.1" 200 35448 "https://www.espacofacial.com.br/unidade/americas-shopping-rj" "Mozilla/5.0 (Windows NT 10.0; Win64; x64) AppleWebKit/537.36 (KHTML, like Gecko) Chrome/124.0.0.0 Safari/537.36"
158.69.117.45 - - [17/Sep/2026:12:15:17 -0300] "GET /unidade/bangu-shopping-rj HTTP/1.1" 200 34750 "https://www.espacofacial.com.br/unidade/bangu-shopping-rj" "Mozilla/5.0 (Windows NT 10.0; Win64; x64) AppleWebKit/537.36 (KHTML, like Gecko) Chrome/124.0.0.0 Safari/537.36"
158.69.117.45 - - [17/Sep/2026:12:15:17 -0300] "GET /unidade/botafogo-praia-shop-rj HTTP/1.1" 200 34961 "https://www.espacofacial.com.br/unidade/botafogo-praia-shop-rj" "Mozilla/5.0 (Windows NT 10.0; Win64; x64) AppleWebKit/537.36 (KHTML, like Gecko) Chrome/124.0.0.0 Safari/537.36"
158.69.117.45 - - [17/Sep/2026:12:15:17 -0300] "GET /unidade/jardim-botanico-rj HTTP/1.1" 200 35000 "https://www.espacofacial.com.br/unidade/jardim-botanico-rj" "Mozilla/5.0 (Windows NT 10.0; Win64; x64) AppleWebKit/537.36 (KHTML, like Gecko) Chrome/124.0.0.0 Safari/537.36"
158.69.117.45 - - [17/Sep/2026:12:15:17 -0300] "GET /unidade/shopping-taubate HTTP/1.1" 200 34578 "https://www.espacofacial.com.br/unidade/shopping-taubate" "Mozilla/5.0 (Windows NT 10.0; Win64; x64) AppleWebKit/537.36 (KHTML, like Gecko) Chrome/124.0.0.0 Safari/537.36"
158.69.117.45 - - [17/Sep/2026:12:15:17 -0300] "GET /unidade/caxias-shopping-rj HTTP/1.1" 200 34598 "https://www.espacofacial.com.br/unidade/caxias-shopping-rj" "Mozilla/5.0 (Windows NT 10.0; Win64; x64) AppleWebKit/537.36 (KHTML, like Gecko) Chrome/124.0.0.0 Safari/537.36"
158.69.117.45 - - [17/Sep/2026:12:15:17 -0300] "GET /unidade/galeria-344-tijuca-rj HTTP/1.1" 200 34766 "https://www.espacofacial.com.br/unidade/galeria-344-tijuca-rj" "Mozilla/5.0 (Windows NT 10.0; Win64; x64) AppleWebKit/537.36 (KHTML, like Gecko) Chrome/124.0.0.0 Safari/537.36"
158.69.117.45 - - [17/Sep/2026:12:15:17 -0300] "GET /unidade/Ilha%C2%A0do%C2%A0Governador HTTP/1.1" 200 34004 "https://www.espacofacial.com.br/unidade/Ilha%C2%A0do%C2%A0Governador" "Mozilla/5.0 (Windows NT 10.0; Win64; x64) AppleWebKit/537.36 (KHTML, like Gecko) Chrome/124.0.0.0 Safari/537.36"
158.69.117.45 - - [17/Sep/2026:12:15:17 -0300] "GET /unidade/Leme HTTP/1.1" 200 33629 "https://www.espacofacial.com.br/unidade/Leme" "Mozilla/5.0 (Windows NT 10.0; Win64; x64) AppleWebKit/537.36 (KHTML, like Gecko) Chrome/124.0.0.0 Safari/537.36"
136.226.63.10 - - [17/Sep/2026:12:15:17 -0300] "POST /cpsess0043854602/3rdparty/roundcube/?_task=mail&_action=refresh HTTP/1.1" 308 152 "https://webmail.espacofacial.com.br/cpsess0043854602/3rdparty/roundcube/?_task=mail&_mbox=INBOX" "Mozilla/5.0 (Windows NT 10.0; Win64; x64) AppleWebKit/537.36 (KHTML, like Gecko) Chrome/153.0.0.0 Safari/537.36"
158.69.117.45 - - [17/Sep/2026:12:15:17 -0300] "GET /unidade/Maca%C3%A9 HTTP/1.1" 200 34094 "https://www.espacofacial.com.br/unidade/Maca%C3%A9" "Mozilla/5.0 (Windows NT 10.0; Win64; x64) AppleWebKit/537.36 (KHTML, like Gecko) Chrome/124.0.0.0 Safari/537.36"
158.69.117.45 - - [17/Sep/2026:12:15:17 -0300] "GET /unidade/meier HTTP/1.1" 200 33636 "https://www.espacofacial.com.br/unidade/meier" "Mozilla/5.0 (Windows NT 10.0; Win64; x64) AppleWebKit/537.36 (KHTML, like Gecko) Chrome/124.0.0.0 Safari/537.36"
158.69.117.45 - - [17/Sep/2026:12:15:17 -0300] "GET /unidade/Shopping%20Grande%20Rio%20-%20S%C3%A3o%20Jo%C3%A3o%20de%C2%A0Meriti%C2%A0-%C2%A0MG HTTP/1.1" 403 21033 "https://www.espacofacial.com.br/unidade/Shopping%20Grande%20Rio%20-%20S%C3%A3o%20Jo%C3%A3o%20de%C2%A0Meriti%C2%A0-%C2%A0MG" "Mozilla/5.0 (Windows NT 10.0; Win64; x64) AppleWebKit/537.36 (KHTML, like Gecko) Chrome/124.0.0.0 Safari/537.36"
158.69.117.45 - - [17/Sep/2026:12:15:17 -0300] "GET /unidade/shopping-partage-campos-rj HTTP/1.1" 200 34669 "https://www.espacofacial.com.br/unidade/shopping-partage-campos-rj" "Mozilla/5.0 (Windows NT 10.0; Win64; x64) AppleWebKit/537.36 (KHTML, like Gecko) Chrome/124.0.0.0 Safari/537.36"
158.69.117.45 - - [17/Sep/2026:12:15:17 -0300] "GET /unidade/juiz-de-fora-mg HTTP/1.1" 200 34798 "https://www.espacofacial.com.br/unidade/juiz-de-fora-mg" "Mozilla/5.0 (Windows NT 10.0; Win64; x64) AppleWebKit/537.36 (KHTML, like Gecko) Chrome/124.0.0.0 Safari/537.36"
158.69.117.45 - - [17/Sep/2026:12:15:17 -0300] "GET /unidade/Vila%20Velha%20-%20ES HTTP/1.1" 403 21049 "https://www.espacofacial.com.br/unidade/Vila%20Velha%20-%20ES" "Mozilla/5.0 (Windows NT 10.0; Win64; x64) AppleWebKit/537.36 (KHTML, like Gecko) Chrome/124.0.0.0 Safari/537.36"
158.69.117.45 - - [17/Sep/2026:12:15:17 -0300] "GET /unidade/madureira-shopping-rj HTTP/1.1" 200 34802 "https://www.espacofacial.com.br/unidade/madureira-shopping-rj" "Mozilla/5.0 (Windows NT 10.0; Win64; x64) AppleWebKit/537.36 (KHTML, like Gecko) Chrome/124.0.0.0 Safari/537.36"
158.69.117.45 - - [17/Sep/2026:12:15:17 -0300] "GET /unidade/nilopolis-square-shop-rj HTTP/1.1" 200 35439 "https://www.espacofacial.com.br/unidade/nilopolis-square-shop-rj" "Mozilla/5.0 (Windows NT 10.0; Win64; x64) AppleWebKit/537.36 (KHTML, like Gecko) Chrome/124.0.0.0 Safari/537.36"
136.226.63.10 - - [17/Sep/2026:12:15:17 -0300] "POST /cpsess0043854602/3rdparty/roundcube/?_task=mail&_action=refresh HTTP/1.1" 200 1387 "https://webmail.espacofacial.com.br/cpsess0043854602/3rdparty/roundcube/?_task=mail&_mbox=INBOX" "Mozilla/5.0 (Windows NT 10.0; Win64; x64) AppleWebKit/537.36 (KHTML, like Gecko) Chrome/153.0.0.0 Safari/537.36"
158.69.117.45 - - [17/Sep/2026:12:15:17 -0300] "GET /unidade/novo-hamburgo-rs HTTP/1.1" 200 34511 "https://www.espacofacial.com.br/unidade/novo-hamburgo-rs" "Mozilla/5.0 (Windows NT 10.0; Win64; x64) AppleWebKit/537.36 (KHTML, like Gecko) Chrome/124.0.0.0 Safari/537.36"
158.69.117.45 - - [17/Sep/2026:12:15:17 -0300] "GET /unidade/recreio-shopping-rj HTTP/1.1" 200 34803 "https://www.espacofacial.com.br/unidade/recreio-shopping-rj" "Mozilla/5.0 (Windows NT 10.0; Win64; x64) AppleWebKit/537.36 (KHTML, like Gecko) Chrome/124.0.0.0 Safari/537.36"
158.69.117.45 - - [17/Sep/2026:12:15:17 -0300] "GET /unidade/sao-goncalo-shop-rj HTTP/1.1" 200 34763 "https://www.espacofacial.com.br/unidade/sao-goncalo-shop-rj" "Mozilla/5.0 (Windows NT 10.0; Win64; x64) AppleWebKit/537.36 (KHTML, like Gecko) Chrome/124.0.0.0 Safari/537.36"
158.69.117.45 - - [17/Sep/2026:12:15:17 -0300] "GET /unidade/shop-nova-america-rj HTTP/1.1" 200 34617 "https://www.espacofacial.com.br/unidade/shop-nova-america-rj" "Mozilla/5.0 (Windows NT 10.0; Win64; x64) AppleWebKit/537.36 (KHTML, like Gecko) Chrome/124.0.0.0 Safari/537.36"
158.69.117.45 - - [17/Sep/2026:12:15:17 -0300] "GET /unidade/shop-tacaruna-recife-pe HTTP/1.1" 200 34820 "https://www.espacofacial.com.br/unidade/shop-tacaruna-recife-pe" "Mozilla/5.0 (Windows NT 10.0; Win64; x64) AppleWebKit/537.36 (KHTML, like Gecko) Chrome/124.0.0.0 Safari/537.36"
158.69.117.45 - - [17/Sep/2026:12:15:17 -0300] "GET /unidade/shopping-downtown-rj HTTP/1.1" 200 34597 "https://www.espacofacial.com.br/unidade/shopping-downtown-rj" "Mozilla/5.0 (Windows NT 10.0; Win64; x64) AppleWebKit/537.36 (KHTML, like Gecko) Chrome/124.0.0.0 Safari/537.36"
158.69.117.45 - - [17/Sep/2026:12:15:17 -0300] "GET /unidade/shopping-icarai-rj HTTP/1.1" 200 34610 "https://www.espacofacial.com.br/unidade/shopping-icarai-rj" "Mozilla/5.0 (Windows NT 10.0; Win64; x64) AppleWebKit/537.36 (KHTML, like Gecko) Chrome/124.0.0.0 Safari/537.36"
158.69.117.45 - - [17/Sep/2026:12:15:17 -0300] "GET /unidade/alcantara HTTP/1.1" 200 33890 "https://www.espacofacial.com.br/unidade/alcantara" "Mozilla/5.0 (Windows NT 10.0; Win64; x64) AppleWebKit/537.36 (KHTML, like Gecko) Chrome/124.0.0.0 Safari/537.36"
158.69.117.45 - - [17/Sep/2026:12:15:17 -0300] "GET /unidade/barra-olimpica-rj HTTP/1.1" 200 34355 "https://www.espacofacial.com.br/unidade/barra-olimpica-rj" "Mozilla/5.0 (Windows NT 10.0; Win64; x64) AppleWebKit/537.36 (KHTML, like Gecko) Chrome/124.0.0.0 Safari/537.36"
158.69.117.45 - - [17/Sep/2026:12:15:17 -0300] "GET /unidade/cabo-frio HTTP/1.1" 200 34495 "https://www.espacofacial.com.br/unidade/cabo-frio" "Mozilla/5.0 (Windows NT 10.0; Win64; x64) AppleWebKit/537.36 (KHTML, like Gecko) Chrome/124.0.0.0 Safari/537.36"
158.69.117.45 - - [17/Sep/2026:12:15:17 -0300] "GET /unidade/norte-shopping-rj HTTP/1.1" 200 34775 "https://www.espacofacial.com.br/unidade/norte-shopping-rj" "Mozilla/5.0 (Windows NT 10.0; Win64; x64) AppleWebKit/537.36 (KHTML, like Gecko) Chrome/124.0.0.0 Safari/537.36"
158.69.117.45 - - [17/Sep/2026:12:15:17 -0300] "GET /unidade/campo-grande-rj HTTP/1.1" 200 33878 "https://www.espacofacial.com.br/unidade/campo-grande-rj" "Mozilla/5.0 (Windows NT 10.0; Win64; x64) AppleWebKit/537.36 (KHTML, like Gecko) Chrome/124.0.0.0 Safari/537.36"
158.69.117.45 - - [17/Sep/2026:12:15:17 -0300] "GET /unidade/copacabana-rj HTTP/1.1" 200 33912 "https://www.espacofacial.com.br/unidade/copacabana-rj" "Mozilla/5.0 (Windows NT 10.0; Win64; x64) AppleWebKit/537.36 (KHTML, like Gecko) Chrome/124.0.0.0 Safari/537.36"
158.69.117.45 - - [17/Sep/2026:12:15:17 -0300] "GET /unidade/cuiaba-mt HTTP/1.1" 200 34569 "https://www.espacofacial.com.br/unidade/cuiaba-mt" "Mozilla/5.0 (Windows NT 10.0; Win64; x64) AppleWebKit/537.36 (KHTML, like Gecko) Chrome/124.0.0.0 Safari/537.36"
158.69.117.45 - - [17/Sep/2026:12:15:17 -0300] "GET /unidade/freguesia-rj HTTP/1.1" 200 33713 "https://www.espacofacial.com.br/unidade/freguesia-rj" "Mozilla/5.0 (Windows NT 10.0; Win64; x64) AppleWebKit/537.36 (KHTML, like Gecko) Chrome/124.0.0.0 Safari/537.36"
158.69.117.45 - - [17/Sep/2026:12:15:17 -0300] "GET /unidade/Jacarepagua%20Park HTTP/1.1" 403 21018 "https://www.espacofacial.com.br/unidade/Jacarepagua%20Park" "Mozilla/5.0 (Windows NT 10.0; Win64; x64) AppleWebKit/537.36 (KHTML, like Gecko) Chrome/124.0.0.0 Safari/537.36"
158.69.117.45 - - [17/Sep/2026:12:15:17 -0300] "GET /unidade/largo-do-machado-rj HTTP/1.1" 200 34592 "https://www.espacofacial.com.br/unidade/largo-do-machado-rj" "Mozilla/5.0 (Windows NT 10.0; Win64; x64) AppleWebKit/537.36 (KHTML, like Gecko) Chrome/124.0.0.0 Safari/537.36"
158.69.117.45 - - [17/Sep/2026:12:15:17 -0300] "GET /unidade/petropolis-rj HTTP/1.1" 200 33858 "https://www.espacofacial.com.br/unidade/petropolis-rj" "Mozilla/5.0 (Windows NT 10.0; Win64; x64) AppleWebKit/537.36 (KHTML, like Gecko) Chrome/124.0.0.0 Safari/537.36"
158.69.117.45 - - [17/Sep/2026:12:15:17 -0300] "GET /unidade/plaza-niteroi HTTP/1.1" 200 33892 "https://www.espacofacial.com.br/unidade/plaza-niteroi" "Mozilla/5.0 (Windows NT 10.0; Win64; x64) AppleWebKit/537.36 (KHTML, like Gecko) Chrome/124.0.0.0 Safari/537.36"
158.69.117.45 - - [17/Sep/2026:12:15:17 -0300] "GET /unidade/porto-alegre-rs HTTP/1.1" 200 34521 "https://www.espacofacial.com.br/unidade/porto-alegre-rs" "Mozilla/5.0 (Windows NT 10.0; Win64; x64) AppleWebKit/537.36 (KHTML, like Gecko) Chrome/124.0.0.0 Safari/537.36"
158.69.117.45 - - [17/Sep/2026:12:15:17 -0300] "GET /unidade/rio-das-ostras HTTP/1.1" 200 33770 "https://www.espacofacial.com.br/unidade/rio-das-ostras" "Mozilla/5.0 (Windows NT 10.0; Win64; x64) AppleWebKit/537.36 (KHTML, like Gecko) Chrome/124.0.0.0 Safari/537.36"
158.69.117.45 - - [17/Sep/2026:12:15:17 -0300] "GET /unidade/shopping-boulevard-rj HTTP/1.1" 200 34571 "https://www.espacofacial.com.br/unidade/shopping-boulevard-rj" "Mozilla/5.0 (Windows NT 10.0; Win64; x64) AppleWebKit/537.36 (KHTML, like Gecko) Chrome/124.0.0.0 Safari/537.36"
158.69.117.45 - - [17/Sep/2026:12:15:18 -0300] "GET /unidade/Shopping-Metropolitano HTTP/1.1" 200 34238 "https://www.espacofacial.com.br/unidade/Shopping-Metropolitano" "Mozilla/5.0 (Windows NT 10.0; Win64; x64) AppleWebKit/537.36 (KHTML, like Gecko) Chrome/124.0.0.0 Safari/537.36"
158.69.117.45 - - [17/Sep/2026:12:15:18 -0300] "GET /unidade/sulacap-rj HTTP/1.1" 200 34516 "https://www.espacofacial.com.br/unidade/sulacap-rj" "Mozilla/5.0 (Windows NT 10.0; Win64; x64) AppleWebKit/537.36 (KHTML, like Gecko) Chrome/124.0.0.0 Safari/537.36"
158.69.117.45 - - [17/Sep/2026:12:15:18 -0300] "GET /unidade/Teres%C3%B3polis%20Shopping HTTP/1.1" 403 21009 "https://www.espacofacial.com.br/unidade/Teres%C3%B3polis%20Shopping" "Mozilla/5.0 (Windows NT 10.0; Win64; x64) AppleWebKit/537.36 (KHTML, like Gecko) Chrome/124.0.0.0 Safari/537.36"
158.69.117.45 - - [17/Sep/2026:12:15:18 -0300] "GET /unidade/volta-redonda HTTP/1.1" 200 33915 "https://www.espacofacial.com.br/unidade/volta-redonda" "Mozilla/5.0 (Windows NT 10.0; Win64; x64) AppleWebKit/537.36 (KHTML, like Gecko) Chrome/124.0.0.0 Safari/537.36"
158.69.117.45 - - [17/Sep/2026:12:15:18 -0300] "GET /artigo/a-crescente-importancia-da-harmonizacao-facial-na-era-da-longevidade-e-mentalidade-jovem HTTP/1.1" 200 28989 "https://www.espacofacial.com.br/artigo/a-crescente-importancia-da-harmonizacao-facial-na-era-da-longevidade-e-mentalidade-jovem" "Mozilla/5.0 (Windows NT 10.0; Win64; x64) AppleWebKit/537.36 (KHTML, like Gecko) Chrome/124.0.0.0 Safari/537.36"
158.69.117.45 - - [17/Sep/2026:12:15:18 -0300] "GET /artigos/novidades HTTP/1.1" 200 24537 "https://www.espacofacial.com.br/artigos/novidades" "Mozilla/5.0 (Windows NT 10.0; Win64; x64) AppleWebKit/537.36 (KHTML, like Gecko) Chrome/124.0.0.0 Safari/537.36"
158.69.117.45 - - [17/Sep/2026:12:15:18 -0300] "GET /artigos/dia-a-dia HTTP/1.1" 200 24384 "https://www.espacofacial.com.br/artigos/dia-a-dia" "Mozilla/5.0 (Windows NT 10.0; Win64; x64) AppleWebKit/537.36 (KHTML, like Gecko) Chrome/124.0.0.0 Safari/537.36"
158.69.117.45 - - [17/Sep/2026:12:15:18 -0300] "GET /artigo/a-partir-de-que-idade-e-adequado-aplicar-acido-hialuronico HTTP/1.1" 200 28659 "https://www.espacofacial.com.br/artigo/a-partir-de-que-idade-e-adequado-aplicar-acido-hialuronico" "Mozilla/5.0 (Windows NT 10.0; Win64; x64) AppleWebKit/537.36 (KHTML, like Gecko) Chrome/124.0.0.0 Safari/537.36"
158.69.117.45 - - [17/Sep/2026:12:15:18 -0300] "GET /artigo/descubra-sculptra-o-queridinho-das-famosas-para-um-visual-deslumbrante HTTP/1.1" 200 29301 "https://www.espacofacial.com.br/artigo/descubra-sculptra-o-queridinho-das-famosas-para-um-visual-deslumbrante" "Mozilla/5.0 (Windows NT 10.0; Win64; x64) AppleWebKit/537.36 (KHTML, like Gecko) Chrome/124.0.0.0 Safari/537.36"
158.69.117.45 - - [17/Sep/2026:12:15:18 -0300] "GET /artigo/descubra-os-beneficios-surpreendentes-dos-fios-de-sustentacao-para-a-beleza-e-juventude-da-pele HTTP/1.1" 200 29563 "https://www.espacofacial.com.br/artigo/descubra-os-beneficios-surpreendentes-dos-fios-de-sustentacao-para-a-beleza-e-juventude-da-pele" "Mozilla/5.0 (Windows NT 10.0; Win64; x64) AppleWebKit/537.36 (KHTML, like Gecko) Chrome/124.0.0.0 Safari/537.36"
158.69.117.45 - - [17/Sep/2026:12:15:18 -0300] "GET /artigos HTTP/1.1" 200 28324 "https://www.espacofacial.com.br/artigos" "Mozilla/5.0 (Windows NT 10.0; Win64; x64) AppleWebKit/537.36 (KHTML, like Gecko) Chrome/124.0.0.0 Safari/537.36"
158.69.117.45 - - [17/Sep/2026:12:15:18 -0300] "GET /faq HTTP/1.1" 200 20663 "https://www.espacofacial.com.br/faq" "Mozilla/5.0 (Windows NT 10.0; Win64; x64) AppleWebKit/537.36 (KHTML, like Gecko) Chrome/124.0.0.0 Safari/537.36"
158.69.117.45 - - [17/Sep/2026:12:15:18 -0300] "GET /politica-privacidade HTTP/1.1" 200 26405 "https://www.espacofacial.com.br/politica-privacidade" "Mozilla/5.0 (Windows NT 10.0; Win64; x64) AppleWebKit/537.36 (KHTML, like Gecko) Chrome/124.0.0.0 Safari/537.36"
158.69.117.45 - - [17/Sep/2026:12:15:18 -0300] "GET /index.html HTTP/1.1" 200 21008 "-" "Mozilla/5.0 (Windows NT 10.0; Win64; x64) AppleWebKit/537.36 (KHTML, like Gecko) Chrome/124.0.0.0 Safari/537.36"
186.205.10.91 - - [17/Sep/2026:12:15:19 -0300] "POST /cpsess9876102582/3rdparty/roundcube/?_task=mail&_action=refresh HTTP/1.1" 308 152 "https://webmail.espacofacial.com.br/cpsess9876102582/3rdparty/roundcube/?_task=mail&_mbox=INBOX" "Mozilla/5.0 (Macintosh; Intel Mac OS X 10_15_7) AppleWebKit/537.36 (KHTML, like Gecko) Chrome/152.0.0.0 Safari/537.36"
186.205.10.91 - - [17/Sep/2026:12:15:19 -0300] "POST /cpsess9876102582/3rdparty/roundcube/?_task=mail&_action=refresh HTTP/1.1" 200 1387 "https://webmail.espacofacial.com.br/cpsess9876102582/3rdparty/roundcube/?_task=mail&_mbox=INBOX" "Mozilla/5.0 (Macintosh; Intel Mac OS X 10_15_7) AppleWebKit/537.36 (KHTML, like Gecko) Chrome/152.0.0.0 Safari/537.36"
186.207.45.76 - - [17/Sep/2026:12:15:21 -0300] "POST /cpsess6230199964/3rdparty/roundcube/?_task=mail&_action=refresh HTTP/1.1" 308 152 "https://webmail.espacofacial.com.br/cpsess6230199964/3rdparty/roundcube/?_task=mail&_mbox=INBOX" "Mozilla/5.0 (Windows NT 10.0; Win64; x64) AppleWebKit/537.36 (KHTML, like Gecko) Chrome/152.0.0.0 Safari/537.36"
186.205.10.91 - - [17/Sep/2026:12:15:21 -0300] "POST /cpsess1240618111/3rdparty/roundcube/?_task=mail&_action=refresh HTTP/1.1" 308 152 "https://webmail.espacofacial.com.br/cpsess1240618111/3rdparty/roundcube/?_task=mail&_mbox=INBOX.Sent" "Mozilla/5.0 (Windows NT 10.0; Win64; x64) AppleWebKit/537.36 (KHTML, like Gecko) Chrome/152.0.0.0 Safari/537.36"
186.207.45.76 - - [17/Sep/2026:12:15:21 -0300] "POST /cpsess6230199964/3rdparty/roundcube/?_task=mail&_action=refresh HTTP/1.1" 200 1388 "https://webmail.espacofacial.com.br/cpsess6230199964/3rdparty/roundcube/?_task=mail&_mbox=INBOX" "Mozilla/5.0 (Windows NT 10.0; Win64; x64) AppleWebKit/537.36 (KHTML, like Gecko) Chrome/152.0.0.0 Safari/537.36"
186.205.10.91 - - [17/Sep/2026:12:15:22 -0300] "POST /cpsess1240618111/3rdparty/roundcube/?_task=mail&_action=refresh HTTP/1.1" 200 1387 "https://webmail.espacofacial.com.br/cpsess1240618111/3rdparty/roundcube/?_task=mail&_mbox=INBOX.Sent" "Mozilla/5.0 (Windows NT 10.0; Win64; x64) AppleWebKit/537.36 (KHTML, like Gecko) Chrome/152.0.0.0 Safari/537.36"
2001:4860:7:f03::f3 - - [17/Sep/2026:12:15:26 -0300] "GET /unidades HTTP/1.1" 200 122485 "https://www.google.com/" "Mozilla/5.0 (Linux; Android 10; K) AppleWebKit/537.36 (KHTML, like Gecko) Chrome/153.0.0.0 Mobile Safari/537.36"
200.214.45.18 - - [17/Sep/2026:12:15:28 -0300] "POST /cpsess8770996163/3rdparty/roundcube/?_task=mail&_action=refresh HTTP/1.1" 308 152 "https://webmail.espacofacial.com.br/cpsess8770996163/3rdparty/roundcube/?_task=mail&_mbox=INBOX.spam" "Mozilla/5.0 (Windows NT 10.0; Win64; x64) AppleWebKit/537.36 (KHTML, like Gecko) Chrome/152.0.0.0 Safari/537.36"
200.214.45.18 - - [17/Sep/2026:12:15:28 -0300] "POST /cpsess8770996163/3rdparty/roundcube/?_task=mail&_action=refresh HTTP/1.1" 200 1387 "https://webmail.espacofacial.com.br/cpsess8770996163/3rdparty/roundcube/?_task=mail&_mbox=INBOX.spam" "Mozilla/5.0 (Windows NT 10.0; Win64; x64) AppleWebKit/537.36 (KHTML, like Gecko) Chrome/152.0.0.0 Safari/537.36"
37.19.221.225 - - [17/Sep/2026:12:15:41 -0300] "POST /cpsess7211416590/3rdparty/roundcube/?_task=mail&_action=refresh HTTP/1.1" 308 152 "https://webmail.espacofacial.com.br/cpsess7211416590/3rdparty/roundcube/?_task=mail&_mbox=INBOX" "Mozilla/5.0 (Windows NT 10.0; Win64; x64) AppleWebKit/537.36 (KHTML, like Gecko) Chrome/152.0.0.0 Safari/537.36"
37.19.221.225 - - [17/Sep/2026:12:15:42 -0300] "POST /cpsess7211416590/3rdparty/roundcube/?_task=mail&_action=refresh HTTP/1.1" 200 1387 "https://webmail.espacofacial.com.br/cpsess7211416590/3rdparty/roundcube/?_task=mail&_mbox=INBOX" "Mozilla/5.0 (Windows NT 10.0; Win64; x64) AppleWebKit/537.36 (KHTML, like Gecko) Chrome/152.0.0.0 Safari/537.36"
200.195.112.243 - - [17/Sep/2026:12:16:06 -0300] "POST /cpsess1974799990/3rdparty/roundcube/?_task=mail&_action=refresh HTTP/1.1" 308 152 "https://webmail.espacofacial.com.br/cpsess1974799990/3rdparty/roundcube/?_task=mail&_mbox=INBOX.spam" "Mozilla/5.0 (Windows NT 10.0; Win64; x64) AppleWebKit/537.36 (KHTML, like Gecko) Chrome/153.0.0.0 Safari/537.36"
200.195.112.243 - - [17/Sep/2026:12:16:06 -0300] "POST /cpsess1974799990/3rdparty/roundcube/?_task=mail&_action=refresh HTTP/1.1" 200 1390 "https://webmail.espacofacial.com.br/cpsess1974799990/3rdparty/roundcube/?_task=mail&_mbox=INBOX.spam" "Mozilla/5.0 (Windows NT 10.0; Win64; x64) AppleWebKit/537.36 (KHTML, like Gecko) Chrome/153.0.0.0 Safari/537.36"
200.215.226.190 - - [17/Sep/2026:12:16:10 -0300] "POST /cpsess7592551980/3rdparty/roundcube/?_task=mail&_action=refresh HTTP/1.1" 200 1388 "https://webmail.espacofacial.com.br/cpsess7592551980/3rdparty/roundcube/?_task=mail&_mbox=INBOX" "Mozilla/5.0 (Windows NT 10.0; Win64; x64) AppleWebKit/537.36 (KHTML, like Gecko) Chrome/152.0.0.0 Safari/537.36"
136.226.63.10 - - [17/Sep/2026:12:16:17 -0300] "POST /cpsess0043854602/3rdparty/roundcube/?_task=mail&_action=refresh HTTP/1.1" 308 152 "https://webmail.espacofacial.com.br/cpsess0043854602/3rdparty/roundcube/?_task=mail&_mbox=INBOX" "Mozilla/5.0 (Windows NT 10.0; Win64; x64) AppleWebKit/537.36 (KHTML, like Gecko) Chrome/153.0.0.0 Safari/537.36"
136.226.63.10 - - [17/Sep/2026:12:16:17 -0300] "POST /cpsess0043854602/3rdparty/roundcube/?_task=mail&_action=refresh HTTP/1.1" 200 1388 "https://webmail.espacofacial.com.br/cpsess0043854602/3rdparty/roundcube/?_task=mail&_mbox=INBOX" "Mozilla/5.0 (Windows NT 10.0; Win64; x64) AppleWebKit/537.36 (KHTML, like Gecko) Chrome/153.0.0.0 Safari/537.36"
2a02:26f7:e502:5808:0:e000:0:8 - - [17/Sep/2026:12:16:19 -0300] "GET /skunk/carrosel/carrosel.html HTTP/1.1" 200 36626 "https://www.skunk.com.br/" "Mozilla/5.0 (iPhone; CPU iPhone OS 18_7 like Mac OS X) AppleWebKit/605.1.15 (KHTML, like Gecko) Version/26.6.1 Mobile/15E148 Safari/604.1"
186.205.10.91 - - [17/Sep/2026:12:16:20 -0300] "POST /cpsess9876102582/3rdparty/roundcube/?_task=mail&_action=refresh HTTP/1.1" 308 152 "https://webmail.espacofacial.com.br/cpsess9876102582/3rdparty/roundcube/?_task=mail&_mbox=INBOX" "Mozilla/5.0 (Macintosh; Intel Mac OS X 10_15_7) AppleWebKit/537.36 (KHTML, like Gecko) Chrome/152.0.0.0 Safari/537.36"
186.205.10.91 - - [17/Sep/2026:12:16:20 -0300] "POST /cpsess9876102582/3rdparty/roundcube/?_task=mail&_action=refresh HTTP/1.1" 200 1387 "https://webmail.espacofacial.com.br/cpsess9876102582/3rdparty/roundcube/?_task=mail&_mbox=INBOX" "Mozilla/5.0 (Macintosh; Intel Mac OS X 10_15_7) AppleWebKit/537.36 (KHTML, like Gecko) Chrome/152.0.0.0 Safari/537.36"
186.207.45.76 - - [17/Sep/2026:12:16:21 -0300] "POST /cpsess6230199964/3rdparty/roundcube/?_task=mail&_action=refresh HTTP/1.1" 308 152 "https://webmail.espacofacial.com.br/cpsess6230199964/3rdparty/roundcube/?_task=mail&_mbox=INBOX" "Mozilla/5.0 (Windows NT 10.0; Win64; x64) AppleWebKit/537.36 (KHTML, like Gecko) Chrome/152.0.0.0 Safari/537.36"
186.207.45.76 - - [17/Sep/2026:12:16:21 -0300] "POST /cpsess6230199964/3rdparty/roundcube/?_task=mail&_action=refresh HTTP/1.1" 200 1388 "https://webmail.espacofacial.com.br/cpsess6230199964/3rdparty/roundcube/?_task=mail&_mbox=INBOX" "Mozilla/5.0 (Windows NT 10.0; Win64; x64) AppleWebKit/537.36 (KHTML, like Gecko) Chrome/152.0.0.0 Safari/537.36"
186.205.10.91 - - [17/Sep/2026:12:16:22 -0300] "POST /cpsess1240618111/3rdparty/roundcube/?_task=mail&_action=refresh HTTP/1.1" 308 152 "https://webmail.espacofacial.com.br/cpsess1240618111/3rdparty/roundcube/?_task=mail&_mbox=INBOX.Sent" "Mozilla/5.0 (Windows NT 10.0; Win64; x64) AppleWebKit/537.36 (KHTML, like Gecko) Chrome/152.0.0.0 Safari/537.36"
186.205.10.91 - - [17/Sep/2026:12:16:23 -0300] "POST /cpsess1240618111/3rdparty/roundcube/?_task=mail&_action=refresh HTTP/1.1" 200 1388 "https://webmail.espacofacial.com.br/cpsess1240618111/3rdparty/roundcube/?_task=mail&_mbox=INBOX.Sent" "Mozilla/5.0 (Windows NT 10.0; Win64; x64) AppleWebKit/537.36 (KHTML, like Gecko) Chrome/152.0.0.0 Safari/537.36"
2804:13c:210:8700:b9c7:8bfe:95db:ab1f - - [17/Sep/2026:12:16:24 -0300] "GET /skunk/carrosel/carrosel.html HTTP/1.1" 200 36626 "https://www.skunk.com.br/" "Mozilla/5.0 (iPhone; CPU iPhone OS 26_6_1 like Mac OS X) AppleWebKit/605.1.15 (KHTML, like Gecko) Mobile/23G83 Instagram 446.0.0.28.66 (iPhone14,5; iOS 26_6_1; pt_BR; pt; scale=3.00; 1170x2532; IABMV/1; 1060018354) Safari/604.1"
200.167.89.98 - - [17/Sep/2026:12:16:28 -0300] "POST /cpsess8770996163/3rdparty/roundcube/?_task=mail&_action=refresh HTTP/1.1" 308 152 "https://webmail.espacofacial.com.br/cpsess8770996163/3rdparty/roundcube/?_task=mail&_mbox=INBOX.spam" "Mozilla/5.0 (Windows NT 10.0; Win64; x64) AppleWebKit/537.36 (KHTML, like Gecko) Chrome/152.0.0.0 Safari/537.36"
200.167.89.98 - - [17/Sep/2026:12:16:28 -0300] "POST /cpsess8770996163/3rdparty/roundcube/?_task=mail&_action=refresh HTTP/1.1" 200 1387 "https://webmail.espacofacial.com.br/cpsess8770996163/3rdparty/roundcube/?_task=mail&_mbox=INBOX.spam" "Mozilla/5.0 (Windows NT 10.0; Win64; x64) AppleWebKit/537.36 (KHTML, like Gecko) Chrome/152.0.0.0 Safari/537.36"
37.19.221.225 - - [17/Sep/2026:12:16:42 -0300] "POST /cpsess7211416590/3rdparty/roundcube/?_task=mail&_action=refresh HTTP/1.1" 308 152 "https://webmail.espacofacial.com.br/cpsess7211416590/3rdparty/roundcube/?_task=mail&_mbox=INBOX" "Mozilla/5.0 (Windows NT 10.0; Win64; x64) AppleWebKit/537.36 (KHTML, like Gecko) Chrome/152.0.0.0 Safari/537.36"
37.19.221.225 - - [17/Sep/2026:12:16:43 -0300] "POST /cpsess7211416590/3rdparty/roundcube/?_task=mail&_action=refresh HTTP/1.1" 200 1388 "https://webmail.espacofacial.com.br/cpsess7211416590/3rdparty/roundcube/?_task=mail&_mbox=INBOX" "Mozilla/5.0 (Windows NT 10.0; Win64; x64) AppleWebKit/537.36 (KHTML, like Gecko) Chrome/152.0.0.0 Safari/537.36"
2804:13c:210:8700:b9c7:8bfe:95db:ab1f - - [17/Sep/2026:12:16:51 -0300] "GET /skunk/carrosel/carrosel.html HTTP/1.1" 200 36626 "https://www.skunk.com.br/" "Mozilla/5.0 (iPhone; CPU iPhone OS 18_7 like Mac OS X) AppleWebKit/605.1.15 (KHTML, like Gecko) Version/26.6.1 Mobile/15E148 Safari/604.1"
200.195.112.243 - - [17/Sep/2026:12:17:06 -0300] "POST /cpsess1974799990/3rdparty/roundcube/?_task=mail&_action=refresh HTTP/1.1" 308 152 "https://webmail.espacofacial.com.br/cpsess1974799990/3rdparty/roundcube/?_task=mail&_mbox=INBOX.spam" "Mozilla/5.0 (Windows NT 10.0; Win64; x64) AppleWebKit/537.36 (KHTML, like Gecko) Chrome/153.0.0.0 Safari/537.36"
200.195.112.243 - - [17/Sep/2026:12:17:06 -0300] "POST /cpsess1974799990/3rdparty/roundcube/?_task=mail&_action=refresh HTTP/1.1" 200 1390 "https://webmail.espacofacial.com.br/cpsess1974799990/3rdparty/roundcube/?_task=mail&_mbox=INBOX.spam" "Mozilla/5.0 (Windows NT 10.0; Win64; x64) AppleWebKit/537.36 (KHTML, like Gecko) Chrome/153.0.0.0 Safari/537.36"
200.215.226.190 - - [17/Sep/2026:12:17:10 -0300] "POST /cpsess7592551980/3rdparty/roundcube/?_task=mail&_action=refresh HTTP/1.1" 308 152 "https://webmail.espacofacial.com.br/cpsess7592551980/3rdparty/roundcube/?_task=mail&_mbox=INBOX" "Mozilla/5.0 (Windows NT 10.0; Win64; x64) AppleWebKit/537.36 (KHTML, like Gecko) Chrome/152.0.0.0 Safari/537.36"
200.215.226.190 - - [17/Sep/2026:12:17:10 -0300] "POST /cpsess7592551980/3rdparty/roundcube/?_task=mail&_action=refresh HTTP/1.1" 200 1388 "https://webmail.espacofacial.com.br/cpsess7592551980/3rdparty/roundcube/?_task=mail&_mbox=INBOX" "Mozilla/5.0 (Windows NT 10.0; Win64; x64) AppleWebKit/537.36 (KHTML, like Gecko) Chrome/152.0.0.0 Safari/537.36"
136.226.63.10 - - [17/Sep/2026:12:17:17 -0300] "POST /cpsess0043854602/3rdparty/roundcube/?_task=mail&_action=refresh HTTP/1.1" 308 152 "https://webmail.espacofacial.com.br/cpsess0043854602/3rdparty/roundcube/?_task=mail&_mbox=INBOX" "Mozilla/5.0 (Windows NT 10.0; Win64; x64) AppleWebKit/537.36 (KHTML, like Gecko) Chrome/153.0.0.0 Safari/537.36"
