shell bypass 403

UnknownSec Shell

: /home/espa7358/access-logs/ [ drwxr-x--- ]
Uname: Linux dedi-15171674.espacofacial.com.br 5.14.0-687.36.1.el9_8.x86_64 #1 SMP PREEMPT_DYNAMIC Fri Aug 7 05:40:49 EDT 2026 x86_64
Software: Apache
PHP version: 8.2.33 [ PHP INFO ] PHP os: Linux
Server Ip: 104.21.5.151
Your Ip: 216.73.216.87
User: espa7358 (1004) | Group: espa7358 (1003)
Safe Mode: OFF
Disable Function:
NONE

name : barraolimpica.espacofacial.com.br-ssl_log
102.220.161.89 - - [17/Sep/2026:12:09:35 -0300] "GET / HTTP/1.1" 200 12712 "-" "Mozilla/5.0 (Macintosh; Intel Mac OS X 10_15_7) AppleWebKit/537.36 (KHTML, like Gecko) Chrome/124.0.0.0 Safari/537.36"
93.152.209.3 - - [17/Sep/2026:12:09:37 -0300] "GET / HTTP/1.1" 200 12712 "-" "Mozilla/5.0 (Macintosh; Intel Mac OS X 10_15_7) AppleWebKit/537.36 (KHTML, like Gecko) Chrome/124.0.0.0 Safari/537.36"
2a03:b0c0:2:d0::1774:b001 - - [17/Sep/2026:12:09:37 -0300] "GET / HTTP/1.1" 200 12712 "-" "Mozilla/5.0 (l9scan/2.0.739353a353138363a3a303330333a303037343a363036323; +https://leakix.net)"
64.226.65.160 - - [17/Sep/2026:12:09:37 -0300] "GET / HTTP/1.1" 200 12712 "-" "Mozilla/5.0 (l9scan/2.0.135313e253e21323e2430313; +https://leakix.net)"
143.110.213.72 - - [17/Sep/2026:12:09:38 -0300] "GET / HTTP/1.1" 200 12712 "-" "Mozilla/5.0 (l9scan/2.0.638313e2435313e27363e2237313; +https://leakix.net)"
2a03:b0c0:2:d0::10fd:3001 - - [17/Sep/2026:12:09:38 -0300] "GET / HTTP/1.1" 200 12712 "-" "Mozilla/5.0 (l9scan/2.0.16261693a333433616a3a333330333a303037343a363036323; +https://leakix.net)"
64.226.65.160 - - [17/Sep/2026:12:09:38 -0300] "GET /console/ HTTP/1.1" 404 - "-" "Mozilla/5.0 (l9scan/2.0.135313e253e21323e2430313; +https://leakix.net)"
143.110.213.72 - - [17/Sep/2026:12:09:38 -0300] "GET /console/ HTTP/1.1" 404 - "-" "Mozilla/5.0 (l9scan/2.0.638313e2435313e27363e2237313; +https://leakix.net)"
143.110.213.72 - - [17/Sep/2026:12:09:39 -0300] "GET /server HTTP/1.1" 404 - "-" "Mozilla/5.0 (l9scan/2.0.638313e2435313e27363e2237313; +https://leakix.net)"
64.226.65.160 - - [17/Sep/2026:12:09:39 -0300] "GET /server HTTP/1.1" 404 - "-" "Mozilla/5.0 (l9scan/2.0.135313e253e21323e2430313; +https://leakix.net)"
143.110.213.72 - - [17/Sep/2026:12:09:40 -0300] "GET /server-status HTTP/1.1" 404 - "-" "Mozilla/5.0 (l9scan/2.0.638313e2435313e27363e2237313; +https://leakix.net)"
64.226.65.160 - - [17/Sep/2026:12:09:40 -0300] "GET /server-status HTTP/1.1" 404 - "-" "Mozilla/5.0 (l9scan/2.0.135313e253e21323e2430313; +https://leakix.net)"
64.226.65.160 - - [17/Sep/2026:12:09:42 -0300] "GET /about HTTP/1.1" 404 - "-" "Mozilla/5.0 (l9scan/2.0.135313e253e21323e2430313; +https://leakix.net)"
143.110.213.72 - - [17/Sep/2026:12:09:42 -0300] "GET /about HTTP/1.1" 404 - "-" "Mozilla/5.0 (l9scan/2.0.638313e2435313e27363e2237313; +https://leakix.net)"
143.110.213.72 - - [17/Sep/2026:12:09:43 -0300] "GET /login.action HTTP/1.1" 404 - "-" "Mozilla/5.0 (l9scan/2.0.638313e2435313e27363e2237313; +https://leakix.net)"
64.226.65.160 - - [17/Sep/2026:12:09:43 -0300] "GET /login.action HTTP/1.1" 404 - "-" "Mozilla/5.0 (l9scan/2.0.135313e253e21323e2430313; +https://leakix.net)"
143.110.213.72 - - [17/Sep/2026:12:09:44 -0300] "GET / HTTP/1.1" 200 12712 "-" "Mozilla/5.0 (l9scan/2.0.638313e2435313e27363e2237313; +https://leakix.net)"
64.226.65.160 - - [17/Sep/2026:12:09:44 -0300] "GET / HTTP/1.1" 200 12712 "-" "Mozilla/5.0 (l9scan/2.0.135313e253e21323e2430313; +https://leakix.net)"
143.110.213.72 - - [17/Sep/2026:12:09:44 -0300] "GET /___proxy_subdomain_whm/login HTTP/1.1" 404 - "-" "Mozilla/5.0 (l9scan/2.0.638313e2435313e27363e2237313; +https://leakix.net)"
143.110.213.72 - - [17/Sep/2026:12:09:45 -0300] "GET /___proxy_subdomain_cpanel HTTP/1.1" 404 - "-" "Mozilla/5.0 (l9scan/2.0.638313e2435313e27363e2237313; +https://leakix.net)"
64.226.65.160 - - [17/Sep/2026:12:09:45 -0300] "GET /___proxy_subdomain_whm/login HTTP/1.1" 404 - "-" "Mozilla/5.0 (l9scan/2.0.135313e253e21323e2430313; +https://leakix.net)"
143.110.213.72 - - [17/Sep/2026:12:09:45 -0300] "GET /v2/_catalog HTTP/1.1" 404 - "-" "Mozilla/5.0 (l9scan/2.0.638313e2435313e27363e2237313; +https://leakix.net)"
64.226.65.160 - - [17/Sep/2026:12:09:45 -0300] "GET /___proxy_subdomain_cpanel HTTP/1.1" 404 - "-" "Mozilla/5.0 (l9scan/2.0.135313e253e21323e2430313; +https://leakix.net)"
143.110.213.72 - - [17/Sep/2026:12:09:46 -0300] "GET /.DS_Store HTTP/1.1" 404 - "-" "Mozilla/5.0 (l9scan/2.0.638313e2435313e27363e2237313; +https://leakix.net)"
64.226.65.160 - - [17/Sep/2026:12:09:46 -0300] "GET /v2/_catalog HTTP/1.1" 404 - "-" "Mozilla/5.0 (l9scan/2.0.135313e253e21323e2430313; +https://leakix.net)"
64.226.65.160 - - [17/Sep/2026:12:09:47 -0300] "GET /.DS_Store HTTP/1.1" 404 - "-" "Mozilla/5.0 (l9scan/2.0.135313e253e21323e2430313; +https://leakix.net)"
143.110.213.72 - - [17/Sep/2026:12:09:47 -0300] "GET /.env HTTP/1.1" 404 - "-" "Mozilla/5.0 (l9scan/2.0.638313e2435313e27363e2237313; +https://leakix.net)"
64.226.65.160 - - [17/Sep/2026:12:09:48 -0300] "GET /.env HTTP/1.1" 404 - "-" "Mozilla/5.0 (l9scan/2.0.135313e253e21323e2430313; +https://leakix.net)"
143.110.213.72 - - [17/Sep/2026:12:09:49 -0300] "GET /ecp/Current/exporttool/microsoft.exchange.ediscovery.exporttool.application HTTP/1.1" 404 - "-" "Mozilla/5.0 (l9scan/2.0.638313e2435313e27363e2237313; +https://leakix.net)"
64.226.65.160 - - [17/Sep/2026:12:09:50 -0300] "GET /ecp/Current/exporttool/microsoft.exchange.ediscovery.exporttool.application HTTP/1.1" 404 - "-" "Mozilla/5.0 (l9scan/2.0.135313e253e21323e2430313; +https://leakix.net)"
143.110.213.72 - - [17/Sep/2026:12:09:51 -0300] "GET /.git/config HTTP/1.1" 404 - "-" "Mozilla/5.0 (l9scan/2.0.638313e2435313e27363e2237313; +https://leakix.net)"
143.110.213.72 - - [17/Sep/2026:12:09:52 -0300] "POST /graphql HTTP/1.1" 404 - "-" "Mozilla/5.0 (l9scan/2.0.638313e2435313e27363e2237313; +https://leakix.net)"
64.226.65.160 - - [17/Sep/2026:12:09:52 -0300] "GET /.git/config HTTP/1.1" 404 - "-" "Mozilla/5.0 (l9scan/2.0.135313e253e21323e2430313; +https://leakix.net)"
143.110.213.72 - - [17/Sep/2026:12:09:52 -0300] "POST /api HTTP/1.1" 301 294 "-" "Mozilla/5.0 (l9scan/2.0.638313e2435313e27363e2237313; +https://leakix.net)"
143.110.213.72 - - [17/Sep/2026:12:09:52 -0300] "POST /api/graphql HTTP/1.1" 404 - "-" "Mozilla/5.0 (l9scan/2.0.638313e2435313e27363e2237313; +https://leakix.net)"
143.110.213.72 - - [17/Sep/2026:12:09:53 -0300] "POST /graphql/api HTTP/1.1" 404 - "-" "Mozilla/5.0 (l9scan/2.0.638313e2435313e27363e2237313; +https://leakix.net)"
143.110.213.72 - - [17/Sep/2026:12:09:53 -0300] "POST /api/gql HTTP/1.1" 404 - "-" "Mozilla/5.0 (l9scan/2.0.638313e2435313e27363e2237313; +https://leakix.net)"
64.226.65.160 - - [17/Sep/2026:12:09:53 -0300] "POST /graphql HTTP/1.1" 404 - "-" "Mozilla/5.0 (l9scan/2.0.135313e253e21323e2430313; +https://leakix.net)"
143.110.213.72 - - [17/Sep/2026:12:09:53 -0300] "GET /s/638313e2435313e27363e2237313/_/;/META-INF/maven/com.atlassian.jira/jira-webapp-dist/pom.properties HTTP/1.1" 404 - "-" "Mozilla/5.0 (l9scan/2.0.638313e2435313e27363e2237313; +https://leakix.net)"
64.226.65.160 - - [17/Sep/2026:12:09:53 -0300] "POST /api HTTP/1.1" 301 294 "-" "Mozilla/5.0 (l9scan/2.0.135313e253e21323e2430313; +https://leakix.net)"
143.110.213.72 - - [17/Sep/2026:12:09:54 -0300] "GET /config.json HTTP/1.1" 404 - "-" "Mozilla/5.0 (l9scan/2.0.638313e2435313e27363e2237313; +https://leakix.net)"
64.226.65.160 - - [17/Sep/2026:12:09:54 -0300] "POST /api/graphql HTTP/1.1" 404 - "-" "Mozilla/5.0 (l9scan/2.0.135313e253e21323e2430313; +https://leakix.net)"
93.152.209.4 - - [17/Sep/2026:12:09:54 -0300] "GET / HTTP/1.1" 200 12712 "-" "Mozilla/5.0 (Macintosh; Intel Mac OS X 10_15_7) AppleWebKit/537.36 (KHTML, like Gecko) Chrome/124.0.0.0 Safari/537.36"
64.226.65.160 - - [17/Sep/2026:12:09:55 -0300] "POST /graphql/api HTTP/1.1" 404 - "-" "Mozilla/5.0 (l9scan/2.0.135313e253e21323e2430313; +https://leakix.net)"
64.226.65.160 - - [17/Sep/2026:12:09:55 -0300] "POST /api/gql HTTP/1.1" 404 - "-" "Mozilla/5.0 (l9scan/2.0.135313e253e21323e2430313; +https://leakix.net)"
64.226.65.160 - - [17/Sep/2026:12:09:56 -0300] "GET /s/135313e253e21323e2430313/_/;/META-INF/maven/com.atlassian.jira/jira-webapp-dist/pom.properties HTTP/1.1" 404 - "-" "Mozilla/5.0 (l9scan/2.0.135313e253e21323e2430313; +https://leakix.net)"
143.110.213.72 - - [17/Sep/2026:12:09:56 -0300] "GET /telescope/requests HTTP/1.1" 404 - "-" "Mozilla/5.0 (l9scan/2.0.638313e2435313e27363e2237313; +https://leakix.net)"
143.110.213.72 - - [17/Sep/2026:12:09:56 -0300] "GET /info.php HTTP/1.1" 404 - "-" "Mozilla/5.0 (l9scan/2.0.638313e2435313e27363e2237313; +https://leakix.net)"
64.226.65.160 - - [17/Sep/2026:12:09:57 -0300] "GET /config.json HTTP/1.1" 404 - "-" "Mozilla/5.0 (l9scan/2.0.135313e253e21323e2430313; +https://leakix.net)"
143.110.213.72 - - [17/Sep/2026:12:09:57 -0300] "GET /.well-known/security.txt HTTP/1.1" 404 - "-" "Mozilla/5.0 (l9scan/2.0.638313e2435313e27363e2237313; +https://leakix.net)"
143.110.213.72 - - [17/Sep/2026:12:09:58 -0300] "GET /actuator/env HTTP/1.1" 404 - "-" "Mozilla/5.0 (l9scan/2.0.638313e2435313e27363e2237313; +https://leakix.net)"
64.226.65.160 - - [17/Sep/2026:12:09:59 -0300] "GET /telescope/requests HTTP/1.1" 404 - "-" "Mozilla/5.0 (l9scan/2.0.135313e253e21323e2430313; +https://leakix.net)"
45.227.253.15 - - [17/Sep/2026:12:09:59 -0300] "GET /index.php/jk HTTP/1.1" 404 - "-" "Mozilla/5.0 (Macintosh; Intel Mac OS X 10.15; rv:82.0) Gecko/20100101 Firefox/82.0"
64.226.65.160 - - [17/Sep/2026:12:09:59 -0300] "GET /info.php HTTP/1.1" 404 - "-" "Mozilla/5.0 (l9scan/2.0.135313e253e21323e2430313; +https://leakix.net)"
143.110.213.72 - - [17/Sep/2026:12:09:59 -0300] "GET /trace.axd HTTP/1.1" 404 - "-" "Mozilla/5.0 (l9scan/2.0.638313e2435313e27363e2237313; +https://leakix.net)"
143.110.213.72 - - [17/Sep/2026:12:10:00 -0300] "GET /@vite/env HTTP/1.1" 404 - "-" "Mozilla/5.0 (l9scan/2.0.638313e2435313e27363e2237313; +https://leakix.net)"
64.226.65.160 - - [17/Sep/2026:12:10:01 -0300] "GET /.well-known/security.txt HTTP/1.1" 404 - "-" "Mozilla/5.0 (l9scan/2.0.135313e253e21323e2430313; +https://leakix.net)"
143.110.213.72 - - [17/Sep/2026:12:10:01 -0300] "GET /.vscode/sftp.json HTTP/1.1" 404 - "-" "Mozilla/5.0 (l9scan/2.0.638313e2435313e27363e2237313; +https://leakix.net)"
64.226.65.160 - - [17/Sep/2026:12:10:01 -0300] "GET /actuator/env HTTP/1.1" 404 - "-" "Mozilla/5.0 (l9scan/2.0.135313e253e21323e2430313; +https://leakix.net)"
143.110.213.72 - - [17/Sep/2026:12:10:02 -0300] "OPTIONS / HTTP/1.1" 200 - "-" "Mozilla/5.0 (l9scan/2.0.638313e2435313e27363e2237313; +https://leakix.net)"
64.226.65.160 - - [17/Sep/2026:12:10:03 -0300] "GET /trace.axd HTTP/1.1" 404 - "-" "Mozilla/5.0 (l9scan/2.0.135313e253e21323e2430313; +https://leakix.net)"
143.110.213.72 - - [17/Sep/2026:12:10:03 -0300] "GET /?rest_route=/wp/v2/users/ HTTP/1.1" 200 12712 "-" "Mozilla/5.0 (l9scan/2.0.638313e2435313e27363e2237313; +https://leakix.net)"
64.226.65.160 - - [17/Sep/2026:12:10:04 -0300] "GET /@vite/env HTTP/1.1" 404 - "-" "Mozilla/5.0 (l9scan/2.0.135313e253e21323e2430313; +https://leakix.net)"
143.110.213.72 - - [17/Sep/2026:12:10:04 -0300] "GET /debug/default/view?panel=config HTTP/1.1" 404 - "-" "Mozilla/5.0 (l9scan/2.0.638313e2435313e27363e2237313; +https://leakix.net)"
64.226.65.160 - - [17/Sep/2026:12:10:05 -0300] "GET /.vscode/sftp.json HTTP/1.1" 404 - "-" "Mozilla/5.0 (l9scan/2.0.135313e253e21323e2430313; +https://leakix.net)"
64.226.65.160 - - [17/Sep/2026:12:10:06 -0300] "OPTIONS / HTTP/1.1" 200 - "-" "Mozilla/5.0 (l9scan/2.0.135313e253e21323e2430313; +https://leakix.net)"
64.226.65.160 - - [17/Sep/2026:12:10:07 -0300] "GET /?rest_route=/wp/v2/users/ HTTP/1.1" 200 12712 "-" "Mozilla/5.0 (l9scan/2.0.135313e253e21323e2430313; +https://leakix.net)"
64.226.65.160 - - [17/Sep/2026:12:10:08 -0300] "GET /debug/default/view?panel=config HTTP/1.1" 404 - "-" "Mozilla/5.0 (l9scan/2.0.135313e253e21323e2430313; +https://leakix.net)"
13.221.82.89 - - [17/Sep/2026:12:14:07 -0300] "GET / HTTP/1.1" 200 12712 "-" "Mozilla/5.0 (Macintosh; Intel Mac OS X 10_10_1) AppleWebKit/537.36 (KHTML, like Gecko) Chrome/39.0.2171.95 Safari/537.36"
158.69.117.45 - - [17/Sep/2026:12:15:13 -0300] "GET / HTTP/1.1" 200 12712 "-" "Mozilla/5.0 (Windows NT 10.0; Win64; x64) AppleWebKit/537.36 (KHTML, like Gecko) Chrome/124.0.0.0 Safari/537.36"
91.231.89.249 - - [17/Sep/2026:12:19:25 -0300] "GET / HTTP/1.1" 200 12712 "-" "Mozilla/5.0 (X11; Ubuntu; Linux x86_64; rv:134.0) Gecko/20100101 Firefox/134.0"
91.230.168.165 - - [17/Sep/2026:12:22:15 -0300] "GET /images/icon-slot-gacor-agenhoki.png HTTP/1.1" 404 - "-" "Mozilla/5.0 (X11; Ubuntu; Linux x86_64; rv:134.0) Gecko/20100101 Firefox/134.0"
18.204.213.149 - - [17/Sep/2026:12:26:19 -0300] "GET / HTTP/1.1" 200 12712 "-" "axios/1.16.1"
64.89.161.82 - - [17/Sep/2026:12:34:26 -0300] "GET /js/env.js HTTP/1.1" 404 - "-" "Mozilla/5.0 (Windows NT 10.0; Win64; x64) AppleWebKit/537.36 (KHTML, like Gecko) Chrome/148.0.0.0 Safari/537.36"
64.89.161.82 - - [17/Sep/2026:12:34:26 -0300] "GET /config.js HTTP/1.1" 404 - "-" "Mozilla/5.0 (Windows NT 10.0; Win64; x64) AppleWebKit/537.36 (KHTML, like Gecko) Chrome/148.0.0.0 Safari/537.36"
64.89.161.82 - - [17/Sep/2026:12:34:26 -0300] "GET /api/config HTTP/1.1" 404 - "-" "Mozilla/5.0 (Windows NT 10.0; Win64; x64) AppleWebKit/537.36 (KHTML, like Gecko) Chrome/148.0.0.0 Safari/537.36"
64.89.161.82 - - [17/Sep/2026:12:34:26 -0300] "GET /config.json HTTP/1.1" 404 - "-" "Mozilla/5.0 (Windows NT 10.0; Win64; x64) AppleWebKit/537.36 (KHTML, like Gecko) Chrome/148.0.0.0 Safari/537.36"
64.89.161.82 - - [17/Sep/2026:12:34:26 -0300] "GET /.env HTTP/1.1" 404 - "-" "Mozilla/5.0 (Windows NT 10.0; Win64; x64) AppleWebKit/537.36 (KHTML, like Gecko) Chrome/148.0.0.0 Safari/537.36"
64.89.161.82 - - [17/Sep/2026:12:34:26 -0300] "GET / HTTP/1.1" 200 12712 "-" "Mozilla/5.0 (Windows NT 10.0; Win64; x64) AppleWebKit/537.36 (KHTML, like Gecko) Chrome/148.0.0.0 Safari/537.36"
45.61.137.20 - - [17/Sep/2026:13:09:33 -0300] "GET / HTTP/1.1" 200 12712 "-" "Mozilla/5.0 (Macintosh; Intel Mac OS X 10_15_7) AppleWebKit/605.1.15 (KHTML, like Gecko) Version/17.3 Safari/605.1.15"
216.73.216.229 - - [17/Sep/2026:13:18:19 -0300] "GET /robots.txt HTTP/1.1" 200 764 "-" "Mozilla/5.0 AppleWebKit/537.36 (KHTML, like Gecko; compatible; ClaudeBot/1.0; [email protected])"
216.73.216.229 - - [17/Sep/2026:13:18:41 -0300] "GET / HTTP/1.1" 200 12712 "-" "Mozilla/5.0 AppleWebKit/537.36 (KHTML, like Gecko; compatible; ClaudeBot/1.0; [email protected])"
74.7.244.17 - - [17/Sep/2026:13:28:26 -0300] "GET /robots.txt HTTP/1.1" 304 - "-" "Mozilla/5.0 (Macintosh; Intel Mac OS X 10_15_7) AppleWebKit/537.36 (KHTML, like Gecko) Chrome/131.0.0.0 Safari/537.36; compatible; OAI-SearchBot/1.4; robots.txt; +https://openai.com/searchbot"
94.154.43.125 - - [17/Sep/2026:13:39:26 -0300] "GET /.env HTTP/1.1" 404 - "-" "Mozilla/5.0 (Windows NT 10.0; Win64; x64) AppleWebKit/537.36 (KHTML, like Gecko) Chrome/147.0.0.0 Safari/537.36"
94.154.43.125 - - [17/Sep/2026:14:06:00 -0300] "GET / HTTP/1.1" 200 12712 "-" "Mozilla/5.0 (Windows NT 10.0; Win64; x64) AppleWebKit/537.36 (KHTML, like Gecko) Chrome/147.0.0.0 Safari/537.36"
202.78.167.117 - - [17/Sep/2026:14:40:33 -0300] "GET / HTTP/1.1" 200 12712 "https://barraolimpica.espacofacial.com.br/" "Mozilla/5.0 (iPhone; CPU iPhone OS 17_5 like Mac OS X) AppleWebKit/605.1.15 (KHTML, like Gecko) Version/17.5 Mobile/15E148 Safari/604.1"
202.78.167.117 - - [17/Sep/2026:14:40:34 -0300] "GET /api/checkCleanIp HTTP/1.1" 404 - "https://barraolimpica.espacofacial.com.br/" "Mozilla/5.0 (iPhone; CPU iPhone OS 17_5 like Mac OS X) AppleWebKit/605.1.15 (KHTML, like Gecko) Version/17.5 Mobile/15E148 Safari/604.1"
202.78.167.117 - - [17/Sep/2026:14:40:35 -0300] "GET /open/visitors/info/gets?uuid=1 HTTP/1.1" 404 - "https://barraolimpica.espacofacial.com.br/" "Mozilla/5.0 (iPhone; CPU iPhone OS 17_5 like Mac OS X) AppleWebKit/605.1.15 (KHTML, like Gecko) Version/17.5 Mobile/15E148 Safari/604.1"
202.78.167.117 - - [17/Sep/2026:14:40:35 -0300] "GET /open/ HTTP/1.1" 404 - "https://barraolimpica.espacofacial.com.br/" "Mozilla/5.0 (iPhone; CPU iPhone OS 17_5 like Mac OS X) AppleWebKit/605.1.15 (KHTML, like Gecko) Version/17.5 Mobile/15E148 Safari/604.1"
45.227.253.15 - - [17/Sep/2026:15:08:40 -0300] "GET /index.php/jk HTTP/1.1" 404 - "-" "Mozilla/5.0 (Windows NT 10.0; Win64; x64) AppleWebKit/537.36 (KHTML, like Gecko) Chrome/83.0.3302.140 Safari/537.36 Edge/18.18960"
35.241.239.86 - - [17/Sep/2026:16:27:45 -0300] "GET / HTTP/1.1" 200 12712 "-" "Mozilla/5.0 (Windows NT 10.0; Win64; x64) AppleWebKit/537.36 (KHTML, like Gecko) Chrome/128.0.0.0 Safari/537.36"
35.241.239.86 - - [17/Sep/2026:16:27:46 -0300] "GET /.env HTTP/1.1" 404 - "-" "Mozilla/5.0 (Windows NT 10.0; Win64; x64) AppleWebKit/537.36"
35.241.239.86 - - [17/Sep/2026:16:27:46 -0300] "GET /.env.sample HTTP/1.1" 404 - "-" "Mozilla/5.0 (Windows NT 10.0; Win64; x64) AppleWebKit/537.36"
35.241.239.86 - - [17/Sep/2026:16:27:46 -0300] "GET /.env.production HTTP/1.1" 404 - "-" "Mozilla/5.0 (Windows NT 10.0; Win64; x64) AppleWebKit/537.36"
35.241.239.86 - - [17/Sep/2026:16:27:46 -0300] "GET /.env.dev HTTP/1.1" 404 - "-" "Mozilla/5.0 (Windows NT 10.0; Win64; x64) AppleWebKit/537.36"
35.241.239.86 - - [17/Sep/2026:16:27:46 -0300] "GET /.env.staging HTTP/1.1" 404 - "-" "Mozilla/5.0 (Windows NT 10.0; Win64; x64) AppleWebKit/537.36"
35.241.239.86 - - [17/Sep/2026:16:27:46 -0300] "GET /.env.bak HTTP/1.1" 404 - "-" "Mozilla/5.0 (Windows NT 10.0; Win64; x64) AppleWebKit/537.36"
35.241.239.86 - - [17/Sep/2026:16:27:46 -0300] "GET /.env.dist HTTP/1.1" 404 - "-" "Mozilla/5.0 (Windows NT 10.0; Win64; x64) AppleWebKit/537.36"
35.241.239.86 - - [17/Sep/2026:16:27:46 -0300] "GET /.env.save HTTP/1.1" 404 - "-" "Mozilla/5.0 (Windows NT 10.0; Win64; x64) AppleWebKit/537.36"
35.241.239.86 - - [17/Sep/2026:16:27:46 -0300] "GET /.env.example HTTP/1.1" 404 - "-" "Mozilla/5.0 (Windows NT 10.0; Win64; x64) AppleWebKit/537.36"
35.241.239.86 - - [17/Sep/2026:16:27:46 -0300] "GET /.env.local HTTP/1.1" 404 - "-" "Mozilla/5.0 (Windows NT 10.0; Win64; x64) AppleWebKit/537.36"
35.241.239.86 - - [17/Sep/2026:16:27:46 -0300] "GET /.env.test HTTP/1.1" 404 - "-" "Mozilla/5.0 (Windows NT 10.0; Win64; x64) AppleWebKit/537.36"
35.241.239.86 - - [17/Sep/2026:16:27:46 -0300] "GET /.env.prod HTTP/1.1" 404 - "-" "Mozilla/5.0 (Windows NT 10.0; Win64; x64) AppleWebKit/537.36"
35.241.239.86 - - [17/Sep/2026:16:27:46 -0300] "GET /.env.testing HTTP/1.1" 404 - "-" "Mozilla/5.0 (Windows NT 10.0; Win64; x64) AppleWebKit/537.36"
35.241.239.86 - - [17/Sep/2026:16:27:46 -0300] "GET /.env.development HTTP/1.1" 404 - "-" "Mozilla/5.0 (Windows NT 10.0; Win64; x64) AppleWebKit/537.36"
35.241.239.86 - - [17/Sep/2026:16:27:46 -0300] "GET /.env.old HTTP/1.1" 404 - "-" "Mozilla/5.0 (Windows NT 10.0; Win64; x64) AppleWebKit/537.36"
35.241.239.86 - - [17/Sep/2026:16:27:46 -0300] "GET /.env.backup HTTP/1.1" 404 - "-" "Mozilla/5.0 (Windows NT 10.0; Win64; x64) AppleWebKit/537.36"
35.241.239.86 - - [17/Sep/2026:16:27:46 -0300] "GET /.env.live HTTP/1.1" 404 - "-" "Mozilla/5.0 (Windows NT 10.0; Win64; x64) AppleWebKit/537.36"
35.241.239.86 - - [17/Sep/2026:16:27:46 -0300] "GET /.env.qa HTTP/1.1" 404 - "-" "Mozilla/5.0 (Windows NT 10.0; Win64; x64) AppleWebKit/537.36"
35.241.239.86 - - [17/Sep/2026:16:27:46 -0300] "GET /.env.swp HTTP/1.1" 404 - "-" "Mozilla/5.0 (Windows NT 10.0; Win64; x64) AppleWebKit/537.36"
35.241.239.86 - - [17/Sep/2026:16:27:46 -0300] "GET /.env.anthropic HTTP/1.1" 404 - "-" "Mozilla/5.0 (Windows NT 10.0; Win64; x64) AppleWebKit/537.36"
35.241.239.86 - - [17/Sep/2026:16:27:46 -0300] "GET /.env.mail HTTP/1.1" 404 - "-" "Mozilla/5.0 (Windows NT 10.0; Win64; x64) AppleWebKit/537.36"
35.241.239.86 - - [17/Sep/2026:16:27:46 -0300] "GET /api/.env HTTP/1.1" 404 - "-" "Mozilla/5.0 (Windows NT 10.0; Win64; x64) AppleWebKit/537.36"
35.241.239.86 - - [17/Sep/2026:16:27:46 -0300] "GET /app/.env.local HTTP/1.1" 404 - "-" "Mozilla/5.0 (Windows NT 10.0; Win64; x64) AppleWebKit/537.36"
35.241.239.86 - - [17/Sep/2026:16:27:46 -0300] "GET /backend/.env HTTP/1.1" 404 - "-" "Mozilla/5.0 (Windows NT 10.0; Win64; x64) AppleWebKit/537.36"
35.241.239.86 - - [17/Sep/2026:16:27:46 -0300] "GET /server/.env HTTP/1.1" 404 - "-" "Mozilla/5.0 (Windows NT 10.0; Win64; x64) AppleWebKit/537.36"
35.241.239.86 - - [17/Sep/2026:16:27:46 -0300] "GET /src/.env HTTP/1.1" 404 - "-" "Mozilla/5.0 (Windows NT 10.0; Win64; x64) AppleWebKit/537.36"
35.241.239.86 - - [17/Sep/2026:16:27:46 -0300] "GET /client/.env HTTP/1.1" 404 - "-" "Mozilla/5.0 (Windows NT 10.0; Win64; x64) AppleWebKit/537.36"
35.241.239.86 - - [17/Sep/2026:16:27:46 -0300] "GET /frontend/.env HTTP/1.1" 404 - "-" "Mozilla/5.0 (Windows NT 10.0; Win64; x64) AppleWebKit/537.36"
35.241.239.86 - - [17/Sep/2026:16:27:46 -0300] "GET /.env.docker HTTP/1.1" 404 - "-" "Mozilla/5.0 (Windows NT 10.0; Win64; x64) AppleWebKit/537.36"
35.241.239.86 - - [17/Sep/2026:16:27:46 -0300] "GET /.env.php HTTP/1.1" 404 - "-" "Mozilla/5.0 (Windows NT 10.0; Win64; x64) AppleWebKit/537.36"
35.241.239.86 - - [17/Sep/2026:16:27:46 -0300] "GET /.env~ HTTP/1.1" 404 - "-" "Mozilla/5.0 (Windows NT 10.0; Win64; x64) AppleWebKit/537.36"
35.241.239.86 - - [17/Sep/2026:16:27:46 -0300] "GET /.env.aws HTTP/1.1" 404 - "-" "Mozilla/5.0 (Windows NT 10.0; Win64; x64) AppleWebKit/537.36"
35.241.239.86 - - [17/Sep/2026:16:27:46 -0300] "GET /.env.openai HTTP/1.1" 404 - "-" "Mozilla/5.0 (Windows NT 10.0; Win64; x64) AppleWebKit/537.36"
35.241.239.86 - - [17/Sep/2026:16:27:46 -0300] "GET /.env.email HTTP/1.1" 404 - "-" "Mozilla/5.0 (Windows NT 10.0; Win64; x64) AppleWebKit/537.36"
35.241.239.86 - - [17/Sep/2026:16:27:46 -0300] "GET /app/.env.production HTTP/1.1" 404 - "-" "Mozilla/5.0 (Windows NT 10.0; Win64; x64) AppleWebKit/537.36"
35.241.239.86 - - [17/Sep/2026:16:27:46 -0300] "GET /app/.env HTTP/1.1" 404 - "-" "Mozilla/5.0 (Windows NT 10.0; Win64; x64) AppleWebKit/537.36"
35.241.239.86 - - [17/Sep/2026:16:27:46 -0300] "GET /var/www/html/.env HTTP/1.1" 404 - "-" "Mozilla/5.0 (Windows NT 10.0; Win64; x64) AppleWebKit/537.36"
35.241.239.86 - - [17/Sep/2026:16:27:46 -0300] "GET /application/.env HTTP/1.1" 404 - "-" "Mozilla/5.0 (Windows NT 10.0; Win64; x64) AppleWebKit/537.36"
35.241.239.86 - - [17/Sep/2026:16:27:46 -0300] "GET /apps/.env HTTP/1.1" 404 - "-" "Mozilla/5.0 (Windows NT 10.0; Win64; x64) AppleWebKit/537.36"
35.241.239.86 - - [17/Sep/2026:16:27:46 -0300] "GET /admin/.env HTTP/1.1" 404 - "-" "Mozilla/5.0 (Windows NT 10.0; Win64; x64) AppleWebKit/537.36"
35.241.239.86 - - [17/Sep/2026:16:27:46 -0300] "GET /config/.env HTTP/1.1" 404 - "-" "Mozilla/5.0 (Windows NT 10.0; Win64; x64) AppleWebKit/537.36"
35.241.239.86 - - [17/Sep/2026:16:27:46 -0300] "GET /back/.env HTTP/1.1" 404 - "-" "Mozilla/5.0 (Windows NT 10.0; Win64; x64) AppleWebKit/537.36"
35.241.239.86 - - [17/Sep/2026:16:27:46 -0300] "GET /web/.env HTTP/1.1" 404 - "-" "Mozilla/5.0 (Windows NT 10.0; Win64; x64) AppleWebKit/537.36"
35.241.239.86 - - [17/Sep/2026:16:27:46 -0300] "GET /cms/.env HTTP/1.1" 404 - "-" "Mozilla/5.0 (Windows NT 10.0; Win64; x64) AppleWebKit/537.36"
35.241.239.86 - - [17/Sep/2026:16:27:46 -0300] "GET /backup/.env HTTP/1.1" 404 - "-" "Mozilla/5.0 (Windows NT 10.0; Win64; x64) AppleWebKit/537.36"
35.241.239.86 - - [17/Sep/2026:16:27:46 -0300] "GET /prod/.env HTTP/1.1" 404 - "-" "Mozilla/5.0 (Windows NT 10.0; Win64; x64) AppleWebKit/537.36"
35.241.239.86 - - [17/Sep/2026:16:27:46 -0300] "GET /production/.env HTTP/1.1" 404 - "-" "Mozilla/5.0 (Windows NT 10.0; Win64; x64) AppleWebKit/537.36"
35.241.239.86 - - [17/Sep/2026:16:27:46 -0300] "GET /public/.env HTTP/1.1" 404 - "-" "Mozilla/5.0 (Windows NT 10.0; Win64; x64) AppleWebKit/537.36"
35.241.239.86 - - [17/Sep/2026:16:27:46 -0300] "GET /dev/.env HTTP/1.1" 404 - "-" "Mozilla/5.0 (Windows NT 10.0; Win64; x64) AppleWebKit/537.36"
35.241.239.86 - - [17/Sep/2026:16:27:46 -0300] "GET /staging/.env HTTP/1.1" 404 - "-" "Mozilla/5.0 (Windows NT 10.0; Win64; x64) AppleWebKit/537.36"
35.241.239.86 - - [17/Sep/2026:16:27:46 -0300] "GET /test/.env HTTP/1.1" 404 - "-" "Mozilla/5.0 (Windows NT 10.0; Win64; x64) AppleWebKit/537.36"
35.241.239.86 - - [17/Sep/2026:16:27:46 -0300] "GET /old/.env HTTP/1.1" 404 - "-" "Mozilla/5.0 (Windows NT 10.0; Win64; x64) AppleWebKit/537.36"
35.241.239.86 - - [17/Sep/2026:16:27:46 -0300] "GET /var/www/.env HTTP/1.1" 404 - "-" "Mozilla/5.0 (Windows NT 10.0; Win64; x64) AppleWebKit/537.36"
35.241.239.86 - - [17/Sep/2026:16:27:46 -0300] "GET /node-api/.env HTTP/1.1" 404 - "-" "Mozilla/5.0 (Windows NT 10.0; Win64; x64) AppleWebKit/537.36"
35.241.239.86 - - [17/Sep/2026:16:27:46 -0300] "GET /new/.env HTTP/1.1" 404 - "-" "Mozilla/5.0 (Windows NT 10.0; Win64; x64) AppleWebKit/537.36"
35.241.239.86 - - [17/Sep/2026:16:27:46 -0300] "GET /api-backend/.env HTTP/1.1" 404 - "-" "Mozilla/5.0 (Windows NT 10.0; Win64; x64) AppleWebKit/537.36"
35.241.239.86 - - [17/Sep/2026:16:27:46 -0300] "GET /admin-app/.env HTTP/1.1" 404 - "-" "Mozilla/5.0 (Windows NT 10.0; Win64; x64) AppleWebKit/537.36"
35.241.239.86 - - [17/Sep/2026:16:27:46 -0300] "GET /administrator/.env HTTP/1.1" 404 - "-" "Mozilla/5.0 (Windows NT 10.0; Win64; x64) AppleWebKit/537.36"
35.241.239.86 - - [17/Sep/2026:16:27:46 -0300] "GET /laravel/.env HTTP/1.1" 404 - "-" "Mozilla/5.0 (Windows NT 10.0; Win64; x64) AppleWebKit/537.36"
35.241.239.86 - - [17/Sep/2026:16:27:46 -0300] "GET /public_html/.env HTTP/1.1" 404 - "-" "Mozilla/5.0 (Windows NT 10.0; Win64; x64) AppleWebKit/537.36"
35.241.239.86 - - [17/Sep/2026:16:27:46 -0300] "GET /current/.env HTTP/1.1" 404 - "-" "Mozilla/5.0 (Windows NT 10.0; Win64; x64) AppleWebKit/537.36"
35.241.239.86 - - [17/Sep/2026:16:27:46 -0300] "GET /server/api/.env HTTP/1.1" 404 - "-" "Mozilla/5.0 (Windows NT 10.0; Win64; x64) AppleWebKit/537.36"
35.241.239.86 - - [17/Sep/2026:16:27:46 -0300] "GET /server/backend/.env HTTP/1.1" 404 - "-" "Mozilla/5.0 (Windows NT 10.0; Win64; x64) AppleWebKit/537.36"
35.241.239.86 - - [17/Sep/2026:16:27:46 -0300] "GET /aws/.env HTTP/1.1" 404 - "-" "Mozilla/5.0 (Windows NT 10.0; Win64; x64) AppleWebKit/537.36"
35.241.239.86 - - [17/Sep/2026:16:27:46 -0300] "GET /.docker/.env HTTP/1.1" 404 - "-" "Mozilla/5.0 (Windows NT 10.0; Win64; x64) AppleWebKit/537.36"
35.241.239.86 - - [17/Sep/2026:16:27:46 -0300] "GET /.docker/laravel/app/.env HTTP/1.1" 404 - "-" "Mozilla/5.0 (Windows NT 10.0; Win64; x64) AppleWebKit/537.36"
35.241.239.86 - - [17/Sep/2026:16:27:46 -0300] "GET /.aws/.env HTTP/1.1" 404 - "-" "Mozilla/5.0 (Windows NT 10.0; Win64; x64) AppleWebKit/537.36"
35.241.239.86 - - [17/Sep/2026:16:27:46 -0300] "GET /stripe/.env HTTP/1.1" 404 - "-" "Mozilla/5.0 (Windows NT 10.0; Win64; x64) AppleWebKit/537.36"
35.241.239.86 - - [17/Sep/2026:16:27:46 -0300] "GET /.smtp.env HTTP/1.1" 404 - "-" "Mozilla/5.0 (Windows NT 10.0; Win64; x64) AppleWebKit/537.36"
35.241.239.86 - - [17/Sep/2026:16:27:47 -0300] "GET /.mail.env HTTP/1.1" 404 - "-" "Mozilla/5.0 (Windows NT 10.0; Win64; x64) AppleWebKit/537.36"
35.241.239.86 - - [17/Sep/2026:16:27:47 -0300] "GET /v2/.env HTTP/1.1" 404 - "-" "Mozilla/5.0 (Windows NT 10.0; Win64; x64) AppleWebKit/537.36"
35.241.239.86 - - [17/Sep/2026:16:27:47 -0300] "GET /v1/.env HTTP/1.1" 404 - "-" "Mozilla/5.0 (Windows NT 10.0; Win64; x64) AppleWebKit/537.36"
35.241.239.86 - - [17/Sep/2026:16:27:47 -0300] "GET /v3/.env HTTP/1.1" 404 - "-" "Mozilla/5.0 (Windows NT 10.0; Win64; x64) AppleWebKit/537.36"
35.241.239.86 - - [17/Sep/2026:16:27:47 -0300] "GET /media/.env HTTP/1.1" 404 - "-" "Mozilla/5.0 (Windows NT 10.0; Win64; x64) AppleWebKit/537.36"
35.241.239.86 - - [17/Sep/2026:16:27:47 -0300] "GET /.git/config HTTP/1.1" 404 - "-" "Mozilla/5.0 (Windows NT 10.0; Win64; x64) AppleWebKit/537.36"
35.241.239.86 - - [17/Sep/2026:16:27:47 -0300] "GET /.git/HEAD HTTP/1.1" 404 - "-" "Mozilla/5.0 (Windows NT 10.0; Win64; x64) AppleWebKit/537.36"
35.241.239.86 - - [17/Sep/2026:16:27:47 -0300] "GET /.git/index HTTP/1.1" 404 - "-" "Mozilla/5.0 (Windows NT 10.0; Win64; x64) AppleWebKit/537.36"
35.241.239.86 - - [17/Sep/2026:16:27:47 -0300] "GET /.git/packed-refs HTTP/1.1" 404 - "-" "Mozilla/5.0 (Windows NT 10.0; Win64; x64) AppleWebKit/537.36"
35.241.239.86 - - [17/Sep/2026:16:27:47 -0300] "GET /.git/logs/HEAD HTTP/1.1" 404 - "-" "Mozilla/5.0 (Windows NT 10.0; Win64; x64) AppleWebKit/537.36"
35.241.239.86 - - [17/Sep/2026:16:27:47 -0300] "GET /.git/refs/heads/main HTTP/1.1" 404 - "-" "Mozilla/5.0 (Windows NT 10.0; Win64; x64) AppleWebKit/537.36"
35.241.239.86 - - [17/Sep/2026:16:27:47 -0300] "GET /.git/refs/heads/master HTTP/1.1" 404 - "-" "Mozilla/5.0 (Windows NT 10.0; Win64; x64) AppleWebKit/537.36"
35.241.239.86 - - [17/Sep/2026:16:27:47 -0300] "GET /.git/COMMIT_EDITMSG HTTP/1.1" 404 - "-" "Mozilla/5.0 (Windows NT 10.0; Win64; x64) AppleWebKit/537.36"
35.241.239.86 - - [17/Sep/2026:16:27:47 -0300] "GET /.git/info/exclude HTTP/1.1" 404 - "-" "Mozilla/5.0 (Windows NT 10.0; Win64; x64) AppleWebKit/537.36"
35.241.239.86 - - [17/Sep/2026:16:27:47 -0300] "GET /.git/FETCH_HEAD HTTP/1.1" 404 - "-" "Mozilla/5.0 (Windows NT 10.0; Win64; x64) AppleWebKit/537.36"
35.241.239.86 - - [17/Sep/2026:16:27:47 -0300] "GET /.git/description HTTP/1.1" 404 - "-" "Mozilla/5.0 (Windows NT 10.0; Win64; x64) AppleWebKit/537.36"
35.241.239.86 - - [17/Sep/2026:16:27:47 -0300] "GET /.git/ORIG_HEAD HTTP/1.1" 404 - "-" "Mozilla/5.0 (Windows NT 10.0; Win64; x64) AppleWebKit/537.36"
35.241.239.86 - - [17/Sep/2026:16:27:47 -0300] "GET /.git/config.bak HTTP/1.1" 404 - "-" "Mozilla/5.0 (Windows NT 10.0; Win64; x64) AppleWebKit/537.36"
35.241.239.86 - - [17/Sep/2026:16:27:47 -0300] "GET /.gitignore HTTP/1.1" 404 - "-" "Mozilla/5.0 (Windows NT 10.0; Win64; x64) AppleWebKit/537.36"
35.241.239.86 - - [17/Sep/2026:16:27:47 -0300] "GET /.gitmodules HTTP/1.1" 404 - "-" "Mozilla/5.0 (Windows NT 10.0; Win64; x64) AppleWebKit/537.36"
35.241.239.86 - - [17/Sep/2026:16:27:47 -0300] "GET /.git-credentials HTTP/1.1" 404 - "-" "Mozilla/5.0 (Windows NT 10.0; Win64; x64) AppleWebKit/537.36"
35.241.239.86 - - [17/Sep/2026:16:27:47 -0300] "GET /.git-secret HTTP/1.1" 404 - "-" "Mozilla/5.0 (Windows NT 10.0; Win64; x64) AppleWebKit/537.36"
35.241.239.86 - - [17/Sep/2026:16:27:47 -0300] "GET /.gitconfig HTTP/1.1" 404 - "-" "Mozilla/5.0 (Windows NT 10.0; Win64; x64) AppleWebKit/537.36"
35.241.239.86 - - [17/Sep/2026:16:27:47 -0300] "GET /.git-askpass.sh HTTP/1.1" 404 - "-" "Mozilla/5.0 (Windows NT 10.0; Win64; x64) AppleWebKit/537.36"
35.241.239.86 - - [17/Sep/2026:16:27:47 -0300] "GET /.aws/credentials HTTP/1.1" 404 - "-" "Mozilla/5.0 (Windows NT 10.0; Win64; x64) AppleWebKit/537.36"
35.241.239.86 - - [17/Sep/2026:16:27:47 -0300] "GET /.aws/config HTTP/1.1" 404 - "-" "Mozilla/5.0 (Windows NT 10.0; Win64; x64) AppleWebKit/537.36"
35.241.239.86 - - [17/Sep/2026:16:27:47 -0300] "GET /.aws/credentials.bak HTTP/1.1" 404 - "-" "Mozilla/5.0 (Windows NT 10.0; Win64; x64) AppleWebKit/537.36"
35.241.239.86 - - [17/Sep/2026:16:27:47 -0300] "GET /.s3cfg HTTP/1.1" 404 - "-" "Mozilla/5.0 (Windows NT 10.0; Win64; x64) AppleWebKit/537.36"
35.241.239.86 - - [17/Sep/2026:16:27:47 -0300] "GET /.netrc HTTP/1.1" 404 - "-" "Mozilla/5.0 (Windows NT 10.0; Win64; x64) AppleWebKit/537.36"
35.241.239.86 - - [17/Sep/2026:16:27:47 -0300] "GET /id_rsa HTTP/1.1" 404 - "-" "Mozilla/5.0 (Windows NT 10.0; Win64; x64) AppleWebKit/537.36"
35.241.239.86 - - [17/Sep/2026:16:27:47 -0300] "GET /.boto HTTP/1.1" 404 - "-" "Mozilla/5.0 (Windows NT 10.0; Win64; x64) AppleWebKit/537.36"
35.241.239.86 - - [17/Sep/2026:16:27:47 -0300] "GET /.ssh/id_rsa HTTP/1.1" 404 - "-" "Mozilla/5.0 (Windows NT 10.0; Win64; x64) AppleWebKit/537.36"
35.241.239.86 - - [17/Sep/2026:16:27:47 -0300] "GET /.kube/config HTTP/1.1" 404 - "-" "Mozilla/5.0 (Windows NT 10.0; Win64; x64) AppleWebKit/537.36"
35.241.239.86 - - [17/Sep/2026:16:27:47 -0300] "GET /client_secret.json HTTP/1.1" 404 - "-" "Mozilla/5.0 (Windows NT 10.0; Win64; x64) AppleWebKit/537.36"
35.241.239.86 - - [17/Sep/2026:16:27:47 -0300] "GET /client_secrets.json HTTP/1.1" 404 - "-" "Mozilla/5.0 (Windows NT 10.0; Win64; x64) AppleWebKit/537.36"
35.241.239.86 - - [17/Sep/2026:16:27:47 -0300] "GET /.anthropic/config.json HTTP/1.1" 404 - "-" "Mozilla/5.0 (Windows NT 10.0; Win64; x64) AppleWebKit/537.36"
35.241.239.86 - - [17/Sep/2026:16:27:47 -0300] "GET /application_default_credentials.json HTTP/1.1" 404 - "-" "Mozilla/5.0 (Windows NT 10.0; Win64; x64) AppleWebKit/537.36"
35.241.239.86 - - [17/Sep/2026:16:27:47 -0300] "GET /.config/gcloud/credentials.db HTTP/1.1" 404 - "-" "Mozilla/5.0 (Windows NT 10.0; Win64; x64) AppleWebKit/537.36"
35.241.239.86 - - [17/Sep/2026:16:27:47 -0300] "GET /.config/gcloud/application_default_credentials.json HTTP/1.1" 404 - "-" "Mozilla/5.0 (Windows NT 10.0; Win64; x64) AppleWebKit/537.36"
35.241.239.86 - - [17/Sep/2026:16:27:47 -0300] "GET /.config/anthropic/credentials/default.json HTTP/1.1" 404 - "-" "Mozilla/5.0 (Windows NT 10.0; Win64; x64) AppleWebKit/537.36"
35.241.239.86 - - [17/Sep/2026:16:27:47 -0300] "GET /claude_desktop_config.json HTTP/1.1" 404 - "-" "Mozilla/5.0 (Windows NT 10.0; Win64; x64) AppleWebKit/537.36"
35.241.239.86 - - [17/Sep/2026:16:27:47 -0300] "GET /.claude/settings.json HTTP/1.1" 404 - "-" "Mozilla/5.0 (Windows NT 10.0; Win64; x64) AppleWebKit/537.36"
35.241.239.86 - - [17/Sep/2026:16:27:47 -0300] "GET /credentials HTTP/1.1" 404 - "-" "Mozilla/5.0 (Windows NT 10.0; Win64; x64) AppleWebKit/537.36"
35.241.239.86 - - [17/Sep/2026:16:27:47 -0300] "GET /credentials.json HTTP/1.1" 404 - "-" "Mozilla/5.0 (Windows NT 10.0; Win64; x64) AppleWebKit/537.36"
35.241.239.86 - - [17/Sep/2026:16:27:47 -0300] "GET /credentials.ini HTTP/1.1" 404 - "-" "Mozilla/5.0 (Windows NT 10.0; Win64; x64) AppleWebKit/537.36"
35.241.239.86 - - [17/Sep/2026:16:27:47 -0300] "GET /credentials.yml HTTP/1.1" 404 - "-" "Mozilla/5.0 (Windows NT 10.0; Win64; x64) AppleWebKit/537.36"
35.241.239.86 - - [17/Sep/2026:16:27:47 -0300] "GET /credentials.yaml HTTP/1.1" 404 - "-" "Mozilla/5.0 (Windows NT 10.0; Win64; x64) AppleWebKit/537.36"
35.241.239.86 - - [17/Sep/2026:16:27:47 -0300] "GET /aws.json HTTP/1.1" 404 - "-" "Mozilla/5.0 (Windows NT 10.0; Win64; x64) AppleWebKit/537.36"
35.241.239.86 - - [17/Sep/2026:16:27:47 -0300] "GET /aws.env HTTP/1.1" 404 - "-" "Mozilla/5.0 (Windows NT 10.0; Win64; x64) AppleWebKit/537.36"
35.241.239.86 - - [17/Sep/2026:16:27:47 -0300] "GET /aws.yml HTTP/1.1" 404 - "-" "Mozilla/5.0 (Windows NT 10.0; Win64; x64) AppleWebKit/537.36"
35.241.239.86 - - [17/Sep/2026:16:27:47 -0300] "GET /aws.yaml HTTP/1.1" 404 - "-" "Mozilla/5.0 (Windows NT 10.0; Win64; x64) AppleWebKit/537.36"
35.241.239.86 - - [17/Sep/2026:16:27:47 -0300] "GET /aws.properties HTTP/1.1" 404 - "-" "Mozilla/5.0 (Windows NT 10.0; Win64; x64) AppleWebKit/537.36"
35.241.239.86 - - [17/Sep/2026:16:27:47 -0300] "GET /aws_credentials.ini HTTP/1.1" 404 - "-" "Mozilla/5.0 (Windows NT 10.0; Win64; x64) AppleWebKit/537.36"
35.241.239.86 - - [17/Sep/2026:16:27:47 -0300] "GET /aws_s3_config.json HTTP/1.1" 404 - "-" "Mozilla/5.0 (Windows NT 10.0; Win64; x64) AppleWebKit/537.36"
35.241.239.86 - - [17/Sep/2026:16:27:47 -0300] "GET /aws-ses.json HTTP/1.1" 404 - "-" "Mozilla/5.0 (Windows NT 10.0; Win64; x64) AppleWebKit/537.36"
35.241.239.86 - - [17/Sep/2026:16:27:47 -0300] "GET /aws/s3/credentials HTTP/1.1" 404 - "-" "Mozilla/5.0 (Windows NT 10.0; Win64; x64) AppleWebKit/537.36"
35.241.239.86 - - [17/Sep/2026:16:27:47 -0300] "GET /aws/ses/smtp.env HTTP/1.1" 404 - "-" "Mozilla/5.0 (Windows NT 10.0; Win64; x64) AppleWebKit/537.36"
35.241.239.86 - - [17/Sep/2026:16:27:47 -0300] "GET /aws/config/s3.json HTTP/1.1" 404 - "-" "Mozilla/5.0 (Windows NT 10.0; Win64; x64) AppleWebKit/537.36"
35.241.239.86 - - [17/Sep/2026:16:27:47 -0300] "GET /aws-credentials.json HTTP/1.1" 404 - "-" "Mozilla/5.0 (Windows NT 10.0; Win64; x64) AppleWebKit/537.36"
35.241.239.86 - - [17/Sep/2026:16:27:47 -0300] "GET /config.php HTTP/1.1" 404 - "-" "Mozilla/5.0 (Windows NT 10.0; Win64; x64) AppleWebKit/537.36"
35.241.239.86 - - [17/Sep/2026:16:27:47 -0300] "GET /config.json HTTP/1.1" 404 - "-" "Mozilla/5.0 (Windows NT 10.0; Win64; x64) AppleWebKit/537.36"
35.241.239.86 - - [17/Sep/2026:16:27:47 -0300] "GET /config.yml HTTP/1.1" 404 - "-" "Mozilla/5.0 (Windows NT 10.0; Win64; x64) AppleWebKit/537.36"
35.241.239.86 - - [17/Sep/2026:16:27:47 -0300] "GET /config.yaml HTTP/1.1" 404 - "-" "Mozilla/5.0 (Windows NT 10.0; Win64; x64) AppleWebKit/537.36"
35.241.239.86 - - [17/Sep/2026:16:27:47 -0300] "GET /config.rb HTTP/1.1" 404 - "-" "Mozilla/5.0 (Windows NT 10.0; Win64; x64) AppleWebKit/537.36"
35.241.239.86 - - [17/Sep/2026:16:27:47 -0300] "GET /config.ts HTTP/1.1" 404 - "-" "Mozilla/5.0 (Windows NT 10.0; Win64; x64) AppleWebKit/537.36"
35.241.239.86 - - [17/Sep/2026:16:27:47 -0300] "GET /config/database.yml HTTP/1.1" 404 - "-" "Mozilla/5.0 (Windows NT 10.0; Win64; x64) AppleWebKit/537.36"
35.241.239.86 - - [17/Sep/2026:16:27:47 -0300] "GET /config/databases.yml HTTP/1.1" 404 - "-" "Mozilla/5.0 (Windows NT 10.0; Win64; x64) AppleWebKit/537.36"
35.241.239.86 - - [17/Sep/2026:16:27:47 -0300] "GET /config/secrets.yml HTTP/1.1" 404 - "-" "Mozilla/5.0 (Windows NT 10.0; Win64; x64) AppleWebKit/537.36"
35.241.239.86 - - [17/Sep/2026:16:27:47 -0300] "GET /config/parameters.yml HTTP/1.1" 404 - "-" "Mozilla/5.0 (Windows NT 10.0; Win64; x64) AppleWebKit/537.36"
35.241.239.86 - - [17/Sep/2026:16:27:47 -0300] "GET /config/aws.yml HTTP/1.1" 404 - "-" "Mozilla/5.0 (Windows NT 10.0; Win64; x64) AppleWebKit/537.36"
35.241.239.86 - - [17/Sep/2026:16:27:47 -0300] "GET /credentials.js HTTP/1.1" 404 - "-" "Mozilla/5.0 (Windows NT 10.0; Win64; x64) AppleWebKit/537.36"
35.241.239.86 - - [17/Sep/2026:16:27:47 -0300] "GET /credentials.csv HTTP/1.1" 404 - "-" "Mozilla/5.0 (Windows NT 10.0; Win64; x64) AppleWebKit/537.36"
35.241.239.86 - - [17/Sep/2026:16:27:47 -0300] "GET /config/aws.json HTTP/1.1" 404 - "-" "Mozilla/5.0 (Windows NT 10.0; Win64; x64) AppleWebKit/537.36"
35.241.239.86 - - [17/Sep/2026:16:27:47 -0300] "GET /config/aws.php HTTP/1.1" 404 - "-" "Mozilla/5.0 (Windows NT 10.0; Win64; x64) AppleWebKit/537.36"
35.241.239.86 - - [17/Sep/2026:16:27:47 -0300] "GET /config/stripe.json HTTP/1.1" 404 - "-" "Mozilla/5.0 (Windows NT 10.0; Win64; x64) AppleWebKit/537.36"
35.241.239.86 - - [17/Sep/2026:16:27:47 -0300] "GET /config/stripe.php HTTP/1.1" 404 - "-" "Mozilla/5.0 (Windows NT 10.0; Win64; x64) AppleWebKit/537.36"
35.241.239.86 - - [17/Sep/2026:16:27:47 -0300] "GET /config/stripe.yaml HTTP/1.1" 404 - "-" "Mozilla/5.0 (Windows NT 10.0; Win64; x64) AppleWebKit/537.36"
35.241.239.86 - - [17/Sep/2026:16:27:47 -0300] "GET /config/mail.php HTTP/1.1" 404 - "-" "Mozilla/5.0 (Windows NT 10.0; Win64; x64) AppleWebKit/537.36"
35.241.239.86 - - [17/Sep/2026:16:27:47 -0300] "GET /config/config.inc.php HTTP/1.1" 404 - "-" "Mozilla/5.0 (Windows NT 10.0; Win64; x64) AppleWebKit/537.36"
35.241.239.86 - - [17/Sep/2026:16:27:47 -0300] "GET /config/environment.rb HTTP/1.1" 404 - "-" "Mozilla/5.0 (Windows NT 10.0; Win64; x64) AppleWebKit/537.36"
35.241.239.86 - - [17/Sep/2026:16:27:47 -0300] "GET /config/nexmo.php HTTP/1.1" 404 - "-" "Mozilla/5.0 (Windows NT 10.0; Win64; x64) AppleWebKit/537.36"
35.241.239.86 - - [17/Sep/2026:16:27:47 -0300] "GET /config/initializers/secret_token.rb HTTP/1.1" 404 - "-" "Mozilla/5.0 (Windows NT 10.0; Win64; x64) AppleWebKit/537.36"
35.241.239.86 - - [17/Sep/2026:16:27:47 -0300] "GET /configs/application.ini HTTP/1.1" 404 - "-" "Mozilla/5.0 (Windows NT 10.0; Win64; x64) AppleWebKit/537.36"
35.241.239.86 - - [17/Sep/2026:16:27:47 -0300] "GET /wp_mail_smtp.ini HTTP/1.1" 404 - "-" "Mozilla/5.0 (Windows NT 10.0; Win64; x64) AppleWebKit/537.36"
35.241.239.86 - - [17/Sep/2026:16:27:47 -0300] "GET /wp-content/mysql.sql HTTP/1.1" 404 - "-" "Mozilla/5.0 (Windows NT 10.0; Win64; x64) AppleWebKit/537.36"
35.241.239.86 - - [17/Sep/2026:16:27:47 -0300] "GET /wp-content/debug.log HTTP/1.1" 404 - "-" "Mozilla/5.0 (Windows NT 10.0; Win64; x64) AppleWebKit/537.36"
35.241.239.86 - - [17/Sep/2026:16:27:47 -0300] "GET /config.js HTTP/1.1" 404 - "-" "Mozilla/5.0 (Windows NT 10.0; Win64; x64) AppleWebKit/537.36"
35.241.239.86 - - [17/Sep/2026:16:27:47 -0300] "GET /appsettings.json HTTP/1.1" 404 - "-" "Mozilla/5.0 (Windows NT 10.0; Win64; x64) AppleWebKit/537.36"
35.241.239.86 - - [17/Sep/2026:16:27:47 -0300] "GET /appsettings.Production.json HTTP/1.1" 404 - "-" "Mozilla/5.0 (Windows NT 10.0; Win64; x64) AppleWebKit/537.36"
35.241.239.86 - - [17/Sep/2026:16:27:47 -0300] "GET /appsettings.Development.json HTTP/1.1" 404 - "-" "Mozilla/5.0 (Windows NT 10.0; Win64; x64) AppleWebKit/537.36"
35.241.239.86 - - [17/Sep/2026:16:27:47 -0300] "GET /appsettings.Staging.json HTTP/1.1" 404 - "-" "Mozilla/5.0 (Windows NT 10.0; Win64; x64) AppleWebKit/537.36"
35.241.239.86 - - [17/Sep/2026:16:27:47 -0300] "GET /appsettings.QA.json HTTP/1.1" 404 - "-" "Mozilla/5.0 (Windows NT 10.0; Win64; x64) AppleWebKit/537.36"
35.241.239.86 - - [17/Sep/2026:16:27:47 -0300] "GET /terraform.tfstate HTTP/1.1" 404 - "-" "Mozilla/5.0 (Windows NT 10.0; Win64; x64) AppleWebKit/537.36"
35.241.239.86 - - [17/Sep/2026:16:27:48 -0300] "GET /terraform.tfstate.backup HTTP/1.1" 404 - "-" "Mozilla/5.0 (Windows NT 10.0; Win64; x64) AppleWebKit/537.36"
35.241.239.86 - - [17/Sep/2026:16:27:48 -0300] "GET /terraform.tfvars HTTP/1.1" 404 - "-" "Mozilla/5.0 (Windows NT 10.0; Win64; x64) AppleWebKit/537.36"
35.241.239.86 - - [17/Sep/2026:16:27:48 -0300] "GET /.terraform/credentials.tfrc.json HTTP/1.1" 404 - "-" "Mozilla/5.0 (Windows NT 10.0; Win64; x64) AppleWebKit/537.36"
35.241.239.86 - - [17/Sep/2026:16:27:48 -0300] "GET /.terraform/terraform.tfstate HTTP/1.1" 404 - "-" "Mozilla/5.0 (Windows NT 10.0; Win64; x64) AppleWebKit/537.36"
35.241.239.86 - - [17/Sep/2026:16:27:48 -0300] "GET /terraform/terraform.tfvars.json HTTP/1.1" 404 - "-" "Mozilla/5.0 (Windows NT 10.0; Win64; x64) AppleWebKit/537.36"
35.241.239.86 - - [17/Sep/2026:16:27:48 -0300] "GET /.terraform.lock.hcl HTTP/1.1" 404 - "-" "Mozilla/5.0 (Windows NT 10.0; Win64; x64) AppleWebKit/537.36"
35.241.239.86 - - [17/Sep/2026:16:27:48 -0300] "GET /compose.yaml HTTP/1.1" 404 - "-" "Mozilla/5.0 (Windows NT 10.0; Win64; x64) AppleWebKit/537.36"
35.241.239.86 - - [17/Sep/2026:16:27:48 -0300] "GET /docker-compose.yml HTTP/1.1" 404 - "-" "Mozilla/5.0 (Windows NT 10.0; Win64; x64) AppleWebKit/537.36"
35.241.239.86 - - [17/Sep/2026:16:27:48 -0300] "GET /.docker/config.json HTTP/1.1" 404 - "-" "Mozilla/5.0 (Windows NT 10.0; Win64; x64) AppleWebKit/537.36"
35.241.239.86 - - [17/Sep/2026:16:27:48 -0300] "GET /Dockerfile HTTP/1.1" 404 - "-" "Mozilla/5.0 (Windows NT 10.0; Win64; x64) AppleWebKit/537.36"
35.241.239.86 - - [17/Sep/2026:16:27:48 -0300] "GET /settings.py HTTP/1.1" 404 - "-" "Mozilla/5.0 (Windows NT 10.0; Win64; x64) AppleWebKit/537.36"
35.241.239.86 - - [17/Sep/2026:16:27:48 -0300] "GET /.docker/secrets.json HTTP/1.1" 404 - "-" "Mozilla/5.0 (Windows NT 10.0; Win64; x64) AppleWebKit/537.36"
35.241.239.86 - - [17/Sep/2026:16:27:48 -0300] "GET /settings.ini HTTP/1.1" 404 - "-" "Mozilla/5.0 (Windows NT 10.0; Win64; x64) AppleWebKit/537.36"
35.241.239.86 - - [17/Sep/2026:16:27:48 -0300] "GET /settings.yaml HTTP/1.1" 404 - "-" "Mozilla/5.0 (Windows NT 10.0; Win64; x64) AppleWebKit/537.36"
35.241.239.86 - - [17/Sep/2026:16:27:48 -0300] "GET /settings.json HTTP/1.1" 404 - "-" "Mozilla/5.0 (Windows NT 10.0; Win64; x64) AppleWebKit/537.36"
35.241.239.86 - - [17/Sep/2026:16:27:48 -0300] "GET /sendgrid.env HTTP/1.1" 404 - "-" "Mozilla/5.0 (Windows NT 10.0; Win64; x64) AppleWebKit/537.36"
35.241.239.86 - - [17/Sep/2026:16:27:48 -0300] "GET /secrets.yaml HTTP/1.1" 404 - "-" "Mozilla/5.0 (Windows NT 10.0; Win64; x64) AppleWebKit/537.36"
35.241.239.86 - - [17/Sep/2026:16:27:48 -0300] "GET /stripe.json HTTP/1.1" 404 - "-" "Mozilla/5.0 (Windows NT 10.0; Win64; x64) AppleWebKit/537.36"
35.241.239.86 - - [17/Sep/2026:16:27:48 -0300] "GET /stripe.yaml HTTP/1.1" 404 - "-" "Mozilla/5.0 (Windows NT 10.0; Win64; x64) AppleWebKit/537.36"
35.241.239.86 - - [17/Sep/2026:16:27:48 -0300] "GET /stripe.env HTTP/1.1" 404 - "-" "Mozilla/5.0 (Windows NT 10.0; Win64; x64) AppleWebKit/537.36"
35.241.239.86 - - [17/Sep/2026:16:27:48 -0300] "GET /stripe-credentials.json HTTP/1.1" 404 - "-" "Mozilla/5.0 (Windows NT 10.0; Win64; x64) AppleWebKit/537.36"
35.241.239.86 - - [17/Sep/2026:16:27:48 -0300] "GET /stripe/config.json HTTP/1.1" 404 - "-" "Mozilla/5.0 (Windows NT 10.0; Win64; x64) AppleWebKit/537.36"
35.241.239.86 - - [17/Sep/2026:16:27:48 -0300] "GET /stripe-keys.json HTTP/1.1" 404 - "-" "Mozilla/5.0 (Windows NT 10.0; Win64; x64) AppleWebKit/537.36"
35.241.239.86 - - [17/Sep/2026:16:27:48 -0300] "GET /stripe/webhook_secret.env HTTP/1.1" 404 - "-" "Mozilla/5.0 (Windows NT 10.0; Win64; x64) AppleWebKit/537.36"
35.241.239.86 - - [17/Sep/2026:16:27:48 -0300] "GET /payment/stripe.json HTTP/1.1" 404 - "-" "Mozilla/5.0 (Windows NT 10.0; Win64; x64) AppleWebKit/537.36"
35.241.239.86 - - [17/Sep/2026:16:27:48 -0300] "GET /plugins/payments/stripe.json HTTP/1.1" 404 - "-" "Mozilla/5.0 (Windows NT 10.0; Win64; x64) AppleWebKit/537.36"
35.241.239.86 - - [17/Sep/2026:16:27:48 -0300] "GET /.gitlab-ci.yml HTTP/1.1" 404 - "-" "Mozilla/5.0 (Windows NT 10.0; Win64; x64) AppleWebKit/537.36"
35.241.239.86 - - [17/Sep/2026:16:27:48 -0300] "GET /payment_gateways/stripe.yaml HTTP/1.1" 404 - "-" "Mozilla/5.0 (Windows NT 10.0; Win64; x64) AppleWebKit/537.36"
35.241.239.86 - - [17/Sep/2026:16:27:48 -0300] "GET /.github/workflows/ci.yml HTTP/1.1" 404 - "-" "Mozilla/5.0 (Windows NT 10.0; Win64; x64) AppleWebKit/537.36"
35.241.239.86 - - [17/Sep/2026:16:27:48 -0300] "GET /.gitlab-ci/variables.yml HTTP/1.1" 404 - "-" "Mozilla/5.0 (Windows NT 10.0; Win64; x64) AppleWebKit/537.36"
35.241.239.86 - - [17/Sep/2026:16:27:48 -0300] "GET /.github/workflows/main.yml HTTP/1.1" 404 - "-" "Mozilla/5.0 (Windows NT 10.0; Win64; x64) AppleWebKit/537.36"
35.241.239.86 - - [17/Sep/2026:16:27:48 -0300] "GET /.github/workflows/deploy.yml HTTP/1.1" 404 - "-" "Mozilla/5.0 (Windows NT 10.0; Win64; x64) AppleWebKit/537.36"
35.241.239.86 - - [17/Sep/2026:16:27:48 -0300] "GET /circle.yml HTTP/1.1" 404 - "-" "Mozilla/5.0 (Windows NT 10.0; Win64; x64) AppleWebKit/537.36"
35.241.239.86 - - [17/Sep/2026:16:27:48 -0300] "GET /serverless.yml HTTP/1.1" 404 - "-" "Mozilla/5.0 (Windows NT 10.0; Win64; x64) AppleWebKit/537.36"
35.241.239.86 - - [17/Sep/2026:16:27:48 -0300] "GET /serverless.yaml HTTP/1.1" 404 - "-" "Mozilla/5.0 (Windows NT 10.0; Win64; x64) AppleWebKit/537.36"
35.241.239.86 - - [17/Sep/2026:16:27:48 -0300] "GET /sam-template.yaml HTTP/1.1" 404 - "-" "Mozilla/5.0 (Windows NT 10.0; Win64; x64) AppleWebKit/537.36"
35.241.239.86 - - [17/Sep/2026:16:27:48 -0300] "GET /app.yaml HTTP/1.1" 404 - "-" "Mozilla/5.0 (Windows NT 10.0; Win64; x64) AppleWebKit/537.36"
35.241.239.86 - - [17/Sep/2026:16:27:48 -0300] "GET /template.yaml HTTP/1.1" 404 - "-" "Mozilla/5.0 (Windows NT 10.0; Win64; x64) AppleWebKit/537.36"
35.241.239.86 - - [17/Sep/2026:16:27:48 -0300] "GET /.amplifyrc HTTP/1.1" 404 - "-" "Mozilla/5.0 (Windows NT 10.0; Win64; x64) AppleWebKit/537.36"
35.241.239.86 - - [17/Sep/2026:16:27:48 -0300] "GET /amplify/team-provider-info.json HTTP/1.1" 404 - "-" "Mozilla/5.0 (Windows NT 10.0; Win64; x64) AppleWebKit/537.36"
35.241.239.86 - - [17/Sep/2026:16:27:48 -0300] "GET /stripe.config.js HTTP/1.1" 404 - "-" "Mozilla/5.0 (Windows NT 10.0; Win64; x64) AppleWebKit/537.36"
35.241.239.86 - - [17/Sep/2026:16:27:48 -0300] "GET /app.yml HTTP/1.1" 404 - "-" "Mozilla/5.0 (Windows NT 10.0; Win64; x64) AppleWebKit/537.36"
35.241.239.86 - - [17/Sep/2026:16:27:48 -0300] "GET /vercel.json HTTP/1.1" 404 - "-" "Mozilla/5.0 (Windows NT 10.0; Win64; x64) AppleWebKit/537.36"
35.241.239.86 - - [17/Sep/2026:16:27:48 -0300] "GET /netlify.toml HTTP/1.1" 404 - "-" "Mozilla/5.0 (Windows NT 10.0; Win64; x64) AppleWebKit/537.36"
35.241.239.86 - - [17/Sep/2026:16:27:48 -0300] "GET /opt/mailcow-dockerized/mailcow.conf HTTP/1.1" 404 - "-" "Mozilla/5.0 (Windows NT 10.0; Win64; x64) AppleWebKit/537.36"
35.241.239.86 - - [17/Sep/2026:16:27:48 -0300] "GET /config/stripe.js HTTP/1.1" 404 - "-" "Mozilla/5.0 (Windows NT 10.0; Win64; x64) AppleWebKit/537.36"
35.241.239.86 - - [17/Sep/2026:16:27:48 -0300] "GET /client/stripe.config.js HTTP/1.1" 404 - "-" "Mozilla/5.0 (Windows NT 10.0; Win64; x64) AppleWebKit/537.36"
35.241.239.86 - - [17/Sep/2026:16:27:48 -0300] "GET /.msmtprc HTTP/1.1" 404 - "-" "Mozilla/5.0 (Windows NT 10.0; Win64; x64) AppleWebKit/537.36"
35.241.239.86 - - [17/Sep/2026:16:27:48 -0300] "GET /.esmtprc HTTP/1.1" 404 - "-" "Mozilla/5.0 (Windows NT 10.0; Win64; x64) AppleWebKit/537.36"
35.241.239.86 - - [17/Sep/2026:16:27:48 -0300] "GET /phpinfo.php HTTP/1.1" 404 - "-" "Mozilla/5.0 (Windows NT 10.0; Win64; x64) AppleWebKit/537.36"
35.241.239.86 - - [17/Sep/2026:16:27:48 -0300] "GET /phpinfo HTTP/1.1" 404 - "-" "Mozilla/5.0 (Windows NT 10.0; Win64; x64) AppleWebKit/537.36"
35.241.239.86 - - [17/Sep/2026:16:27:48 -0300] "GET /info.php HTTP/1.1" 404 - "-" "Mozilla/5.0 (Windows NT 10.0; Win64; x64) AppleWebKit/537.36"
35.241.239.86 - - [17/Sep/2026:16:27:48 -0300] "GET /php.php HTTP/1.1" 404 - "-" "Mozilla/5.0 (Windows NT 10.0; Win64; x64) AppleWebKit/537.36"
35.241.239.86 - - [17/Sep/2026:16:27:48 -0300] "GET /php_info.php HTTP/1.1" 404 - "-" "Mozilla/5.0 (Windows NT 10.0; Win64; x64) AppleWebKit/537.36"
35.241.239.86 - - [17/Sep/2026:16:27:48 -0300] "GET /infos.php HTTP/1.1" 404 - "-" "Mozilla/5.0 (Windows NT 10.0; Win64; x64) AppleWebKit/537.36"
35.241.239.86 - - [17/Sep/2026:16:27:48 -0300] "GET /php-info.php HTTP/1.1" 404 - "-" "Mozilla/5.0 (Windows NT 10.0; Win64; x64) AppleWebKit/537.36"
35.241.239.86 - - [17/Sep/2026:16:27:48 -0300] "GET /infophp.php HTTP/1.1" 404 - "-" "Mozilla/5.0 (Windows NT 10.0; Win64; x64) AppleWebKit/537.36"
35.241.239.86 - - [17/Sep/2026:16:27:48 -0300] "GET /_profiler/phpinfo HTTP/1.1" 404 - "-" "Mozilla/5.0 (Windows NT 10.0; Win64; x64) AppleWebKit/537.36"
